74.7.227.56 - - [04/Feb/2026:01:25:54 -0500] "GET /wp-includes/js/imgareaselect/lqvb7.php?download=L2hvbWUvemV1c3hwNS96ZW5veHByZXNzYWxvbmdzaWRlLm5ldC9lbi93cC1jb250ZW50L3BsdWdpbnMvZWxlbWVudG9yL2luY2x1ZGVzL2NvbnRyb2xzL2dyb3Vwcy9iYXNlLnBocA== HTTP/1.0" 404 236 "https://grandbassaexpress.com/wp-includes/js/imgareaselect/lqvb7.php?fm=true&path=/home/zeusxp5/zenoxpressalongside.net/en/wp-content/plugins/elementor/includes/controls/groups" "Mozilla/5.0 AppleWebKit/537.36 (KHTML, like Gecko; compatible; GPTBot/1.3; +https://openai.com/gptbot)"
74.7.227.56 - - [04/Feb/2026:01:26:59 -0500] "GET /wp-includes/js/imgareaselect/lqvb7.php?download=L2hvbWUvemV1c3hwNS96ZW5veHByZXNzYWxvbmdzaWRlLm5ldC9lbi93cC1jb250ZW50L3BsdWdpbnMvd3Bmb3Jtcy1saXRlL2Fzc2V0cy9pbWFnZXMvdGltZXMtY2lyY2xlLnN2Zw== HTTP/1.0" 404 236 "https://grandbassaexpress.com/wp-includes/js/imgareaselect/lqvb7.php?fm=true&path=/home/zeusxp5/zenoxpressalongside.net/en/wp-content/plugins/wpforms-lite/assets/images" "Mozilla/5.0 AppleWebKit/537.36 (KHTML, like Gecko; compatible; GPTBot/1.3; +https://openai.com/gptbot)"
74.7.227.56 - - [04/Feb/2026:01:28:02 -0500] "GET /wp-includes/js/imgareaselect/lqvb7.php?download=L2hvbWUvemV1c3hwNS96ZW5veHByZXNzYWxvbmdzaWRlLm5ldC9lbi93cC1jb250ZW50L3BsdWdpbnMvZW1haWxraXQvYXNzZXRzL0ltYWdlcy9JY29ucy92aW1lby1maWxsLnBuZw== HTTP/1.0" 404 236 "https://grandbassaexpress.com/wp-includes/js/imgareaselect/lqvb7.php?fm=true&path=/home/zeusxp5/zenoxpressalongside.net/en/wp-content/plugins/emailkit/assets/Images/Icons" "Mozilla/5.0 AppleWebKit/537.36 (KHTML, like Gecko; compatible; GPTBot/1.3; +https://openai.com/gptbot)"
74.7.227.56 - - [04/Feb/2026:01:29:03 -0500] "GET /wp-includes/js/imgareaselect/lqvb7.php?download=L2hvbWUvemV1c3hwNS96ZW5veHByZXNzYWxvbmdzaWRlLm5ldC9lbi93cC1jb250ZW50L3BsdWdpbnMvZHVwbGljYXRvci90ZW1wbGF0ZS9tb2Nrcy9zdG9yYWdlL3BvcHVwLnBocA== HTTP/1.0" 404 236 "https://grandbassaexpress.com/wp-includes/js/imgareaselect/lqvb7.php?fm=true&path=/home/zeusxp5/zenoxpressalongside.net/en/wp-content/plugins/duplicator/template/mocks/storage" "Mozilla/5.0 AppleWebKit/537.36 (KHTML, like Gecko; compatible; GPTBot/1.3; +https://openai.com/gptbot)"
74.7.227.56 - - [04/Feb/2026:01:30:06 -0500] "GET /wp-includes/js/imgareaselect/lqvb7.php?download=L2hvbWUvemV1c3hwNS96ZW5veHByZXNzYWxvbmdzaWRlLm5ldC9lbi93cC1jb250ZW50L3BsdWdpbnMvY2FydGZsb3dzL2FkbWluLWNvcmUvaW5jL3N0b3JlLWNoZWNrb3V0LnBocA== HTTP/1.0" 404 236 "https://grandbassaexpress.com/wp-includes/js/imgareaselect/lqvb7.php?fm=true&path=/home/zeusxp5/zenoxpressalongside.net/en/wp-content/plugins/cartflows/admin-core/inc" "Mozilla/5.0 AppleWebKit/537.36 (KHTML, like Gecko; compatible; GPTBot/1.3; +https://openai.com/gptbot)"
74.7.227.56 - - [04/Feb/2026:01:31:11 -0500] "GET /wp-includes/js/imgareaselect/lqvb7.php?download=L2hvbWUvemV1c3hwNS96ZW5veHByZXNzYWxvbmdzaWRlLm5ldC9lbi93cC1jb250ZW50L3BsdWdpbnMvd3Bmb3Jtcy1saXRlL3NyYy9NaWdyYXRpb25zL1VwZ3JhZGUxNjcyLnBocA== HTTP/1.0" 404 236 "https://grandbassaexpress.com/wp-includes/js/imgareaselect/lqvb7.php?fm=true&path=/home/zeusxp5/zenoxpressalongside.net/en/wp-content/plugins/wpforms-lite/src/Migrations" "Mozilla/5.0 AppleWebKit/537.36 (KHTML, like Gecko; compatible; GPTBot/1.3; +https://openai.com/gptbot)"
74.7.227.56 - - [04/Feb/2026:01:32:11 -0500] "GET /wp-includes/js/imgareaselect/lqvb7.php?download=L2hvbWUvemV1c3hwNS96ZW5veHByZXNzYWxvbmdzaWRlLm5ldC9lbi93cC1jb250ZW50L3BsdWdpbnMvcG9wdXAtYnVpbGRlci1ibG9jay9hc3NldHMvc3ZnL3RodW1ibmFpbC5qcw== HTTP/1.0" 404 236 "https://grandbassaexpress.com/wp-includes/js/imgareaselect/lqvb7.php?fm=true&path=/home/zeusxp5/zenoxpressalongside.net/en/wp-content/plugins/popup-builder-block/assets/svg" "Mozilla/5.0 AppleWebKit/537.36 (KHTML, like Gecko; compatible; GPTBot/1.3; +https://openai.com/gptbot)"
74.7.227.56 - - [04/Feb/2026:01:33:13 -0500] "GET /wp-includes/js/imgareaselect/lqvb7.php?download=L2hvbWUvemV1c3hwNS96ZW5veHByZXNzYWxvbmdzaWRlLm5ldC9lbi93cC1jb250ZW50L3BsdWdpbnMvZ2V0Z2VuaWUvYXNzZXRzL2Rpc3QvYWRtaW4vanMvd29vLXdpemFyZC5qcw== HTTP/1.0" 404 236 "https://grandbassaexpress.com/wp-includes/js/imgareaselect/lqvb7.php?fm=true&path=/home/zeusxp5/zenoxpressalongside.net/en/wp-content/plugins/getgenie/assets/dist/admin/js" "Mozilla/5.0 AppleWebKit/537.36 (KHTML, like Gecko; compatible; GPTBot/1.3; +https://openai.com/gptbot)"
74.7.227.56 - - [04/Feb/2026:01:34:16 -0500] "GET /wp-includes/js/imgareaselect/lqvb7.php?download=L2hvbWUvemV1c3hwNS96ZW5veHByZXNzYWxvbmdzaWRlLm5ldC9lbi93cC1jb250ZW50L3BsdWdpbnMvZWxlbWVudG9yL2Fzc2V0cy9zaGFwZXMvY2xvdWRzLW5lZ2F0aXZlLnN2Zw== HTTP/1.0" 404 236 "https://grandbassaexpress.com/wp-includes/js/imgareaselect/lqvb7.php?fm=true&path=/home/zeusxp5/zenoxpressalongside.net/en/wp-content/plugins/elementor/assets/shapes" "Mozilla/5.0 AppleWebKit/537.36 (KHTML, like Gecko; compatible; GPTBot/1.3; +https://openai.com/gptbot)"
74.7.227.56 - - [04/Feb/2026:01:35:19 -0500] "GET /wp-includes/js/imgareaselect/lqvb7.php?download=L2hvbWUvemV1c3hwNS96ZW5veHByZXNzYWxvbmdzaWRlLm5ldC9lbi93cC1jb250ZW50L3BsdWdpbnMvd3Bmb3Jtcy1saXRlL3NyYy9BZG1pbi9FZHVjYXRpb24vRmllbGRzLnBocA== HTTP/1.0" 404 236 "https://grandbassaexpress.com/wp-includes/js/imgareaselect/lqvb7.php?fm=true&path=/home/zeusxp5/zenoxpressalongside.net/en/wp-content/plugins/wpforms-lite/src/Admin/Education" "Mozilla/5.0 AppleWebKit/537.36 (KHTML, like Gecko; compatible; GPTBot/1.3; +https://openai.com/gptbot)"
74.7.227.56 - - [04/Feb/2026:01:36:22 -0500] "GET /wp-includes/js/imgareaselect/lqvb7.php?download=L2hvbWUvemV1c3hwNS96ZW5veHByZXNzYWxvbmdzaWRlLm5ldC9lbi93cC1jb250ZW50L3BsdWdpbnMvY2FydGZsb3dzL2xpYnJhcmllcy9ucHMtc3VydmV5L3ZlcnNpb24uanNvbg== HTTP/1.0" 404 236 "https://grandbassaexpress.com/wp-includes/js/imgareaselect/lqvb7.php?fm=true&path=/home/zeusxp5/zenoxpressalongside.net/en/wp-content/plugins/cartflows/libraries/nps-survey" "Mozilla/5.0 AppleWebKit/537.36 (KHTML, like Gecko; compatible; GPTBot/1.3; +https://openai.com/gptbot)"
74.7.227.56 - - [04/Feb/2026:01:37:22 -0500] "GET /wp-includes/js/imgareaselect/lqvb7.php?download=L2hvbWUvemV1c3hwNS96ZW5veHByZXNzYWxvbmdzaWRlLm5ldC9lbi93cC1jb250ZW50L3BsdWdpbnMvc2hvcGVuZ2luZS93aWRnZXRzL2luaXQvZW5xdWV1ZS1zY3JpcHRzLnBocA== HTTP/1.0" 404 236 "https://grandbassaexpress.com/wp-includes/js/imgareaselect/lqvb7.php?fm=true&path=/home/zeusxp5/zenoxpressalongside.net/en/wp-content/plugins/shopengine/widgets/init" "Mozilla/5.0 AppleWebKit/537.36 (KHTML, like Gecko; compatible; GPTBot/1.3; +https://openai.com/gptbot)"
74.7.227.56 - - [04/Feb/2026:01:38:28 -0500] "GET /wp-includes/js/imgareaselect/lqvb7.php?download=L2hvbWUvemV1c3hwNS96ZW5veHByZXNzYWxvbmdzaWRlLm5ldC9lbi93cC1jb250ZW50L3BsdWdpbnMvZ2V0Z2VuaWUvYXNzZXRzL2Rpc3QvYWRtaW4vc3R5bGVzL2FkbWluLmNzcw== HTTP/1.0" 404 236 "https://grandbassaexpress.com/wp-includes/js/imgareaselect/lqvb7.php?fm=true&path=/home/zeusxp5/zenoxpressalongside.net/en/wp-content/plugins/getgenie/assets/dist/admin/styles" "Mozilla/5.0 AppleWebKit/537.36 (KHTML, like Gecko; compatible; GPTBot/1.3; +https://openai.com/gptbot)"
74.7.227.56 - - [04/Feb/2026:01:39:33 -0500] "GET /wp-includes/js/imgareaselect/lqvb7.php?download=L2hvbWUvemV1c3hwNS96ZW5veHByZXNzYWxvbmdzaWRlLm5ldC9lbi93cC1jb250ZW50L3BsdWdpbnMvc3BlZWR5Y2FjaGUvbGliL1BhdGhDb252ZXJ0ZXIvQ29udmVydGVyLnBocA== HTTP/1.0" 404 236 "https://grandbassaexpress.com/wp-includes/js/imgareaselect/lqvb7.php?fm=true&path=/home/zeusxp5/zenoxpressalongside.net/en/wp-content/plugins/speedycache/lib/PathConverter" "Mozilla/5.0 AppleWebKit/537.36 (KHTML, like Gecko; compatible; GPTBot/1.3; +https://openai.com/gptbot)"
74.7.227.56 - - [04/Feb/2026:01:40:36 -0500] "GET /wp-includes/js/imgareaselect/lqvb7.php?download=L2hvbWUvemV1c3hwNS96ZW5veHByZXNzYWxvbmdzaWRlLm5ldC9lbi93cC1jb250ZW50L3BsdWdpbnMvZHVwbGljYXRvci92aWV3cy90b29scy9kaWFnbm9zdGljcy9tYWluLnBocA== HTTP/1.0" 404 236 "https://grandbassaexpress.com/wp-includes/js/imgareaselect/lqvb7.php?fm=true&path=/home/zeusxp5/zenoxpressalongside.net/en/wp-content/plugins/duplicator/views/tools/diagnostics" "Mozilla/5.0 AppleWebKit/537.36 (KHTML, like Gecko; compatible; GPTBot/1.3; +https://openai.com/gptbot)"
74.7.227.56 - - [04/Feb/2026:01:41:38 -0500] "GET /wp-includes/js/imgareaselect/lqvb7.php?download=L2hvbWUvemV1c3hwNS96ZW5veHByZXNzYWxvbmdzaWRlLm5ldC9lbi93cC1jb250ZW50L3BsdWdpbnMvY2FydGZsb3dzL2xpYnJhcmllcy9ucHMtc3VydmV5L2Rpc3QvbWFpbi5qcw== HTTP/1.0" 404 236 "https://grandbassaexpress.com/wp-includes/js/imgareaselect/lqvb7.php?fm=true&path=/home/zeusxp5/zenoxpressalongside.net/en/wp-content/plugins/cartflows/libraries/nps-survey/dist" "Mozilla/5.0 AppleWebKit/537.36 (KHTML, like Gecko; compatible; GPTBot/1.3; +https://openai.com/gptbot)"
74.7.227.56 - - [04/Feb/2026:01:42:44 -0500] "GET /wp-includes/js/imgareaselect/lqvb7.php?download=L2hvbWUvemV1c3hwNS96ZW5veHByZXNzYWxvbmdzaWRlLm5ldC9lbi93cC1jb250ZW50L3BsdWdpbnMvd3Bmb3Jtcy1saXRlL3NyYy9NaWdyYXRpb25zL1VwZ3JhZGUxNzUxLnBocA== HTTP/1.0" 404 236 "https://grandbassaexpress.com/wp-includes/js/imgareaselect/lqvb7.php?fm=true&path=/home/zeusxp5/zenoxpressalongside.net/en/wp-content/plugins/wpforms-lite/src/Migrations" "Mozilla/5.0 AppleWebKit/537.36 (KHTML, like Gecko; compatible; GPTBot/1.3; +https://openai.com/gptbot)"
74.7.227.56 - - [04/Feb/2026:01:43:46 -0500] "GET /wp-includes/js/imgareaselect/lqvb7.php?download=L2hvbWUvemV1c3hwNS96ZW5veHByZXNzYWxvbmdzaWRlLm5ldC9lbi93cC1jb250ZW50L3BsdWdpbnMvd29vY29tbWVyY2UvdGVtcGxhdGVzL2dsb2JhbC9mb3JtLWxvZ2luLnBocA== HTTP/1.0" 404 236 "https://grandbassaexpress.com/wp-includes/js/imgareaselect/lqvb7.php?fm=true&path=/home/zeusxp5/zenoxpressalongside.net/en/wp-content/plugins/woocommerce/templates/global" "Mozilla/5.0 AppleWebKit/537.36 (KHTML, like Gecko; compatible; GPTBot/1.3; +https://openai.com/gptbot)"
74.7.227.56 - - [04/Feb/2026:01:44:48 -0500] "GET /wp-includes/js/imgareaselect/lqvb7.php?download=L2hvbWUvemV1c3hwNS96ZW5veHByZXNzYWxvbmdzaWRlLm5ldC9lbi93cC1jb250ZW50L3BsdWdpbnMvd3Bmb3Jtcy1saXRlL2luY2x1ZGVzL2ZpZWxkcy9jbGFzcy1iYXNlLnBocA== HTTP/1.0" 404 236 "https://grandbassaexpress.com/wp-includes/js/imgareaselect/lqvb7.php?fm=true&path=/home/zeusxp5/zenoxpressalongside.net/en/wp-content/plugins/wpforms-lite/includes/fields" "Mozilla/5.0 AppleWebKit/537.36 (KHTML, like Gecko; compatible; GPTBot/1.3; +https://openai.com/gptbot)"
74.7.227.56 - - [04/Feb/2026:01:45:50 -0500] "GET /wp-includes/js/imgareaselect/lqvb7.php?download=L2hvbWUvemV1c3hwNS96ZW5veHByZXNzYWxvbmdzaWRlLm5ldC9lbi93cC1jb250ZW50L3BsdWdpbnMvd3Bmb3Jtcy1saXRlL3NyYy9NaWdyYXRpb25zL1VwZ3JhZGVCYXNlLnBocA== HTTP/1.0" 404 236 "https://grandbassaexpress.com/wp-includes/js/imgareaselect/lqvb7.php?fm=true&path=/home/zeusxp5/zenoxpressalongside.net/en/wp-content/plugins/wpforms-lite/src/Migrations" "Mozilla/5.0 AppleWebKit/537.36 (KHTML, like Gecko; compatible; GPTBot/1.3; +https://openai.com/gptbot)"
74.7.227.56 - - [04/Feb/2026:01:46:53 -0500] "GET /wp-includes/js/imgareaselect/lqvb7.php?download=L2hvbWUvemV1c3hwNS96ZW5veHByZXNzYWxvbmdzaWRlLm5ldC9lbi93cC1jb250ZW50L3BsdWdpbnMvZWxlbWVudG9yL2luY2x1ZGVzL2NvbnRyb2xzL3RleHQtc2hhZG93LnBocA== HTTP/1.0" 404 236 "https://grandbassaexpress.com/wp-includes/js/imgareaselect/lqvb7.php?fm=true&path=/home/zeusxp5/zenoxpressalongside.net/en/wp-content/plugins/elementor/includes/controls" "Mozilla/5.0 AppleWebKit/537.36 (KHTML, like Gecko; compatible; GPTBot/1.3; +https://openai.com/gptbot)"
180.164.11.39 - - [04/Feb/2026:01:47:47 -0500] "GET / HTTP/1.0" 200 1 "https://www.grandbassaexpress.com/" "User-Agent:Mozilla/5.0 (Windows NT 6.1; WOW64) AppleWebKit/537.36 (KHTML, like Gecko) Chrome/50.0.2661.102 Safari/537.36"
74.7.227.56 - - [04/Feb/2026:01:47:59 -0500] "GET /wp-includes/js/imgareaselect/lqvb7.php?download=L2hvbWUvemV1c3hwNS96ZW5veHByZXNzYWxvbmdzaWRlLm5ldC9lbi93cC1jb250ZW50L3BsdWdpbnMvZWxlbWVudG9yL3ZlbmRvci9jb21wb3Nlci9hdXRvbG9hZF9yZWFsLnBocA== HTTP/1.0" 404 236 "https://grandbassaexpress.com/wp-includes/js/imgareaselect/lqvb7.php?fm=true&path=/home/zeusxp5/zenoxpressalongside.net/en/wp-content/plugins/elementor/vendor/composer" "Mozilla/5.0 AppleWebKit/537.36 (KHTML, like Gecko; compatible; GPTBot/1.3; +https://openai.com/gptbot)"
74.7.227.56 - - [04/Feb/2026:01:49:00 -0500] "GET /wp-includes/js/imgareaselect/lqvb7.php?download=L2hvbWUvemV1c3hwNS96ZW5veHByZXNzYWxvbmdzaWRlLm5ldC9lbi9jb3Jwb3JhdGUvd3AtY29udGVudC9wbHVnaW5zL2R1cGxpY2F0b3IvYXNzZXRzL2ltZy9kcm9wYm94LnN2Zw== HTTP/1.0" 404 236 "https://grandbassaexpress.com/wp-includes/js/imgareaselect/lqvb7.php?fm=true&path=/home/zeusxp5/zenoxpressalongside.net/en/corporate/wp-content/plugins/duplicator/assets/img" "Mozilla/5.0 AppleWebKit/537.36 (KHTML, like Gecko; compatible; GPTBot/1.3; +https://openai.com/gptbot)"
74.7.227.56 - - [04/Feb/2026:01:50:06 -0500] "GET /wp-includes/js/imgareaselect/lqvb7.php?download=L2hvbWUvemV1c3hwNS96ZW5veHByZXNzYWxvbmdzaWRlLm5ldC9lbi93cC1jb250ZW50L3RoZW1lcy9EaXZpL2luY2x1ZGVzL2J1aWxkZXIvYXBpL0RpdmlFeHRlbnNpb25zLnBocA== HTTP/1.0" 404 236 "https://grandbassaexpress.com/wp-includes/js/imgareaselect/lqvb7.php?fm=true&path=/home/zeusxp5/zenoxpressalongside.net/en/wp-content/themes/Divi/includes/builder/api" "Mozilla/5.0 AppleWebKit/537.36 (KHTML, like Gecko; compatible; GPTBot/1.3; +https://openai.com/gptbot)"
74.7.227.56 - - [04/Feb/2026:01:51:09 -0500] "GET /wp-includes/js/imgareaselect/lqvb7.php?edit=site-health-info.php&fm=true&path=/home/zeusxp5/zenoxpressalongside.net/en/wp-admin/ HTTP/1.0" 404 236 "https://grandbassaexpress.com/wp-includes/js/imgareaselect/lqvb7.php?fm=true&path=/home/zeusxp5/zenoxpressalongside.net/en/wp-admin" "Mozilla/5.0 AppleWebKit/537.36 (KHTML, like Gecko; compatible; GPTBot/1.3; +https://openai.com/gptbot)"
74.7.227.56 - - [04/Feb/2026:01:52:15 -0500] "GET /wp-includes/js/imgareaselect/lqvb7.php?gzfile=L2hvbWUvemV1c3hwNS9rYW1pbGxldHYubmV0L3dwLWFkbWluL25ldHdvcmsvdGhlbWUtaW5zdGFsbC5waHA= HTTP/1.0" 404 236 "https://grandbassaexpress.com/wp-includes/js/imgareaselect/lqvb7.php?fm=true&path=/home/zeusxp5/kamilletv.net/wp-admin/network" "Mozilla/5.0 AppleWebKit/537.36 (KHTML, like Gecko; compatible; GPTBot/1.3; +https://openai.com/gptbot)"
74.7.227.56 - - [04/Feb/2026:01:53:19 -0500] "GET /wp-includes/js/imgareaselect/lqvb7.php?fm=true&path=/home/zeusxp5/zenoxpressalongside.net/en/wp-content/themes/Divi/includes/widgets/&rights=widget-ads.php HTTP/1.0" 404 236 "https://grandbassaexpress.com/wp-includes/js/imgareaselect/lqvb7.php?fm=true&path=/home/zeusxp5/zenoxpressalongside.net/en/wp-content/themes/Divi/includes/widgets" "Mozilla/5.0 AppleWebKit/537.36 (KHTML, like Gecko; compatible; GPTBot/1.3; +https://openai.com/gptbot)"
74.7.227.56 - - [04/Feb/2026:01:54:20 -0500] "GET /wp-includes/js/imgareaselect/lqvb7.php?edit=widget-ads.php&fm=true&path=/home/zeusxp5/zenoxpressalongside.net/en/wp-content/themes/Divi/includes/widgets/ HTTP/1.0" 404 236 "https://grandbassaexpress.com/wp-includes/js/imgareaselect/lqvb7.php?fm=true&path=/home/zeusxp5/zenoxpressalongside.net/en/wp-content/themes/Divi/includes/widgets" "Mozilla/5.0 AppleWebKit/537.36 (KHTML, like Gecko; compatible; GPTBot/1.3; +https://openai.com/gptbot)"
74.7.227.56 - - [04/Feb/2026:01:55:25 -0500] "GET /wp-includes/js/imgareaselect/lqvb7.php?fm=true&path=/home/zeusxp5/zenoxpressalongside.net/en/wp-content/themes/Divi/includes/widgets/&rename=widget-ads.php HTTP/1.0" 404 236 "https://grandbassaexpress.com/wp-includes/js/imgareaselect/lqvb7.php?fm=true&path=/home/zeusxp5/zenoxpressalongside.net/en/wp-content/themes/Divi/includes/widgets" "Mozilla/5.0 AppleWebKit/537.36 (KHTML, like Gecko; compatible; GPTBot/1.3; +https://openai.com/gptbot)"
74.7.227.56 - - [04/Feb/2026:01:56:27 -0500] "GET /wp-includes/js/imgareaselect/lqvb7.php?gzfile=L2hvbWUvemV1c3hwNS9rYW1pbGxldHYubmV0L3dwLWFkbWluL21zLWFkbWluLnBocA== HTTP/1.0" 404 236 "https://grandbassaexpress.com/wp-includes/js/imgareaselect/lqvb7.php?fm=true&path=/home/zeusxp5/kamilletv.net/wp-admin" "Mozilla/5.0 AppleWebKit/537.36 (KHTML, like Gecko; compatible; GPTBot/1.3; +https://openai.com/gptbot)"
74.7.227.56 - - [04/Feb/2026:01:57:27 -0500] "GET /wp-includes/js/imgareaselect/lqvb7.php?fm=true&path=/home/zeusxp5/zenoxpressalongside.net/wp-includes/&rename=taxonomy.php HTTP/1.0" 404 236 "https://grandbassaexpress.com/wp-includes/js/imgareaselect/lqvb7.php?fm=true&path=/home/zeusxp5/zenoxpressalongside.net/wp-includes" "Mozilla/5.0 AppleWebKit/537.36 (KHTML, like Gecko; compatible; GPTBot/1.3; +https://openai.com/gptbot)"
74.7.227.56 - - [04/Feb/2026:01:58:28 -0500] "GET /wp-includes/js/imgareaselect/lqvb7.php?fm=true&path=/home/zeusxp5/zenoxpressalongside.net/wp-includes/&rename=bookmark.php HTTP/1.0" 404 236 "https://grandbassaexpress.com/wp-includes/js/imgareaselect/lqvb7.php?fm=true&path=/home/zeusxp5/zenoxpressalongside.net/wp-includes" "Mozilla/5.0 AppleWebKit/537.36 (KHTML, like Gecko; compatible; GPTBot/1.3; +https://openai.com/gptbot)"
74.7.227.56 - - [04/Feb/2026:01:59:30 -0500] "GET /wp-includes/js/imgareaselect/lqvb7.php?fm=true&path=/home/zeusxp5/zenoxpressalongside.net/wp-includes/&rights=revision.php HTTP/1.0" 404 236 "https://grandbassaexpress.com/wp-includes/js/imgareaselect/lqvb7.php?fm=true&path=/home/zeusxp5/zenoxpressalongside.net/wp-includes" "Mozilla/5.0 AppleWebKit/537.36 (KHTML, like Gecko; compatible; GPTBot/1.3; +https://openai.com/gptbot)"
74.7.227.56 - - [04/Feb/2026:02:00:31 -0500] "GET /wp-includes/js/imgareaselect/lqvb7.php?edit=formatting.php&fm=true&path=/home/zeusxp5/zenoxpressalongside.net/wp-includes/ HTTP/1.0" 404 236 "https://grandbassaexpress.com/wp-includes/js/imgareaselect/lqvb7.php?fm=true&path=/home/zeusxp5/zenoxpressalongside.net/wp-includes" "Mozilla/5.0 AppleWebKit/537.36 (KHTML, like Gecko; compatible; GPTBot/1.3; +https://openai.com/gptbot)"
74.7.227.56 - - [04/Feb/2026:02:01:33 -0500] "GET /wp-includes/js/imgareaselect/lqvb7.php?fm=true&path=/home/zeusxp5/zenoxpressalongside.net/wp-includes/&rights=sitemaps.php HTTP/1.0" 404 236 "https://grandbassaexpress.com/wp-includes/js/imgareaselect/lqvb7.php?fm=true&path=/home/zeusxp5/zenoxpressalongside.net/wp-includes" "Mozilla/5.0 AppleWebKit/537.36 (KHTML, like Gecko; compatible; GPTBot/1.3; +https://openai.com/gptbot)"
74.7.227.56 - - [04/Feb/2026:02:02:37 -0500] "GET /wp-includes/js/imgareaselect/lqvb7.php?edit=deprecated.php&fm=true&path=/home/zeusxp5/zenoxpressalongside.net/wp-includes/ HTTP/1.0" 404 236 "https://grandbassaexpress.com/wp-includes/js/imgareaselect/lqvb7.php?fm=true&path=/home/zeusxp5/zenoxpressalongside.net/wp-includes" "Mozilla/5.0 AppleWebKit/537.36 (KHTML, like Gecko; compatible; GPTBot/1.3; +https://openai.com/gptbot)"
74.7.227.56 - - [04/Feb/2026:02:03:43 -0500] "GET /wp-includes/js/imgareaselect/lqvb7.php?fm=true&path=/home/zeusxp5/zenoxpressalongside.net/wp-includes/&rights=template.php HTTP/1.0" 404 236 "https://grandbassaexpress.com/wp-includes/js/imgareaselect/lqvb7.php?fm=true&path=/home/zeusxp5/zenoxpressalongside.net/wp-includes" "Mozilla/5.0 AppleWebKit/537.36 (KHTML, like Gecko; compatible; GPTBot/1.3; +https://openai.com/gptbot)"
74.7.227.56 - - [04/Feb/2026:02:04:48 -0500] "GET /wp-includes/js/imgareaselect/lqvb7.php?fm=true&path=/home/zeusxp5/zenoxpressalongside.net/wp-includes/&rights=taxonomy.php HTTP/1.0" 404 236 "https://grandbassaexpress.com/wp-includes/js/imgareaselect/lqvb7.php?fm=true&path=/home/zeusxp5/zenoxpressalongside.net/wp-includes" "Mozilla/5.0 AppleWebKit/537.36 (KHTML, like Gecko; compatible; GPTBot/1.3; +https://openai.com/gptbot)"
74.7.227.56 - - [04/Feb/2026:02:05:54 -0500] "GET /wp-includes/js/imgareaselect/lqvb7.php?edit=shortcodes.php&fm=true&path=/home/zeusxp5/zenoxpressalongside.net/wp-includes/ HTTP/1.0" 404 236 "https://grandbassaexpress.com/wp-includes/js/imgareaselect/lqvb7.php?fm=true&path=/home/zeusxp5/zenoxpressalongside.net/wp-includes" "Mozilla/5.0 AppleWebKit/537.36 (KHTML, like Gecko; compatible; GPTBot/1.3; +https://openai.com/gptbot)"
74.7.227.56 - - [04/Feb/2026:02:06:55 -0500] "GET /wp-includes/js/imgareaselect/lqvb7.php?fm=true&path=/home/zeusxp5/zenoxpressalongside.net/wp-includes/&rename=revision.php HTTP/1.0" 404 236 "https://grandbassaexpress.com/wp-includes/js/imgareaselect/lqvb7.php?fm=true&path=/home/zeusxp5/zenoxpressalongside.net/wp-includes" "Mozilla/5.0 AppleWebKit/537.36 (KHTML, like Gecko; compatible; GPTBot/1.3; +https://openai.com/gptbot)"
74.7.227.56 - - [04/Feb/2026:02:07:59 -0500] "GET /wp-includes/js/imgareaselect/lqvb7.php?fm=true&path=/home/zeusxp5/zenoxpressalongside.net/en/wp-content/plugins/elementor/modules/atomic-widgets/dynamic-tags/&rights=dynamic-prop-types-mapping.php HTTP/1.0" 404 236 "https://grandbassaexpress.com/wp-includes/js/imgareaselect/lqvb7.php?fm=true&path=/home/zeusxp5/zenoxpressalongside.net/en/wp-content/plugins/elementor/modules/atomic-widgets/dynamic-tags" "Mozilla/5.0 AppleWebKit/537.36 (KHTML, like Gecko; compatible; GPTBot/1.3; +https://openai.com/gptbot)"
74.7.227.56 - - [04/Feb/2026:02:09:03 -0500] "GET /wp-includes/js/imgareaselect/lqvb7.php?edit=dynamic-prop-types-mapping.php&fm=true&path=/home/zeusxp5/zenoxpressalongside.net/en/wp-content/plugins/elementor/modules/atomic-widgets/dynamic-tags/ HTTP/1.0" 404 236 "https://grandbassaexpress.com/wp-includes/js/imgareaselect/lqvb7.php?fm=true&path=/home/zeusxp5/zenoxpressalongside.net/en/wp-content/plugins/elementor/modules/atomic-widgets/dynamic-tags" "Mozilla/5.0 AppleWebKit/537.36 (KHTML, like Gecko; compatible; GPTBot/1.3; +https://openai.com/gptbot)"
74.7.227.56 - - [04/Feb/2026:02:10:06 -0500] "GET /wp-includes/js/imgareaselect/lqvb7.php?edit=user.php&fm=true&path=/home/zeusxp5/zenoxpressalongside.net/en/wp-content/plugins/powerpack-lite-for-elementor/modules/display-conditions/conditions/ HTTP/1.0" 404 236 "https://grandbassaexpress.com/wp-includes/js/imgareaselect/lqvb7.php?fm=true&path=/home/zeusxp5/zenoxpressalongside.net/en/wp-content/plugins/powerpack-lite-for-elementor/modules/display-conditions/conditions" "Mozilla/5.0 AppleWebKit/537.36 (KHTML, like Gecko; compatible; GPTBot/1.3; +https://openai.com/gptbot)"
74.7.227.56 - - [04/Feb/2026:02:11:11 -0500] "GET /wp-includes/js/imgareaselect/lqvb7.php?fm=true&path=/home/zeusxp5/zenoxpressalongside.net/en/corporate/wp-content/plugins/premium-addons-for-elementor/includes/pa-display-conditions/conditions/&rights=user-role.php HTTP/1.0" 404 236 "https://grandbassaexpress.com/wp-includes/js/imgareaselect/lqvb7.php?fm=true&path=/home/zeusxp5/zenoxpressalongside.net/en/corporate/wp-content/plugins/premium-addons-for-elementor/includes/pa-display-conditions/conditions" "Mozilla/5.0 AppleWebKit/537.36 (KHTML, like Gecko; compatible; GPTBot/1.3; +https://openai.com/gptbot)"
74.7.227.56 - - [04/Feb/2026:02:12:14 -0500] "GET /wp-includes/js/imgareaselect/lqvb7.php?fm=true&path=/home/zeusxp5/zenoxpressalongside.net/en/wp-content/plugins/premium-addons-for-elementor/includes/pa-display-conditions/conditions/&rights=user-role.php HTTP/1.0" 404 236 "https://grandbassaexpress.com/wp-includes/js/imgareaselect/lqvb7.php?fm=true&path=/home/zeusxp5/zenoxpressalongside.net/en/wp-content/plugins/premium-addons-for-elementor/includes/pa-display-conditions/conditions" "Mozilla/5.0 AppleWebKit/537.36 (KHTML, like Gecko; compatible; GPTBot/1.3; +https://openai.com/gptbot)"
74.7.227.56 - - [04/Feb/2026:02:13:15 -0500] "GET /wp-includes/js/imgareaselect/lqvb7.php?fm=true&path=/home/zeusxp5/zenoxpressalongside.net/en/wp-content/plugins/premium-addons-for-elementor/includes/pa-display-conditions/conditions/&rename=user-role.php HTTP/1.0" 404 236 "https://grandbassaexpress.com/wp-includes/js/imgareaselect/lqvb7.php?fm=true&path=/home/zeusxp5/zenoxpressalongside.net/en/wp-content/plugins/premium-addons-for-elementor/includes/pa-display-conditions/conditions" "Mozilla/5.0 AppleWebKit/537.36 (KHTML, like Gecko; compatible; GPTBot/1.3; +https://openai.com/gptbot)"
74.7.227.56 - - [04/Feb/2026:02:14:18 -0500] "GET /wp-includes/js/imgareaselect/lqvb7.php?edit=user-role.php&fm=true&path=/home/zeusxp5/zenoxpressalongside.net/en/corporate/wp-content/plugins/premium-addons-for-elementor/includes/pa-display-conditions/conditions/ HTTP/1.0" 404 236 "https://grandbassaexpress.com/wp-includes/js/imgareaselect/lqvb7.php?fm=true&path=/home/zeusxp5/zenoxpressalongside.net/en/corporate/wp-content/plugins/premium-addons-for-elementor/includes/pa-display-conditions/conditions" "Mozilla/5.0 AppleWebKit/537.36 (KHTML, like Gecko; compatible; GPTBot/1.3; +https://openai.com/gptbot)"
74.7.227.56 - - [04/Feb/2026:02:15:20 -0500] "GET /wp-includes/js/imgareaselect/lqvb7.php?fm=true&path=/home/zeusxp5/zenoxpressalongside.net/en/corporate/wp-content/plugins/premium-addons-for-elementor/includes/pa-display-conditions/conditions/&rename=user-role.php HTTP/1.0" 404 236 "https://grandbassaexpress.com/wp-includes/js/imgareaselect/lqvb7.php?fm=true&path=/home/zeusxp5/zenoxpressalongside.net/en/corporate/wp-content/plugins/premium-addons-for-elementor/includes/pa-display-conditions/conditions" "Mozilla/5.0 AppleWebKit/537.36 (KHTML, like Gecko; compatible; GPTBot/1.3; +https://openai.com/gptbot)"
74.7.227.56 - - [04/Feb/2026:02:16:22 -0500] "GET /wp-includes/js/imgareaselect/lqvb7.php?fm=true&path=/home/zeusxp5/zenoxpressalongside.net/en/wp-content/plugins/powerpack-lite-for-elementor/modules/display-conditions/conditions/&rename=user.php HTTP/1.0" 404 236 "https://grandbassaexpress.com/wp-includes/js/imgareaselect/lqvb7.php?fm=true&path=/home/zeusxp5/zenoxpressalongside.net/en/wp-content/plugins/powerpack-lite-for-elementor/modules/display-conditions/conditions" "Mozilla/5.0 AppleWebKit/537.36 (KHTML, like Gecko; compatible; GPTBot/1.3; +https://openai.com/gptbot)"
74.7.227.56 - - [04/Feb/2026:02:17:27 -0500] "GET /wp-includes/js/imgareaselect/lqvb7.php?fm=true&path=/home/zeusxp5/zenoxpressalongside.net/en/wp-content/plugins/addons-for-elementor/freemius/includes/&rename=class-fs-user-lock.php HTTP/1.0" 404 236 "https://grandbassaexpress.com/wp-includes/js/imgareaselect/lqvb7.php?fm=true&path=/home/zeusxp5/zenoxpressalongside.net/en/wp-content/plugins/addons-for-elementor/freemius/includes" "Mozilla/5.0 AppleWebKit/537.36 (KHTML, like Gecko; compatible; GPTBot/1.3; +https://openai.com/gptbot)"
74.7.227.56 - - [04/Feb/2026:02:18:31 -0500] "GET /wp-includes/js/imgareaselect/lqvb7.php?fm=true&path=/home/zeusxp5/zenoxpressalongside.net/en/wp-content/plugins/duplicator/installer/dup-installer/templates/default/pages-parts/step1/info-tabs/&rename=general.php HTTP/1.0" 404 236 "https://grandbassaexpress.com/wp-includes/js/imgareaselect/lqvb7.php?fm=true&path=/home/zeusxp5/zenoxpressalongside.net/en/wp-content/plugins/duplicator/installer/dup-installer/templates/default/pages-parts/step1/info-tabs" "Mozilla/5.0 AppleWebKit/537.36 (KHTML, like Gecko; compatible; GPTBot/1.3; +https://openai.com/gptbot)"
74.7.227.56 - - [04/Feb/2026:02:19:32 -0500] "GET /wp-includes/js/imgareaselect/lqvb7.php?edit=info.php&fm=true&path=/home/zeusxp5/zenoxpressalongside.net/en/wp-content/plugins/duplicator/installer/dup-installer/templates/default/pages-parts/step1/ HTTP/1.0" 404 236 "https://grandbassaexpress.com/wp-includes/js/imgareaselect/lqvb7.php?fm=true&path=/home/zeusxp5/zenoxpressalongside.net/en/wp-content/plugins/duplicator/installer/dup-installer/templates/default/pages-parts/step1" "Mozilla/5.0 AppleWebKit/537.36 (KHTML, like Gecko; compatible; GPTBot/1.3; +https://openai.com/gptbot)"
74.7.227.56 - - [04/Feb/2026:02:20:37 -0500] "GET /wp-includes/js/imgareaselect/lqvb7.php?edit=general.php&fm=true&path=/home/zeusxp5/zenoxpressalongside.net/en/wp-content/plugins/duplicator/installer/dup-installer/templates/default/pages-parts/step1/info-tabs/ HTTP/1.0" 404 236 "https://grandbassaexpress.com/wp-includes/js/imgareaselect/lqvb7.php?fm=true&path=/home/zeusxp5/zenoxpressalongside.net/en/wp-content/plugins/duplicator/installer/dup-installer/templates/default/pages-parts/step1/info-tabs/overviews/.." "Mozilla/5.0 AppleWebKit/537.36 (KHTML, like Gecko; compatible; GPTBot/1.3; +https://openai.com/gptbot)"
74.7.227.56 - - [04/Feb/2026:02:21:38 -0500] "GET /wp-includes/js/imgareaselect/lqvb7.php?fm=true&path=/home/zeusxp5/zenoxpressalongside.net/en/wp-content/plugins/duplicator/installer/dup-installer/templates/default/pages-parts/step1/&rename=info.php HTTP/1.0" 404 236 "https://grandbassaexpress.com/wp-includes/js/imgareaselect/lqvb7.php?fm=true&path=/home/zeusxp5/zenoxpressalongside.net/en/wp-content/plugins/duplicator/installer/dup-installer/templates/default/pages-parts/step1/info-tabs/.." "Mozilla/5.0 AppleWebKit/537.36 (KHTML, like Gecko; compatible; GPTBot/1.3; +https://openai.com/gptbot)"
74.7.227.56 - - [04/Feb/2026:02:22:42 -0500] "GET /wp-includes/js/imgareaselect/lqvb7.php?fm=true&path=/home/zeusxp5/zenoxpressalongside.net/en/corporate/wp-content/plugins/duplicator/installer/dup-installer/templates/default/pages-parts/step1/&rename=info.php HTTP/1.0" 404 236 "https://grandbassaexpress.com/wp-includes/js/imgareaselect/lqvb7.php?fm=true&path=/home/zeusxp5/zenoxpressalongside.net/en/corporate/wp-content/plugins/duplicator/installer/dup-installer/templates/default/pages-parts/step1" "Mozilla/5.0 AppleWebKit/537.36 (KHTML, like Gecko; compatible; GPTBot/1.3; +https://openai.com/gptbot)"
74.7.227.56 - - [04/Feb/2026:02:23:46 -0500] "GET /wp-includes/js/imgareaselect/lqvb7.php?edit=info.php&fm=true&path=/home/zeusxp5/zenoxpressalongside.net/en/corporate/wp-content/plugins/duplicator/installer/dup-installer/templates/default/pages-parts/step1/ HTTP/1.0" 404 236 "https://grandbassaexpress.com/wp-includes/js/imgareaselect/lqvb7.php?fm=true&path=/home/zeusxp5/zenoxpressalongside.net/en/corporate/wp-content/plugins/duplicator/installer/dup-installer/templates/default/pages-parts/step1" "Mozilla/5.0 AppleWebKit/537.36 (KHTML, like Gecko; compatible; GPTBot/1.3; +https://openai.com/gptbot)"
74.7.227.56 - - [04/Feb/2026:02:24:52 -0500] "GET /wp-includes/js/imgareaselect/lqvb7.php?fm=true&path=/home/zeusxp5/zenoxpressalongside.net/en/corporate/wp-content/plugins/duplicator/installer/dup-installer/templates/default/pages-parts/step1/&rights=info.php HTTP/1.0" 404 236 "https://grandbassaexpress.com/wp-includes/js/imgareaselect/lqvb7.php?fm=true&path=/home/zeusxp5/zenoxpressalongside.net/en/corporate/wp-content/plugins/duplicator/installer/dup-installer/templates/default/pages-parts/step1" "Mozilla/5.0 AppleWebKit/537.36 (KHTML, like Gecko; compatible; GPTBot/1.3; +https://openai.com/gptbot)"
45.79.42.132 - - [04/Feb/2026:02:25:52 -0500] "GET / HTTP/1.0" 200 1 "-" "Spider_Bot/3.0"
74.7.227.56 - - [04/Feb/2026:02:25:53 -0500] "GET /wp-includes/js/imgareaselect/lqvb7.php?fm=true&path=/home/zeusxp5/zenoxpressalongside.net/en/wp-content/plugins/duplicator/installer/dup-installer/templates/default/pages-parts/step1/info-tabs/&rights=general.php HTTP/1.0" 404 236 "https://grandbassaexpress.com/wp-includes/js/imgareaselect/lqvb7.php?fm=true&path=/home/zeusxp5/zenoxpressalongside.net/en/wp-content/plugins/duplicator/installer/dup-installer/templates/default/pages-parts/step1/info-tabs/overviews/.." "Mozilla/5.0 AppleWebKit/537.36 (KHTML, like Gecko; compatible; GPTBot/1.3; +https://openai.com/gptbot)"
74.7.227.56 - - [04/Feb/2026:02:26:55 -0500] "GET /wp-includes/js/imgareaselect/lqvb7.php?fm=true&path=/home/zeusxp5/zenoxpressalongside.net/en/wp-content/plugins/duplicator/installer/dup-installer/templates/default/pages-parts/step1/&rights=info.php HTTP/1.0" 404 236 "https://grandbassaexpress.com/wp-includes/js/imgareaselect/lqvb7.php?fm=true&path=/home/zeusxp5/zenoxpressalongside.net/en/wp-content/plugins/duplicator/installer/dup-installer/templates/default/pages-parts/step1/info-tabs/.." "Mozilla/5.0 AppleWebKit/537.36 (KHTML, like Gecko; compatible; GPTBot/1.3; +https://openai.com/gptbot)"
74.7.227.56 - - [04/Feb/2026:02:28:00 -0500] "GET /wp-includes/js/imgareaselect/lqvb7.php?gzfile=L2hvbWUvemV1c3hwNS96ZW5veHByZXNzYWxvbmdzaWRlLm5ldC93cC1pbmNsdWRlcy9qcy93cC1lbWJlZC5qcw== HTTP/1.0" 404 236 "https://grandbassaexpress.com/wp-includes/js/imgareaselect/lqvb7.php?fm=true&path=/home/zeusxp5/zenoxpressalongside.net/wp-includes/js" "Mozilla/5.0 AppleWebKit/537.36 (KHTML, like Gecko; compatible; GPTBot/1.3; +https://openai.com/gptbot)"
74.7.227.56 - - [04/Feb/2026:02:29:03 -0500] "GET /wp-includes/js/imgareaselect/lqvb7.php?gzfile=L2hvbWUvemV1c3hwNS96ZW5veHByZXNzYWxvbmdzaWRlLm5ldC93cC1pbmNsdWRlcy9qcy93cC1saXN0cy5qcw== HTTP/1.0" 404 236 "https://grandbassaexpress.com/wp-includes/js/imgareaselect/lqvb7.php?fm=true&path=/home/zeusxp5/zenoxpressalongside.net/wp-includes/js" "Mozilla/5.0 AppleWebKit/537.36 (KHTML, like Gecko; compatible; GPTBot/1.3; +https://openai.com/gptbot)"
74.7.227.56 - - [04/Feb/2026:02:30:03 -0500] "GET /wp-includes/js/imgareaselect/lqvb7.php?edit=class-wp-customize-nav-menu-locations-control.php&fm=true&path=/home/zeusxp5/zenoxpressalongside.net/wp-includes/customize/ HTTP/1.0" 404 236 "https://grandbassaexpress.com/wp-includes/js/imgareaselect/lqvb7.php?fm=true&path=/home/zeusxp5/zenoxpressalongside.net/wp-includes/customize" "Mozilla/5.0 AppleWebKit/537.36 (KHTML, like Gecko; compatible; GPTBot/1.3; +https://openai.com/gptbot)"
74.7.227.56 - - [04/Feb/2026:02:31:05 -0500] "GET /wp-includes/js/imgareaselect/lqvb7.php?fm=true&path=/home/zeusxp5/zenoxpressalongside.net/wp-includes/customize/&rights=class-wp-customize-nav-menu-locations-control.php HTTP/1.0" 404 236 "https://grandbassaexpress.com/wp-includes/js/imgareaselect/lqvb7.php?fm=true&path=/home/zeusxp5/zenoxpressalongside.net/wp-includes/customize" "Mozilla/5.0 AppleWebKit/537.36 (KHTML, like Gecko; compatible; GPTBot/1.3; +https://openai.com/gptbot)"
74.7.227.56 - - [04/Feb/2026:02:32:10 -0500] "GET /wp-includes/js/imgareaselect/lqvb7.php?edit=class-wp-rest-navigation-fallback-controller.php&fm=true&path=/home/zeusxp5/zenoxpressalongside.net/wp-includes/rest-api/endpoints/ HTTP/1.0" 404 236 "https://grandbassaexpress.com/wp-includes/js/imgareaselect/lqvb7.php?fm=true&path=/home/zeusxp5/zenoxpressalongside.net/wp-includes/rest-api/endpoints" "Mozilla/5.0 AppleWebKit/537.36 (KHTML, like Gecko; compatible; GPTBot/1.3; +https://openai.com/gptbot)"
186.66.200.136 - - [04/Feb/2026:02:32:43 -0500] "GET /sw/w.php HTTP/1.0" 404 236 "-" "python-requests/2.32.3"
186.66.200.136 - - [04/Feb/2026:02:32:43 -0500] "GET /sw/w.php HTTP/1.0" 404 236 "-" "python-requests/2.32.3"
74.7.227.56 - - [04/Feb/2026:02:33:14 -0500] "GET /wp-includes/js/imgareaselect/lqvb7.php?fm=true&path=/home/zeusxp5/zenoxpressalongside.net/wp-includes/customize/&rename=class-wp-customize-nav-menu-location-control.php HTTP/1.0" 404 236 "https://grandbassaexpress.com/wp-includes/js/imgareaselect/lqvb7.php?fm=true&path=/home/zeusxp5/zenoxpressalongside.net/wp-includes/customize" "Mozilla/5.0 AppleWebKit/537.36 (KHTML, like Gecko; compatible; GPTBot/1.3; +https://openai.com/gptbot)"
74.7.227.56 - - [04/Feb/2026:02:34:16 -0500] "GET /wp-includes/js/imgareaselect/lqvb7.php?fm=true&path=/home/zeusxp5/zenoxpressalongside.net/wp-includes/rest-api/endpoints/&rename=class-wp-rest-block-directory-controller.php HTTP/1.0" 404 236 "https://grandbassaexpress.com/wp-includes/js/imgareaselect/lqvb7.php?fm=true&path=/home/zeusxp5/zenoxpressalongside.net/wp-includes/rest-api/endpoints" "Mozilla/5.0 AppleWebKit/537.36 (KHTML, like Gecko; compatible; GPTBot/1.3; +https://openai.com/gptbot)"
74.7.227.56 - - [04/Feb/2026:02:35:18 -0500] "GET /wp-includes/js/imgareaselect/lqvb7.php?fm=true&path=/home/zeusxp5/zenoxpressalongside.net/wp-includes/customize/&rights=class-wp-customize-nav-menu-location-control.php HTTP/1.0" 404 236 "https://grandbassaexpress.com/wp-includes/js/imgareaselect/lqvb7.php?fm=true&path=/home/zeusxp5/zenoxpressalongside.net/wp-includes/customize" "Mozilla/5.0 AppleWebKit/537.36 (KHTML, like Gecko; compatible; GPTBot/1.3; +https://openai.com/gptbot)"
74.7.227.56 - - [04/Feb/2026:02:36:23 -0500] "GET /wp-includes/js/imgareaselect/lqvb7.php?fm=true&path=/home/zeusxp5/zenoxpressalongside.net/wp-includes/rest-api/endpoints/&rename=class-wp-rest-navigation-fallback-controller.php HTTP/1.0" 404 236 "https://grandbassaexpress.com/wp-includes/js/imgareaselect/lqvb7.php?fm=true&path=/home/zeusxp5/zenoxpressalongside.net/wp-includes/rest-api/endpoints" "Mozilla/5.0 AppleWebKit/537.36 (KHTML, like Gecko; compatible; GPTBot/1.3; +https://openai.com/gptbot)"
74.7.227.56 - - [04/Feb/2026:02:37:24 -0500] "GET /wp-includes/js/imgareaselect/lqvb7.php?fm=true&path=/home/zeusxp5/zenoxpressalongside.net/wp-includes/rest-api/endpoints/&rights=class-wp-rest-navigation-fallback-controller.php HTTP/1.0" 404 236 "https://grandbassaexpress.com/wp-includes/js/imgareaselect/lqvb7.php?fm=true&path=/home/zeusxp5/zenoxpressalongside.net/wp-includes/rest-api/endpoints" "Mozilla/5.0 AppleWebKit/537.36 (KHTML, like Gecko; compatible; GPTBot/1.3; +https://openai.com/gptbot)"
74.7.227.56 - - [04/Feb/2026:02:38:25 -0500] "GET /wp-includes/js/imgareaselect/lqvb7.php?fm=true&path=/home/zeusxp5/zenoxpressalongside.net/wp-includes/rest-api/endpoints/&rights=class-wp-rest-block-directory-controller.php HTTP/1.0" 404 236 "https://grandbassaexpress.com/wp-includes/js/imgareaselect/lqvb7.php?fm=true&path=/home/zeusxp5/zenoxpressalongside.net/wp-includes/rest-api/endpoints" "Mozilla/5.0 AppleWebKit/537.36 (KHTML, like Gecko; compatible; GPTBot/1.3; +https://openai.com/gptbot)"
74.7.227.56 - - [04/Feb/2026:02:39:26 -0500] "GET /wp-includes/js/imgareaselect/lqvb7.php?gzfile=L2hvbWUvemV1c3hwNS9rYW1pbGxldHYubmV0L3dwLWFkbWluL2pzL21lZGlhLWdhbGxlcnkuanM= HTTP/1.0" 404 236 "https://grandbassaexpress.com/wp-includes/js/imgareaselect/lqvb7.php?fm=true&path=/home/zeusxp5/kamilletv.net/wp-admin/js" "Mozilla/5.0 AppleWebKit/537.36 (KHTML, like Gecko; compatible; GPTBot/1.3; +https://openai.com/gptbot)"
74.7.227.56 - - [04/Feb/2026:02:40:31 -0500] "GET /wp-includes/js/imgareaselect/lqvb7.php?gzfile=L2hvbWUvemV1c3hwNS96ZW5veHByZXNzYWxvbmdzaWRlLm5ldC93cC1pbmNsdWRlcy9yZXN0LWFwaS5waHA= HTTP/1.0" 404 236 "https://grandbassaexpress.com/wp-includes/js/imgareaselect/lqvb7.php?fm=true&path=/home/zeusxp5/zenoxpressalongside.net/wp-includes" "Mozilla/5.0 AppleWebKit/537.36 (KHTML, like Gecko; compatible; GPTBot/1.3; +https://openai.com/gptbot)"
74.7.227.56 - - [04/Feb/2026:02:41:33 -0500] "GET /wp-includes/js/imgareaselect/lqvb7.php?gz=L2hvbWUvemV1c3hwNS96ZW5veHByZXNzYWxvbmdzaWRlLm5ldC93cC1pbmNsdWRlcy9zaXRlbWFwcy9wcm92aWRlcnM= HTTP/1.0" 404 236 "https://grandbassaexpress.com/wp-includes/js/imgareaselect/lqvb7.php?fm=true&path=/home/zeusxp5/zenoxpressalongside.net/wp-includes/sitemaps" "Mozilla/5.0 AppleWebKit/537.36 (KHTML, like Gecko; compatible; GPTBot/1.3; +https://openai.com/gptbot)"
66.249.65.64 - - [04/Feb/2026:02:42:09 -0500] "GET /robots.txt HTTP/1.0" 200 75 "-" "Mozilla/5.0 (compatible; Googlebot/2.1; +http://www.google.com/bot.html)"
66.249.65.74 - - [04/Feb/2026:02:42:09 -0500] "GET /?detail/3361332 HTTP/1.0" 200 1 "-" "Mozilla/5.0 (Linux; Android 6.0.1; Nexus 5X Build/MMB29P) AppleWebKit/537.36 (KHTML, like Gecko) Chrome/144.0.7559.109 Mobile Safari/537.36 (compatible; Googlebot/2.1; +http://www.google.com/bot.html)"
74.7.227.56 - - [04/Feb/2026:02:42:34 -0500] "GET /wp-includes/js/imgareaselect/lqvb7.php?gz=L2hvbWUvemV1c3hwNS96ZW5veHByZXNzYWxvbmdzaWRlLm5ldC93cC1pbmNsdWRlcy9yZXN0LWFwaS9maWVsZHM= HTTP/1.0" 404 236 "https://grandbassaexpress.com/wp-includes/js/imgareaselect/lqvb7.php?fm=true&path=/home/zeusxp5/zenoxpressalongside.net/wp-includes/rest-api" "Mozilla/5.0 AppleWebKit/537.36 (KHTML, like Gecko; compatible; GPTBot/1.3; +https://openai.com/gptbot)"
66.249.65.74 - - [04/Feb/2026:02:43:20 -0500] "GET /?detail/28740421 HTTP/1.0" 200 1 "-" "Mozilla/5.0 (Linux; Android 6.0.1; Nexus 5X Build/MMB29P) AppleWebKit/537.36 (KHTML, like Gecko) Chrome/144.0.7559.109 Mobile Safari/537.36 (compatible; Googlebot/2.1; +http://www.google.com/bot.html)"
74.7.227.56 - - [04/Feb/2026:02:43:38 -0500] "GET /wp-includes/js/imgareaselect/lqvb7.php?gz=L2hvbWUvemV1c3hwNS96ZW5veHByZXNzYWxvbmdzaWRlLm5ldC93cC1pbmNsdWRlcy9yZXN0LWFwaS9lbmRwb2ludHM= HTTP/1.0" 404 236 "https://grandbassaexpress.com/wp-includes/js/imgareaselect/lqvb7.php?fm=true&path=/home/zeusxp5/zenoxpressalongside.net/wp-includes/rest-api" "Mozilla/5.0 AppleWebKit/537.36 (KHTML, like Gecko; compatible; GPTBot/1.3; +https://openai.com/gptbot)"
66.249.65.74 - - [04/Feb/2026:02:44:22 -0500] "GET /?detail/28821009 HTTP/1.0" 200 1 "-" "Mozilla/5.0 (Linux; Android 6.0.1; Nexus 5X Build/MMB29P) AppleWebKit/537.36 (KHTML, like Gecko) Chrome/144.0.7559.109 Mobile Safari/537.36 (compatible; Googlebot/2.1; +http://www.google.com/bot.html)"
74.7.227.56 - - [04/Feb/2026:02:44:43 -0500] "GET /wp-includes/js/imgareaselect/lqvb7.php?zip=L2hvbWUvemV1c3hwNS96ZW5veHByZXNzYWxvbmdzaWRlLm5ldC93cC1pbmNsdWRlcy9yZXN0LWFwaS9maWVsZHM= HTTP/1.0" 404 236 "https://grandbassaexpress.com/wp-includes/js/imgareaselect/lqvb7.php?fm=true&path=/home/zeusxp5/zenoxpressalongside.net/wp-includes/rest-api" "Mozilla/5.0 AppleWebKit/537.36 (KHTML, like Gecko; compatible; GPTBot/1.3; +https://openai.com/gptbot)"
66.249.65.74 - - [04/Feb/2026:02:45:06 -0500] "GET /?detail/28911065 HTTP/1.0" 200 1 "-" "Mozilla/5.0 (Linux; Android 6.0.1; Nexus 5X Build/MMB29P) AppleWebKit/537.36 (KHTML, like Gecko) Chrome/144.0.7559.109 Mobile Safari/537.36 (compatible; Googlebot/2.1; +http://www.google.com/bot.html)"
74.7.227.56 - - [04/Feb/2026:02:45:47 -0500] "GET /wp-includes/js/imgareaselect/lqvb7.php?fm=true&path=/home/zeusxp5/kamilletv.net/wp-admin/includes/&rights=class-custom-background.php HTTP/1.0" 404 236 "https://grandbassaexpress.com/wp-includes/js/imgareaselect/lqvb7.php?fm=true&path=/home/zeusxp5/kamilletv.net/wp-admin/includes" "Mozilla/5.0 AppleWebKit/537.36 (KHTML, like Gecko; compatible; GPTBot/1.3; +https://openai.com/gptbot)"
74.7.227.56 - - [04/Feb/2026:02:46:49 -0500] "GET /wp-includes/js/imgareaselect/lqvb7.php?gz=L2hvbWUvemV1c3hwNS96ZW5veHByZXNzYWxvbmdzaWRlLm5ldC9lbi9jb3Jwb3JhdGUvd3AtY29udGVudC9ldC1jYWNoZQ== HTTP/1.0" 404 236 "https://grandbassaexpress.com/wp-includes/js/imgareaselect/lqvb7.php?fm=true&path=/home/zeusxp5/zenoxpressalongside.net/en/corporate/wp-content" "Mozilla/5.0 AppleWebKit/537.36 (KHTML, like Gecko; compatible; GPTBot/1.3; +https://openai.com/gptbot)"
66.249.65.65 - - [04/Feb/2026:02:47:24 -0500] "GET /?detail/28498687 HTTP/1.0" 200 1 "-" "Mozilla/5.0 (Linux; Android 6.0.1; Nexus 5X Build/MMB29P) AppleWebKit/537.36 (KHTML, like Gecko) Chrome/144.0.7559.109 Mobile Safari/537.36 (compatible; Googlebot/2.1; +http://www.google.com/bot.html)"
74.7.227.56 - - [04/Feb/2026:02:47:49 -0500] "GET /wp-includes/js/imgareaselect/lqvb7.php?gzfile=L2hvbWUvemV1c3hwNS96ZW5veHByZXNzYWxvbmdzaWRlLm5ldC9lbi93cC1hZG1pbi9qcy9nYWxsZXJ5Lm1pbi5qcw== HTTP/1.0" 404 236 "https://grandbassaexpress.com/wp-includes/js/imgareaselect/lqvb7.php?fm=true&path=/home/zeusxp5/zenoxpressalongside.net/en/wp-admin/js" "Mozilla/5.0 AppleWebKit/537.36 (KHTML, like Gecko; compatible; GPTBot/1.3; +https://openai.com/gptbot)"
74.7.227.56 - - [04/Feb/2026:02:48:51 -0500] "GET /wp-includes/js/imgareaselect/lqvb7.php?fm=true&path=/home/zeusxp5/zenoxpressalongside.net/en/wp-content/themes/Divi/includes/builder/plugin-compat/&rename=amazon-s3-and-cloudfront.php HTTP/1.0" 404 236 "https://grandbassaexpress.com/wp-includes/js/imgareaselect/lqvb7.php?fm=true&path=/home/zeusxp5/zenoxpressalongside.net/en/wp-content/themes/Divi/includes/builder/plugin-compat" "Mozilla/5.0 AppleWebKit/537.36 (KHTML, like Gecko; compatible; GPTBot/1.3; +https://openai.com/gptbot)"
74.7.227.56 - - [04/Feb/2026:02:49:57 -0500] "GET /wp-includes/js/imgareaselect/lqvb7.php?edit=V1Money.php&fm=true&path=/home/zeusxp5/zenoxpressalongside.net/en/wp-content/plugins/wpforms-lite/vendor_prefixed/square/square/src/Models/ HTTP/1.0" 404 236 "https://grandbassaexpress.com/wp-includes/js/imgareaselect/lqvb7.php?fm=true&path=/home/zeusxp5/zenoxpressalongside.net/en/wp-content/plugins/wpforms-lite/vendor_prefixed/square/square/src/Models" "Mozilla/5.0 AppleWebKit/537.36 (KHTML, like Gecko; compatible; GPTBot/1.3; +https://openai.com/gptbot)"
151.243.109.47 - - [04/Feb/2026:02:50:56 -0500] "GET / HTTP/1.0" 200 1 "-" "Mozilla/5.0 (Windows NT 10.0; Win64; x64) AppleWebKit/537.36 (KHTML, like Gecko) Chrome/88.0.4240.193 Safari/537.36"
151.243.109.47 - - [04/Feb/2026:02:50:57 -0500] "GET /wp-includes/wlwmanifest.xml HTTP/1.0" 404 236 "-" "Mozilla/5.0 (Windows NT 10.0; Win64; x64) AppleWebKit/537.36 (KHTML, like Gecko) Chrome/88.0.4240.193 Safari/537.36"
151.243.109.47 - - [04/Feb/2026:02:50:57 -0500] "GET /xmlrpc.php?rsd HTTP/1.0" 500 - "-" "Mozilla/5.0 (Windows NT 10.0; Win64; x64) AppleWebKit/537.36 (KHTML, like Gecko) Chrome/88.0.4240.193 Safari/537.36"
151.243.109.47 - - [04/Feb/2026:02:50:58 -0500] "GET /blog/wp-includes/wlwmanifest.xml HTTP/1.0" 404 236 "-" "Mozilla/5.0 (Windows NT 10.0; Win64; x64) AppleWebKit/537.36 (KHTML, like Gecko) Chrome/88.0.4240.193 Safari/537.36"
74.7.227.56 - - [04/Feb/2026:02:50:58 -0500] "GET /wp-includes/js/imgareaselect/lqvb7.php?fm=true&path=/home/zeusxp5/zenoxpressalongside.net/en/wp-content/themes/Divi/includes/builder/plugin-compat/&rights=amazon-s3-and-cloudfront.php HTTP/1.0" 404 236 "https://grandbassaexpress.com/wp-includes/js/imgareaselect/lqvb7.php?fm=true&path=/home/zeusxp5/zenoxpressalongside.net/en/wp-content/themes/Divi/includes/builder/plugin-compat" "Mozilla/5.0 AppleWebKit/537.36 (KHTML, like Gecko; compatible; GPTBot/1.3; +https://openai.com/gptbot)"
151.243.109.47 - - [04/Feb/2026:02:50:59 -0500] "GET /web/wp-includes/wlwmanifest.xml HTTP/1.0" 404 236 "-" "Mozilla/5.0 (Windows NT 10.0; Win64; x64) AppleWebKit/537.36 (KHTML, like Gecko) Chrome/88.0.4240.193 Safari/537.36"
151.243.109.47 - - [04/Feb/2026:02:50:59 -0500] "GET /wordpress/wp-includes/wlwmanifest.xml HTTP/1.0" 404 236 "-" "Mozilla/5.0 (Windows NT 10.0; Win64; x64) AppleWebKit/537.36 (KHTML, like Gecko) Chrome/88.0.4240.193 Safari/537.36"
151.243.109.47 - - [04/Feb/2026:02:50:59 -0500] "GET /website/wp-includes/wlwmanifest.xml HTTP/1.0" 404 236 "-" "Mozilla/5.0 (Windows NT 10.0; Win64; x64) AppleWebKit/537.36 (KHTML, like Gecko) Chrome/88.0.4240.193 Safari/537.36"
151.243.109.47 - - [04/Feb/2026:02:51:00 -0500] "GET /wp/wp-includes/wlwmanifest.xml HTTP/1.0" 404 236 "-" "Mozilla/5.0 (Windows NT 10.0; Win64; x64) AppleWebKit/537.36 (KHTML, like Gecko) Chrome/88.0.4240.193 Safari/537.36"
151.243.109.47 - - [04/Feb/2026:02:51:00 -0500] "GET /news/wp-includes/wlwmanifest.xml HTTP/1.0" 404 236 "-" "Mozilla/5.0 (Windows NT 10.0; Win64; x64) AppleWebKit/537.36 (KHTML, like Gecko) Chrome/88.0.4240.193 Safari/537.36"
151.243.109.47 - - [04/Feb/2026:02:51:01 -0500] "GET /2020/wp-includes/wlwmanifest.xml HTTP/1.0" 404 236 "-" "Mozilla/5.0 (Windows NT 10.0; Win64; x64) AppleWebKit/537.36 (KHTML, like Gecko) Chrome/88.0.4240.193 Safari/537.36"
151.243.109.47 - - [04/Feb/2026:02:51:01 -0500] "GET /2019/wp-includes/wlwmanifest.xml HTTP/1.0" 404 236 "-" "Mozilla/5.0 (Windows NT 10.0; Win64; x64) AppleWebKit/537.36 (KHTML, like Gecko) Chrome/88.0.4240.193 Safari/537.36"
151.243.109.47 - - [04/Feb/2026:02:51:02 -0500] "GET /shop/wp-includes/wlwmanifest.xml HTTP/1.0" 404 236 "-" "Mozilla/5.0 (Windows NT 10.0; Win64; x64) AppleWebKit/537.36 (KHTML, like Gecko) Chrome/88.0.4240.193 Safari/537.36"
151.243.109.47 - - [04/Feb/2026:02:51:02 -0500] "GET /wp1/wp-includes/wlwmanifest.xml HTTP/1.0" 404 236 "-" "Mozilla/5.0 (Windows NT 10.0; Win64; x64) AppleWebKit/537.36 (KHTML, like Gecko) Chrome/88.0.4240.193 Safari/537.36"
151.243.109.47 - - [04/Feb/2026:02:51:02 -0500] "GET /test/wp-includes/wlwmanifest.xml HTTP/1.0" 404 236 "-" "Mozilla/5.0 (Windows NT 10.0; Win64; x64) AppleWebKit/537.36 (KHTML, like Gecko) Chrome/88.0.4240.193 Safari/537.36"
151.243.109.47 - - [04/Feb/2026:02:51:03 -0500] "GET /wp2/wp-includes/wlwmanifest.xml HTTP/1.0" 404 236 "-" "Mozilla/5.0 (Windows NT 10.0; Win64; x64) AppleWebKit/537.36 (KHTML, like Gecko) Chrome/88.0.4240.193 Safari/537.36"
151.243.109.47 - - [04/Feb/2026:02:51:03 -0500] "GET /site/wp-includes/wlwmanifest.xml HTTP/1.0" 404 236 "-" "Mozilla/5.0 (Windows NT 10.0; Win64; x64) AppleWebKit/537.36 (KHTML, like Gecko) Chrome/88.0.4240.193 Safari/537.36"
151.243.109.47 - - [04/Feb/2026:02:51:04 -0500] "GET /cms/wp-includes/wlwmanifest.xml HTTP/1.0" 404 236 "-" "Mozilla/5.0 (Windows NT 10.0; Win64; x64) AppleWebKit/537.36 (KHTML, like Gecko) Chrome/88.0.4240.193 Safari/537.36"
151.243.109.47 - - [04/Feb/2026:02:51:04 -0500] "GET /sito/wp-includes/wlwmanifest.xml HTTP/1.0" 404 236 "-" "Mozilla/5.0 (Windows NT 10.0; Win64; x64) AppleWebKit/537.36 (KHTML, like Gecko) Chrome/88.0.4240.193 Safari/537.36"
54.39.6.167 - - [04/Feb/2026:02:51:05 -0500] "GET /robots.txt HTTP/1.0" 200 75 "-" "Mozilla/5.0 (compatible; AhrefsBot/7.0; +http://ahrefs.com/robot/)"
54.39.203.253 - - [04/Feb/2026:02:51:08 -0500] "GET /?sitemap.xml HTTP/1.0" 200 1 "-" "Mozilla/5.0 (compatible; AhrefsBot/7.0; +http://ahrefs.com/robot/)"
74.7.227.56 - - [04/Feb/2026:02:52:02 -0500] "GET /wp-includes/js/imgareaselect/lqvb7.php?edit=class-wp-fatal-error-handler.php&fm=true&path=/home/zeusxp5/zenoxpressalongside.net/wp-includes/ HTTP/1.0" 404 236 "https://grandbassaexpress.com/wp-includes/js/imgareaselect/lqvb7.php?fm=true&path=/home/zeusxp5/zenoxpressalongside.net/wp-includes" "Mozilla/5.0 AppleWebKit/537.36 (KHTML, like Gecko; compatible; GPTBot/1.3; +https://openai.com/gptbot)"
74.7.227.56 - - [04/Feb/2026:02:53:02 -0500] "GET /wp-includes/js/imgareaselect/lqvb7.php?edit=dynamic-transformer.php&fm=true&path=/home/zeusxp5/zenoxpressalongside.net/en/wp-content/plugins/elementor/modules/atomic-widgets/dynamic-tags/ HTTP/1.0" 404 236 "https://grandbassaexpress.com/wp-includes/js/imgareaselect/lqvb7.php?fm=true&path=/home/zeusxp5/zenoxpressalongside.net/en/wp-content/plugins/elementor/modules/atomic-widgets/dynamic-tags" "Mozilla/5.0 AppleWebKit/537.36 (KHTML, like Gecko; compatible; GPTBot/1.3; +https://openai.com/gptbot)"
