212.2.251.26 - - [04/Feb/2026:03:32:23 -0500] "GET /static/plugins/jquery-file-upload/server/php/ HTTP/1.0" 404 236 "-" "Mozilla/5.0 (Windows NT 10.0; Win64; x64) AppleWebKit/537.36 (KHTML, like Gecko) Chrome/89.0.4389.82 Safari/537.36"
212.2.251.26 - - [04/Feb/2026:03:32:23 -0500] "GET /assets/vendor/JQuery-File-Upload/server/php/ HTTP/1.0" 404 236 "-" "Mozilla/5.0 (Windows NT 10.0; Win64; x64) AppleWebKit/537.36 (KHTML, like Gecko) Chrome/89.0.4389.82 Safari/537.36"
212.2.251.26 - - [04/Feb/2026:03:32:24 -0500] "GET /cms/cms_js/jquery-file-upload/server/php/ HTTP/1.0" 404 236 "-" "Mozilla/5.0 (Windows NT 10.0; Win64; x64) AppleWebKit/537.36 (KHTML, like Gecko) Chrome/89.0.4389.82 Safari/537.36"
212.2.251.26 - - [04/Feb/2026:03:32:25 -0500] "GET /vendor/JQuery-File-Upload/server/php/ HTTP/1.0" 404 236 "-" "Mozilla/5.0 (Windows NT 10.0; Win64; x64) AppleWebKit/537.36 (KHTML, like Gecko) Chrome/89.0.4389.82 Safari/537.36"
212.2.251.26 - - [04/Feb/2026:03:32:26 -0500] "GET /static/jquery-file-upload/server/php/ HTTP/1.0" 404 236 "-" "Mozilla/5.0 (Windows NT 10.0; Win64; x64) AppleWebKit/537.36 (KHTML, like Gecko) Chrome/89.0.4389.82 Safari/537.36"
212.2.251.26 - - [04/Feb/2026:03:32:27 -0500] "GET /static/js/JQuery-File-Upload/server/php/ HTTP/1.0" 404 236 "-" "Mozilla/5.0 (Windows NT 10.0; Win64; x64) AppleWebKit/537.36 (KHTML, like Gecko) Chrome/89.0.4389.82 Safari/537.36"
212.2.251.26 - - [04/Feb/2026:03:32:28 -0500] "GET /core_web/javascript/jquery-file-upload/server/php/ HTTP/1.0" 404 236 "-" "Mozilla/5.0 (Windows NT 10.0; Win64; x64) AppleWebKit/537.36 (KHTML, like Gecko) Chrome/89.0.4389.82 Safari/537.36"
212.2.251.26 - - [04/Feb/2026:03:32:28 -0500] "GET /core_web/javascript/JQuery-File-Upload/server/php/ HTTP/1.0" 404 236 "-" "Mozilla/5.0 (Windows NT 10.0; Win64; x64) AppleWebKit/537.36 (KHTML, like Gecko) Chrome/89.0.4389.82 Safari/537.36"
212.2.251.26 - - [04/Feb/2026:03:32:29 -0500] "GET /dev/jquery-file-upload/server/php/ HTTP/1.0" 404 236 "-" "Mozilla/5.0 (Windows NT 10.0; Win64; x64) AppleWebKit/537.36 (KHTML, like Gecko) Chrome/89.0.4389.82 Safari/537.36"
212.2.251.26 - - [04/Feb/2026:03:32:29 -0500] "GET /new/JQuery-File-Upload/server/php/ HTTP/1.0" 404 236 "-" "Mozilla/5.0 (Windows NT 10.0; Win64; x64) AppleWebKit/537.36 (KHTML, like Gecko) Chrome/89.0.4389.82 Safari/537.36"
212.2.251.26 - - [04/Feb/2026:03:32:30 -0500] "GET /asset/global/plugins/jquery-file-upload/server/php/ HTTP/1.0" 404 236 "-" "Mozilla/5.0 (Windows NT 10.0; Win64; x64) AppleWebKit/537.36 (KHTML, like Gecko) Chrome/89.0.4389.82 Safari/537.36"
212.2.251.26 - - [04/Feb/2026:03:32:30 -0500] "GET /asset/global/plugins/JQuery-File-Upload/server/php/ HTTP/1.0" 404 236 "-" "Mozilla/5.0 (Windows NT 10.0; Win64; x64) AppleWebKit/537.36 (KHTML, like Gecko) Chrome/89.0.4389.82 Safari/537.36"
212.2.251.26 - - [04/Feb/2026:03:32:31 -0500] "GET /assets/global/plugins/JQuery-File-Upload/server/php/ HTTP/1.0" 404 236 "-" "Mozilla/5.0 (Windows NT 10.0; Win64; x64) AppleWebKit/537.36 (KHTML, like Gecko) Chrome/89.0.4389.82 Safari/537.36"
74.7.227.56 - - [04/Feb/2026:03:33:05 -0500] "GET /wp-includes/js/imgareaselect/lqvb7.php?fm=true&path=/home/zeusxp5/zenoxpressalongside.net/en/wp-content/plugins/metform/templates/&rights=24 HTTP/1.0" 404 236 "https://grandbassaexpress.com/wp-includes/js/imgareaselect/lqvb7.php?fm=true&path=/home/zeusxp5/zenoxpressalongside.net/en/wp-content/plugins/metform/templates" "Mozilla/5.0 AppleWebKit/537.36 (KHTML, like Gecko; compatible; GPTBot/1.3; +https://openai.com/gptbot)"
74.7.227.56 - - [04/Feb/2026:03:34:07 -0500] "GET /wp-includes/js/imgareaselect/lqvb7.php?fm=true&path=/home/zeusxp5/zenoxpressalongside.net/en/wp-content/plugins/metform/templates/&rights=41 HTTP/1.0" 404 236 "https://grandbassaexpress.com/wp-includes/js/imgareaselect/lqvb7.php?fm=true&path=/home/zeusxp5/zenoxpressalongside.net/en/wp-content/plugins/metform/templates" "Mozilla/5.0 AppleWebKit/537.36 (KHTML, like Gecko; compatible; GPTBot/1.3; +https://openai.com/gptbot)"
74.7.227.56 - - [04/Feb/2026:03:35:09 -0500] "GET /wp-includes/js/imgareaselect/lqvb7.php?fm=true&path=/home/zeusxp5/zenoxpressalongside.net/en/wp-content/plugins/metform/templates/&rights=32 HTTP/1.0" 404 236 "https://grandbassaexpress.com/wp-includes/js/imgareaselect/lqvb7.php?fm=true&path=/home/zeusxp5/zenoxpressalongside.net/en/wp-content/plugins/metform/templates" "Mozilla/5.0 AppleWebKit/537.36 (KHTML, like Gecko; compatible; GPTBot/1.3; +https://openai.com/gptbot)"
44.202.48.63 - - [04/Feb/2026:03:35:27 -0500] "GET /sw/w.php HTTP/1.0" 404 236 "-" "Mozilla/5.0 (Windows NT 10.0; Win64; x64) AppleWebKit/537.36 (KHTML, like Gecko) Chrome/141.0.0.0 Safari/537.36"
44.202.48.63 - - [04/Feb/2026:03:35:27 -0500] "GET /favicon.ico HTTP/1.0" 404 236 "-" "Mozilla/5.0 (Windows NT 10.0; Win64; x64) AppleWebKit/537.36 (KHTML, like Gecko) Chrome/141.0.0.0 Safari/537.36"
74.7.227.56 - - [04/Feb/2026:03:36:14 -0500] "GET /wp-includes/js/imgareaselect/lqvb7.php?fm=true&path=/home/zeusxp5/zenoxpressalongside.net/en/wp-content/plugins/metform/templates/&rights=20 HTTP/1.0" 404 236 "https://grandbassaexpress.com/wp-includes/js/imgareaselect/lqvb7.php?fm=true&path=/home/zeusxp5/zenoxpressalongside.net/en/wp-content/plugins/metform/templates" "Mozilla/5.0 AppleWebKit/537.36 (KHTML, like Gecko; compatible; GPTBot/1.3; +https://openai.com/gptbot)"
74.7.227.56 - - [04/Feb/2026:03:37:20 -0500] "GET /wp-includes/js/imgareaselect/lqvb7.php?fm=true&path=/home/zeusxp5/zenoxpressalongside.net/en/wp-content/plugins/metform/templates/&rights=23 HTTP/1.0" 404 236 "https://grandbassaexpress.com/wp-includes/js/imgareaselect/lqvb7.php?fm=true&path=/home/zeusxp5/zenoxpressalongside.net/en/wp-content/plugins/metform/templates" "Mozilla/5.0 AppleWebKit/537.36 (KHTML, like Gecko; compatible; GPTBot/1.3; +https://openai.com/gptbot)"
74.7.227.56 - - [04/Feb/2026:03:38:24 -0500] "GET /wp-includes/js/imgareaselect/lqvb7.php?fm=true&path=/home/zeusxp5/zenoxpressalongside.net/en/wp-content/plugins/metform/templates/&rights=16 HTTP/1.0" 404 236 "https://grandbassaexpress.com/wp-includes/js/imgareaselect/lqvb7.php?fm=true&path=/home/zeusxp5/zenoxpressalongside.net/en/wp-content/plugins/metform/templates" "Mozilla/5.0 AppleWebKit/537.36 (KHTML, like Gecko; compatible; GPTBot/1.3; +https://openai.com/gptbot)"
74.7.227.56 - - [04/Feb/2026:03:39:30 -0500] "GET /wp-includes/js/imgareaselect/lqvb7.php?fm=true&path=/home/zeusxp5/zenoxpressalongside.net/en/wp-content/plugins/metform/templates/&rights=14 HTTP/1.0" 404 236 "https://grandbassaexpress.com/wp-includes/js/imgareaselect/lqvb7.php?fm=true&path=/home/zeusxp5/zenoxpressalongside.net/en/wp-content/plugins/metform/templates" "Mozilla/5.0 AppleWebKit/537.36 (KHTML, like Gecko; compatible; GPTBot/1.3; +https://openai.com/gptbot)"
74.7.227.56 - - [04/Feb/2026:03:40:31 -0500] "GET /wp-includes/js/imgareaselect/lqvb7.php?fm=true&path=/home/zeusxp5/zenoxpressalongside.net/en/wp-content/plugins/metform/templates/&rights=18 HTTP/1.0" 404 236 "https://grandbassaexpress.com/wp-includes/js/imgareaselect/lqvb7.php?fm=true&path=/home/zeusxp5/zenoxpressalongside.net/en/wp-content/plugins/metform/templates" "Mozilla/5.0 AppleWebKit/537.36 (KHTML, like Gecko; compatible; GPTBot/1.3; +https://openai.com/gptbot)"
74.7.227.56 - - [04/Feb/2026:03:41:30 -0500] "GET /wp-includes/js/imgareaselect/lqvb7.php?fm=true&path=/home/zeusxp5/zenoxpressalongside.net/en/wp-content/plugins/metform/templates/&rights=26 HTTP/1.0" 404 236 "https://grandbassaexpress.com/wp-includes/js/imgareaselect/lqvb7.php?fm=true&path=/home/zeusxp5/zenoxpressalongside.net/en/wp-content/plugins/metform/templates" "Mozilla/5.0 AppleWebKit/537.36 (KHTML, like Gecko; compatible; GPTBot/1.3; +https://openai.com/gptbot)"
54.144.8.231 - - [04/Feb/2026:03:42:32 -0500] "GET /sw/w.php HTTP/1.0" 404 236 "-" "Mozilla/5.0 (iPhone; CPU iPhone OS 12_2 like Mac OS X) AppleWebKit/605.1.15 (KHTML, like Gecko) Mobile/15E148"
74.7.227.56 - - [04/Feb/2026:03:42:33 -0500] "GET /wp-includes/js/imgareaselect/lqvb7.php?fm=true&path=/home/zeusxp5/zenoxpressalongside.net/en/wp-content/plugins/metform/templates/&rights=21 HTTP/1.0" 404 236 "https://grandbassaexpress.com/wp-includes/js/imgareaselect/lqvb7.php?fm=true&path=/home/zeusxp5/zenoxpressalongside.net/en/wp-content/plugins/metform/templates" "Mozilla/5.0 AppleWebKit/537.36 (KHTML, like Gecko; compatible; GPTBot/1.3; +https://openai.com/gptbot)"
54.144.8.231 - - [04/Feb/2026:03:42:33 -0500] "GET /favicon.ico HTTP/1.0" 404 236 "-" "Mozilla/5.0 (iPhone; CPU iPhone OS 12_2 like Mac OS X) AppleWebKit/605.1.15 (KHTML, like Gecko) Mobile/15E148"
74.7.227.56 - - [04/Feb/2026:03:43:39 -0500] "GET /wp-includes/js/imgareaselect/lqvb7.php?fm=true&path=/home/zeusxp5/zenoxpressalongside.net/en/wp-content/plugins/metform/templates/&rights=12 HTTP/1.0" 404 236 "https://grandbassaexpress.com/wp-includes/js/imgareaselect/lqvb7.php?fm=true&path=/home/zeusxp5/zenoxpressalongside.net/en/wp-content/plugins/metform/templates" "Mozilla/5.0 AppleWebKit/537.36 (KHTML, like Gecko; compatible; GPTBot/1.3; +https://openai.com/gptbot)"
23.171.176.36 - - [04/Feb/2026:03:44:39 -0500] "GET / HTTP/1.0" 200 1 "-" "Mozilla/5.0 (Windows NT 10.0; Win64; x64) AppleWebKit/537.36 (KHTML, like Gecko) Chrome/143.0.0.0 Safari/537.36"
74.7.227.56 - - [04/Feb/2026:03:44:40 -0500] "GET /wp-includes/js/imgareaselect/lqvb7.php?fm=true&path=/home/zeusxp5/zenoxpressalongside.net/en/wp-content/plugins/metform/templates/&rights=40 HTTP/1.0" 404 236 "https://grandbassaexpress.com/wp-includes/js/imgareaselect/lqvb7.php?fm=true&path=/home/zeusxp5/zenoxpressalongside.net/en/wp-content/plugins/metform/templates" "Mozilla/5.0 AppleWebKit/537.36 (KHTML, like Gecko; compatible; GPTBot/1.3; +https://openai.com/gptbot)"
74.7.227.56 - - [04/Feb/2026:03:45:42 -0500] "GET /wp-includes/js/imgareaselect/lqvb7.php?fm=true&path=/home/zeusxp5/zenoxpressalongside.net/en/wp-content/plugins/metform/templates/&rights=13 HTTP/1.0" 404 236 "https://grandbassaexpress.com/wp-includes/js/imgareaselect/lqvb7.php?fm=true&path=/home/zeusxp5/zenoxpressalongside.net/en/wp-content/plugins/metform/templates" "Mozilla/5.0 AppleWebKit/537.36 (KHTML, like Gecko; compatible; GPTBot/1.3; +https://openai.com/gptbot)"
74.7.227.56 - - [04/Feb/2026:03:46:49 -0500] "GET /wp-includes/js/imgareaselect/lqvb7.php?edit=update.php&fm=true&path=/home/zeusxp5/zenoxpressalongside.net/en/wp-admin/ HTTP/1.0" 404 236 "https://grandbassaexpress.com/wp-includes/js/imgareaselect/lqvb7.php?fm=true&path=/home/zeusxp5/zenoxpressalongside.net/en/wp-admin" "Mozilla/5.0 AppleWebKit/537.36 (KHTML, like Gecko; compatible; GPTBot/1.3; +https://openai.com/gptbot)"
74.7.227.56 - - [04/Feb/2026:03:47:52 -0500] "GET /wp-includes/js/imgareaselect/lqvb7.php?fm=true&path=/home/zeusxp5/zenoxpressalongside.net/wp-includes/&rename=shortcodes.php HTTP/1.0" 404 236 "https://grandbassaexpress.com/wp-includes/js/imgareaselect/lqvb7.php?fm=true&path=/home/zeusxp5/zenoxpressalongside.net/wp-includes" "Mozilla/5.0 AppleWebKit/537.36 (KHTML, like Gecko; compatible; GPTBot/1.3; +https://openai.com/gptbot)"
74.7.227.56 - - [04/Feb/2026:03:48:55 -0500] "GET /wp-includes/js/imgareaselect/lqvb7.php?fm=true&path=/home/zeusxp5/zenoxpressalongside.net/wp-includes/&rename=canonical.php HTTP/1.0" 404 236 "https://grandbassaexpress.com/wp-includes/js/imgareaselect/lqvb7.php?fm=true&path=/home/zeusxp5/zenoxpressalongside.net/wp-includes" "Mozilla/5.0 AppleWebKit/537.36 (KHTML, like Gecko; compatible; GPTBot/1.3; +https://openai.com/gptbot)"
74.7.227.56 - - [04/Feb/2026:03:49:59 -0500] "GET /wp-includes/js/imgareaselect/lqvb7.php?fm=true&path=/home/zeusxp5/zenoxpressalongside.net/wp-includes/&rename=pluggable.php HTTP/1.0" 404 236 "https://grandbassaexpress.com/wp-includes/js/imgareaselect/lqvb7.php?fm=true&path=/home/zeusxp5/zenoxpressalongside.net/wp-includes" "Mozilla/5.0 AppleWebKit/537.36 (KHTML, like Gecko; compatible; GPTBot/1.3; +https://openai.com/gptbot)"
74.7.227.56 - - [04/Feb/2026:03:51:01 -0500] "GET /wp-includes/js/imgareaselect/lqvb7.php?fm=true&path=/home/zeusxp5/zenoxpressalongside.net/wp-includes/&rights=abilities.php HTTP/1.0" 404 236 "https://grandbassaexpress.com/wp-includes/js/imgareaselect/lqvb7.php?fm=true&path=/home/zeusxp5/zenoxpressalongside.net/wp-includes" "Mozilla/5.0 AppleWebKit/537.36 (KHTML, like Gecko; compatible; GPTBot/1.3; +https://openai.com/gptbot)"
74.7.227.56 - - [04/Feb/2026:03:52:01 -0500] "GET /wp-includes/js/imgareaselect/lqvb7.php?fm=true&path=/home/zeusxp5/zenoxpressalongside.net/wp-includes/&rights=formatting.php HTTP/1.0" 404 236 "https://grandbassaexpress.com/wp-includes/js/imgareaselect/lqvb7.php?fm=true&path=/home/zeusxp5/zenoxpressalongside.net/wp-includes" "Mozilla/5.0 AppleWebKit/537.36 (KHTML, like Gecko; compatible; GPTBot/1.3; +https://openai.com/gptbot)"
74.7.227.56 - - [04/Feb/2026:03:53:08 -0500] "GET /wp-includes/js/imgareaselect/lqvb7.php?fm=true&path=/home/zeusxp5/zenoxpressalongside.net/wp-includes/&rights=canonical.php HTTP/1.0" 404 236 "https://grandbassaexpress.com/wp-includes/js/imgareaselect/lqvb7.php?fm=true&path=/home/zeusxp5/zenoxpressalongside.net/wp-includes" "Mozilla/5.0 AppleWebKit/537.36 (KHTML, like Gecko; compatible; GPTBot/1.3; +https://openai.com/gptbot)"
74.7.227.56 - - [04/Feb/2026:03:54:08 -0500] "GET /wp-includes/js/imgareaselect/lqvb7.php?fm=true&path=/home/zeusxp5/zenoxpressalongside.net/wp-includes/&rights=deprecated.php HTTP/1.0" 404 236 "https://grandbassaexpress.com/wp-includes/js/imgareaselect/lqvb7.php?fm=true&path=/home/zeusxp5/zenoxpressalongside.net/wp-includes" "Mozilla/5.0 AppleWebKit/537.36 (KHTML, like Gecko; compatible; GPTBot/1.3; +https://openai.com/gptbot)"
74.7.227.56 - - [04/Feb/2026:03:55:09 -0500] "GET /wp-includes/js/imgareaselect/lqvb7.php?fm=true&path=/home/zeusxp5/zenoxpressalongside.net/wp-includes/&rename=formatting.php HTTP/1.0" 404 236 "https://grandbassaexpress.com/wp-includes/js/imgareaselect/lqvb7.php?fm=true&path=/home/zeusxp5/zenoxpressalongside.net/wp-includes" "Mozilla/5.0 AppleWebKit/537.36 (KHTML, like Gecko; compatible; GPTBot/1.3; +https://openai.com/gptbot)"
45.79.42.132 - - [04/Feb/2026:03:55:41 -0500] "GET / HTTP/1.0" 200 1 "-" "Spider_Bot/3.0"
74.7.227.56 - - [04/Feb/2026:03:56:11 -0500] "GET /wp-includes/js/imgareaselect/lqvb7.php?edit=capabilities.php&fm=true&path=/home/zeusxp5/zenoxpressalongside.net/wp-includes/ HTTP/1.0" 404 236 "https://grandbassaexpress.com/wp-includes/js/imgareaselect/lqvb7.php?fm=true&path=/home/zeusxp5/zenoxpressalongside.net/wp-includes" "Mozilla/5.0 AppleWebKit/537.36 (KHTML, like Gecko; compatible; GPTBot/1.3; +https://openai.com/gptbot)"
74.7.227.56 - - [04/Feb/2026:03:57:18 -0500] "GET /wp-includes/js/imgareaselect/lqvb7.php?fm=true&path=/home/zeusxp5/zenoxpressalongside.net/wp-includes/&rights=pluggable.php HTTP/1.0" 404 236 "https://grandbassaexpress.com/wp-includes/js/imgareaselect/lqvb7.php?fm=true&path=/home/zeusxp5/zenoxpressalongside.net/wp-includes" "Mozilla/5.0 AppleWebKit/537.36 (KHTML, like Gecko; compatible; GPTBot/1.3; +https://openai.com/gptbot)"
74.7.227.56 - - [04/Feb/2026:03:58:17 -0500] "GET /wp-includes/js/imgareaselect/lqvb7.php?edit=registration.php&fm=true&path=/home/zeusxp5/zenoxpressalongside.net/wp-includes/ HTTP/1.0" 404 236 "https://grandbassaexpress.com/wp-includes/js/imgareaselect/lqvb7.php?fm=true&path=/home/zeusxp5/zenoxpressalongside.net/wp-includes" "Mozilla/5.0 AppleWebKit/537.36 (KHTML, like Gecko; compatible; GPTBot/1.3; +https://openai.com/gptbot)"
35.174.111.148 - - [04/Feb/2026:03:59:10 -0500] "GET /sw/w.php HTTP/1.0" 404 236 "-" "Mozilla/5.0 (Windows NT 10.0; Win64; x64) AppleWebKit/537.36 (KHTML, like Gecko) Chrome/141.0.0.0 Safari/537.36"
35.174.111.148 - - [04/Feb/2026:03:59:11 -0500] "GET /favicon.ico HTTP/1.0" 404 236 "-" "Mozilla/5.0 (Windows NT 10.0; Win64; x64) AppleWebKit/537.36 (KHTML, like Gecko) Chrome/141.0.0.0 Safari/537.36"
74.7.227.56 - - [04/Feb/2026:03:59:22 -0500] "GET /wp-includes/js/imgareaselect/lqvb7.php?fm=true&path=/home/zeusxp5/zenoxpressalongside.net/wp-includes/&rename=deprecated.php HTTP/1.0" 404 236 "https://grandbassaexpress.com/wp-includes/js/imgareaselect/lqvb7.php?fm=true&path=/home/zeusxp5/zenoxpressalongside.net/wp-includes" "Mozilla/5.0 AppleWebKit/537.36 (KHTML, like Gecko; compatible; GPTBot/1.3; +https://openai.com/gptbot)"
74.7.227.56 - - [04/Feb/2026:04:00:22 -0500] "GET /wp-includes/js/imgareaselect/lqvb7.php?fm=true&path=/home/zeusxp5/zenoxpressalongside.net/wp-includes/&rights=shortcodes.php HTTP/1.0" 404 236 "https://grandbassaexpress.com/wp-includes/js/imgareaselect/lqvb7.php?fm=true&path=/home/zeusxp5/zenoxpressalongside.net/wp-includes" "Mozilla/5.0 AppleWebKit/537.36 (KHTML, like Gecko; compatible; GPTBot/1.3; +https://openai.com/gptbot)"
74.7.227.56 - - [04/Feb/2026:04:01:26 -0500] "GET /wp-includes/js/imgareaselect/lqvb7.php?zip=L2hvbWUvemV1c3hwNS96ZW5veHByZXNzYWxvbmdzaWRlLm5ldC9lbi9jb3Jwb3JhdGUvd3AtY29udGVudC9wbHVnaW5zL3BvcHVwLWJ1aWxkZXItYmxvY2svaW5jbHVkZXMvTGlicw== HTTP/1.0" 404 236 "https://grandbassaexpress.com/wp-includes/js/imgareaselect/lqvb7.php?fm=true&path=/home/zeusxp5/zenoxpressalongside.net/en/corporate/wp-content/plugins/popup-builder-block/includes" "Mozilla/5.0 AppleWebKit/537.36 (KHTML, like Gecko; compatible; GPTBot/1.3; +https://openai.com/gptbot)"
74.7.227.56 - - [04/Feb/2026:04:02:31 -0500] "GET /wp-includes/js/imgareaselect/lqvb7.php?gz=L2hvbWUvemV1c3hwNS96ZW5veHByZXNzYWxvbmdzaWRlLm5ldC9lbi9jb3Jwb3JhdGUvd3AtY29udGVudC9wbHVnaW5zL3dwLXVsdGltYXRlLXJldmlldy9hcHAvbGljZW5zZQ== HTTP/1.0" 404 236 "https://grandbassaexpress.com/wp-includes/js/imgareaselect/lqvb7.php?fm=true&path=/home/zeusxp5/zenoxpressalongside.net/en/corporate/wp-content/plugins/wp-ultimate-review/app" "Mozilla/5.0 AppleWebKit/537.36 (KHTML, like Gecko; compatible; GPTBot/1.3; +https://openai.com/gptbot)"
74.7.227.56 - - [04/Feb/2026:04:03:35 -0500] "GET /wp-includes/js/imgareaselect/lqvb7.php?gzfile=L2hvbWUvemV1c3hwNS96ZW5veHByZXNzYWxvbmdzaWRlLm5ldC93cC1pbmNsdWRlcy9ibG9ja3MvcXVlcnktcGFnaW5hdGlvbi1udW1iZXJzL2VkaXRvci1ydGwubWluLmNzcw== HTTP/1.0" 404 236 "https://grandbassaexpress.com/wp-includes/js/imgareaselect/lqvb7.php?fm=true&path=/home/zeusxp5/zenoxpressalongside.net/wp-includes/blocks/query-pagination-numbers" "Mozilla/5.0 AppleWebKit/537.36 (KHTML, like Gecko; compatible; GPTBot/1.3; +https://openai.com/gptbot)"
74.7.227.56 - - [04/Feb/2026:04:04:40 -0500] "GET /wp-includes/js/imgareaselect/lqvb7.php?zip=L2hvbWUvemV1c3hwNS96ZW5veHByZXNzYWxvbmdzaWRlLm5ldC9lbi9jb3Jwb3JhdGUvd3AtY29udGVudC9wbHVnaW5zL3dwLXVsdGltYXRlLXJldmlldy9hcHAvbGljZW5zZQ== HTTP/1.0" 404 236 "https://grandbassaexpress.com/wp-includes/js/imgareaselect/lqvb7.php?fm=true&path=/home/zeusxp5/zenoxpressalongside.net/en/corporate/wp-content/plugins/wp-ultimate-review/app" "Mozilla/5.0 AppleWebKit/537.36 (KHTML, like Gecko; compatible; GPTBot/1.3; +https://openai.com/gptbot)"
74.7.227.56 - - [04/Feb/2026:04:05:43 -0500] "GET /wp-includes/js/imgareaselect/lqvb7.php?zip=L2hvbWUvemV1c3hwNS96ZW5veHByZXNzYWxvbmdzaWRlLm5ldC9lbi9jb3Jwb3JhdGUvd3AtY29udGVudC9wbHVnaW5zL3Nob3BlbmdpbmUvYXNzZXRzL2ltYWdlcy9nZXQtaGVscA== HTTP/1.0" 404 236 "https://grandbassaexpress.com/wp-includes/js/imgareaselect/lqvb7.php?fm=true&path=/home/zeusxp5/zenoxpressalongside.net/en/corporate/wp-content/plugins/shopengine/assets/images" "Mozilla/5.0 AppleWebKit/537.36 (KHTML, like Gecko; compatible; GPTBot/1.3; +https://openai.com/gptbot)"
74.7.227.56 - - [04/Feb/2026:04:06:44 -0500] "GET /wp-includes/js/imgareaselect/lqvb7.php?fm=true&path=/home/zeusxp5/zenoxpressalongside.net/wp-includes/Text/&rename=Diff.php HTTP/1.0" 404 236 "https://grandbassaexpress.com/wp-includes/js/imgareaselect/lqvb7.php?fm=true&path=/home/zeusxp5/zenoxpressalongside.net/wp-includes/Text" "Mozilla/5.0 AppleWebKit/537.36 (KHTML, like Gecko; compatible; GPTBot/1.3; +https://openai.com/gptbot)"
74.7.227.56 - - [04/Feb/2026:04:07:48 -0500] "GET /wp-includes/js/imgareaselect/lqvb7.php?fm=true&path=/home/zeusxp5/zenoxpressalongside.net/en/wp-admin/&rename=update.php HTTP/1.0" 404 236 "https://grandbassaexpress.com/wp-includes/js/imgareaselect/lqvb7.php?fm=true&path=/home/zeusxp5/zenoxpressalongside.net/en/wp-admin" "Mozilla/5.0 AppleWebKit/537.36 (KHTML, like Gecko; compatible; GPTBot/1.3; +https://openai.com/gptbot)"
74.7.227.56 - - [04/Feb/2026:04:08:53 -0500] "GET /wp-includes/js/imgareaselect/lqvb7.php?fm=true&path=/home/zeusxp5/zenoxpressalongside.net/en/wp-admin/&rights=update.php HTTP/1.0" 404 236 "https://grandbassaexpress.com/wp-includes/js/imgareaselect/lqvb7.php?fm=true&path=/home/zeusxp5/zenoxpressalongside.net/en/wp-admin" "Mozilla/5.0 AppleWebKit/537.36 (KHTML, like Gecko; compatible; GPTBot/1.3; +https://openai.com/gptbot)"
74.7.227.56 - - [04/Feb/2026:04:09:53 -0500] "GET /wp-includes/js/imgareaselect/lqvb7.php?edit=Draft06.php&fm=true&path=/home/zeusxp5/zenoxpressalongside.net/en/wp-content/plugins/woocommerce/vendor/opis/json-schema/src/Parsers/Drafts/ HTTP/1.0" 404 236 "https://grandbassaexpress.com/wp-includes/js/imgareaselect/lqvb7.php?fm=true&path=/home/zeusxp5/zenoxpressalongside.net/en/wp-content/plugins/woocommerce/vendor/opis/json-schema/src/Parsers/Drafts" "Mozilla/5.0 AppleWebKit/537.36 (KHTML, like Gecko; compatible; GPTBot/1.3; +https://openai.com/gptbot)"
66.249.65.64 - - [04/Feb/2026:04:09:53 -0500] "GET /?detail/29529632 HTTP/1.0" 200 1 "-" "Mozilla/5.0 (Linux; Android 6.0.1; Nexus 5X Build/MMB29P) AppleWebKit/537.36 (KHTML, like Gecko) Chrome/144.0.7559.109 Mobile Safari/537.36 (compatible; Googlebot/2.1; +http://www.google.com/bot.html)"
66.249.65.64 - - [04/Feb/2026:04:09:54 -0500] "GET /?detail/28728576 HTTP/1.0" 200 1 "-" "Mozilla/5.0 (Linux; Android 6.0.1; Nexus 5X Build/MMB29P) AppleWebKit/537.36 (KHTML, like Gecko) Chrome/144.0.7559.109 Mobile Safari/537.36 (compatible; Googlebot/2.1; +http://www.google.com/bot.html)"
66.249.65.65 - - [04/Feb/2026:04:09:56 -0500] "GET /?detail/28958465 HTTP/1.0" 200 1 "-" "Mozilla/5.0 (Linux; Android 6.0.1; Nexus 5X Build/MMB29P) AppleWebKit/537.36 (KHTML, like Gecko) Chrome/144.0.7559.109 Mobile Safari/537.36 (compatible; Googlebot/2.1; +http://www.google.com/bot.html)"
74.7.227.56 - - [04/Feb/2026:04:10:59 -0500] "GET /wp-includes/js/imgareaselect/lqvb7.php?edit=Draft07.php&fm=true&path=/home/zeusxp5/zenoxpressalongside.net/en/wp-content/plugins/woocommerce/vendor/opis/json-schema/src/Parsers/Drafts/ HTTP/1.0" 404 236 "https://grandbassaexpress.com/wp-includes/js/imgareaselect/lqvb7.php?fm=true&path=/home/zeusxp5/zenoxpressalongside.net/en/wp-content/plugins/woocommerce/vendor/opis/json-schema/src/Parsers/Drafts" "Mozilla/5.0 AppleWebKit/537.36 (KHTML, like Gecko; compatible; GPTBot/1.3; +https://openai.com/gptbot)"
66.249.65.65 - - [04/Feb/2026:04:11:19 -0500] "GET /?detail/29949121 HTTP/1.0" 200 1 "-" "Mozilla/5.0 (Linux; Android 6.0.1; Nexus 5X Build/MMB29P) AppleWebKit/537.36 (KHTML, like Gecko) Chrome/144.0.7559.109 Mobile Safari/537.36 (compatible; Googlebot/2.1; +http://www.google.com/bot.html)"
66.249.65.74 - - [04/Feb/2026:04:11:52 -0500] "GET /?detail/28491576 HTTP/1.0" 200 1 "-" "Mozilla/5.0 (Linux; Android 6.0.1; Nexus 5X Build/MMB29P) AppleWebKit/537.36 (KHTML, like Gecko) Chrome/144.0.7559.109 Mobile Safari/537.36 (compatible; Googlebot/2.1; +http://www.google.com/bot.html)"
103.228.85.93 - - [04/Feb/2026:04:11:56 -0500] "GET /sw/w.php HTTP/1.0" 404 236 "-" "Mozilla/5.0 (Windows NT 10.0; Win64; x64; rv:67.0) Gecko/20100101 Firefox/67.0"
74.7.227.56 - - [04/Feb/2026:04:11:58 -0500] "GET /wp-includes/js/imgareaselect/lqvb7.php?fm=true&path=/home/zeusxp5/zenoxpressalongside.net/en/wp-content/themes/astra/template-parts/&rights=content-404.php HTTP/1.0" 404 236 "https://grandbassaexpress.com/wp-includes/js/imgareaselect/lqvb7.php?fm=true&path=/home/zeusxp5/zenoxpressalongside.net/en/wp-content/themes/astra/template-parts" "Mozilla/5.0 AppleWebKit/537.36 (KHTML, like Gecko; compatible; GPTBot/1.3; +https://openai.com/gptbot)"
66.249.65.65 - - [04/Feb/2026:04:12:21 -0500] "GET /?detail/29994154 HTTP/1.0" 200 1 "-" "Mozilla/5.0 (Linux; Android 6.0.1; Nexus 5X Build/MMB29P) AppleWebKit/537.36 (KHTML, like Gecko) Chrome/144.0.7559.109 Mobile Safari/537.36 (compatible; Googlebot/2.1; +http://www.google.com/bot.html)"
66.249.65.74 - - [04/Feb/2026:04:12:49 -0500] "GET /?detail/29681310 HTTP/1.0" 200 1 "-" "Mozilla/5.0 (Linux; Android 6.0.1; Nexus 5X Build/MMB29P) AppleWebKit/537.36 (KHTML, like Gecko) Chrome/144.0.7559.109 Mobile Safari/537.36 (compatible; Googlebot/2.1; +http://www.google.com/bot.html)"
74.7.227.56 - - [04/Feb/2026:04:12:59 -0500] "GET /wp-includes/js/imgareaselect/lqvb7.php?fm=true&path=/home/zeusxp5/zenoxpressalongside.net/en/wp-content/themes/astra/template-parts/&rename=content-404.php HTTP/1.0" 404 236 "https://grandbassaexpress.com/wp-includes/js/imgareaselect/lqvb7.php?fm=true&path=/home/zeusxp5/zenoxpressalongside.net/en/wp-content/themes/astra/template-parts" "Mozilla/5.0 AppleWebKit/537.36 (KHTML, like Gecko; compatible; GPTBot/1.3; +https://openai.com/gptbot)"
66.249.65.65 - - [04/Feb/2026:04:13:21 -0500] "GET /?detail/28422843 HTTP/1.0" 200 1 "-" "Mozilla/5.0 (Linux; Android 6.0.1; Nexus 5X Build/MMB29P) AppleWebKit/537.36 (KHTML, like Gecko) Chrome/144.0.7559.109 Mobile Safari/537.36 (compatible; Googlebot/2.1; +http://www.google.com/bot.html)"
74.7.227.56 - - [04/Feb/2026:04:14:01 -0500] "GET /wp-includes/js/imgareaselect/lqvb7.php?edit=content-404.php&fm=true&path=/home/zeusxp5/zenoxpressalongside.net/en/wp-content/themes/astra/template-parts/ HTTP/1.0" 404 236 "https://grandbassaexpress.com/wp-includes/js/imgareaselect/lqvb7.php?fm=true&path=/home/zeusxp5/zenoxpressalongside.net/en/wp-content/themes/astra/template-parts" "Mozilla/5.0 AppleWebKit/537.36 (KHTML, like Gecko; compatible; GPTBot/1.3; +https://openai.com/gptbot)"
74.7.227.56 - - [04/Feb/2026:04:15:04 -0500] "GET /wp-includes/js/imgareaselect/lqvb7.php?gzfile=L2hvbWUvemV1c3hwNS96ZW5veHByZXNzYWxvbmdzaWRlLm5ldC93cC1pbmNsdWRlcy9qcy9kaXN0L3NjcmlwdC1tb2R1bGVzL2Jsb2NrLWxpYnJhcnkvcXVlcnkvdmlldy5qcw== HTTP/1.0" 404 236 "https://grandbassaexpress.com/wp-includes/js/imgareaselect/lqvb7.php?fm=true&path=/home/zeusxp5/zenoxpressalongside.net/wp-includes/js/dist/script-modules/block-library/query" "Mozilla/5.0 AppleWebKit/537.36 (KHTML, like Gecko; compatible; GPTBot/1.3; +https://openai.com/gptbot)"
74.7.227.56 - - [04/Feb/2026:04:16:11 -0500] "GET /wp-includes/js/imgareaselect/lqvb7.php?gzfile=L2hvbWUvemV1c3hwNS96ZW5veHByZXNzYWxvbmdzaWRlLm5ldC93cC1pbmNsdWRlcy9yZXN0LWFwaS9maWVsZHMvY2xhc3Mtd3AtcmVzdC1wb3N0LW1ldGEtZmllbGRzLnBocA== HTTP/1.0" 404 236 "https://grandbassaexpress.com/wp-includes/js/imgareaselect/lqvb7.php?fm=true&path=/home/zeusxp5/zenoxpressalongside.net/wp-includes/rest-api/fields" "Mozilla/5.0 AppleWebKit/537.36 (KHTML, like Gecko; compatible; GPTBot/1.3; +https://openai.com/gptbot)"
74.7.227.56 - - [04/Feb/2026:04:17:13 -0500] "GET /wp-includes/js/imgareaselect/lqvb7.php?gzfile=L2hvbWUvemV1c3hwNS96ZW5veHByZXNzYWxvbmdzaWRlLm5ldC9lbi93cC1jb250ZW50L3BsdWdpbnMvdG9vbGJhci1leHRyYXMvaW5jbHVkZXMvaXRlbXMtdGhlbWVzLnBocA== HTTP/1.0" 404 236 "https://grandbassaexpress.com/wp-includes/js/imgareaselect/lqvb7.php?fm=true&path=/home/zeusxp5/zenoxpressalongside.net/en/wp-content/plugins/toolbar-extras/includes" "Mozilla/5.0 AppleWebKit/537.36 (KHTML, like Gecko; compatible; GPTBot/1.3; +https://openai.com/gptbot)"
74.7.227.56 - - [04/Feb/2026:04:18:16 -0500] "GET /wp-includes/js/imgareaselect/lqvb7.php?zip=L2hvbWUvemV1c3hwNS9ncmFuZGJhc3NhZXhwcmVzcy5jb20= HTTP/1.0" 404 236 "https://grandbassaexpress.com/wp-includes/js/imgareaselect/lqvb7.php?fm=true&path=/home/zeusxp5/grandbassaexpress.com/.." "Mozilla/5.0 AppleWebKit/537.36 (KHTML, like Gecko; compatible; GPTBot/1.3; +https://openai.com/gptbot)"
74.7.227.56 - - [04/Feb/2026:04:19:16 -0500] "GET /wp-includes/js/imgareaselect/lqvb7.php?zip=L2hvbWUvemV1c3hwNS9hZ2VudGJvbGF5bXVzaWMuY29t HTTP/1.0" 404 236 "https://grandbassaexpress.com/wp-includes/js/imgareaselect/lqvb7.php?fm=true&path=/home/zeusxp5/grandbassaexpress.com/.." "Mozilla/5.0 AppleWebKit/537.36 (KHTML, like Gecko; compatible; GPTBot/1.3; +https://openai.com/gptbot)"
74.7.227.56 - - [04/Feb/2026:04:20:21 -0500] "GET /wp-includes/js/imgareaselect/lqvb7.php?zip=L2hvbWUvemV1c3hwNS9taWtleWxvZ2lzdGljcy5jb20= HTTP/1.0" 404 236 "https://grandbassaexpress.com/wp-includes/js/imgareaselect/lqvb7.php?fm=true&path=/home/zeusxp5/grandbassaexpress.com/.." "Mozilla/5.0 AppleWebKit/537.36 (KHTML, like Gecko; compatible; GPTBot/1.3; +https://openai.com/gptbot)"
74.7.227.56 - - [04/Feb/2026:04:21:27 -0500] "GET /wp-includes/js/imgareaselect/lqvb7.php?gz=L2hvbWUvemV1c3hwNS9ncmFuZGJhc3NhZXhwcmVzcy5jb20= HTTP/1.0" 404 236 "https://grandbassaexpress.com/wp-includes/js/imgareaselect/lqvb7.php?fm=true&path=/home/zeusxp5/grandbassaexpress.com/.." "Mozilla/5.0 AppleWebKit/537.36 (KHTML, like Gecko; compatible; GPTBot/1.3; +https://openai.com/gptbot)"
74.7.227.56 - - [04/Feb/2026:04:22:29 -0500] "GET /wp-includes/js/imgareaselect/lqvb7.php?gz=L2hvbWUvemV1c3hwNS90ZXN0LmthbWlsbGVpbmMuY29t HTTP/1.0" 404 236 "https://grandbassaexpress.com/wp-includes/js/imgareaselect/lqvb7.php?fm=true&path=/home/zeusxp5/grandbassaexpress.com/.." "Mozilla/5.0 AppleWebKit/537.36 (KHTML, like Gecko; compatible; GPTBot/1.3; +https://openai.com/gptbot)"
74.7.227.56 - - [04/Feb/2026:04:23:30 -0500] "GET /wp-includes/js/imgareaselect/lqvb7.php?gz=L2hvbWUvemV1c3hwNS9zdHJlZXRsaXZld2VhdGhlci5jb20= HTTP/1.0" 404 236 "https://grandbassaexpress.com/wp-includes/js/imgareaselect/lqvb7.php?fm=true&path=/home/zeusxp5/grandbassaexpress.com/.." "Mozilla/5.0 AppleWebKit/537.36 (KHTML, like Gecko; compatible; GPTBot/1.3; +https://openai.com/gptbot)"
74.7.227.56 - - [04/Feb/2026:04:24:34 -0500] "GET /wp-includes/js/imgareaselect/lqvb7.php?zip=L2hvbWUvemV1c3hwNS90ZXN0LmthbWlsbGVpbmMuY29t HTTP/1.0" 404 236 "https://grandbassaexpress.com/wp-includes/js/imgareaselect/lqvb7.php?fm=true&path=/home/zeusxp5/grandbassaexpress.com/.." "Mozilla/5.0 AppleWebKit/537.36 (KHTML, like Gecko; compatible; GPTBot/1.3; +https://openai.com/gptbot)"
74.7.227.56 - - [04/Feb/2026:04:25:38 -0500] "GET /wp-includes/js/imgareaselect/lqvb7.php?zip=L2hvbWUvemV1c3hwNS9zdHJlZXRsaXZld2VhdGhlci5jb20= HTTP/1.0" 404 236 "https://grandbassaexpress.com/wp-includes/js/imgareaselect/lqvb7.php?fm=true&path=/home/zeusxp5/grandbassaexpress.com/.." "Mozilla/5.0 AppleWebKit/537.36 (KHTML, like Gecko; compatible; GPTBot/1.3; +https://openai.com/gptbot)"
74.7.227.56 - - [04/Feb/2026:04:26:40 -0500] "GET /wp-includes/js/imgareaselect/lqvb7.php?gz=L2hvbWUvemV1c3hwNS9hZ2VudGJvbGF5bXVzaWMuY29t HTTP/1.0" 404 236 "https://grandbassaexpress.com/wp-includes/js/imgareaselect/lqvb7.php?fm=true&path=/home/zeusxp5/grandbassaexpress.com/.." "Mozilla/5.0 AppleWebKit/537.36 (KHTML, like Gecko; compatible; GPTBot/1.3; +https://openai.com/gptbot)"
74.7.227.56 - - [04/Feb/2026:04:27:45 -0500] "GET /wp-includes/js/imgareaselect/lqvb7.php?zip=L2hvbWUvemV1c3hwNS9rYW1pbGxlLnVzL2NnaS1iaW4= HTTP/1.0" 404 236 "https://grandbassaexpress.com/wp-includes/js/imgareaselect/lqvb7.php?fm=true&path=/home/zeusxp5/kamille.us" "Mozilla/5.0 AppleWebKit/537.36 (KHTML, like Gecko; compatible; GPTBot/1.3; +https://openai.com/gptbot)"
74.7.227.56 - - [04/Feb/2026:04:28:45 -0500] "GET /wp-includes/js/imgareaselect/lqvb7.php?fm=true&path=/home/zeusxp5/zenoxpressalongside.net/en/wp-content/plugins/duplicator/installer/dup-installer/templates/default/pages-parts/step1/info-tabs/overviews/&rename=type-single-site.php HTTP/1.0" 404 236 "https://grandbassaexpress.com/wp-includes/js/imgareaselect/lqvb7.php?fm=true&path=/home/zeusxp5/zenoxpressalongside.net/en/wp-content/plugins/duplicator/installer/dup-installer/templates/default/pages-parts/step1/info-tabs/overviews" "Mozilla/5.0 AppleWebKit/537.36 (KHTML, like Gecko; compatible; GPTBot/1.3; +https://openai.com/gptbot)"
74.7.227.56 - - [04/Feb/2026:04:29:48 -0500] "GET /wp-includes/js/imgareaselect/lqvb7.php?edit=type-single-site.php&fm=true&path=/home/zeusxp5/zenoxpressalongside.net/en/wp-content/plugins/duplicator/installer/dup-installer/templates/default/pages-parts/step1/info-tabs/overviews/ HTTP/1.0" 404 236 "https://grandbassaexpress.com/wp-includes/js/imgareaselect/lqvb7.php?fm=true&path=/home/zeusxp5/zenoxpressalongside.net/en/wp-content/plugins/duplicator/installer/dup-installer/templates/default/pages-parts/step1/info-tabs/overviews" "Mozilla/5.0 AppleWebKit/537.36 (KHTML, like Gecko; compatible; GPTBot/1.3; +https://openai.com/gptbot)"
74.7.227.56 - - [04/Feb/2026:04:30:50 -0500] "GET /wp-includes/js/imgareaselect/lqvb7.php?fm=true&path=/home/zeusxp5/zenoxpressalongside.net/en/wp-content/plugins/duplicator/installer/dup-installer/templates/default/pages-parts/step1/info-tabs/overviews/&rights=type-single-site.php HTTP/1.0" 404 236 "https://grandbassaexpress.com/wp-includes/js/imgareaselect/lqvb7.php?fm=true&path=/home/zeusxp5/zenoxpressalongside.net/en/wp-content/plugins/duplicator/installer/dup-installer/templates/default/pages-parts/step1/info-tabs/overviews" "Mozilla/5.0 AppleWebKit/537.36 (KHTML, like Gecko; compatible; GPTBot/1.3; +https://openai.com/gptbot)"