HEX
Server: Apache
System: Linux ecngx285.inmotionhosting.com 4.18.0-553.79.1.lve.el8.x86_64 #1 SMP Wed Oct 15 17:59:35 UTC 2025 x86_64
User: zeusxp5 (3862)
PHP: 8.3.28
Disabled: NONE
Upload Files
File: /home/zeusxp5/access-logs/harrisexpresscargo.com.zeusxpressalongside.com
173.231.242.79 - - [04/Feb/2026:23:18:07 -0500] "POST /wp-cron.php?doing_wp_cron=1770265087.4320330619812011718750 HTTP/1.0" 200 - "-" "WordPress/6.9.1; https://www.harrisexpresscargo.com"
54.39.0.133 - - [04/Feb/2026:23:18:04 -0500] "GET /category/uncategorized/ HTTP/1.0" 200 46920 "-" "Mozilla/5.0 (compatible; AhrefsBot/7.0; +http://ahrefs.com/robot/)"
173.231.242.79 - - [04/Feb/2026:23:32:10 -0500] "POST /wp-cron.php?doing_wp_cron=1770265930.3271811008453369140625 HTTP/1.0" 200 - "-" "WordPress/6.9.1; https://www.harrisexpresscargo.com"
45.61.185.106 - - [04/Feb/2026:23:32:08 -0500] "GET / HTTP/1.0" 301 - "https://mail.harrisexpresscargo.com/wp-login.php" "Mozilla/5.0 (Windows NT 10.0; Win64; x64) AppleWebKit/537.36 (KHTML, like Gecko) Chrome/120.0.0.0 Safari/537.36"
45.61.185.106 - - [04/Feb/2026:23:32:14 -0500] "GET / HTTP/1.0" 200 207846 "https://mail.harrisexpresscargo.com/wp-login.php" "Mozilla/5.0 (Windows NT 10.0; Win64; x64) AppleWebKit/537.36 (KHTML, like Gecko) Chrome/120.0.0.0 Safari/537.36"
45.61.185.106 - - [04/Feb/2026:23:32:16 -0500] "GET /wp-login.php HTTP/1.0" 200 6555 "https://mail.harrisexpresscargo.com/wp-login.php" "Mozilla/5.0 (Windows NT 10.0; Win64; x64) AppleWebKit/537.36 (KHTML, like Gecko) Chrome/120.0.0.0 Safari/537.36"
45.61.185.106 - - [04/Feb/2026:23:32:21 -0500] "POST /wp-login.php HTTP/1.0" 200 6953 "https://mail.harrisexpresscargo.com/wp-login.php" "Mozilla/5.0 (Windows NT 10.0; Win64; x64) AppleWebKit/537.36 (KHTML, like Gecko) Chrome/120.0.0.0 Safari/537.36"
173.231.242.79 - - [04/Feb/2026:23:37:28 -0500] "POST /wp-cron.php?doing_wp_cron=1770266248.1645750999450683593750 HTTP/1.0" 200 - "-" "WordPress/6.9.1; https://www.harrisexpresscargo.com"
141.98.11.171 - - [04/Feb/2026:23:37:26 -0500] "GET /.env HTTP/1.0" 404 174102 "-" "Mozilla/5.0 (Windows NT 10.0; Win64; x64) AppleWebKit/537.36"
141.98.11.171 - - [04/Feb/2026:23:37:28 -0500] "GET /.env HTTP/1.0" 404 174158 "-" "Mozilla/5.0 (Windows NT 10.0; Win64; x64) AppleWebKit/537.36"
173.231.242.79 - - [04/Feb/2026:23:47:20 -0500] "POST /wp-cron.php?doing_wp_cron=1770266840.2748560905456542968750 HTTP/1.0" 200 - "-" "WordPress/6.9.1; https://www.harrisexpresscargo.com"
49.51.50.147 - - [04/Feb/2026:23:47:18 -0500] "GET / HTTP/1.0" 301 - "-" "Mozilla/5.0 (iPhone; CPU iPhone OS 13_2_3 like Mac OS X) AppleWebKit/605.1.15 (KHTML, like Gecko) Version/13.0.3 Mobile/15E148 Safari/604.1"
173.231.242.79 - - [04/Feb/2026:23:54:02 -0500] "POST /wp-cron.php?doing_wp_cron=1770267242.1854410171508789062500 HTTP/1.0" 200 - "-" "WordPress/6.9.1; https://www.harrisexpresscargo.com"
23.248.167.87 - - [04/Feb/2026:23:54:00 -0500] "GET /wp-login.php HTTP/1.0" 302 - "-" "Mozilla/5.0"
23.248.167.87 - - [04/Feb/2026:23:54:03 -0500] "GET /wp-login.php HTTP/1.0" 200 2129 "-" "Mozilla/5.0"
23.248.167.87 - - [04/Feb/2026:23:54:03 -0500] "GET /?author=1 HTTP/1.0" 301 - "-" "Mozilla/5.0"
23.248.167.87 - - [04/Feb/2026:23:54:04 -0500] "GET /?author=2 HTTP/1.0" 301 - "-" "Mozilla/5.0"
173.231.242.79 - - [05/Feb/2026:00:16:31 -0500] "POST /wp-cron.php?doing_wp_cron=1770268591.6889710426330566406250 HTTP/1.0" 200 - "-" "WordPress/6.9.1; https://www.harrisexpresscargo.com"
91.212.150.122 - - [05/Feb/2026:00:16:28 -0500] "GET /hello-world/ HTTP/1.0" 301 - "https://harrisexpresscargo.com/hello-world/" "Mozilla/5.0 (Windows NT 10.0; Win64; x64) AppleWebKit/537.36 (KHTML, like Gecko) Chrome/131.0.0.0 Safari/537.36"
91.212.150.122 - - [05/Feb/2026:00:16:32 -0500] "GET /hello-world/ HTTP/1.0" 404 174094 "https://www.harrisexpresscargo.com/hello-world/" "Mozilla/5.0 (Windows NT 10.0; Win64; x64) AppleWebKit/537.36 (KHTML, like Gecko) Chrome/131.0.0.0 Safari/537.36"
173.231.242.79 - - [05/Feb/2026:00:21:30 -0500] "POST /wp-cron.php?doing_wp_cron=1770268890.2891678810119628906250 HTTP/1.0" 200 - "-" "WordPress/6.9.1; https://www.harrisexpresscargo.com"
104.244.73.251 - - [05/Feb/2026:00:21:29 -0500] "GET /wp-login.php HTTP/1.0" 200 6555 "-" "Mozilla/5.0 (X11; Linux i686) AppleWebKit/537.36 (KHTML, like Gecko) Chrome/36.0.1985.125 Safari/537.36"
104.244.73.251 - - [05/Feb/2026:00:21:31 -0500] "POST /wp-login.php HTTP/1.0" 200 6922 "-" "Mozilla/5.0 (X11; Linux i686) AppleWebKit/537.36 (KHTML, like Gecko) Chrome/36.0.1985.125 Safari/537.36"
54.39.136.128 - - [05/Feb/2026:00:22:00 -0500] "GET /wp-sitemap.xml HTTP/1.0" 200 258 "-" "Mozilla/5.0 (compatible; AhrefsBot/7.0; +http://ahrefs.com/robot/)"
15.235.96.148 - - [05/Feb/2026:00:22:05 -0500] "GET /wp-sitemap-posts-post-1.xml HTTP/1.0" 200 438 "-" "Mozilla/5.0 (compatible; AhrefsBot/7.0; +http://ahrefs.com/robot/)"
173.231.242.79 - - [05/Feb/2026:00:22:09 -0500] "POST /wp-cron.php?doing_wp_cron=1770268929.0165789127349853515625 HTTP/1.0" 200 - "-" "WordPress/6.9.1; https://www.harrisexpresscargo.com"
15.235.96.76 - - [05/Feb/2026:00:22:08 -0500] "GET /wp-sitemap-posts-page-1.xml HTTP/1.0" 200 384 "-" "Mozilla/5.0 (compatible; AhrefsBot/7.0; +http://ahrefs.com/robot/)"
142.44.233.223 - - [05/Feb/2026:00:22:12 -0500] "GET /wp-sitemap-posts-product-1.xml HTTP/1.0" 200 526 "-" "Mozilla/5.0 (compatible; AhrefsBot/7.0; +http://ahrefs.com/robot/)"
15.235.98.89 - - [05/Feb/2026:00:22:16 -0500] "GET /wp-sitemap-posts-bg_attribution-1.xml HTTP/1.0" 200 225 "-" "Mozilla/5.0 (compatible; AhrefsBot/7.0; +http://ahrefs.com/robot/)"
51.222.95.91 - - [05/Feb/2026:00:22:19 -0500] "GET /wp-sitemap-taxonomies-category-1.xml HTTP/1.0" 200 196 "-" "Mozilla/5.0 (compatible; AhrefsBot/7.0; +http://ahrefs.com/robot/)"
54.39.0.168 - - [05/Feb/2026:00:22:22 -0500] "GET /wp-sitemap-taxonomies-product_cat-1.xml HTTP/1.0" 200 241 "-" "Mozilla/5.0 (compatible; AhrefsBot/7.0; +http://ahrefs.com/robot/)"
54.39.210.248 - - [05/Feb/2026:00:22:26 -0500] "GET /wp-sitemap-users-1.xml HTTP/1.0" 200 192 "-" "Mozilla/5.0 (compatible; AhrefsBot/7.0; +http://ahrefs.com/robot/)"
173.231.242.79 - - [05/Feb/2026:00:42:37 -0500] "POST /wp-cron.php?doing_wp_cron=1770270157.5536899566650390625000 HTTP/1.0" 200 - "-" "WordPress/6.9.1; https://www.harrisexpresscargo.com"
107.189.14.99 - - [05/Feb/2026:00:42:36 -0500] "GET /wp-login.php HTTP/1.0" 200 6555 "-" "Mozilla/5.0 (Windows NT 5.1; rv:31.0) Gecko/20100101 Firefox/31.0"
107.189.14.99 - - [05/Feb/2026:00:42:38 -0500] "POST /wp-login.php HTTP/1.0" 200 6979 "-" "Mozilla/5.0 (Windows NT 5.1; rv:31.0) Gecko/20100101 Firefox/31.0"
173.231.242.79 - - [05/Feb/2026:00:58:34 -0500] "POST /wp-cron.php?doing_wp_cron=1770271114.5954349040985107421875 HTTP/1.0" 200 - "-" "WordPress/6.9.1; https://www.harrisexpresscargo.com"
87.106.209.183 - - [05/Feb/2026:00:58:33 -0500] "GET /userfuns.php HTTP/1.0" 301 - "www.google.com" "Mozlila/5.0 (Linux; Android 7.0; SM-G892A Bulid/NRD90M; wv) AppleWebKit/537.36 (KHTML, like Gecko) Version/4.0 Chrome/60.0.3112.107 Moblie Safari/537.36"
87.106.209.183 - - [05/Feb/2026:00:58:43 -0500] "GET /userfuns.php HTTP/1.0" 301 - "www.google.com" "Mozlila/5.0 (Linux; Android 7.0; SM-G892A Bulid/NRD90M; wv) AppleWebKit/537.36 (KHTML, like Gecko) Version/4.0 Chrome/60.0.3112.107 Moblie Safari/537.36"
173.231.242.79 - - [05/Feb/2026:01:00:33 -0500] "POST /wp-cron.php?doing_wp_cron=1770271233.5722439289093017578125 HTTP/1.0" 200 - "-" "WordPress/6.9.1; https://www.harrisexpresscargo.com"
87.106.209.183 - - [05/Feb/2026:01:00:32 -0500] "GET /postnews.php HTTP/1.0" 301 - "www.google.com" "Mozlila/5.0 (Linux; Android 7.0; SM-G892A Bulid/NRD90M; wv) AppleWebKit/537.36 (KHTML, like Gecko) Version/4.0 Chrome/60.0.3112.107 Moblie Safari/537.36"
87.106.209.183 - - [05/Feb/2026:01:00:34 -0500] "GET /postnews.php HTTP/1.0" 301 - "www.google.com" "Mozlila/5.0 (Linux; Android 7.0; SM-G892A Bulid/NRD90M; wv) AppleWebKit/537.36 (KHTML, like Gecko) Version/4.0 Chrome/60.0.3112.107 Moblie Safari/537.36"
173.231.242.79 - - [05/Feb/2026:01:19:21 -0500] "POST /wp-cron.php?doing_wp_cron=1770272361.3950829505920410156250 HTTP/1.0" 200 - "-" "WordPress/6.9.1; https://www.harrisexpresscargo.com"
173.231.242.79 - - [05/Feb/2026:01:19:19 -0500] "GET / HTTP/1.0" 301 - "-" "python-requests/2.9.1"
173.231.242.79 - - [05/Feb/2026:01:19:21 -0500] "GET / HTTP/1.0" 200 49407 "-" "python-requests/2.9.1"
173.231.242.79 - - [05/Feb/2026:01:32:40 -0500] "POST /wp-cron.php?doing_wp_cron=1770273159.9999649524688720703125 HTTP/1.0" 200 - "-" "WordPress/6.9.1; https://www.harrisexpresscargo.com"
37.27.193.86 - - [05/Feb/2026:01:32:38 -0500] "GET / HTTP/1.0" 301 - "-" "Mozilla/5.0 (X11; Linux x86_64) AppleWebKit/537.36 (KHTML, like Gecko) Chrome/114.0.0.0 Safari/537.36"
37.27.193.86 - - [05/Feb/2026:01:32:40 -0500] "GET / HTTP/1.0" 200 49407 "http://harrisexpresscargo.com" "Mozilla/5.0 (X11; Linux x86_64) AppleWebKit/537.36 (KHTML, like Gecko) Chrome/114.0.0.0 Safari/537.36"
37.27.193.86 - - [05/Feb/2026:01:32:42 -0500] "GET /my-account/ HTTP/1.0" 200 41900 "https://www.harrisexpresscargo.com/" "Mozilla/5.0 (X11; Linux x86_64) AppleWebKit/537.36 (KHTML, like Gecko) Chrome/114.0.0.0 Safari/537.36"
37.27.193.86 - - [05/Feb/2026:01:32:43 -0500] "GET /comments/feed/ HTTP/1.0" 200 407 "https://www.harrisexpresscargo.com/" "Mozilla/5.0 (X11; Linux x86_64) AppleWebKit/537.36 (KHTML, like Gecko) Chrome/114.0.0.0 Safari/537.36"
37.27.193.86 - - [05/Feb/2026:01:32:44 -0500] "GET /the-role-of-forklift-technology-in-modern-warehousing/ HTTP/1.0" 200 46802 "https://www.harrisexpresscargo.com/" "Mozilla/5.0 (X11; Linux x86_64) AppleWebKit/537.36 (KHTML, like Gecko) Chrome/114.0.0.0 Safari/537.36"
37.27.193.86 - - [05/Feb/2026:01:32:45 -0500] "GET /feed/ HTTP/1.0" 200 3734 "https://www.harrisexpresscargo.com/" "Mozilla/5.0 (X11; Linux x86_64) AppleWebKit/537.36 (KHTML, like Gecko) Chrome/114.0.0.0 Safari/537.36"
37.27.193.86 - - [05/Feb/2026:01:32:46 -0500] "GET /top-10-factors-to-consider-when-buying-a-forklift/ HTTP/1.0" 200 46810 "https://www.harrisexpresscargo.com/" "Mozilla/5.0 (X11; Linux x86_64) AppleWebKit/537.36 (KHTML, like Gecko) Chrome/114.0.0.0 Safari/537.36"
37.27.193.86 - - [05/Feb/2026:01:32:47 -0500] "GET /wp-admin/admin-ajax.php HTTP/1.0" 400 1 "https://www.harrisexpresscargo.com/" "Mozilla/5.0 (X11; Linux x86_64) AppleWebKit/537.36 (KHTML, like Gecko) Chrome/114.0.0.0 Safari/537.36"
37.27.193.86 - - [05/Feb/2026:01:32:47 -0500] "GET /safety-first-essential-forklift-safety-practices-every-operator-should-know/ HTTP/1.0" 200 46838 "https://www.harrisexpresscargo.com/" "Mozilla/5.0 (X11; Linux x86_64) AppleWebKit/537.36 (KHTML, like Gecko) Chrome/114.0.0.0 Safari/537.36"
37.27.193.86 - - [05/Feb/2026:01:32:50 -0500] "GET /wp-content/plugins/cookieadmin HTTP/1.0" 301 314 "https://www.harrisexpresscargo.com/" "Mozilla/5.0 (X11; Linux x86_64) AppleWebKit/537.36 (KHTML, like Gecko) Chrome/114.0.0.0 Safari/537.36"
37.27.193.86 - - [05/Feb/2026:01:32:51 -0500] "GET /wp-content/plugins/cookieadmin/ HTTP/1.0" 200 - "https://www.harrisexpresscargo.com/wp-content/plugins/cookieadmin" "Mozilla/5.0 (X11; Linux x86_64) AppleWebKit/537.36 (KHTML, like Gecko) Chrome/114.0.0.0 Safari/537.36"
37.27.193.86 - - [05/Feb/2026:01:32:52 -0500] "GET /wp-content/plugins/cookieadmin/assets/images/cookieadmin_icon.svg HTTP/1.0" 200 322 "https://www.harrisexpresscargo.com/" "Mozilla/5.0 (X11; Linux x86_64) AppleWebKit/537.36 (KHTML, like Gecko) Chrome/114.0.0.0 Safari/537.36"
37.27.193.86 - - [05/Feb/2026:01:32:53 -0500] "GET /wp-content/themes/twentytwentyfive/assets/fonts/fira-code/FiraCode-VariableFont_wght.woff2 HTTP/1.0" 200 106111 "https://www.harrisexpresscargo.com/" "Mozilla/5.0 (X11; Linux x86_64) AppleWebKit/537.36 (KHTML, like Gecko) Chrome/114.0.0.0 Safari/537.36"
37.27.193.86 - - [05/Feb/2026:01:32:54 -0500] "GET /cart/ HTTP/1.0" 200 68750 "https://www.harrisexpresscargo.com/" "Mozilla/5.0 (X11; Linux x86_64) AppleWebKit/537.36 (KHTML, like Gecko) Chrome/114.0.0.0 Safari/537.36"
37.27.193.86 - - [05/Feb/2026:01:32:55 -0500] "GET /wp-content/themes/twentytwentyfive/assets/fonts/manrope/Manrope-VariableFont_wght.woff2 HTTP/1.0" 200 53577 "https://www.harrisexpresscargo.com/" "Mozilla/5.0 (X11; Linux x86_64) AppleWebKit/537.36 (KHTML, like Gecko) Chrome/114.0.0.0 Safari/537.36"
37.27.193.86 - - [05/Feb/2026:01:32:56 -0500] "GET /checkout/ HTTP/1.0" 302 - "https://www.harrisexpresscargo.com/" "Mozilla/5.0 (X11; Linux x86_64) AppleWebKit/537.36 (KHTML, like Gecko) Chrome/114.0.0.0 Safari/537.36"
37.27.193.86 - - [05/Feb/2026:01:32:57 -0500] "GET /cart/ HTTP/1.0" 200 68751 "https://www.harrisexpresscargo.com/checkout/" "Mozilla/5.0 (X11; Linux x86_64) AppleWebKit/537.36 (KHTML, like Gecko) Chrome/114.0.0.0 Safari/537.36"
37.27.193.86 - - [05/Feb/2026:01:32:58 -0500] "GET /shop/ HTTP/1.0" 200 48806 "https://www.harrisexpresscargo.com/" "Mozilla/5.0 (X11; Linux x86_64) AppleWebKit/537.36 (KHTML, like Gecko) Chrome/114.0.0.0 Safari/537.36"
37.27.193.86 - - [05/Feb/2026:01:33:00 -0500] "GET /xmlrpc.php?rsd HTTP/1.0" 200 310 "https://www.harrisexpresscargo.com/" "Mozilla/5.0 (X11; Linux x86_64) AppleWebKit/537.36 (KHTML, like Gecko) Chrome/114.0.0.0 Safari/537.36"
37.27.193.86 - - [05/Feb/2026:01:33:01 -0500] "GET /wp-json/wp/v2/pages/144 HTTP/1.0" 200 41859 "https://www.harrisexpresscargo.com/" "Mozilla/5.0 (X11; Linux x86_64) AppleWebKit/537.36 (KHTML, like Gecko) Chrome/114.0.0.0 Safari/537.36"
37.27.193.86 - - [05/Feb/2026:01:33:03 -0500] "GET /wp-json/ HTTP/1.0" 200 1247607 "https://www.harrisexpresscargo.com/" "Mozilla/5.0 (X11; Linux x86_64) AppleWebKit/537.36 (KHTML, like Gecko) Chrome/114.0.0.0 Safari/537.36"
173.231.242.79 - - [05/Feb/2026:01:35:18 -0500] "POST /wp-cron.php?doing_wp_cron=1770273318.1493210792541503906250 HTTP/1.0" 200 - "-" "WordPress/6.9.1; https://www.harrisexpresscargo.com"
109.70.100.3 - - [05/Feb/2026:01:35:17 -0500] "GET / HTTP/1.0" 301 - "harrisexpresscargo.com" "Mozilla/5.0 (Windows NT 10.0; Win64; x64) AppleWebKit/537.36 (KHTML, like Gecko) Chrome/125.0.0.0 Safari/537.36"
109.70.100.3 - - [05/Feb/2026:01:35:20 -0500] "GET / HTTP/1.0" 200 207846 "harrisexpresscargo.com" "Mozilla/5.0 (Windows NT 10.0; Win64; x64) AppleWebKit/537.36 (KHTML, like Gecko) Chrome/125.0.0.0 Safari/537.36"
109.70.100.3 - - [05/Feb/2026:01:35:25 -0500] "GET /cart HTTP/1.0" 301 - "https://www.harrisexpresscargo.com/cart" "Mozilla/5.0 (Windows NT 10.0; Win64; x64) AppleWebKit/537.36 (KHTML, like Gecko) Chrome/125.0.0.0 Safari/537.36"
109.70.100.3 - - [05/Feb/2026:01:35:26 -0500] "GET /cart/ HTTP/1.0" 200 305048 "https://www.harrisexpresscargo.com/cart" "Mozilla/5.0 (Windows NT 10.0; Win64; x64) AppleWebKit/537.36 (KHTML, like Gecko) Chrome/125.0.0.0 Safari/537.36"
109.70.100.3 - - [05/Feb/2026:01:35:29 -0500] "GET /feed HTTP/1.0" 301 - "https://www.harrisexpresscargo.com/feed" "Mozilla/5.0 (Windows NT 10.0; Win64; x64) AppleWebKit/537.36 (KHTML, like Gecko) Chrome/125.0.0.0 Safari/537.36"
109.70.100.3 - - [05/Feb/2026:01:35:29 -0500] "GET /feed/ HTTP/1.0" 200 41324 "https://www.harrisexpresscargo.com/feed" "Mozilla/5.0 (Windows NT 10.0; Win64; x64) AppleWebKit/537.36 (KHTML, like Gecko) Chrome/125.0.0.0 Safari/537.36"
192.76.153.253 - - [05/Feb/2026:01:35:31 -0500] "GET /shop HTTP/1.0" 301 - "https://www.harrisexpresscargo.com/shop" "Mozilla/5.0 (Windows NT 10.0; Win64; x64) AppleWebKit/537.36 (KHTML, like Gecko) Chrome/125.0.0.0 Safari/537.36"
192.76.153.253 - - [05/Feb/2026:01:35:32 -0500] "GET /shop/ HTTP/1.0" 200 260033 "https://www.harrisexpresscargo.com/shop" "Mozilla/5.0 (Windows NT 10.0; Win64; x64) AppleWebKit/537.36 (KHTML, like Gecko) Chrome/125.0.0.0 Safari/537.36"
192.76.153.253 - - [05/Feb/2026:01:35:36 -0500] "GET /wp-json HTTP/1.0" 200 1246460 "https://www.harrisexpresscargo.com/wp-json" "Mozilla/5.0 (Windows NT 10.0; Win64; x64) AppleWebKit/537.36 (KHTML, like Gecko) Chrome/125.0.0.0 Safari/537.36"
195.47.238.93 - - [05/Feb/2026:01:35:42 -0500] "GET /checkout HTTP/1.0" 301 - "https://www.harrisexpresscargo.com/checkout" "Mozilla/5.0 (Windows NT 10.0; Win64; x64) AppleWebKit/537.36 (KHTML, like Gecko) Chrome/125.0.0.0 Safari/537.36"
195.47.238.93 - - [05/Feb/2026:01:35:42 -0500] "GET /checkout/ HTTP/1.0" 302 - "https://www.harrisexpresscargo.com/checkout" "Mozilla/5.0 (Windows NT 10.0; Win64; x64) AppleWebKit/537.36 (KHTML, like Gecko) Chrome/125.0.0.0 Safari/537.36"
195.47.238.93 - - [05/Feb/2026:01:35:43 -0500] "GET /cart/ HTTP/1.0" 200 305048 "https://www.harrisexpresscargo.com/checkout" "Mozilla/5.0 (Windows NT 10.0; Win64; x64) AppleWebKit/537.36 (KHTML, like Gecko) Chrome/125.0.0.0 Safari/537.36"
195.47.238.93 - - [05/Feb/2026:01:35:45 -0500] "GET /my-account HTTP/1.0" 301 - "https://www.harrisexpresscargo.com/my-account" "Mozilla/5.0 (Windows NT 10.0; Win64; x64) AppleWebKit/537.36 (KHTML, like Gecko) Chrome/125.0.0.0 Safari/537.36"
195.47.238.93 - - [05/Feb/2026:01:35:45 -0500] "GET /my-account/ HTTP/1.0" 200 165178 "https://www.harrisexpresscargo.com/my-account" "Mozilla/5.0 (Windows NT 10.0; Win64; x64) AppleWebKit/537.36 (KHTML, like Gecko) Chrome/125.0.0.0 Safari/537.36"
195.47.238.93 - - [05/Feb/2026:01:35:47 -0500] "GET /comments/feed HTTP/1.0" 301 - "https://www.harrisexpresscargo.com/comments/feed" "Mozilla/5.0 (Windows NT 10.0; Win64; x64) AppleWebKit/537.36 (KHTML, like Gecko) Chrome/125.0.0.0 Safari/537.36"
195.47.238.93 - - [05/Feb/2026:01:35:48 -0500] "GET /comments/feed/ HTTP/1.0" 200 745 "https://www.harrisexpresscargo.com/comments/feed" "Mozilla/5.0 (Windows NT 10.0; Win64; x64) AppleWebKit/537.36 (KHTML, like Gecko) Chrome/125.0.0.0 Safari/537.36"
195.47.238.93 - - [05/Feb/2026:01:35:49 -0500] "GET /xmlrpc.php?rsd HTTP/1.0" 200 870 "https://www.harrisexpresscargo.com/xmlrpc.php?rsd" "Mozilla/5.0 (Windows NT 10.0; Win64; x64) AppleWebKit/537.36 (KHTML, like Gecko) Chrome/125.0.0.0 Safari/537.36"
173.231.242.79 - - [05/Feb/2026:01:43:22 -0500] "POST /wp-cron.php?doing_wp_cron=1770273802.6394150257110595703125 HTTP/1.0" 200 - "-" "WordPress/6.9.1; https://www.harrisexpresscargo.com"
194.164.161.226 - - [05/Feb/2026:01:43:21 -0500] "GET / HTTP/1.0" 301 - "-" "multi-country-domains/1.0"
194.164.161.226 - - [05/Feb/2026:01:43:24 -0500] "GET / HTTP/1.0" 301 - "-" "multi-country-domains/1.0"
173.231.242.79 - - [05/Feb/2026:02:06:59 -0500] "POST /wp-cron.php?doing_wp_cron=1770275219.7365739345550537109375 HTTP/1.0" 200 - "-" "WordPress/6.9.1; https://www.harrisexpresscargo.com"
185.102.115.5 - - [05/Feb/2026:02:06:58 -0500] "GET /wp-login.php HTTP/1.0" 200 6555 "-" "Mozilla/5.0 (Macintosh; Intel Mac OS X 10_9_3) AppleWebKit/537.36 (KHTML, like Gecko) Chrome/35.0.1916.153 Safari/537.36"
185.102.115.5 - - [05/Feb/2026:02:07:00 -0500] "POST /wp-login.php HTTP/1.0" 200 6922 "-" "Mozilla/5.0 (Macintosh; Intel Mac OS X 10_9_3) AppleWebKit/537.36 (KHTML, like Gecko) Chrome/35.0.1916.153 Safari/537.36"
173.231.242.79 - - [05/Feb/2026:02:08:44 -0500] "POST /wp-cron.php?doing_wp_cron=1770275324.5284850597381591796875 HTTP/1.0" 200 - "-" "WordPress/6.9.1; https://www.harrisexpresscargo.com"
35.94.53.0 - - [05/Feb/2026:02:08:43 -0500] "GET / HTTP/1.0" 301 - "-" "Mozilla/5.0 (Macintosh; Intel Mac OS X 10_15_7) AppleWebKit/537.36 (KHTML, like Gecko) Chrome/134.0.0.0 Safari/537.36"
35.94.53.0 - - [05/Feb/2026:02:08:46 -0500] "GET / HTTP/1.0" 200 207846 "https://harrisexpresscargo.com/" "Mozilla/5.0 (Macintosh; Intel Mac OS X 10_15_7) AppleWebKit/537.36 (KHTML, like Gecko) Chrome/134.0.0.0 Safari/537.36"
173.231.242.79 - - [05/Feb/2026:02:09:08 -0500] "POST /wp-cron.php?doing_wp_cron=1770275348.6723589897155761718750 HTTP/1.0" 200 - "-" "WordPress/6.9.1; https://www.harrisexpresscargo.com"
185.252.234.215 - - [05/Feb/2026:02:09:07 -0500] "POST /xmlrpc.php HTTP/1.0" 200 206 "-" "Mozilla/5.0 (Windows NT 10.0; Win64; x64) AppleWebKit/537.36 (KHTML, like Gecko) Chrome/139.0.0.0 Safari/537.36 Edg/139.0.0.0"
173.231.242.79 - - [05/Feb/2026:02:27:56 -0500] "POST /wp-cron.php?doing_wp_cron=1770276476.1672189235687255859375 HTTP/1.0" 200 - "-" "WordPress/6.9.1; https://www.harrisexpresscargo.com"
60.188.57.0 - - [05/Feb/2026:02:27:55 -0500] "GET / HTTP/1.0" 301 - "-" "Mozilla/5.0 (iPhone; CPU iPhone OS 13_2_3 like Mac OS X) AppleWebKit/605.1.15 (KHTML, like Gecko) Version/13.0.3 Mobile/15E148 Safari/604.1"
60.188.57.0 - - [05/Feb/2026:02:28:03 -0500] "GET / HTTP/1.0" 200 49407 "http://harrisexpresscargo.com" "Mozilla/5.0 (iPhone; CPU iPhone OS 13_2_3 like Mac OS X) AppleWebKit/605.1.15 (KHTML, like Gecko) Version/13.0.3 Mobile/15E148 Safari/604.1"
173.231.242.79 - - [05/Feb/2026:02:32:49 -0500] "POST /wp-cron.php?doing_wp_cron=1770276769.5237820148468017578125 HTTP/1.0" 200 - "-" "WordPress/6.9.1; https://www.harrisexpresscargo.com"
100.30.5.6 - - [05/Feb/2026:02:32:48 -0500] "GET /robots.txt HTTP/1.0" 301 - "-" "Mozilla/5.0 (Macintosh; Intel Mac OS X 10_10_1) AppleWebKit/600.2.5 (KHTML, like Gecko) Version/8.0.2 Safari/600.2.5 (TestUserAgent)"
100.30.5.6 - - [05/Feb/2026:02:32:49 -0500] "GET /robots.txt HTTP/1.0" 200 179 "-" "Mozilla/5.0 (Macintosh; Intel Mac OS X 10_10_1) AppleWebKit/600.2.5 (KHTML, like Gecko) Version/8.0.2 Safari/600.2.5 (TestUserAgent)"
173.231.242.79 - - [05/Feb/2026:02:37:34 -0500] "POST /wp-cron.php?doing_wp_cron=1770277054.9626770019531250000000 HTTP/1.0" 200 - "-" "WordPress/6.9.1; https://www.harrisexpresscargo.com"
13.244.107.230 - - [05/Feb/2026:02:37:34 -0500] "GET /wp-json/wc/store/cart HTTP/1.0" 200 1003 "-" "Go-http-client/1.1"
173.231.242.79 - - [05/Feb/2026:03:02:49 -0500] "POST /wp-cron.php?doing_wp_cron=1770278569.7218589782714843750000 HTTP/1.0" 200 - "-" "WordPress/6.9.1; https://www.harrisexpresscargo.com"
37.59.204.143 - - [05/Feb/2026:03:02:48 -0500] "GET /robots.txt HTTP/1.0" 200 179 "-" "Mozilla/5.0 (compatible; AhrefsBot/7.0; +http://ahrefs.com/robot/)"
15.235.27.185 - - [05/Feb/2026:03:02:53 -0500] "GET /how-to-extend-the-lifespan-of-your-forklift-fleet/ HTTP/1.0" 200 46804 "-" "Mozilla/5.0 (compatible; AhrefsBot/7.0; +http://ahrefs.com/robot/)"
173.231.242.79 - - [05/Feb/2026:03:04:04 -0500] "POST /wp-cron.php?doing_wp_cron=1770278644.9123220443725585937500 HTTP/1.0" 200 - "-" "WordPress/6.9.1; https://www.harrisexpresscargo.com"
209.141.32.196 - - [05/Feb/2026:03:04:04 -0500] "GET /wp-login.php HTTP/1.0" 200 6555 "-" "Mozilla/5.0 (Windows NT 6.1; WOW64) AppleWebKit/537.36 (KHTML, like Gecko) Chrome/35.0.1916.114 Safari/537.36"
209.141.32.196 - - [05/Feb/2026:03:04:05 -0500] "POST /wp-login.php HTTP/1.0" 200 6997 "-" "Mozilla/5.0 (Windows NT 6.1; WOW64) AppleWebKit/537.36 (KHTML, like Gecko) Chrome/35.0.1916.114 Safari/537.36"
173.231.242.79 - - [05/Feb/2026:03:30:44 -0500] "POST /wp-cron.php?doing_wp_cron=1770280244.4453399181365966796875 HTTP/1.0" 200 - "-" "WordPress/6.9.1; https://www.harrisexpresscargo.com"
45.61.188.177 - - [05/Feb/2026:03:30:43 -0500] "GET /wp-login.php HTTP/1.0" 200 6555 "-" "Mozilla/5.0 (X11; Linux x86_64) AppleWebKit/537.36 (KHTML, like Gecko) Ubuntu Chromium/34.0.1847.116 Chrome/34.0.1847.116 Safari/537.36"
45.61.188.177 - - [05/Feb/2026:03:30:45 -0500] "POST /wp-login.php HTTP/1.0" 200 6974 "-" "Mozilla/5.0 (X11; Linux x86_64) AppleWebKit/537.36 (KHTML, like Gecko) Ubuntu Chromium/34.0.1847.116 Chrome/34.0.1847.116 Safari/537.36"
173.231.242.79 - - [05/Feb/2026:03:46:30 -0500] "POST /wp-cron.php?doing_wp_cron=1770281190.0225450992584228515625 HTTP/1.0" 200 - "-" "WordPress/6.9.1; https://www.harrisexpresscargo.com"
107.189.1.179 - - [05/Feb/2026:03:46:28 -0500] "GET /wp-login.php HTTP/1.0" 200 6555 "-" "Mozilla/5.0 (Windows NT 6.1; WOW64) AppleWebKit/537.36 (KHTML, like Gecko) Chrome/35.0.1916.153 Safari/537.36"
107.189.1.179 - - [05/Feb/2026:03:46:31 -0500] "POST /wp-login.php HTTP/1.0" 200 6922 "-" "Mozilla/5.0 (Windows NT 6.1; WOW64) AppleWebKit/537.36 (KHTML, like Gecko) Chrome/35.0.1916.153 Safari/537.36"
173.231.242.79 - - [05/Feb/2026:03:47:18 -0500] "POST /wp-cron.php?doing_wp_cron=1770281238.8149299621582031250000 HTTP/1.0" 200 - "-" "WordPress/6.9.1; https://www.harrisexpresscargo.com"
158.94.211.22 - - [05/Feb/2026:03:47:18 -0500] "GET / HTTP/1.0" 301 - "-" "Mozilla/5.0 (Windows NT 10.0; Win64; x64) AppleWebKit/537.36 (KHTML, like Gecko) Chrome/58.0.3029.110 Safari/537.36"
158.94.211.22 - - [05/Feb/2026:03:47:19 -0500] "GET / HTTP/1.0" 200 49407 "-" "Mozilla/5.0 (Windows NT 10.0; Win64; x64) AppleWebKit/537.36 (KHTML, like Gecko) Chrome/58.0.3029.110 Safari/537.36"
173.231.242.79 - - [05/Feb/2026:03:49:50 -0500] "POST /wp-cron.php?doing_wp_cron=1770281390.3002779483795166015625 HTTP/1.0" 200 - "-" "WordPress/6.9.1; https://www.harrisexpresscargo.com"
15.235.98.13 - - [05/Feb/2026:03:49:49 -0500] "GET /wp-sitemap.xml HTTP/1.0" 200 258 "-" "Mozilla/5.0 (compatible; AhrefsBot/7.0; +http://ahrefs.com/robot/)"
54.39.210.37 - - [05/Feb/2026:03:49:53 -0500] "GET /wp-sitemap-posts-post-1.xml HTTP/1.0" 200 438 "-" "Mozilla/5.0 (compatible; AhrefsBot/7.0; +http://ahrefs.com/robot/)"
142.44.233.138 - - [05/Feb/2026:03:49:57 -0500] "GET /wp-sitemap-posts-page-1.xml HTTP/1.0" 200 384 "-" "Mozilla/5.0 (compatible; AhrefsBot/7.0; +http://ahrefs.com/robot/)"
15.235.96.106 - - [05/Feb/2026:03:50:00 -0500] "GET /wp-sitemap-posts-product-1.xml HTTP/1.0" 200 526 "-" "Mozilla/5.0 (compatible; AhrefsBot/7.0; +http://ahrefs.com/robot/)"
54.39.210.27 - - [05/Feb/2026:03:50:03 -0500] "GET /wp-sitemap-posts-bg_attribution-1.xml HTTP/1.0" 200 225 "-" "Mozilla/5.0 (compatible; AhrefsBot/7.0; +http://ahrefs.com/robot/)"
173.231.242.79 - - [05/Feb/2026:03:50:07 -0500] "POST /wp-cron.php?doing_wp_cron=1770281407.4472239017486572265625 HTTP/1.0" 200 - "-" "WordPress/6.9.1; https://www.harrisexpresscargo.com"
142.44.228.67 - - [05/Feb/2026:03:50:07 -0500] "GET /wp-sitemap-taxonomies-category-1.xml HTTP/1.0" 200 196 "-" "Mozilla/5.0 (compatible; AhrefsBot/7.0; +http://ahrefs.com/robot/)"
54.39.0.123 - - [05/Feb/2026:03:50:10 -0500] "GET /wp-sitemap-taxonomies-product_cat-1.xml HTTP/1.0" 200 241 "-" "Mozilla/5.0 (compatible; AhrefsBot/7.0; +http://ahrefs.com/robot/)"
167.114.139.169 - - [05/Feb/2026:03:50:15 -0500] "GET /wp-sitemap-users-1.xml HTTP/1.0" 200 192 "-" "Mozilla/5.0 (compatible; AhrefsBot/7.0; +http://ahrefs.com/robot/)"
173.231.242.79 - - [05/Feb/2026:04:02:17 -0500] "POST /wp-cron.php?doing_wp_cron=1770282137.7987089157104492187500 HTTP/1.0" 200 - "-" "WordPress/6.9.1; https://www.harrisexpresscargo.com"
180.153.236.53 - - [05/Feb/2026:04:02:16 -0500] "GET / HTTP/1.0" 301 - "https://harrisexpresscargo.com/" "Mozilla/5.0 (Windows NT 10.0; Win64; x64) AppleWebKit/537.36 (KHTML, like Gecko) Chrome/140.0.0.0 Safari/537.36 Edg/140.0.0.0; 360Spider"
180.153.236.82 - - [05/Feb/2026:04:02:20 -0500] "GET / HTTP/1.0" 301 - "http://harrisexpresscargo.com/" "Mozilla/5.0 (Windows NT 10.0; Win64; x64) AppleWebKit/537.36 (KHTML, like Gecko) Chrome/140.0.0.0 Safari/537.36 Edg/140.0.0.0; 360Spider"
180.153.236.90 - - [05/Feb/2026:04:02:39 -0500] "GET / HTTP/1.0" 200 49407 "https://www.harrisexpresscargo.com/" "Mozilla/5.0 (Windows NT 10.0; Win64; x64) AppleWebKit/537.36 (KHTML, like Gecko) Chrome/140.0.0.0 Safari/537.36 Edg/140.0.0.0; 360Spider"
173.231.242.79 - - [05/Feb/2026:04:22:37 -0500] "POST /wp-cron.php?doing_wp_cron=1770283357.7482109069824218750000 HTTP/1.0" 200 - "-" "WordPress/6.9.1; https://www.harrisexpresscargo.com"
43.153.67.21 - - [05/Feb/2026:04:22:36 -0500] "GET / HTTP/1.0" 301 - "-" "Mozilla/5.0 (iPhone; CPU iPhone OS 13_2_3 like Mac OS X) AppleWebKit/605.1.15 (KHTML, like Gecko) Version/13.0.3 Mobile/15E148 Safari/604.1"
43.153.67.21 - - [05/Feb/2026:04:22:38 -0500] "GET / HTTP/1.0" 200 49407 "http://harrisexpresscargo.com" "Mozilla/5.0 (iPhone; CPU iPhone OS 13_2_3 like Mac OS X) AppleWebKit/605.1.15 (KHTML, like Gecko) Version/13.0.3 Mobile/15E148 Safari/604.1"
173.231.242.79 - - [05/Feb/2026:04:32:15 -0500] "POST /wp-cron.php?doing_wp_cron=1770283935.5541810989379882812500 HTTP/1.0" 200 - "-" "WordPress/6.9.1; https://www.harrisexpresscargo.com"
92.222.108.119 - - [05/Feb/2026:04:32:14 -0500] "GET /robots.txt HTTP/1.0" 301 - "-" "Mozilla/5.0 (compatible; AhrefsBot/7.0; +http://ahrefs.com/robot/)"
92.222.108.119 - - [05/Feb/2026:04:32:16 -0500] "GET /robots.txt HTTP/1.0" 200 179 "-" "Mozilla/5.0 (compatible; AhrefsBot/7.0; +http://ahrefs.com/robot/)"
142.44.220.101 - - [05/Feb/2026:04:32:19 -0500] "GET / HTTP/1.0" 301 - "-" "Mozilla/5.0 (compatible; AhrefsBot/7.0; +http://ahrefs.com/robot/)"
173.231.242.79 - - [05/Feb/2026:04:33:34 -0500] "POST /wp-cron.php?doing_wp_cron=1770284014.1610848903656005859375 HTTP/1.0" 200 - "-" "WordPress/6.9.1; https://www.harrisexpresscargo.com"
23.248.167.87 - - [05/Feb/2026:04:33:33 -0500] "POST /wp-login.php HTTP/1.0" 200 6974 "-" "Mozilla/5.0"
173.231.242.79 - - [05/Feb/2026:04:36:06 -0500] "POST /wp-cron.php?doing_wp_cron=1770284166.0136981010437011718750 HTTP/1.0" 200 - "-" "WordPress/6.9.1; https://www.harrisexpresscargo.com"
192.81.209.98 - - [05/Feb/2026:04:36:05 -0500] "GET / HTTP/1.0" 301 - "-" "Mozilla/5.0 (X11; Linux x86_64) AppleWebKit/537.36 (KHTML, like Gecko) Chrome/142.0.0.0 Safari/537.36"
192.81.209.98 - - [05/Feb/2026:04:36:06 -0500] "GET /favicon.ico HTTP/1.0" 302 - "http://harrisexpresscargo.com/" "Mozilla/5.0 (X11; Linux x86_64) AppleWebKit/537.36 (KHTML, like Gecko) Chrome/142.0.0.0 Safari/537.36"
192.81.209.98 - - [05/Feb/2026:04:36:06 -0500] "GET / HTTP/1.0" 301 - "-" "Mozilla/5.0 (X11; Linux x86_64; rv:142.0) Gecko/20100101 Firefox/142.0"
192.81.209.98 - - [05/Feb/2026:04:36:11 -0500] "GET /favicon.ico HTTP/1.0" 302 - "https://harrisexpresscargo.com/" "Mozilla/5.0 (X11; Linux x86_64; rv:142.0) Gecko/20100101 Firefox/142.0"
173.231.242.79 - - [05/Feb/2026:04:47:26 -0500] "POST /wp-cron.php?doing_wp_cron=1770284846.5977170467376708984375 HTTP/1.0" 200 - "-" "WordPress/6.9.1; https://www.harrisexpresscargo.com"
209.141.32.196 - - [05/Feb/2026:04:47:25 -0500] "GET /wp-login.php HTTP/1.0" 200 6555 "-" "Mozilla/5.0 (Macintosh; Intel Mac OS X 10_10) AppleWebKit/600.1.3 (KHTML, like Gecko) Version/8.0 Safari/600.1.3"
209.141.32.196 - - [05/Feb/2026:04:47:26 -0500] "POST /wp-login.php HTTP/1.0" 200 6992 "-" "Mozilla/5.0 (Macintosh; Intel Mac OS X 10_10) AppleWebKit/600.1.3 (KHTML, like Gecko) Version/8.0 Safari/600.1.3"
173.231.242.79 - - [05/Feb/2026:04:57:27 -0500] "POST /wp-cron.php?doing_wp_cron=1770285447.5682590007781982421875 HTTP/1.0" 200 - "-" "WordPress/6.9.1; https://www.harrisexpresscargo.com"
212.23.222.6 - - [05/Feb/2026:04:57:26 -0500] "GET /author/admin_rlz312j5/ HTTP/1.0" 301 - "https://harrisexpresscargo.com/" "Mozilla/5.0 (Windows NT 10.0; Win64; x64) AppleWebKit/537.36 (KHTML, like Gecko) Chrome/114.0.0.0 Safari/537.36"
212.23.222.6 - - [05/Feb/2026:04:57:28 -0500] "GET /author/admin_rlz312j5/ HTTP/1.0" 404 174094 "https://harrisexpresscargo.com/author/admin_rlz312j5/" "Mozilla/5.0 (Windows NT 10.0; Win64; x64) AppleWebKit/537.36 (KHTML, like Gecko) Chrome/114.0.0.0 Safari/537.36"
212.23.222.6 - - [05/Feb/2026:04:57:30 -0500] "GET / HTTP/1.0" 200 49407 "-" "Mozilla/5.0 (Windows NT 10.0; Win64; x64) AppleWebKit/537.36 (KHTML, like Gecko) Chrome/114.0.0.0 Safari/537.36"
212.23.222.6 - - [05/Feb/2026:04:57:36 -0500] "GET /wp-includes/blocks/navigation/style.min.css?ver=6.9.1 HTTP/1.0" 200 2305 "https://www.harrisexpresscargo.com" "Mozilla/5.0 (Windows NT 10.0; Win64; x64) AppleWebKit/537.36 (KHTML, like Gecko) Chrome/143.0.0.0 Safari/537.36"
212.23.222.6 - - [05/Feb/2026:04:57:37 -0500] "GET /wp-content/plugins/woocommerce/assets/client/blocks/wc-blocks.css?ver=wc-10.4.3 HTTP/1.0" 200 2618 "https://www.harrisexpresscargo.com" "Mozilla/5.0 (Windows NT 10.0; Win64; x64) AppleWebKit/537.36 (KHTML, like Gecko) Chrome/143.0.0.0 Safari/537.36"
212.23.222.6 - - [05/Feb/2026:04:57:38 -0500] "GET /wp-content/plugins/woocommerce/assets/client/blocks/customer-account.css?ver=wc-10.4.3 HTTP/1.0" 200 318 "https://www.harrisexpresscargo.com" "Mozilla/5.0 (Windows NT 10.0; Win64; x64) AppleWebKit/537.36 (KHTML, like Gecko) Chrome/143.0.0.0 Safari/537.36"
212.23.222.6 - - [05/Feb/2026:04:57:38 -0500] "GET /wp-content/plugins/woocommerce/assets/client/blocks/mini-cart-contents.css?ver=wc-10.4.3 HTTP/1.0" 200 4671 "https://www.harrisexpresscargo.com" "Mozilla/5.0 (Windows NT 10.0; Win64; x64) AppleWebKit/537.36 (KHTML, like Gecko) Chrome/143.0.0.0 Safari/537.36"
212.23.222.6 - - [05/Feb/2026:04:57:39 -0500] "GET /wp-content/plugins/woocommerce/assets/client/blocks/packages-style.css?ver=wc-10.4.3 HTTP/1.0" 200 6010 "https://www.harrisexpresscargo.com" "Mozilla/5.0 (Windows NT 10.0; Win64; x64) AppleWebKit/537.36 (KHTML, like Gecko) Chrome/143.0.0.0 Safari/537.36"
212.23.222.6 - - [05/Feb/2026:04:57:40 -0500] "GET /wp-content/plugins/woocommerce/assets/client/blocks/mini-cart.css?ver=wc-10.4.3 HTTP/1.0" 200 2256 "https://www.harrisexpresscargo.com" "Mozilla/5.0 (Windows NT 10.0; Win64; x64) AppleWebKit/537.36 (KHTML, like Gecko) Chrome/143.0.0.0 Safari/537.36"
212.23.222.6 - - [05/Feb/2026:04:57:41 -0500] "GET /wp-includes/blocks/cover/style.min.css?ver=6.9.1 HTTP/1.0" 200 1722 "https://www.harrisexpresscargo.com" "Mozilla/5.0 (Windows NT 10.0; Win64; x64) AppleWebKit/537.36 (KHTML, like Gecko) Chrome/143.0.0.0 Safari/537.36"
212.23.222.6 - - [05/Feb/2026:04:57:41 -0500] "GET /wp-content/plugins/contact-form-7/includes/css/styles.css?ver=6.1.4 HTTP/1.0" 200 1031 "https://www.harrisexpresscargo.com" "Mozilla/5.0 (Windows NT 10.0; Win64; x64) AppleWebKit/537.36 (KHTML, like Gecko) Chrome/143.0.0.0 Safari/537.36"
212.23.222.6 - - [05/Feb/2026:04:57:42 -0500] "GET /wp-content/plugins/woocommerce/assets/css/woocommerce-layout.css?ver=10.4.3 HTTP/1.0" 200 3414 "https://www.harrisexpresscargo.com" "Mozilla/5.0 (Windows NT 10.0; Win64; x64) AppleWebKit/537.36 (KHTML, like Gecko) Chrome/143.0.0.0 Safari/537.36"
212.23.222.6 - - [05/Feb/2026:04:57:43 -0500] "GET /wp-content/plugins/woocommerce/assets/css/woocommerce-smallscreen.css?ver=10.4.3 HTTP/1.0" 200 1279 "https://www.harrisexpresscargo.com" "Mozilla/5.0 (Windows NT 10.0; Win64; x64) AppleWebKit/537.36 (KHTML, like Gecko) Chrome/143.0.0.0 Safari/537.36"
212.23.222.6 - - [05/Feb/2026:04:57:44 -0500] "GET /wp-content/plugins/woocommerce/assets/css/woocommerce.css?ver=10.4.3 HTTP/1.0" 200 10976 "https://www.harrisexpresscargo.com" "Mozilla/5.0 (Windows NT 10.0; Win64; x64) AppleWebKit/537.36 (KHTML, like Gecko) Chrome/143.0.0.0 Safari/537.36"
212.23.222.6 - - [05/Feb/2026:04:57:44 -0500] "GET /wp-content/plugins/woocommerce/assets/css/woocommerce-blocktheme.css?ver=10.4.3 HTTP/1.0" 200 2149 "https://www.harrisexpresscargo.com" "Mozilla/5.0 (Windows NT 10.0; Win64; x64) AppleWebKit/537.36 (KHTML, like Gecko) Chrome/143.0.0.0 Safari/537.36"
212.23.222.6 - - [05/Feb/2026:04:57:46 -0500] "GET /wp-content/plugins/cookieadmin/assets/css/consent.css?ver=1.1.4 HTTP/1.0" 200 2637 "https://www.harrisexpresscargo.com" "Mozilla/5.0 (Windows NT 10.0; Win64; x64) AppleWebKit/537.36 (KHTML, like Gecko) Chrome/143.0.0.0 Safari/537.36"
212.23.222.6 - - [05/Feb/2026:04:57:47 -0500] "GET /wp-content/plugins/post-and-page-builder/assets/css/components.min.css?ver=2.16.5 HTTP/1.0" 200 5204 "https://www.harrisexpresscargo.com" "Mozilla/5.0 (Windows NT 10.0; Win64; x64) AppleWebKit/537.36 (KHTML, like Gecko) Chrome/143.0.0.0 Safari/537.36"
212.23.222.6 - - [05/Feb/2026:04:57:48 -0500] "GET /wp-content/plugins/post-and-page-builder/assets/css/font-awesome.min.css?ver=4.7 HTTP/1.0" 200 7053 "https://www.harrisexpresscargo.com" "Mozilla/5.0 (Windows NT 10.0; Win64; x64) AppleWebKit/537.36 (KHTML, like Gecko) Chrome/143.0.0.0 Safari/537.36"
212.23.222.6 - - [05/Feb/2026:04:57:48 -0500] "GET /wp-content/plugins/post-and-page-builder/assets/css/editor-fe.min.css?ver=1.27.10 HTTP/1.0" 200 4254 "https://www.harrisexpresscargo.com" "Mozilla/5.0 (Windows NT 10.0; Win64; x64) AppleWebKit/537.36 (KHTML, like Gecko) Chrome/143.0.0.0 Safari/537.36"
212.23.222.6 - - [05/Feb/2026:04:57:49 -0500] "GET /wp-content/plugins/post-and-page-builder/assets/css/custom-styles.css?ver=6.9.1 HTTP/1.0" 200 13485 "https://www.harrisexpresscargo.com" "Mozilla/5.0 (Windows NT 10.0; Win64; x64) AppleWebKit/537.36 (KHTML, like Gecko) Chrome/143.0.0.0 Safari/537.36"
212.23.222.6 - - [05/Feb/2026:04:58:03 -0500] "POST / HTTP/1.0" 200 49847 "https://www.harrisexpresscargo.com" "Mozilla/5.0 (Windows NT 10.0; Win64; x64) AppleWebKit/537.36 (KHTML, like Gecko) Chrome/114.0.0.0 Safari/537.36"
173.231.242.79 - - [05/Feb/2026:04:58:20 -0500] "POST /wp-cron.php?doing_wp_cron=1770285500.5682320594787597656250 HTTP/1.0" 200 - "-" "WordPress/6.9.1; https://www.harrisexpresscargo.com"
212.23.222.6 - - [05/Feb/2026:04:58:19 -0500] "POST / HTTP/1.0" 200 49846 "https://www.harrisexpresscargo.com" "Mozilla/5.0 (Windows NT 10.0; Win64; x64) AppleWebKit/537.36 (KHTML, like Gecko) Chrome/114.0.0.0 Safari/537.36"
23.248.167.87 - - [05/Feb/2026:05:01:16 -0500] "POST /wp-login.php HTTP/1.0" 200 6974 "-" "Mozilla/5.0"
173.231.242.79 - - [05/Feb/2026:05:01:16 -0500] "POST /wp-cron.php?doing_wp_cron=1770285676.9343829154968261718750 HTTP/1.0" 200 - "-" "WordPress/6.9.1; https://www.harrisexpresscargo.com"
46.183.121.47 - - [05/Feb/2026:05:01:25 -0500] "POST /xmlrpc.php HTTP/1.0" 200 206 "-" "Mozilla/5.0 (Windows NT 10.0) AppleWebKit/537.43 (KHTML, like Gecko) Chrome/140.0.0.0 Safari/537.36 OPR/124.0.0.0"
173.231.242.79 - - [05/Feb/2026:05:13:12 -0500] "POST /wp-cron.php?doing_wp_cron=1770286392.1426219940185546875000 HTTP/1.0" 200 - "-" "WordPress/6.9.1; https://www.harrisexpresscargo.com"
54.39.0.114 - - [05/Feb/2026:05:13:10 -0500] "GET /7-common-forklift-maintenance-mistakes-to-avoid/ HTTP/1.0" 200 46759 "-" "Mozilla/5.0 (compatible; AhrefsBot/7.0; +http://ahrefs.com/robot/)"
173.231.242.79 - - [05/Feb/2026:05:24:00 -0500] "POST /wp-cron.php?doing_wp_cron=1770287040.8599500656127929687500 HTTP/1.0" 200 - "-" "WordPress/6.9.1; https://www.harrisexpresscargo.com"
43.130.67.6 - - [05/Feb/2026:05:23:59 -0500] "GET / HTTP/1.0" 301 - "-" "Mozilla/5.0 (iPhone; CPU iPhone OS 13_2_3 like Mac OS X) AppleWebKit/605.1.15 (KHTML, like Gecko) Version/13.0.3 Mobile/15E148 Safari/604.1"
43.130.67.6 - - [05/Feb/2026:05:24:01 -0500] "GET / HTTP/1.0" 200 49407 "http://www.harrisexpresscargo.com" "Mozilla/5.0 (iPhone; CPU iPhone OS 13_2_3 like Mac OS X) AppleWebKit/605.1.15 (KHTML, like Gecko) Version/13.0.3 Mobile/15E148 Safari/604.1"
107.189.28.173 - - [05/Feb/2026:05:41:20 -0500] "GET /wp-login.php HTTP/1.0" 200 6555 "-" "Mozilla/5.0 (Macintosh; Intel Mac OS X 10.9; rv:31.0) Gecko/20100101 Firefox/31.0"
173.231.242.79 - - [05/Feb/2026:05:59:20 -0500] "POST /wp-cron.php?doing_wp_cron=1770289160.7858040332794189453125 HTTP/1.0" 200 - "-" "WordPress/6.9.1; https://www.harrisexpresscargo.com"
209.141.32.196 - - [05/Feb/2026:05:59:19 -0500] "GET /wp-login.php HTTP/1.0" 200 6555 "-" "Mozilla/5.0 (Windows NT 6.1; WOW64) AppleWebKit/537.36 (KHTML, like Gecko) Chrome/36.0.1985.143 Safari/537.36"
209.141.32.196 - - [05/Feb/2026:05:59:20 -0500] "POST /wp-login.php HTTP/1.0" 200 6992 "-" "Mozilla/5.0 (Windows NT 6.1; WOW64) AppleWebKit/537.36 (KHTML, like Gecko) Chrome/36.0.1985.143 Safari/537.36"
173.231.242.79 - - [05/Feb/2026:06:03:14 -0500] "POST /wp-cron.php?doing_wp_cron=1770289394.8525130748748779296875 HTTP/1.0" 200 - "-" "WordPress/6.9.1; https://www.harrisexpresscargo.com"
23.248.167.87 - - [05/Feb/2026:06:03:13 -0500] "POST /wp-login.php HTTP/1.0" 200 6974 "-" "Mozilla/5.0"
173.231.242.79 - - [05/Feb/2026:06:28:07 -0500] "POST /wp-cron.php?doing_wp_cron=1770290887.6352739334106445312500 HTTP/1.0" 200 - "-" "WordPress/6.9.1; https://www.harrisexpresscargo.com"
37.27.193.86 - - [05/Feb/2026:06:28:04 -0500] "GET / HTTP/1.0" 301 - "-" "Mozilla/5.0 (X11; Linux x86_64) AppleWebKit/537.36 (KHTML, like Gecko) Chrome/114.0.0.0 Safari/537.36"
37.27.193.86 - - [05/Feb/2026:06:28:09 -0500] "GET /my-account/ HTTP/1.0" 200 41900 "https://www.harrisexpresscargo.com/" "Mozilla/5.0 (X11; Linux x86_64) AppleWebKit/537.36 (KHTML, like Gecko) Chrome/114.0.0.0 Safari/537.36"
37.27.193.86 - - [05/Feb/2026:06:28:10 -0500] "GET /comments/feed/ HTTP/1.0" 200 407 "https://www.harrisexpresscargo.com/" "Mozilla/5.0 (X11; Linux x86_64) AppleWebKit/537.36 (KHTML, like Gecko) Chrome/114.0.0.0 Safari/537.36"
37.27.193.86 - - [05/Feb/2026:06:28:11 -0500] "GET /the-role-of-forklift-technology-in-modern-warehousing/ HTTP/1.0" 200 46802 "https://www.harrisexpresscargo.com/" "Mozilla/5.0 (X11; Linux x86_64) AppleWebKit/537.36 (KHTML, like Gecko) Chrome/114.0.0.0 Safari/537.36"
37.27.193.86 - - [05/Feb/2026:06:28:12 -0500] "GET /feed/ HTTP/1.0" 200 3734 "https://www.harrisexpresscargo.com/" "Mozilla/5.0 (X11; Linux x86_64) AppleWebKit/537.36 (KHTML, like Gecko) Chrome/114.0.0.0 Safari/537.36"
37.27.193.86 - - [05/Feb/2026:06:28:13 -0500] "GET /top-10-factors-to-consider-when-buying-a-forklift/ HTTP/1.0" 200 46810 "https://www.harrisexpresscargo.com/" "Mozilla/5.0 (X11; Linux x86_64) AppleWebKit/537.36 (KHTML, like Gecko) Chrome/114.0.0.0 Safari/537.36"
37.27.193.86 - - [05/Feb/2026:06:28:14 -0500] "GET /wp-admin/admin-ajax.php HTTP/1.0" 400 1 "https://www.harrisexpresscargo.com/" "Mozilla/5.0 (X11; Linux x86_64) AppleWebKit/537.36 (KHTML, like Gecko) Chrome/114.0.0.0 Safari/537.36"
37.27.193.86 - - [05/Feb/2026:06:28:15 -0500] "GET /safety-first-essential-forklift-safety-practices-every-operator-should-know/ HTTP/1.0" 200 46838 "https://www.harrisexpresscargo.com/" "Mozilla/5.0 (X11; Linux x86_64) AppleWebKit/537.36 (KHTML, like Gecko) Chrome/114.0.0.0 Safari/537.36"
37.27.193.86 - - [05/Feb/2026:06:28:16 -0500] "GET /wp-content/plugins/cookieadmin HTTP/1.0" 301 314 "https://www.harrisexpresscargo.com/" "Mozilla/5.0 (X11; Linux x86_64) AppleWebKit/537.36 (KHTML, like Gecko) Chrome/114.0.0.0 Safari/537.36"
37.27.193.86 - - [05/Feb/2026:06:28:16 -0500] "GET /wp-content/plugins/cookieadmin/ HTTP/1.0" 200 - "https://www.harrisexpresscargo.com/wp-content/plugins/cookieadmin" "Mozilla/5.0 (X11; Linux x86_64) AppleWebKit/537.36 (KHTML, like Gecko) Chrome/114.0.0.0 Safari/537.36"
37.27.193.86 - - [05/Feb/2026:06:28:18 -0500] "GET /wp-content/plugins/cookieadmin/assets/images/cookieadmin_icon.svg HTTP/1.0" 200 322 "https://www.harrisexpresscargo.com/" "Mozilla/5.0 (X11; Linux x86_64) AppleWebKit/537.36 (KHTML, like Gecko) Chrome/114.0.0.0 Safari/537.36"
37.27.193.86 - - [05/Feb/2026:06:28:19 -0500] "GET /wp-content/themes/twentytwentyfive/assets/fonts/fira-code/FiraCode-VariableFont_wght.woff2 HTTP/1.0" 200 106111 "https://www.harrisexpresscargo.com/" "Mozilla/5.0 (X11; Linux x86_64) AppleWebKit/537.36 (KHTML, like Gecko) Chrome/114.0.0.0 Safari/537.36"
37.27.193.86 - - [05/Feb/2026:06:28:20 -0500] "GET /cart/ HTTP/1.0" 200 68753 "https://www.harrisexpresscargo.com/" "Mozilla/5.0 (X11; Linux x86_64) AppleWebKit/537.36 (KHTML, like Gecko) Chrome/114.0.0.0 Safari/537.36"
37.27.193.86 - - [05/Feb/2026:06:28:21 -0500] "GET /wp-content/themes/twentytwentyfive/assets/fonts/manrope/Manrope-VariableFont_wght.woff2 HTTP/1.0" 200 53577 "https://www.harrisexpresscargo.com/" "Mozilla/5.0 (X11; Linux x86_64) AppleWebKit/537.36 (KHTML, like Gecko) Chrome/114.0.0.0 Safari/537.36"
37.27.193.86 - - [05/Feb/2026:06:28:22 -0500] "GET /checkout/ HTTP/1.0" 302 - "https://www.harrisexpresscargo.com/" "Mozilla/5.0 (X11; Linux x86_64) AppleWebKit/537.36 (KHTML, like Gecko) Chrome/114.0.0.0 Safari/537.36"
37.27.193.86 - - [05/Feb/2026:06:28:24 -0500] "GET /cart/ HTTP/1.0" 200 68750 "https://www.harrisexpresscargo.com/checkout/" "Mozilla/5.0 (X11; Linux x86_64) AppleWebKit/537.36 (KHTML, like Gecko) Chrome/114.0.0.0 Safari/537.36"
37.27.193.86 - - [05/Feb/2026:06:28:26 -0500] "GET /shop/ HTTP/1.0" 200 48806 "https://www.harrisexpresscargo.com/" "Mozilla/5.0 (X11; Linux x86_64) AppleWebKit/537.36 (KHTML, like Gecko) Chrome/114.0.0.0 Safari/537.36"
37.27.193.86 - - [05/Feb/2026:06:28:28 -0500] "GET /xmlrpc.php?rsd HTTP/1.0" 200 310 "https://www.harrisexpresscargo.com/" "Mozilla/5.0 (X11; Linux x86_64) AppleWebKit/537.36 (KHTML, like Gecko) Chrome/114.0.0.0 Safari/537.36"
37.27.193.86 - - [05/Feb/2026:06:28:29 -0500] "GET /wp-json/wp/v2/pages/144 HTTP/1.0" 200 41859 "https://www.harrisexpresscargo.com/" "Mozilla/5.0 (X11; Linux x86_64) AppleWebKit/537.36 (KHTML, like Gecko) Chrome/114.0.0.0 Safari/537.36"
37.27.193.86 - - [05/Feb/2026:06:28:32 -0500] "GET /wp-json/ HTTP/1.0" 200 1247607 "https://www.harrisexpresscargo.com/" "Mozilla/5.0 (X11; Linux x86_64) AppleWebKit/537.36 (KHTML, like Gecko) Chrome/114.0.0.0 Safari/537.36"