74.7.243.249 - - [05/Feb/2026:01:06:17 -0500] "GET /about.php?d=hashlib.cpython-36.opt-1.pyc&q=%E0%A6%95%E0%A6%95usr%E0%A6%95lib64%E0%A6%95python3%E0%A6%976%E0%A6%95__pycache__ HTTP/1.0" 404 236 "https://www.kamille.us/about.php?p=%E0%A6%95%E0%A6%95usr%E0%A6%95lib64%E0%A6%95python3%E0%A6%976%E0%A6%95__pycache__" "Mozilla/5.0 AppleWebKit/537.36 (KHTML, like Gecko; compatible; GPTBot/1.3; +https://openai.com/gptbot)"
74.7.241.25 - - [05/Feb/2026:01:06:47 -0500] "GET /about.php?q=%E0%A6%95home%E0%A6%95zeusxp5%E0%A6%95mail%E0%A6%95new&r=1688981256.M39026P2015034.ecngx285.inmotionhosting.com,S=50011,W=50606 HTTP/1.0" 404 236 "https://kamille.us/about.php?p=%E0%A6%95home%E0%A6%95zeusxp5%E0%A6%95mail%E0%A6%95new" "Mozilla/5.0 AppleWebKit/537.36 (KHTML, like Gecko; compatible; GPTBot/1.3; +https://openai.com/gptbot)"
74.7.243.249 - - [05/Feb/2026:01:07:21 -0500] "GET /about.php?q=%E0%A6%95%E0%A6%95lib64%E0%A6%95python3%E0%A6%976%E0%A6%95__pycache__&r=_bootlocale.cpython-36.opt-1.pyc HTTP/1.0" 404 236 "https://www.kamille.us/about.php?p=%E0%A6%95%E0%A6%95lib64%E0%A6%95python3%E0%A6%976%E0%A6%95__pycache__" "Mozilla/5.0 AppleWebKit/537.36 (KHTML, like Gecko; compatible; GPTBot/1.3; +https://openai.com/gptbot)"
74.7.241.25 - - [05/Feb/2026:01:07:53 -0500] "GET /about.php?q=%E0%A6%95home%E0%A6%95zeusxp5%E0%A6%95mail%E0%A6%95new&r=1704729451.M50429P1763220.ecngx285.inmotionhosting.com,S=47176,W=48464 HTTP/1.0" 404 236 "https://kamille.us/about.php?p=%E0%A6%95home%E0%A6%95zeusxp5%E0%A6%95mail%E0%A6%95new" "Mozilla/5.0 AppleWebKit/537.36 (KHTML, like Gecko; compatible; GPTBot/1.3; +https://openai.com/gptbot)"
74.7.243.249 - - [05/Feb/2026:01:08:26 -0500] "GET /about.php?d=.htaccess&q=%E0%A6%95home%E0%A6%95zeusxp5%E0%A6%95fleetmanager%E0%A6%97zeusxpressalongside%E0%A6%97com%E0%A6%95img HTTP/1.0" 404 236 "https://www.kamille.us/about.php?p=%E0%A6%95home%E0%A6%95zeusxp5%E0%A6%95fleetmanager%E0%A6%97zeusxpressalongside%E0%A6%97com%E0%A6%95img" "Mozilla/5.0 AppleWebKit/537.36 (KHTML, like Gecko; compatible; GPTBot/1.3; +https://openai.com/gptbot)"
74.7.241.25 - - [05/Feb/2026:01:08:56 -0500] "GET /about.php?e=1747272690.M803905P2830277.ecngx285.inmotionhosting.com,S=22881,W=23200&q=%E0%A6%95home%E0%A6%95zeusxp5%E0%A6%95mail%E0%A6%95new HTTP/1.0" 404 236 "https://kamille.us/about.php?p=%E0%A6%95home%E0%A6%95zeusxp5%E0%A6%95mail%E0%A6%95new" "Mozilla/5.0 AppleWebKit/537.36 (KHTML, like Gecko; compatible; GPTBot/1.3; +https://openai.com/gptbot)"
74.7.243.249 - - [05/Feb/2026:01:09:29 -0500] "GET /about.php?e=fancy_getopt.cpython-36.pyc&q=%E0%A6%95%E0%A6%95lib64%E0%A6%95python3%E0%A6%976%E0%A6%95distutils%E0%A6%95__pycache__ HTTP/1.0" 404 236 "https://www.kamille.us/about.php?p=%E0%A6%95%E0%A6%95lib64%E0%A6%95python3%E0%A6%976%E0%A6%95distutils%E0%A6%95__pycache__" "Mozilla/5.0 AppleWebKit/537.36 (KHTML, like Gecko; compatible; GPTBot/1.3; +https://openai.com/gptbot)"
74.7.241.25 - - [05/Feb/2026:01:09:57 -0500] "GET /about.php?e=1645610982.M15803P4096923.ecngx285.inmotionhosting.com,S=16308,W=16730&q=%E0%A6%95home%E0%A6%95zeusxp5%E0%A6%95mail%E0%A6%95new HTTP/1.0" 404 236 "https://kamille.us/about.php?p=%E0%A6%95home%E0%A6%95zeusxp5%E0%A6%95mail%E0%A6%95new" "Mozilla/5.0 AppleWebKit/537.36 (KHTML, like Gecko; compatible; GPTBot/1.3; +https://openai.com/gptbot)"
87.106.209.183 - - [05/Feb/2026:01:10:19 -0500] "GET /userfuns.php HTTP/1.0" 404 236 "www.google.com" "Mozlila/5.0 (Linux; Android 7.0; SM-G892A Bulid/NRD90M; wv) AppleWebKit/537.36 (KHTML, like Gecko) Version/4.0 Chrome/60.0.3112.107 Moblie Safari/537.36"
87.106.209.183 - - [05/Feb/2026:01:10:19 -0500] "GET /userfuns.php HTTP/1.0" 404 236 "www.google.com" "Mozlila/5.0 (Linux; Android 7.0; SM-G892A Bulid/NRD90M; wv) AppleWebKit/537.36 (KHTML, like Gecko) Version/4.0 Chrome/60.0.3112.107 Moblie Safari/537.36"
74.7.243.249 - - [05/Feb/2026:01:10:33 -0500] "GET /about.php?q=%E0%A6%95%E0%A6%95lib64%E0%A6%95python3%E0%A6%976%E0%A6%95email%E0%A6%95__pycache__&r=_parseaddr.cpython-36.pyc HTTP/1.0" 404 236 "https://www.kamille.us/about.php?p=%E0%A6%95%E0%A6%95lib64%E0%A6%95python3%E0%A6%976%E0%A6%95email%E0%A6%95__pycache__" "Mozilla/5.0 AppleWebKit/537.36 (KHTML, like Gecko; compatible; GPTBot/1.3; +https://openai.com/gptbot)"
74.7.241.25 - - [05/Feb/2026:01:10:57 -0500] "GET /about.php?d=1700702844.M890704P3119808.ecngx285.inmotionhosting.com,S=43098,W=44319&q=%E0%A6%95home%E0%A6%95zeusxp5%E0%A6%95mail%E0%A6%95new HTTP/1.0" 404 236 "https://kamille.us/about.php?p=%E0%A6%95home%E0%A6%95zeusxp5%E0%A6%95mail%E0%A6%95new" "Mozilla/5.0 AppleWebKit/537.36 (KHTML, like Gecko; compatible; GPTBot/1.3; +https://openai.com/gptbot)"
74.7.243.249 - - [05/Feb/2026:01:11:38 -0500] "GET /about.php?q=%E0%A6%95%E0%A6%95usr%E0%A6%95lib64%E0%A6%95python3%E0%A6%976%E0%A6%95__pycache__&r=ipaddress.cpython-36.pyc HTTP/1.0" 404 236 "https://www.kamille.us/about.php?p=%E0%A6%95%E0%A6%95usr%E0%A6%95lib64%E0%A6%95python3%E0%A6%976%E0%A6%95__pycache__" "Mozilla/5.0 AppleWebKit/537.36 (KHTML, like Gecko; compatible; GPTBot/1.3; +https://openai.com/gptbot)"
87.106.209.183 - - [05/Feb/2026:01:11:40 -0500] "GET /postnews.php HTTP/1.0" 404 236 "www.google.com" "Mozlila/5.0 (Linux; Android 7.0; SM-G892A Bulid/NRD90M; wv) AppleWebKit/537.36 (KHTML, like Gecko) Version/4.0 Chrome/60.0.3112.107 Moblie Safari/537.36"
74.7.241.25 - - [05/Feb/2026:01:12:03 -0500] "GET /about.php?d=1693913228.M544742P2961409.ecngx285.inmotionhosting.com,S=53283,W=53910&q=%E0%A6%95home%E0%A6%95zeusxp5%E0%A6%95mail%E0%A6%95new HTTP/1.0" 404 236 "https://kamille.us/about.php?p=%E0%A6%95home%E0%A6%95zeusxp5%E0%A6%95mail%E0%A6%95new" "Mozilla/5.0 AppleWebKit/537.36 (KHTML, like Gecko; compatible; GPTBot/1.3; +https://openai.com/gptbot)"
74.7.243.249 - - [05/Feb/2026:01:12:39 -0500] "GET /about.php?q=%E0%A6%95%E0%A6%95usr%E0%A6%95lib64%E0%A6%95python3%E0%A6%976%E0%A6%95__pycache__&r=macpath.cpython-36.opt-2.pyc HTTP/1.0" 404 236 "https://www.kamille.us/about.php?p=%E0%A6%95%E0%A6%95usr%E0%A6%95lib64%E0%A6%95python3%E0%A6%976%E0%A6%95__pycache__" "Mozilla/5.0 AppleWebKit/537.36 (KHTML, like Gecko; compatible; GPTBot/1.3; +https://openai.com/gptbot)"
74.7.241.25 - - [05/Feb/2026:01:13:08 -0500] "GET /about.php?d=1662330123.M622106P467723.ecngx285.inmotionhosting.com,S=45902,W=46437&q=%E0%A6%95home%E0%A6%95zeusxp5%E0%A6%95mail%E0%A6%95new HTTP/1.0" 404 236 "https://kamille.us/about.php?p=%E0%A6%95home%E0%A6%95zeusxp5%E0%A6%95mail%E0%A6%95new" "Mozilla/5.0 AppleWebKit/537.36 (KHTML, like Gecko; compatible; GPTBot/1.3; +https://openai.com/gptbot)"
74.7.243.249 - - [05/Feb/2026:01:13:43 -0500] "GET /about.php?e=compileall.cpython-38.pyc&q=%E0%A6%95%E0%A6%95usr%E0%A6%95lib64%E0%A6%95python3%E0%A6%978%E0%A6%95__pycache__ HTTP/1.0" 404 236 "https://www.kamille.us/about.php?p=%E0%A6%95%E0%A6%95usr%E0%A6%95lib64%E0%A6%95python3%E0%A6%978%E0%A6%95__pycache__" "Mozilla/5.0 AppleWebKit/537.36 (KHTML, like Gecko; compatible; GPTBot/1.3; +https://openai.com/gptbot)"
74.7.241.25 - - [05/Feb/2026:01:14:13 -0500] "GET /about.php?d=1745958608.M795327P2293662.ecngx285.inmotionhosting.com,S=26917,W=27288&q=%E0%A6%95home%E0%A6%95zeusxp5%E0%A6%95mail%E0%A6%95new HTTP/1.0" 404 236 "https://kamille.us/about.php?p=%E0%A6%95home%E0%A6%95zeusxp5%E0%A6%95mail%E0%A6%95new" "Mozilla/5.0 AppleWebKit/537.36 (KHTML, like Gecko; compatible; GPTBot/1.3; +https://openai.com/gptbot)"
74.7.243.249 - - [05/Feb/2026:01:14:47 -0500] "GET /about.php?e=latin_1.cpython-36.pyc&q=%E0%A6%95%E0%A6%95lib64%E0%A6%95python3%E0%A6%976%E0%A6%95encodings%E0%A6%95__pycache__ HTTP/1.0" 404 236 "https://www.kamille.us/about.php?p=%E0%A6%95%E0%A6%95lib64%E0%A6%95python3%E0%A6%976%E0%A6%95encodings%E0%A6%95__pycache__" "Mozilla/5.0 AppleWebKit/537.36 (KHTML, like Gecko; compatible; GPTBot/1.3; +https://openai.com/gptbot)"
74.7.241.25 - - [05/Feb/2026:01:15:14 -0500] "GET /about.php?e=1710334477.M929793P369095.ecngx285.inmotionhosting.com,S=47193,W=48481&q=%E0%A6%95home%E0%A6%95zeusxp5%E0%A6%95mail%E0%A6%95new HTTP/1.0" 404 236 "https://kamille.us/about.php?p=%E0%A6%95home%E0%A6%95zeusxp5%E0%A6%95mail%E0%A6%95new" "Mozilla/5.0 AppleWebKit/537.36 (KHTML, like Gecko; compatible; GPTBot/1.3; +https://openai.com/gptbot)"
74.7.243.249 - - [05/Feb/2026:01:15:51 -0500] "GET /about.php?e=_dummy_thread.cpython-36.pyc&q=%E0%A6%95%E0%A6%95lib64%E0%A6%95python3%E0%A6%976%E0%A6%95__pycache__ HTTP/1.0" 404 236 "https://www.kamille.us/about.php?p=%E0%A6%95%E0%A6%95lib64%E0%A6%95python3%E0%A6%976%E0%A6%95__pycache__" "Mozilla/5.0 AppleWebKit/537.36 (KHTML, like Gecko; compatible; GPTBot/1.3; +https://openai.com/gptbot)"
74.7.241.25 - - [05/Feb/2026:01:16:14 -0500] "GET /about.php?d=1693925530.M574823P384108.ecngx285.inmotionhosting.com,S=49122,W=49689&q=%E0%A6%95home%E0%A6%95zeusxp5%E0%A6%95mail%E0%A6%95new HTTP/1.0" 404 236 "https://kamille.us/about.php?p=%E0%A6%95home%E0%A6%95zeusxp5%E0%A6%95mail%E0%A6%95new" "Mozilla/5.0 AppleWebKit/537.36 (KHTML, like Gecko; compatible; GPTBot/1.3; +https://openai.com/gptbot)"
74.7.243.249 - - [05/Feb/2026:01:16:51 -0500] "GET /about.php?e=result.cpython-36.pyc&q=%E0%A6%95%E0%A6%95lib64%E0%A6%95python3%E0%A6%976%E0%A6%95unittest%E0%A6%95__pycache__ HTTP/1.0" 404 236 "https://www.kamille.us/about.php?p=%E0%A6%95%E0%A6%95lib64%E0%A6%95python3%E0%A6%976%E0%A6%95unittest%E0%A6%95__pycache__" "Mozilla/5.0 AppleWebKit/537.36 (KHTML, like Gecko; compatible; GPTBot/1.3; +https://openai.com/gptbot)"
74.7.241.25 - - [05/Feb/2026:01:17:14 -0500] "GET /about.php?e=1709914877.M744289P476263.ecngx285.inmotionhosting.com,S=47195,W=48483&q=%E0%A6%95home%E0%A6%95zeusxp5%E0%A6%95mail%E0%A6%95new HTTP/1.0" 404 236 "https://kamille.us/about.php?p=%E0%A6%95home%E0%A6%95zeusxp5%E0%A6%95mail%E0%A6%95new" "Mozilla/5.0 AppleWebKit/537.36 (KHTML, like Gecko; compatible; GPTBot/1.3; +https://openai.com/gptbot)"
74.7.243.249 - - [05/Feb/2026:01:17:53 -0500] "GET /about.php?q=%E0%A6%95%E0%A6%95lib64%E0%A6%95python3%E0%A6%976%E0%A6%95__pycache__&r=secrets.cpython-36.opt-2.pyc HTTP/1.0" 404 236 "https://www.kamille.us/about.php?p=%E0%A6%95%E0%A6%95lib64%E0%A6%95python3%E0%A6%976%E0%A6%95__pycache__" "Mozilla/5.0 AppleWebKit/537.36 (KHTML, like Gecko; compatible; GPTBot/1.3; +https://openai.com/gptbot)"
74.7.241.25 - - [05/Feb/2026:01:18:19 -0500] "GET /about.php?q=%E0%A6%95home%E0%A6%95zeusxp5%E0%A6%95mail%E0%A6%95new&r=1703216966.M919488P3250974.ecngx285.inmotionhosting.com,S=47161,W=48449 HTTP/1.0" 404 236 "https://kamille.us/about.php?p=%E0%A6%95home%E0%A6%95zeusxp5%E0%A6%95mail%E0%A6%95new" "Mozilla/5.0 AppleWebKit/537.36 (KHTML, like Gecko; compatible; GPTBot/1.3; +https://openai.com/gptbot)"
74.7.243.249 - - [05/Feb/2026:01:18:57 -0500] "GET /about.php?e=dep_util.cpython-36.opt-2.pyc&q=%E0%A6%95%E0%A6%95lib64%E0%A6%95python3%E0%A6%976%E0%A6%95distutils%E0%A6%95__pycache__ HTTP/1.0" 404 236 "https://www.kamille.us/about.php?p=%E0%A6%95%E0%A6%95lib64%E0%A6%95python3%E0%A6%976%E0%A6%95distutils%E0%A6%95__pycache__" "Mozilla/5.0 AppleWebKit/537.36 (KHTML, like Gecko; compatible; GPTBot/1.3; +https://openai.com/gptbot)"
74.7.175.155 - - [05/Feb/2026:01:18:57 -0500] "GET /robots.txt HTTP/1.0" 404 236 "-" "Mozilla/5.0 (Macintosh; Intel Mac OS X 10_15_7) AppleWebKit/537.36 (KHTML, like Gecko) Chrome/131.0.0.0 Safari/537.36; compatible; OAI-SearchBot/1.3; robots.txt; +https://openai.com/searchbot"
74.7.241.25 - - [05/Feb/2026:01:19:25 -0500] "GET /about.php?q=%E0%A6%95home%E0%A6%95zeusxp5%E0%A6%95mail%E0%A6%95new&r=1751818107.M388573P2938156.ecngx285.inmotionhosting.com,S=26294,W=26657 HTTP/1.0" 404 236 "https://kamille.us/about.php?p=%E0%A6%95home%E0%A6%95zeusxp5%E0%A6%95mail%E0%A6%95new" "Mozilla/5.0 AppleWebKit/537.36 (KHTML, like Gecko; compatible; GPTBot/1.3; +https://openai.com/gptbot)"
74.7.228.50 - - [05/Feb/2026:01:19:25 -0500] "GET /robots.txt HTTP/1.0" 404 236 "-" "Mozilla/5.0 (Macintosh; Intel Mac OS X 10_15_7) AppleWebKit/537.36 (KHTML, like Gecko) Chrome/131.0.0.0 Safari/537.36; compatible; OAI-SearchBot/1.3; robots.txt; +https://openai.com/searchbot"
74.7.243.249 - - [05/Feb/2026:01:20:02 -0500] "GET /about.php?e=posixpath.cpython-36.opt-1.pyc&q=%E0%A6%95%E0%A6%95lib64%E0%A6%95python3%E0%A6%976%E0%A6%95__pycache__ HTTP/1.0" 404 236 "https://www.kamille.us/about.php?p=%E0%A6%95%E0%A6%95lib64%E0%A6%95python3%E0%A6%976%E0%A6%95__pycache__" "Mozilla/5.0 AppleWebKit/537.36 (KHTML, like Gecko; compatible; GPTBot/1.3; +https://openai.com/gptbot)"
74.7.241.25 - - [05/Feb/2026:01:20:25 -0500] "GET /about.php?d=1706118857.M445655P716706.ecngx285.inmotionhosting.com,S=47169,W=48457&q=%E0%A6%95home%E0%A6%95zeusxp5%E0%A6%95mail%E0%A6%95new HTTP/1.0" 404 236 "https://kamille.us/about.php?p=%E0%A6%95home%E0%A6%95zeusxp5%E0%A6%95mail%E0%A6%95new" "Mozilla/5.0 AppleWebKit/537.36 (KHTML, like Gecko; compatible; GPTBot/1.3; +https://openai.com/gptbot)"
74.7.243.249 - - [05/Feb/2026:01:21:03 -0500] "GET /about.php?d=config.cpython-38.pyc&q=%E0%A6%95%E0%A6%95lib64%E0%A6%95python3%E0%A6%978%E0%A6%95logging%E0%A6%95__pycache__ HTTP/1.0" 404 236 "https://www.kamille.us/about.php?p=%E0%A6%95%E0%A6%95lib64%E0%A6%95python3%E0%A6%978%E0%A6%95logging%E0%A6%95__pycache__" "Mozilla/5.0 AppleWebKit/537.36 (KHTML, like Gecko; compatible; GPTBot/1.3; +https://openai.com/gptbot)"
74.7.241.25 - - [05/Feb/2026:01:21:26 -0500] "GET /about.php?q=%E0%A6%95home%E0%A6%95zeusxp5%E0%A6%95mail%E0%A6%95new&r=1732062553.M652598P3761601.ecngx285.inmotionhosting.com,S=24435,W=24774 HTTP/1.0" 404 236 "https://kamille.us/about.php?p=%E0%A6%95home%E0%A6%95zeusxp5%E0%A6%95mail%E0%A6%95new" "Mozilla/5.0 AppleWebKit/537.36 (KHTML, like Gecko; compatible; GPTBot/1.3; +https://openai.com/gptbot)"
74.7.243.249 - - [05/Feb/2026:01:22:08 -0500] "GET /about.php?e=getpass.cpython-36.opt-1.pyc&q=%E0%A6%95%E0%A6%95lib64%E0%A6%95python3%E0%A6%976%E0%A6%95__pycache__ HTTP/1.0" 404 236 "https://www.kamille.us/about.php?p=%E0%A6%95%E0%A6%95lib64%E0%A6%95python3%E0%A6%976%E0%A6%95__pycache__" "Mozilla/5.0 AppleWebKit/537.36 (KHTML, like Gecko; compatible; GPTBot/1.3; +https://openai.com/gptbot)"
74.7.241.25 - - [05/Feb/2026:01:22:31 -0500] "GET /about.php?d=1662974579.M863775P2621919.ecngx285.inmotionhosting.com,S=14300,W=14709&q=%E0%A6%95home%E0%A6%95zeusxp5%E0%A6%95mail%E0%A6%95new HTTP/1.0" 404 236 "https://kamille.us/about.php?p=%E0%A6%95home%E0%A6%95zeusxp5%E0%A6%95mail%E0%A6%95new" "Mozilla/5.0 AppleWebKit/537.36 (KHTML, like Gecko; compatible; GPTBot/1.3; +https://openai.com/gptbot)"
74.7.243.249 - - [05/Feb/2026:01:23:10 -0500] "GET /about.php?q=%E0%A6%95%E0%A6%95usr%E0%A6%95lib64%E0%A6%95python3%E0%A6%976%E0%A6%95__pycache__&r=inspect.cpython-36.opt-2.pyc HTTP/1.0" 404 236 "https://www.kamille.us/about.php?p=%E0%A6%95%E0%A6%95usr%E0%A6%95lib64%E0%A6%95python3%E0%A6%976%E0%A6%95__pycache__" "Mozilla/5.0 AppleWebKit/537.36 (KHTML, like Gecko; compatible; GPTBot/1.3; +https://openai.com/gptbot)"
74.7.241.25 - - [05/Feb/2026:01:23:32 -0500] "GET /about.php?d=1652873749.M405659P3859675.ecngx285.inmotionhosting.com,S=14293,W=14700&q=%E0%A6%95home%E0%A6%95zeusxp5%E0%A6%95mail%E0%A6%95new HTTP/1.0" 404 236 "https://kamille.us/about.php?p=%E0%A6%95home%E0%A6%95zeusxp5%E0%A6%95mail%E0%A6%95new" "Mozilla/5.0 AppleWebKit/537.36 (KHTML, like Gecko; compatible; GPTBot/1.3; +https://openai.com/gptbot)"
173.231.242.79 - - [05/Feb/2026:01:24:14 -0500] "GET / HTTP/1.0" 200 1 "-" "python-requests/2.9.1"
74.7.243.249 - - [05/Feb/2026:01:24:15 -0500] "GET /about.php?e=nturl2path.cpython-36.opt-1.pyc&q=%E0%A6%95%E0%A6%95usr%E0%A6%95lib64%E0%A6%95python3%E0%A6%976%E0%A6%95__pycache__ HTTP/1.0" 404 236 "https://www.kamille.us/about.php?p=%E0%A6%95%E0%A6%95usr%E0%A6%95lib64%E0%A6%95python3%E0%A6%976%E0%A6%95__pycache__" "Mozilla/5.0 AppleWebKit/537.36 (KHTML, like Gecko; compatible; GPTBot/1.3; +https://openai.com/gptbot)"
74.7.175.155 - - [05/Feb/2026:01:24:16 -0500] "GET /robots.txt HTTP/1.0" 404 236 "-" "Mozilla/5.0 (Macintosh; Intel Mac OS X 10_15_7) AppleWebKit/537.36 (KHTML, like Gecko) Chrome/131.0.0.0 Safari/537.36; compatible; OAI-SearchBot/1.3; robots.txt; +https://openai.com/searchbot"
74.7.241.25 - - [05/Feb/2026:01:24:36 -0500] "GET /about.php?d=1721896528.M712862P1907385.ecngx285.inmotionhosting.com,S=24162,W=24497&q=%E0%A6%95home%E0%A6%95zeusxp5%E0%A6%95mail%E0%A6%95new HTTP/1.0" 404 236 "https://kamille.us/about.php?p=%E0%A6%95home%E0%A6%95zeusxp5%E0%A6%95mail%E0%A6%95new" "Mozilla/5.0 AppleWebKit/537.36 (KHTML, like Gecko; compatible; GPTBot/1.3; +https://openai.com/gptbot)"
74.7.228.50 - - [05/Feb/2026:01:24:36 -0500] "GET /robots.txt HTTP/1.0" 404 236 "-" "Mozilla/5.0 (Macintosh; Intel Mac OS X 10_15_7) AppleWebKit/537.36 (KHTML, like Gecko) Chrome/131.0.0.0 Safari/537.36; compatible; OAI-SearchBot/1.3; robots.txt; +https://openai.com/searchbot"
74.7.243.249 - - [05/Feb/2026:01:25:16 -0500] "GET /about.php?e=datetime.cpython-36.opt-1.pyc&q=%E0%A6%95%E0%A6%95lib64%E0%A6%95python3%E0%A6%976%E0%A6%95__pycache__ HTTP/1.0" 404 236 "https://www.kamille.us/about.php?p=%E0%A6%95%E0%A6%95lib64%E0%A6%95python3%E0%A6%976%E0%A6%95__pycache__" "Mozilla/5.0 AppleWebKit/537.36 (KHTML, like Gecko; compatible; GPTBot/1.3; +https://openai.com/gptbot)"
74.7.241.25 - - [05/Feb/2026:01:25:37 -0500] "GET /about.php?q=%E0%A6%95home%E0%A6%95zeusxp5%E0%A6%95mail%E0%A6%95new&r=1676947068.M619458P3361624.ecngx285.inmotionhosting.com,S=49813,W=50406 HTTP/1.0" 404 236 "https://kamille.us/about.php?p=%E0%A6%95home%E0%A6%95zeusxp5%E0%A6%95mail%E0%A6%95new" "Mozilla/5.0 AppleWebKit/537.36 (KHTML, like Gecko; compatible; GPTBot/1.3; +https://openai.com/gptbot)"
74.7.243.249 - - [05/Feb/2026:01:26:16 -0500] "GET /about.php?q=%E0%A6%95%E0%A6%95lib64%E0%A6%95python3%E0%A6%976%E0%A6%95importlib%E0%A6%95__pycache__&r=util.cpython-36.opt-2.pyc HTTP/1.0" 404 236 "https://www.kamille.us/about.php?p=%E0%A6%95%E0%A6%95lib64%E0%A6%95python3%E0%A6%976%E0%A6%95importlib%E0%A6%95__pycache__" "Mozilla/5.0 AppleWebKit/537.36 (KHTML, like Gecko; compatible; GPTBot/1.3; +https://openai.com/gptbot)"
74.7.241.25 - - [05/Feb/2026:01:26:41 -0500] "GET /about.php?e=1745269220.M679409P1300611.ecngx285.inmotionhosting.com,S=21199,W=21496&q=%E0%A6%95home%E0%A6%95zeusxp5%E0%A6%95mail%E0%A6%95new HTTP/1.0" 404 236 "https://kamille.us/about.php?p=%E0%A6%95home%E0%A6%95zeusxp5%E0%A6%95mail%E0%A6%95new" "Mozilla/5.0 AppleWebKit/537.36 (KHTML, like Gecko; compatible; GPTBot/1.3; +https://openai.com/gptbot)"
74.7.243.249 - - [05/Feb/2026:01:27:18 -0500] "GET /about.php?e=numbers.cpython-36.opt-1.pyc&q=%E0%A6%95%E0%A6%95usr%E0%A6%95lib64%E0%A6%95python3%E0%A6%976%E0%A6%95__pycache__ HTTP/1.0" 404 236 "https://www.kamille.us/about.php?p=%E0%A6%95%E0%A6%95usr%E0%A6%95lib64%E0%A6%95python3%E0%A6%976%E0%A6%95__pycache__" "Mozilla/5.0 AppleWebKit/537.36 (KHTML, like Gecko; compatible; GPTBot/1.3; +https://openai.com/gptbot)"
74.7.241.25 - - [05/Feb/2026:01:27:42 -0500] "GET /about.php?d=1686261185.M199813P1176010.ecngx285.inmotionhosting.com,S=45899,W=46434&q=%E0%A6%95home%E0%A6%95zeusxp5%E0%A6%95mail%E0%A6%95new HTTP/1.0" 404 236 "https://kamille.us/about.php?p=%E0%A6%95home%E0%A6%95zeusxp5%E0%A6%95mail%E0%A6%95new" "Mozilla/5.0 AppleWebKit/537.36 (KHTML, like Gecko; compatible; GPTBot/1.3; +https://openai.com/gptbot)"
74.7.243.249 - - [05/Feb/2026:01:28:22 -0500] "GET /about.php?e=colorsys.cpython-36.opt-1.pyc&q=%E0%A6%95%E0%A6%95lib64%E0%A6%95python3%E0%A6%976%E0%A6%95__pycache__ HTTP/1.0" 404 236 "https://www.kamille.us/about.php?p=%E0%A6%95%E0%A6%95lib64%E0%A6%95python3%E0%A6%976%E0%A6%95__pycache__" "Mozilla/5.0 AppleWebKit/537.36 (KHTML, like Gecko; compatible; GPTBot/1.3; +https://openai.com/gptbot)"
74.7.241.25 - - [05/Feb/2026:01:28:43 -0500] "GET /about.php?q=%E0%A6%95home%E0%A6%95zeusxp5%E0%A6%95mail%E0%A6%95new&r=1747240833.M309085P1311840.ecngx285.inmotionhosting.com,S=23859,W=24190 HTTP/1.0" 404 236 "https://kamille.us/about.php?p=%E0%A6%95home%E0%A6%95zeusxp5%E0%A6%95mail%E0%A6%95new" "Mozilla/5.0 AppleWebKit/537.36 (KHTML, like Gecko; compatible; GPTBot/1.3; +https://openai.com/gptbot)"
74.7.243.249 - - [05/Feb/2026:01:29:24 -0500] "GET /about.php?q=%E0%A6%95%E0%A6%95lib64%E0%A6%95python3%E0%A6%976%E0%A6%95logging%E0%A6%95__pycache__&r=config.cpython-36.pyc HTTP/1.0" 404 236 "https://www.kamille.us/about.php?p=%E0%A6%95%E0%A6%95lib64%E0%A6%95python3%E0%A6%976%E0%A6%95logging%E0%A6%95__pycache__" "Mozilla/5.0 AppleWebKit/537.36 (KHTML, like Gecko; compatible; GPTBot/1.3; +https://openai.com/gptbot)"
74.7.175.155 - - [05/Feb/2026:01:29:24 -0500] "GET /robots.txt HTTP/1.0" 404 236 "-" "Mozilla/5.0 (Macintosh; Intel Mac OS X 10_15_7) AppleWebKit/537.36 (KHTML, like Gecko) Chrome/131.0.0.0 Safari/537.36; compatible; OAI-SearchBot/1.3; robots.txt; +https://openai.com/searchbot"
74.7.241.25 - - [05/Feb/2026:01:29:49 -0500] "GET /about.php?q=%E0%A6%95home%E0%A6%95zeusxp5%E0%A6%95mail%E0%A6%95new&r=1727016176.M714282P1816530.ecngx285.inmotionhosting.com,S=27030,W=27403 HTTP/1.0" 404 236 "https://kamille.us/about.php?p=%E0%A6%95home%E0%A6%95zeusxp5%E0%A6%95mail%E0%A6%95new" "Mozilla/5.0 AppleWebKit/537.36 (KHTML, like Gecko; compatible; GPTBot/1.3; +https://openai.com/gptbot)"
74.7.228.50 - - [05/Feb/2026:01:29:49 -0500] "GET /robots.txt HTTP/1.0" 404 236 "-" "Mozilla/5.0 (Macintosh; Intel Mac OS X 10_15_7) AppleWebKit/537.36 (KHTML, like Gecko) Chrome/131.0.0.0 Safari/537.36; compatible; OAI-SearchBot/1.3; robots.txt; +https://openai.com/searchbot"
74.7.243.249 - - [05/Feb/2026:01:30:27 -0500] "GET /about.php?e=idna.cpython-36.opt-2.pyc&q=%E0%A6%95%E0%A6%95lib64%E0%A6%95python3%E0%A6%976%E0%A6%95encodings%E0%A6%95__pycache__ HTTP/1.0" 404 236 "https://www.kamille.us/about.php?p=%E0%A6%95%E0%A6%95lib64%E0%A6%95python3%E0%A6%976%E0%A6%95encodings%E0%A6%95__pycache__" "Mozilla/5.0 AppleWebKit/537.36 (KHTML, like Gecko; compatible; GPTBot/1.3; +https://openai.com/gptbot)"
74.7.241.25 - - [05/Feb/2026:01:30:54 -0500] "GET /about.php?e=1748093398.M181103P1223614.ecngx285.inmotionhosting.com,S=23413,W=23739&q=%E0%A6%95home%E0%A6%95zeusxp5%E0%A6%95mail%E0%A6%95new HTTP/1.0" 404 236 "https://kamille.us/about.php?p=%E0%A6%95home%E0%A6%95zeusxp5%E0%A6%95mail%E0%A6%95new" "Mozilla/5.0 AppleWebKit/537.36 (KHTML, like Gecko; compatible; GPTBot/1.3; +https://openai.com/gptbot)"
74.7.243.249 - - [05/Feb/2026:01:31:32 -0500] "GET /about.php?q=%E0%A6%95%E0%A6%95usr%E0%A6%95lib64%E0%A6%95qt5%E0%A6%95qml%E0%A6%95QtMultimedia&r=libdeclarative_multimedia.so HTTP/1.0" 404 236 "https://www.kamille.us/about.php?p=%E0%A6%95%E0%A6%95usr%E0%A6%95lib64%E0%A6%95qt5%E0%A6%95qml%E0%A6%95QtMultimedia" "Mozilla/5.0 AppleWebKit/537.36 (KHTML, like Gecko; compatible; GPTBot/1.3; +https://openai.com/gptbot)"
74.7.241.25 - - [05/Feb/2026:01:31:57 -0500] "GET /about.php?d=1652883673.M803918P3865960.ecngx285.inmotionhosting.com,S=53918,W=54531&q=%E0%A6%95home%E0%A6%95zeusxp5%E0%A6%95mail%E0%A6%95new HTTP/1.0" 404 236 "https://kamille.us/about.php?p=%E0%A6%95home%E0%A6%95zeusxp5%E0%A6%95mail%E0%A6%95new" "Mozilla/5.0 AppleWebKit/537.36 (KHTML, like Gecko; compatible; GPTBot/1.3; +https://openai.com/gptbot)"
74.7.243.249 - - [05/Feb/2026:01:32:35 -0500] "GET /about.php?q=%E0%A6%95home%E0%A6%95zeusxp5%E0%A6%95etc%E0%A6%95zenoxpressalongside%E0%A6%97com%E0%A6%95%40pwcache&r=notification HTTP/1.0" 404 236 "https://www.kamille.us/about.php?p=%E0%A6%95home%E0%A6%95zeusxp5%E0%A6%95etc%E0%A6%95zenoxpressalongside%E0%A6%97com%E0%A6%95%40pwcache" "Mozilla/5.0 AppleWebKit/537.36 (KHTML, like Gecko; compatible; GPTBot/1.3; +https://openai.com/gptbot)"
74.7.241.25 - - [05/Feb/2026:01:32:57 -0500] "GET /about.php?d=1742407592.M146438P2612277.ecngx285.inmotionhosting.com,S=23790,W=24120&q=%E0%A6%95home%E0%A6%95zeusxp5%E0%A6%95mail%E0%A6%95new HTTP/1.0" 404 236 "https://kamille.us/about.php?p=%E0%A6%95home%E0%A6%95zeusxp5%E0%A6%95mail%E0%A6%95new" "Mozilla/5.0 AppleWebKit/537.36 (KHTML, like Gecko; compatible; GPTBot/1.3; +https://openai.com/gptbot)"
74.7.243.249 - - [05/Feb/2026:01:33:40 -0500] "GET /about.php?d=contextlib.cpython-36.opt-1.pyc&q=%E0%A6%95%E0%A6%95lib64%E0%A6%95python3%E0%A6%976%E0%A6%95__pycache__ HTTP/1.0" 404 236 "https://www.kamille.us/about.php?p=%E0%A6%95%E0%A6%95lib64%E0%A6%95python3%E0%A6%976%E0%A6%95__pycache__" "Mozilla/5.0 AppleWebKit/537.36 (KHTML, like Gecko; compatible; GPTBot/1.3; +https://openai.com/gptbot)"
74.7.241.25 - - [05/Feb/2026:01:34:00 -0500] "GET /about.php?q=%E0%A6%95home%E0%A6%95zeusxp5%E0%A6%95mail%E0%A6%95new&r=1701769844.M439741P4030954.ecngx285.inmotionhosting.com,S=43097,W=44318 HTTP/1.0" 404 236 "https://kamille.us/about.php?p=%E0%A6%95home%E0%A6%95zeusxp5%E0%A6%95mail%E0%A6%95new" "Mozilla/5.0 AppleWebKit/537.36 (KHTML, like Gecko; compatible; GPTBot/1.3; +https://openai.com/gptbot)"
74.7.243.249 - - [05/Feb/2026:01:34:42 -0500] "GET /about.php?q=%E0%A6%95%E0%A6%95usr%E0%A6%95lib64%E0%A6%95python3%E0%A6%976%E0%A6%95__pycache__&r=socketserver.cpython-36.pyc HTTP/1.0" 404 236 "https://www.kamille.us/about.php?p=%E0%A6%95%E0%A6%95usr%E0%A6%95lib64%E0%A6%95python3%E0%A6%976%E0%A6%95__pycache__" "Mozilla/5.0 AppleWebKit/537.36 (KHTML, like Gecko; compatible; GPTBot/1.3; +https://openai.com/gptbot)"
74.7.175.155 - - [05/Feb/2026:01:34:42 -0500] "GET /robots.txt HTTP/1.0" 404 236 "-" "Mozilla/5.0 (Macintosh; Intel Mac OS X 10_15_7) AppleWebKit/537.36 (KHTML, like Gecko) Chrome/131.0.0.0 Safari/537.36; compatible; OAI-SearchBot/1.3; robots.txt; +https://openai.com/searchbot"
74.7.241.25 - - [05/Feb/2026:01:35:03 -0500] "GET /about.php?q=%E0%A6%95home%E0%A6%95zeusxp5%E0%A6%95mail%E0%A6%95new&r=1679773610.M636250P814022.ecngx285.inmotionhosting.com,S=49924,W=50519 HTTP/1.0" 404 236 "https://kamille.us/about.php?p=%E0%A6%95home%E0%A6%95zeusxp5%E0%A6%95mail%E0%A6%95new" "Mozilla/5.0 AppleWebKit/537.36 (KHTML, like Gecko; compatible; GPTBot/1.3; +https://openai.com/gptbot)"
74.7.228.50 - - [05/Feb/2026:01:35:03 -0500] "GET /robots.txt HTTP/1.0" 404 236 "-" "Mozilla/5.0 (Macintosh; Intel Mac OS X 10_15_7) AppleWebKit/537.36 (KHTML, like Gecko) Chrome/131.0.0.0 Safari/537.36; compatible; OAI-SearchBot/1.3; robots.txt; +https://openai.com/searchbot"
74.7.243.249 - - [05/Feb/2026:01:35:43 -0500] "GET /about.php?e=socketserver.cpython-36.pyc&q=%E0%A6%95%E0%A6%95usr%E0%A6%95lib64%E0%A6%95python3%E0%A6%976%E0%A6%95__pycache__ HTTP/1.0" 404 236 "https://www.kamille.us/about.php?p=%E0%A6%95%E0%A6%95usr%E0%A6%95lib64%E0%A6%95python3%E0%A6%976%E0%A6%95__pycache__" "Mozilla/5.0 AppleWebKit/537.36 (KHTML, like Gecko; compatible; GPTBot/1.3; +https://openai.com/gptbot)"
74.7.241.25 - - [05/Feb/2026:01:36:07 -0500] "GET /about.php?d=1652900896.M821391P2961310.ecngx285.inmotionhosting.com,S=17128,W=17579&q=%E0%A6%95home%E0%A6%95zeusxp5%E0%A6%95mail%E0%A6%95new HTTP/1.0" 404 236 "https://kamille.us/about.php?p=%E0%A6%95home%E0%A6%95zeusxp5%E0%A6%95mail%E0%A6%95new" "Mozilla/5.0 AppleWebKit/537.36 (KHTML, like Gecko; compatible; GPTBot/1.3; +https://openai.com/gptbot)"
74.7.243.249 - - [05/Feb/2026:01:36:46 -0500] "GET /about.php?e=formatter.cpython-36.pyc&q=%E0%A6%95%E0%A6%95usr%E0%A6%95lib64%E0%A6%95python3%E0%A6%976%E0%A6%95__pycache__ HTTP/1.0" 404 236 "https://www.kamille.us/about.php?p=%E0%A6%95%E0%A6%95usr%E0%A6%95lib64%E0%A6%95python3%E0%A6%976%E0%A6%95__pycache__" "Mozilla/5.0 AppleWebKit/537.36 (KHTML, like Gecko; compatible; GPTBot/1.3; +https://openai.com/gptbot)"
74.7.241.25 - - [05/Feb/2026:01:37:10 -0500] "GET /about.php?d=1651508005.M170307P2873865.ecngx285.inmotionhosting.com,S=13801,W=14199&q=%E0%A6%95home%E0%A6%95zeusxp5%E0%A6%95mail%E0%A6%95new HTTP/1.0" 404 236 "https://kamille.us/about.php?p=%E0%A6%95home%E0%A6%95zeusxp5%E0%A6%95mail%E0%A6%95new" "Mozilla/5.0 AppleWebKit/537.36 (KHTML, like Gecko; compatible; GPTBot/1.3; +https://openai.com/gptbot)"
74.7.243.249 - - [05/Feb/2026:01:37:49 -0500] "GET /about.php?q=%E0%A6%95%E0%A6%95lib64%E0%A6%95python3%E0%A6%976%E0%A6%95__pycache__&r=_compat_pickle.cpython-36.pyc HTTP/1.0" 404 236 "https://www.kamille.us/about.php?p=%E0%A6%95%E0%A6%95lib64%E0%A6%95python3%E0%A6%976%E0%A6%95__pycache__" "Mozilla/5.0 AppleWebKit/537.36 (KHTML, like Gecko; compatible; GPTBot/1.3; +https://openai.com/gptbot)"
74.7.241.25 - - [05/Feb/2026:01:38:14 -0500] "GET /about.php?q=%E0%A6%95home%E0%A6%95zeusxp5%E0%A6%95mail%E0%A6%95new&r=1752340597.M858153P2805180.ecngx285.inmotionhosting.com,S=33482,W=33941 HTTP/1.0" 404 236 "https://kamille.us/about.php?p=%E0%A6%95home%E0%A6%95zeusxp5%E0%A6%95mail%E0%A6%95new" "Mozilla/5.0 AppleWebKit/537.36 (KHTML, like Gecko; compatible; GPTBot/1.3; +https://openai.com/gptbot)"
74.7.243.249 - - [05/Feb/2026:01:38:54 -0500] "GET /about.php?q=%E0%A6%95%E0%A6%95lib64%E0%A6%95python3%E0%A6%976%E0%A6%95__pycache__&r=reprlib.cpython-36.opt-1.pyc HTTP/1.0" 404 236 "https://www.kamille.us/about.php?p=%E0%A6%95%E0%A6%95lib64%E0%A6%95python3%E0%A6%976%E0%A6%95__pycache__" "Mozilla/5.0 AppleWebKit/537.36 (KHTML, like Gecko; compatible; GPTBot/1.3; +https://openai.com/gptbot)"
74.7.241.25 - - [05/Feb/2026:01:39:15 -0500] "GET /about.php?e=1744216373.M367958P1383646.ecngx285.inmotionhosting.com,S=26621,W=26988&q=%E0%A6%95home%E0%A6%95zeusxp5%E0%A6%95mail%E0%A6%95new HTTP/1.0" 404 236 "https://kamille.us/about.php?p=%E0%A6%95home%E0%A6%95zeusxp5%E0%A6%95mail%E0%A6%95new" "Mozilla/5.0 AppleWebKit/537.36 (KHTML, like Gecko; compatible; GPTBot/1.3; +https://openai.com/gptbot)"
74.7.243.249 - - [05/Feb/2026:01:39:58 -0500] "GET /about.php?q=%E0%A6%95%E0%A6%95usr%E0%A6%95lib64%E0%A6%95python3%E0%A6%976%E0%A6%95__pycache__&r=plistlib.cpython-36.opt-1.pyc HTTP/1.0" 404 236 "https://www.kamille.us/about.php?p=%E0%A6%95%E0%A6%95usr%E0%A6%95lib64%E0%A6%95python3%E0%A6%976%E0%A6%95__pycache__" "Mozilla/5.0 AppleWebKit/537.36 (KHTML, like Gecko; compatible; GPTBot/1.3; +https://openai.com/gptbot)"
74.7.175.155 - - [05/Feb/2026:01:39:59 -0500] "GET /robots.txt HTTP/1.0" 404 236 "-" "Mozilla/5.0 (Macintosh; Intel Mac OS X 10_15_7) AppleWebKit/537.36 (KHTML, like Gecko) Chrome/131.0.0.0 Safari/537.36; compatible; OAI-SearchBot/1.3; robots.txt; +https://openai.com/searchbot"
74.7.241.25 - - [05/Feb/2026:01:40:19 -0500] "GET /about.php?e=1735243986.M566938P137881.ecngx285.inmotionhosting.com,S=24622,W=24964&q=%E0%A6%95home%E0%A6%95zeusxp5%E0%A6%95mail%E0%A6%95new HTTP/1.0" 404 236 "https://kamille.us/about.php?p=%E0%A6%95home%E0%A6%95zeusxp5%E0%A6%95mail%E0%A6%95new" "Mozilla/5.0 AppleWebKit/537.36 (KHTML, like Gecko; compatible; GPTBot/1.3; +https://openai.com/gptbot)"
74.7.228.50 - - [05/Feb/2026:01:40:19 -0500] "GET /robots.txt HTTP/1.0" 404 236 "-" "Mozilla/5.0 (Macintosh; Intel Mac OS X 10_15_7) AppleWebKit/537.36 (KHTML, like Gecko) Chrome/131.0.0.0 Safari/537.36; compatible; OAI-SearchBot/1.3; robots.txt; +https://openai.com/searchbot"
74.7.243.249 - - [05/Feb/2026:01:40:59 -0500] "GET /about.php?q=%E0%A6%95%E0%A6%95lib64%E0%A6%95python3%E0%A6%976%E0%A6%95encodings%E0%A6%95__pycache__&r=base64_codec.cpython-36.pyc HTTP/1.0" 404 236 "https://www.kamille.us/about.php?p=%E0%A6%95%E0%A6%95lib64%E0%A6%95python3%E0%A6%976%E0%A6%95encodings%E0%A6%95__pycache__" "Mozilla/5.0 AppleWebKit/537.36 (KHTML, like Gecko; compatible; GPTBot/1.3; +https://openai.com/gptbot)"
74.7.241.25 - - [05/Feb/2026:01:41:21 -0500] "GET /about.php?e=1746203896.M269722P3185241.ecngx285.inmotionhosting.com,S=22743,W=23060&q=%E0%A6%95home%E0%A6%95zeusxp5%E0%A6%95mail%E0%A6%95new HTTP/1.0" 404 236 "https://kamille.us/about.php?p=%E0%A6%95home%E0%A6%95zeusxp5%E0%A6%95mail%E0%A6%95new" "Mozilla/5.0 AppleWebKit/537.36 (KHTML, like Gecko; compatible; GPTBot/1.3; +https://openai.com/gptbot)"
74.7.243.249 - - [05/Feb/2026:01:42:00 -0500] "GET /about.php?e=base_subprocess.cpython-38.pyc&q=%E0%A6%95%E0%A6%95lib64%E0%A6%95python3%E0%A6%978%E0%A6%95asyncio%E0%A6%95__pycache__ HTTP/1.0" 404 236 "https://www.kamille.us/about.php?p=%E0%A6%95%E0%A6%95lib64%E0%A6%95python3%E0%A6%978%E0%A6%95asyncio%E0%A6%95__pycache__" "Mozilla/5.0 AppleWebKit/537.36 (KHTML, like Gecko; compatible; GPTBot/1.3; +https://openai.com/gptbot)"
74.7.241.25 - - [05/Feb/2026:01:42:26 -0500] "GET /about.php?q=%E0%A6%95home%E0%A6%95zeusxp5%E0%A6%95mail%E0%A6%95new&r=1748240282.M315638P2230072.ecngx285.inmotionhosting.com,S=27335,W=27712 HTTP/1.0" 404 236 "https://kamille.us/about.php?p=%E0%A6%95home%E0%A6%95zeusxp5%E0%A6%95mail%E0%A6%95new" "Mozilla/5.0 AppleWebKit/537.36 (KHTML, like Gecko; compatible; GPTBot/1.3; +https://openai.com/gptbot)"
74.7.243.249 - - [05/Feb/2026:01:43:02 -0500] "GET /about.php?d=telnetlib.cpython-36.opt-1.pyc&q=%E0%A6%95%E0%A6%95lib64%E0%A6%95python3%E0%A6%976%E0%A6%95__pycache__ HTTP/1.0" 404 236 "https://www.kamille.us/about.php?p=%E0%A6%95%E0%A6%95lib64%E0%A6%95python3%E0%A6%976%E0%A6%95__pycache__" "Mozilla/5.0 AppleWebKit/537.36 (KHTML, like Gecko; compatible; GPTBot/1.3; +https://openai.com/gptbot)"
74.7.241.25 - - [05/Feb/2026:01:43:31 -0500] "GET /about.php?d=1683194003.M915367P2430402.ecngx285.inmotionhosting.com,S=45024,W=45561&q=%E0%A6%95home%E0%A6%95zeusxp5%E0%A6%95mail%E0%A6%95new HTTP/1.0" 404 236 "https://kamille.us/about.php?p=%E0%A6%95home%E0%A6%95zeusxp5%E0%A6%95mail%E0%A6%95new" "Mozilla/5.0 AppleWebKit/537.36 (KHTML, like Gecko; compatible; GPTBot/1.3; +https://openai.com/gptbot)"
74.7.243.249 - - [05/Feb/2026:01:44:02 -0500] "GET /about.php?d=hz.cpython-36.opt-1.pyc&q=%E0%A6%95%E0%A6%95lib64%E0%A6%95python3%E0%A6%976%E0%A6%95encodings%E0%A6%95__pycache__ HTTP/1.0" 404 236 "https://www.kamille.us/about.php?p=%E0%A6%95%E0%A6%95lib64%E0%A6%95python3%E0%A6%976%E0%A6%95encodings%E0%A6%95__pycache__" "Mozilla/5.0 AppleWebKit/537.36 (KHTML, like Gecko; compatible; GPTBot/1.3; +https://openai.com/gptbot)"
74.7.241.25 - - [05/Feb/2026:01:44:34 -0500] "GET /about.php?d=1747573669.M390654P468570.ecngx285.inmotionhosting.com,S=22737,W=23054&q=%E0%A6%95home%E0%A6%95zeusxp5%E0%A6%95mail%E0%A6%95new HTTP/1.0" 404 236 "https://kamille.us/about.php?p=%E0%A6%95home%E0%A6%95zeusxp5%E0%A6%95mail%E0%A6%95new" "Mozilla/5.0 AppleWebKit/537.36 (KHTML, like Gecko; compatible; GPTBot/1.3; +https://openai.com/gptbot)"
74.7.243.249 - - [05/Feb/2026:01:45:05 -0500] "GET /about.php?q=%E0%A6%95home%E0%A6%95zeusxp5%E0%A6%95fleetmanager%E0%A6%97zeusxpressalongside%E0%A6%97com%E0%A6%95css&r=.htaccess HTTP/1.0" 404 236 "https://www.kamille.us/about.php?p=%E0%A6%95home%E0%A6%95zeusxp5%E0%A6%95fleetmanager%E0%A6%97zeusxpressalongside%E0%A6%97com%E0%A6%95css" "Mozilla/5.0 AppleWebKit/537.36 (KHTML, like Gecko; compatible; GPTBot/1.3; +https://openai.com/gptbot)"
74.7.175.155 - - [05/Feb/2026:01:45:05 -0500] "GET /robots.txt HTTP/1.0" 404 236 "-" "Mozilla/5.0 (Macintosh; Intel Mac OS X 10_15_7) AppleWebKit/537.36 (KHTML, like Gecko) Chrome/131.0.0.0 Safari/537.36; compatible; OAI-SearchBot/1.3; robots.txt; +https://openai.com/searchbot"
74.7.241.25 - - [05/Feb/2026:01:45:37 -0500] "GET /about.php?d=1651005768.M496021P3351873.ecngx285.inmotionhosting.com,S=17533,W=17987&q=%E0%A6%95home%E0%A6%95zeusxp5%E0%A6%95mail%E0%A6%95new HTTP/1.0" 404 236 "https://kamille.us/about.php?p=%E0%A6%95home%E0%A6%95zeusxp5%E0%A6%95mail%E0%A6%95new" "Mozilla/5.0 AppleWebKit/537.36 (KHTML, like Gecko; compatible; GPTBot/1.3; +https://openai.com/gptbot)"
74.7.228.50 - - [05/Feb/2026:01:45:37 -0500] "GET /robots.txt HTTP/1.0" 404 236 "-" "Mozilla/5.0 (Macintosh; Intel Mac OS X 10_15_7) AppleWebKit/537.36 (KHTML, like Gecko) Chrome/131.0.0.0 Safari/537.36; compatible; OAI-SearchBot/1.3; robots.txt; +https://openai.com/searchbot"
74.7.243.249 - - [05/Feb/2026:01:46:10 -0500] "GET /about.php?e=pathlib.cpython-36.opt-2.pyc&q=%E0%A6%95%E0%A6%95usr%E0%A6%95lib64%E0%A6%95python3%E0%A6%976%E0%A6%95__pycache__ HTTP/1.0" 404 236 "https://www.kamille.us/about.php?p=%E0%A6%95%E0%A6%95usr%E0%A6%95lib64%E0%A6%95python3%E0%A6%976%E0%A6%95__pycache__" "Mozilla/5.0 AppleWebKit/537.36 (KHTML, like Gecko; compatible; GPTBot/1.3; +https://openai.com/gptbot)"
74.7.241.25 - - [05/Feb/2026:01:46:42 -0500] "GET /about.php?d=1718053561.M249686P3040867.ecngx285.inmotionhosting.com,S=22807,W=23125&q=%E0%A6%95home%E0%A6%95zeusxp5%E0%A6%95mail%E0%A6%95new HTTP/1.0" 404 236 "https://kamille.us/about.php?p=%E0%A6%95home%E0%A6%95zeusxp5%E0%A6%95mail%E0%A6%95new" "Mozilla/5.0 AppleWebKit/537.36 (KHTML, like Gecko; compatible; GPTBot/1.3; +https://openai.com/gptbot)"
74.7.243.249 - - [05/Feb/2026:01:47:13 -0500] "GET /about.php?q=%E0%A6%95home%E0%A6%95zeusxp5%E0%A6%95tmp%E0%A6%95pma_template_compiles_bmadison%E0%A6%95twig%E0%A6%9563&upload HTTP/1.0" 404 236 "https://www.kamille.us/about.php?p=%E0%A6%95home%E0%A6%95zeusxp5%E0%A6%95tmp%E0%A6%95pma_template_compiles_bmadison%E0%A6%95twig%E0%A6%9563" "Mozilla/5.0 AppleWebKit/537.36 (KHTML, like Gecko; compatible; GPTBot/1.3; +https://openai.com/gptbot)"
74.7.241.25 - - [05/Feb/2026:01:47:46 -0500] "GET /about.php?d=1735334237.M424108P2962506.ecngx285.inmotionhosting.com,S=23722,W=24052&q=%E0%A6%95home%E0%A6%95zeusxp5%E0%A6%95mail%E0%A6%95new HTTP/1.0" 404 236 "https://kamille.us/about.php?p=%E0%A6%95home%E0%A6%95zeusxp5%E0%A6%95mail%E0%A6%95new" "Mozilla/5.0 AppleWebKit/537.36 (KHTML, like Gecko; compatible; GPTBot/1.3; +https://openai.com/gptbot)"
74.7.243.249 - - [05/Feb/2026:01:48:16 -0500] "GET /about.php?q=%E0%A6%95%E0%A6%95usr%E0%A6%95lib64%E0%A6%95python3%E0%A6%978%E0%A6%95__pycache__&r=selectors.cpython-38.pyc HTTP/1.0" 404 236 "https://www.kamille.us/about.php?p=%E0%A6%95%E0%A6%95usr%E0%A6%95lib64%E0%A6%95python3%E0%A6%978%E0%A6%95__pycache__" "Mozilla/5.0 AppleWebKit/537.36 (KHTML, like Gecko; compatible; GPTBot/1.3; +https://openai.com/gptbot)"
74.7.241.25 - - [05/Feb/2026:01:48:47 -0500] "GET /about.php?d=1705704820.M519163P3626794.ecngx285.inmotionhosting.com,S=47183,W=48471&q=%E0%A6%95home%E0%A6%95zeusxp5%E0%A6%95mail%E0%A6%95new HTTP/1.0" 404 236 "https://kamille.us/about.php?p=%E0%A6%95home%E0%A6%95zeusxp5%E0%A6%95mail%E0%A6%95new" "Mozilla/5.0 AppleWebKit/537.36 (KHTML, like Gecko; compatible; GPTBot/1.3; +https://openai.com/gptbot)"
74.7.243.249 - - [05/Feb/2026:01:49:16 -0500] "GET /about.php?q=%E0%A6%95home%E0%A6%95zeusxp5%E0%A6%95kamilleinc%E0%A6%97com%E0%A6%95wp-includes%E0%A6%95abilities-api&upload HTTP/1.0" 404 236 "https://www.kamille.us/about.php?p=%E0%A6%95home%E0%A6%95zeusxp5%E0%A6%95kamilleinc%E0%A6%97com%E0%A6%95wp-includes%E0%A6%95abilities-api" "Mozilla/5.0 AppleWebKit/537.36 (KHTML, like Gecko; compatible; GPTBot/1.3; +https://openai.com/gptbot)"
74.7.241.25 - - [05/Feb/2026:01:49:52 -0500] "GET /about.php?q=%E0%A6%95home%E0%A6%95zeusxp5%E0%A6%95mail%E0%A6%95new&r=1671358914.M335463P2631947.ecngx285.inmotionhosting.com,S=49680,W=50273 HTTP/1.0" 404 236 "https://kamille.us/about.php?p=%E0%A6%95home%E0%A6%95zeusxp5%E0%A6%95mail%E0%A6%95new" "Mozilla/5.0 AppleWebKit/537.36 (KHTML, like Gecko; compatible; GPTBot/1.3; +https://openai.com/gptbot)"
74.7.243.249 - - [05/Feb/2026:01:50:22 -0500] "GET /about.php?d=inspect.cpython-36.opt-1.pyc&q=%E0%A6%95%E0%A6%95usr%E0%A6%95lib64%E0%A6%95python3%E0%A6%976%E0%A6%95__pycache__ HTTP/1.0" 404 236 "https://www.kamille.us/about.php?p=%E0%A6%95%E0%A6%95usr%E0%A6%95lib64%E0%A6%95python3%E0%A6%976%E0%A6%95__pycache__" "Mozilla/5.0 AppleWebKit/537.36 (KHTML, like Gecko; compatible; GPTBot/1.3; +https://openai.com/gptbot)"
74.7.175.155 - - [05/Feb/2026:01:50:22 -0500] "GET /robots.txt HTTP/1.0" 404 236 "-" "Mozilla/5.0 (Macintosh; Intel Mac OS X 10_15_7) AppleWebKit/537.36 (KHTML, like Gecko) Chrome/131.0.0.0 Safari/537.36; compatible; OAI-SearchBot/1.3; robots.txt; +https://openai.com/searchbot"
74.7.241.25 - - [05/Feb/2026:01:50:58 -0500] "GET /about.php?q=%E0%A6%95home%E0%A6%95zeusxp5%E0%A6%95mail%E0%A6%95new&r=1672331871.M621799P106604.ecngx285.inmotionhosting.com,S=49816,W=50409 HTTP/1.0" 404 236 "https://kamille.us/about.php?p=%E0%A6%95home%E0%A6%95zeusxp5%E0%A6%95mail%E0%A6%95new" "Mozilla/5.0 AppleWebKit/537.36 (KHTML, like Gecko; compatible; GPTBot/1.3; +https://openai.com/gptbot)"
74.7.228.50 - - [05/Feb/2026:01:50:59 -0500] "GET /robots.txt HTTP/1.0" 404 236 "-" "Mozilla/5.0 (Macintosh; Intel Mac OS X 10_15_7) AppleWebKit/537.36 (KHTML, like Gecko) Chrome/131.0.0.0 Safari/537.36; compatible; OAI-SearchBot/1.3; robots.txt; +https://openai.com/searchbot"
23.248.167.87 - - [05/Feb/2026:01:50:59 -0500] "GET /wp-login.php HTTP/1.0" 404 236 "-" "Mozilla/5.0"
74.7.243.249 - - [05/Feb/2026:01:51:25 -0500] "GET /about.php?e=entities.cpython-38.pyc&q=%E0%A6%95%E0%A6%95lib64%E0%A6%95python3%E0%A6%978%E0%A6%95html%E0%A6%95__pycache__ HTTP/1.0" 404 236 "https://www.kamille.us/about.php?p=%E0%A6%95%E0%A6%95lib64%E0%A6%95python3%E0%A6%978%E0%A6%95html%E0%A6%95__pycache__" "Mozilla/5.0 AppleWebKit/537.36 (KHTML, like Gecko; compatible; GPTBot/1.3; +https://openai.com/gptbot)"
74.7.241.25 - - [05/Feb/2026:01:52:04 -0500] "GET /about.php?e=1667688134.M426651P2945867.ecngx285.inmotionhosting.com,S=17217,W=17678&q=%E0%A6%95home%E0%A6%95zeusxp5%E0%A6%95mail%E0%A6%95new HTTP/1.0" 404 236 "https://kamille.us/about.php?p=%E0%A6%95home%E0%A6%95zeusxp5%E0%A6%95mail%E0%A6%95new" "Mozilla/5.0 AppleWebKit/537.36 (KHTML, like Gecko; compatible; GPTBot/1.3; +https://openai.com/gptbot)"
74.7.243.249 - - [05/Feb/2026:01:52:28 -0500] "GET /about.php?e=gettext.cpython-36.opt-2.pyc&q=%E0%A6%95%E0%A6%95lib64%E0%A6%95python3%E0%A6%976%E0%A6%95__pycache__ HTTP/1.0" 404 236 "https://www.kamille.us/about.php?p=%E0%A6%95%E0%A6%95lib64%E0%A6%95python3%E0%A6%976%E0%A6%95__pycache__" "Mozilla/5.0 AppleWebKit/537.36 (KHTML, like Gecko; compatible; GPTBot/1.3; +https://openai.com/gptbot)"
74.7.241.25 - - [05/Feb/2026:01:53:09 -0500] "GET /about.php?d=1724641168.M916841P712314.ecngx285.inmotionhosting.com,S=41646,W=42219&q=%E0%A6%95home%E0%A6%95zeusxp5%E0%A6%95mail%E0%A6%95new HTTP/1.0" 404 236 "https://kamille.us/about.php?p=%E0%A6%95home%E0%A6%95zeusxp5%E0%A6%95mail%E0%A6%95new" "Mozilla/5.0 AppleWebKit/537.36 (KHTML, like Gecko; compatible; GPTBot/1.3; +https://openai.com/gptbot)"
74.7.243.249 - - [05/Feb/2026:01:53:33 -0500] "GET /about.php?d=punycode.cpython-36.opt-1.pyc&q=%E0%A6%95%E0%A6%95lib64%E0%A6%95python3%E0%A6%976%E0%A6%95encodings%E0%A6%95__pycache__ HTTP/1.0" 404 236 "https://www.kamille.us/about.php?p=%E0%A6%95%E0%A6%95lib64%E0%A6%95python3%E0%A6%976%E0%A6%95encodings%E0%A6%95__pycache__" "Mozilla/5.0 AppleWebKit/537.36 (KHTML, like Gecko; compatible; GPTBot/1.3; +https://openai.com/gptbot)"
74.7.241.25 - - [05/Feb/2026:01:54:11 -0500] "GET /about.php?q=%E0%A6%95home%E0%A6%95zeusxp5%E0%A6%95mail%E0%A6%95new&r=1700434923.M245069P3264553.ecngx285.inmotionhosting.com,S=47303,W=48593 HTTP/1.0" 404 236 "https://kamille.us/about.php?p=%E0%A6%95home%E0%A6%95zeusxp5%E0%A6%95mail%E0%A6%95new" "Mozilla/5.0 AppleWebKit/537.36 (KHTML, like Gecko; compatible; GPTBot/1.3; +https://openai.com/gptbot)"
74.7.243.249 - - [05/Feb/2026:01:54:36 -0500] "GET /about.php?q=%E0%A6%95%E0%A6%95usr%E0%A6%95lib64%E0%A6%95python3%E0%A6%976%E0%A6%95__pycache__&r=argparse.cpython-36.opt-1.pyc HTTP/1.0" 404 236 "https://www.kamille.us/about.php?p=%E0%A6%95%E0%A6%95usr%E0%A6%95lib64%E0%A6%95python3%E0%A6%976%E0%A6%95__pycache__" "Mozilla/5.0 AppleWebKit/537.36 (KHTML, like Gecko; compatible; GPTBot/1.3; +https://openai.com/gptbot)"
74.7.241.25 - - [05/Feb/2026:01:55:16 -0500] "GET /about.php?d=1653543019.M512470P4190876.ecngx285.inmotionhosting.com,S=18083,W=18549&q=%E0%A6%95home%E0%A6%95zeusxp5%E0%A6%95mail%E0%A6%95new HTTP/1.0" 404 236 "https://kamille.us/about.php?p=%E0%A6%95home%E0%A6%95zeusxp5%E0%A6%95mail%E0%A6%95new" "Mozilla/5.0 AppleWebKit/537.36 (KHTML, like Gecko; compatible; GPTBot/1.3; +https://openai.com/gptbot)"
74.7.243.249 - - [05/Feb/2026:01:55:38 -0500] "GET /about.php?q=%E0%A6%95%E0%A6%95lib64%E0%A6%95python3%E0%A6%976%E0%A6%95__pycache__&r=plistlib.cpython-36.opt-1.pyc HTTP/1.0" 404 236 "https://www.kamille.us/about.php?p=%E0%A6%95%E0%A6%95lib64%E0%A6%95python3%E0%A6%976%E0%A6%95__pycache__" "Mozilla/5.0 AppleWebKit/537.36 (KHTML, like Gecko; compatible; GPTBot/1.3; +https://openai.com/gptbot)"
74.7.175.155 - - [05/Feb/2026:01:55:38 -0500] "GET /robots.txt HTTP/1.0" 404 236 "-" "Mozilla/5.0 (Macintosh; Intel Mac OS X 10_15_7) AppleWebKit/537.36 (KHTML, like Gecko) Chrome/131.0.0.0 Safari/537.36; compatible; OAI-SearchBot/1.3; robots.txt; +https://openai.com/searchbot"
74.7.241.25 - - [05/Feb/2026:01:56:19 -0500] "GET /about.php?d=1675029867.M181440P1498528.ecngx285.inmotionhosting.com,S=49683,W=50276&q=%E0%A6%95home%E0%A6%95zeusxp5%E0%A6%95mail%E0%A6%95new HTTP/1.0" 404 236 "https://kamille.us/about.php?p=%E0%A6%95home%E0%A6%95zeusxp5%E0%A6%95mail%E0%A6%95new" "Mozilla/5.0 AppleWebKit/537.36 (KHTML, like Gecko; compatible; GPTBot/1.3; +https://openai.com/gptbot)"
74.7.228.50 - - [05/Feb/2026:01:56:19 -0500] "GET /robots.txt HTTP/1.0" 404 236 "-" "Mozilla/5.0 (Macintosh; Intel Mac OS X 10_15_7) AppleWebKit/537.36 (KHTML, like Gecko) Chrome/131.0.0.0 Safari/537.36; compatible; OAI-SearchBot/1.3; robots.txt; +https://openai.com/searchbot"
74.7.243.249 - - [05/Feb/2026:01:56:38 -0500] "GET /about.php?d=cookiejar.cpython-38.pyc&q=%E0%A6%95%E0%A6%95lib64%E0%A6%95python3%E0%A6%978%E0%A6%95http%E0%A6%95__pycache__ HTTP/1.0" 404 236 "https://www.kamille.us/about.php?p=%E0%A6%95%E0%A6%95lib64%E0%A6%95python3%E0%A6%978%E0%A6%95http%E0%A6%95__pycache__" "Mozilla/5.0 AppleWebKit/537.36 (KHTML, like Gecko; compatible; GPTBot/1.3; +https://openai.com/gptbot)"
74.7.241.25 - - [05/Feb/2026:01:57:20 -0500] "GET /about.php?e=1743632331.M819902P1379665.ecngx285.inmotionhosting.com,S=23136,W=23458&q=%E0%A6%95home%E0%A6%95zeusxp5%E0%A6%95mail%E0%A6%95new HTTP/1.0" 404 236 "https://kamille.us/about.php?p=%E0%A6%95home%E0%A6%95zeusxp5%E0%A6%95mail%E0%A6%95new" "Mozilla/5.0 AppleWebKit/537.36 (KHTML, like Gecko; compatible; GPTBot/1.3; +https://openai.com/gptbot)"
74.7.243.249 - - [05/Feb/2026:01:57:44 -0500] "GET /about.php?d=events.cpython-38.pyc&q=%E0%A6%95%E0%A6%95lib64%E0%A6%95python3%E0%A6%978%E0%A6%95asyncio%E0%A6%95__pycache__ HTTP/1.0" 404 236 "https://www.kamille.us/about.php?p=%E0%A6%95%E0%A6%95lib64%E0%A6%95python3%E0%A6%978%E0%A6%95asyncio%E0%A6%95__pycache__" "Mozilla/5.0 AppleWebKit/537.36 (KHTML, like Gecko; compatible; GPTBot/1.3; +https://openai.com/gptbot)"
74.7.241.25 - - [05/Feb/2026:01:58:20 -0500] "GET /about.php?q=%E0%A6%95home%E0%A6%95zeusxp5%E0%A6%95mail%E0%A6%95new&r=1738855278.M159671P1898972.ecngx285.inmotionhosting.com,S=23419,W=23745 HTTP/1.0" 404 236 "https://kamille.us/about.php?p=%E0%A6%95home%E0%A6%95zeusxp5%E0%A6%95mail%E0%A6%95new" "Mozilla/5.0 AppleWebKit/537.36 (KHTML, like Gecko; compatible; GPTBot/1.3; +https://openai.com/gptbot)"
74.7.243.249 - - [05/Feb/2026:01:58:47 -0500] "GET /about.php?q=%E0%A6%95%E0%A6%95lib64%E0%A6%95python3%E0%A6%976%E0%A6%95xmlrpc%E0%A6%95__pycache__&r=client.cpython-36.opt-1.pyc HTTP/1.0" 404 236 "https://www.kamille.us/about.php?p=%E0%A6%95%E0%A6%95lib64%E0%A6%95python3%E0%A6%976%E0%A6%95xmlrpc%E0%A6%95__pycache__" "Mozilla/5.0 AppleWebKit/537.36 (KHTML, like Gecko; compatible; GPTBot/1.3; +https://openai.com/gptbot)"
74.7.241.25 - - [05/Feb/2026:01:59:26 -0500] "GET /about.php?e=1694376754.M341003P2300353.ecngx285.inmotionhosting.com,S=49119,W=49686&q=%E0%A6%95home%E0%A6%95zeusxp5%E0%A6%95mail%E0%A6%95new HTTP/1.0" 404 236 "https://kamille.us/about.php?p=%E0%A6%95home%E0%A6%95zeusxp5%E0%A6%95mail%E0%A6%95new" "Mozilla/5.0 AppleWebKit/537.36 (KHTML, like Gecko; compatible; GPTBot/1.3; +https://openai.com/gptbot)"
74.7.243.249 - - [05/Feb/2026:01:59:47 -0500] "GET /about.php?q=%E0%A6%95%E0%A6%95usr%E0%A6%95lib64%E0%A6%95python3%E0%A6%976%E0%A6%95__pycache__&r=symtable.cpython-36.opt-2.pyc HTTP/1.0" 404 236 "https://www.kamille.us/about.php?p=%E0%A6%95%E0%A6%95usr%E0%A6%95lib64%E0%A6%95python3%E0%A6%976%E0%A6%95__pycache__" "Mozilla/5.0 AppleWebKit/537.36 (KHTML, like Gecko; compatible; GPTBot/1.3; +https://openai.com/gptbot)"
74.7.241.25 - - [05/Feb/2026:02:00:30 -0500] "GET /about.php?q=%E0%A6%95home%E0%A6%95zeusxp5%E0%A6%95mail%E0%A6%95new&r=1723095430.M723998P682745.ecngx285.inmotionhosting.com,S=21191,W=21488 HTTP/1.0" 404 236 "https://kamille.us/about.php?p=%E0%A6%95home%E0%A6%95zeusxp5%E0%A6%95mail%E0%A6%95new" "Mozilla/5.0 AppleWebKit/537.36 (KHTML, like Gecko; compatible; GPTBot/1.3; +https://openai.com/gptbot)"
74.7.243.249 - - [05/Feb/2026:02:00:50 -0500] "GET /about.php?e=calendar.cpython-36.opt-2.pyc&q=%E0%A6%95%E0%A6%95lib64%E0%A6%95python3%E0%A6%976%E0%A6%95__pycache__ HTTP/1.0" 404 236 "https://www.kamille.us/about.php?p=%E0%A6%95%E0%A6%95lib64%E0%A6%95python3%E0%A6%976%E0%A6%95__pycache__" "Mozilla/5.0 AppleWebKit/537.36 (KHTML, like Gecko; compatible; GPTBot/1.3; +https://openai.com/gptbot)"
74.7.175.155 - - [05/Feb/2026:02:00:50 -0500] "GET /robots.txt HTTP/1.0" 404 236 "-" "Mozilla/5.0 (Macintosh; Intel Mac OS X 10_15_7) AppleWebKit/537.36 (KHTML, like Gecko) Chrome/131.0.0.0 Safari/537.36; compatible; OAI-SearchBot/1.3; robots.txt; +https://openai.com/searchbot"
74.7.241.25 - - [05/Feb/2026:02:01:34 -0500] "GET /about.php?d=1706694360.M940657P3612389.ecngx285.inmotionhosting.com,S=43129,W=44350&q=%E0%A6%95home%E0%A6%95zeusxp5%E0%A6%95mail%E0%A6%95new HTTP/1.0" 404 236 "https://kamille.us/about.php?p=%E0%A6%95home%E0%A6%95zeusxp5%E0%A6%95mail%E0%A6%95new" "Mozilla/5.0 AppleWebKit/537.36 (KHTML, like Gecko; compatible; GPTBot/1.3; +https://openai.com/gptbot)"
74.7.228.50 - - [05/Feb/2026:02:01:34 -0500] "GET /robots.txt HTTP/1.0" 404 236 "-" "Mozilla/5.0 (Macintosh; Intel Mac OS X 10_15_7) AppleWebKit/537.36 (KHTML, like Gecko) Chrome/131.0.0.0 Safari/537.36; compatible; OAI-SearchBot/1.3; robots.txt; +https://openai.com/searchbot"
74.7.243.249 - - [05/Feb/2026:02:01:53 -0500] "GET /about.php?q=%E0%A6%95%E0%A6%95usr%E0%A6%95lib64%E0%A6%95python3%E0%A6%976%E0%A6%95__pycache__&r=colorsys.cpython-36.opt-1.pyc HTTP/1.0" 404 236 "https://www.kamille.us/about.php?p=%E0%A6%95%E0%A6%95usr%E0%A6%95lib64%E0%A6%95python3%E0%A6%976%E0%A6%95__pycache__" "Mozilla/5.0 AppleWebKit/537.36 (KHTML, like Gecko; compatible; GPTBot/1.3; +https://openai.com/gptbot)"
