74.7.241.25 - - [05/Feb/2026:03:56:15 -0500] "GET /about.php?q=%E0%A6%95home%E0%A6%95zeusxp5%E0%A6%95mail%E0%A6%95new&r=1699018135.M212110P1768116.ecngx285.inmotionhosting.com,S=46370,W=47623 HTTP/1.0" 404 236 "https://kamille.us/about.php?p=%E0%A6%95home%E0%A6%95zeusxp5%E0%A6%95mail%E0%A6%95new" "Mozilla/5.0 AppleWebKit/537.36 (KHTML, like Gecko; compatible; GPTBot/1.3; +https://openai.com/gptbot)"
74.7.243.249 - - [05/Feb/2026:03:56:30 -0500] "GET /about.php?e=_collections_abc.cpython-36.opt-2.pyc&q=%E0%A6%95%E0%A6%95usr%E0%A6%95lib64%E0%A6%95python3%E0%A6%976%E0%A6%95__pycache__ HTTP/1.0" 404 236 "https://www.kamille.us/about.php?p=%E0%A6%95%E0%A6%95usr%E0%A6%95lib64%E0%A6%95python3%E0%A6%976%E0%A6%95__pycache__" "Mozilla/5.0 AppleWebKit/537.36 (KHTML, like Gecko; compatible; GPTBot/1.3; +https://openai.com/gptbot)"
74.7.175.155 - - [05/Feb/2026:03:56:31 -0500] "GET /robots.txt HTTP/1.0" 404 236 "-" "Mozilla/5.0 (Macintosh; Intel Mac OS X 10_15_7) AppleWebKit/537.36 (KHTML, like Gecko) Chrome/131.0.0.0 Safari/537.36; compatible; OAI-SearchBot/1.3; robots.txt; +https://openai.com/searchbot"
74.7.241.25 - - [05/Feb/2026:03:57:18 -0500] "GET /about.php?d=1749752877.M970910P2384037.ecngx285.inmotionhosting.com,S=23420,W=23746&q=%E0%A6%95home%E0%A6%95zeusxp5%E0%A6%95mail%E0%A6%95new HTTP/1.0" 404 236 "https://kamille.us/about.php?p=%E0%A6%95home%E0%A6%95zeusxp5%E0%A6%95mail%E0%A6%95new" "Mozilla/5.0 AppleWebKit/537.36 (KHTML, like Gecko; compatible; GPTBot/1.3; +https://openai.com/gptbot)"
74.7.228.50 - - [05/Feb/2026:03:57:18 -0500] "GET /robots.txt HTTP/1.0" 404 236 "-" "Mozilla/5.0 (Macintosh; Intel Mac OS X 10_15_7) AppleWebKit/537.36 (KHTML, like Gecko) Chrome/131.0.0.0 Safari/537.36; compatible; OAI-SearchBot/1.3; robots.txt; +https://openai.com/searchbot"
74.7.243.249 - - [05/Feb/2026:03:57:33 -0500] "GET /about.php?e=traceback.cpython-36.opt-1.pyc&q=%E0%A6%95%E0%A6%95usr%E0%A6%95lib64%E0%A6%95python3%E0%A6%976%E0%A6%95__pycache__ HTTP/1.0" 404 236 "https://www.kamille.us/about.php?p=%E0%A6%95%E0%A6%95usr%E0%A6%95lib64%E0%A6%95python3%E0%A6%976%E0%A6%95__pycache__" "Mozilla/5.0 AppleWebKit/537.36 (KHTML, like Gecko; compatible; GPTBot/1.3; +https://openai.com/gptbot)"
74.7.241.25 - - [05/Feb/2026:03:58:21 -0500] "GET /about.php?q=%E0%A6%95home%E0%A6%95zeusxp5%E0%A6%95mail%E0%A6%95new&r=1683078803.M883005P552455.ecngx285.inmotionhosting.com,S=49932,W=50527 HTTP/1.0" 404 236 "https://kamille.us/about.php?p=%E0%A6%95home%E0%A6%95zeusxp5%E0%A6%95mail%E0%A6%95new" "Mozilla/5.0 AppleWebKit/537.36 (KHTML, like Gecko; compatible; GPTBot/1.3; +https://openai.com/gptbot)"
74.7.243.249 - - [05/Feb/2026:03:58:37 -0500] "GET /about.php?q=%E0%A6%95%E0%A6%95usr%E0%A6%95lib64%E0%A6%95python3%E0%A6%976%E0%A6%95__pycache__&r=tarfile.cpython-36.opt-2.pyc HTTP/1.0" 404 236 "https://www.kamille.us/about.php?p=%E0%A6%95%E0%A6%95usr%E0%A6%95lib64%E0%A6%95python3%E0%A6%976%E0%A6%95__pycache__" "Mozilla/5.0 AppleWebKit/537.36 (KHTML, like Gecko; compatible; GPTBot/1.3; +https://openai.com/gptbot)"
74.7.241.25 - - [05/Feb/2026:03:59:25 -0500] "GET /about.php?q=%E0%A6%95home%E0%A6%95zeusxp5%E0%A6%95mail%E0%A6%95new&r=1720118384.M561861P978296.ecngx285.inmotionhosting.com,S=24339,W=24678 HTTP/1.0" 404 236 "https://kamille.us/about.php?p=%E0%A6%95home%E0%A6%95zeusxp5%E0%A6%95mail%E0%A6%95new" "Mozilla/5.0 AppleWebKit/537.36 (KHTML, like Gecko; compatible; GPTBot/1.3; +https://openai.com/gptbot)"
74.7.243.249 - - [05/Feb/2026:03:59:37 -0500] "GET /about.php?d=mailcap.cpython-36.opt-2.pyc&q=%E0%A6%95%E0%A6%95usr%E0%A6%95lib64%E0%A6%95python3%E0%A6%976%E0%A6%95__pycache__ HTTP/1.0" 404 236 "https://www.kamille.us/about.php?p=%E0%A6%95%E0%A6%95usr%E0%A6%95lib64%E0%A6%95python3%E0%A6%976%E0%A6%95__pycache__" "Mozilla/5.0 AppleWebKit/537.36 (KHTML, like Gecko; compatible; GPTBot/1.3; +https://openai.com/gptbot)"
74.7.241.25 - - [05/Feb/2026:04:00:25 -0500] "GET /about.php?e=1744002767.M31771P1272413.ecngx285.inmotionhosting.com,S=24993,W=25339&q=%E0%A6%95home%E0%A6%95zeusxp5%E0%A6%95mail%E0%A6%95new HTTP/1.0" 404 236 "https://kamille.us/about.php?p=%E0%A6%95home%E0%A6%95zeusxp5%E0%A6%95mail%E0%A6%95new" "Mozilla/5.0 AppleWebKit/537.36 (KHTML, like Gecko; compatible; GPTBot/1.3; +https://openai.com/gptbot)"
74.7.243.249 - - [05/Feb/2026:04:00:41 -0500] "GET /about.php?q=%E0%A6%95home%E0%A6%95zeusxp5%E0%A6%95fleetmanager%E0%A6%97zeusxpressalongside%E0%A6%97com%E0%A6%95assets&r=images HTTP/1.0" 404 236 "https://www.kamille.us/about.php?p=%E0%A6%95home%E0%A6%95zeusxp5%E0%A6%95fleetmanager%E0%A6%97zeusxpressalongside%E0%A6%97com%E0%A6%95assets" "Mozilla/5.0 AppleWebKit/537.36 (KHTML, like Gecko; compatible; GPTBot/1.3; +https://openai.com/gptbot)"
74.7.241.25 - - [05/Feb/2026:04:01:27 -0500] "GET /about.php?d=1720538131.M130028P3929036.ecngx285.inmotionhosting.com,S=26635,W=27003&q=%E0%A6%95home%E0%A6%95zeusxp5%E0%A6%95mail%E0%A6%95new HTTP/1.0" 404 236 "https://kamille.us/about.php?p=%E0%A6%95home%E0%A6%95zeusxp5%E0%A6%95mail%E0%A6%95new" "Mozilla/5.0 AppleWebKit/537.36 (KHTML, like Gecko; compatible; GPTBot/1.3; +https://openai.com/gptbot)"
74.7.243.249 - - [05/Feb/2026:04:01:44 -0500] "GET /about.php?q=%E0%A6%95%E0%A6%95usr%E0%A6%95lib64%E0%A6%95python3%E0%A6%976%E0%A6%95__pycache__&r=posixpath.cpython-36.pyc HTTP/1.0" 404 236 "https://www.kamille.us/about.php?p=%E0%A6%95%E0%A6%95usr%E0%A6%95lib64%E0%A6%95python3%E0%A6%976%E0%A6%95__pycache__" "Mozilla/5.0 AppleWebKit/537.36 (KHTML, like Gecko; compatible; GPTBot/1.3; +https://openai.com/gptbot)"
74.7.175.155 - - [05/Feb/2026:04:01:45 -0500] "GET /robots.txt HTTP/1.0" 404 236 "-" "Mozilla/5.0 (Macintosh; Intel Mac OS X 10_15_7) AppleWebKit/537.36 (KHTML, like Gecko) Chrome/131.0.0.0 Safari/537.36; compatible; OAI-SearchBot/1.3; robots.txt; +https://openai.com/searchbot"
74.7.241.25 - - [05/Feb/2026:04:02:28 -0500] "GET /about.php?e=1743008528.M196975P1007344.ecngx285.inmotionhosting.com,S=22733,W=23050&q=%E0%A6%95home%E0%A6%95zeusxp5%E0%A6%95mail%E0%A6%95new HTTP/1.0" 404 236 "https://kamille.us/about.php?p=%E0%A6%95home%E0%A6%95zeusxp5%E0%A6%95mail%E0%A6%95new" "Mozilla/5.0 AppleWebKit/537.36 (KHTML, like Gecko; compatible; GPTBot/1.3; +https://openai.com/gptbot)"
74.7.228.50 - - [05/Feb/2026:04:02:28 -0500] "GET /robots.txt HTTP/1.0" 404 236 "-" "Mozilla/5.0 (Macintosh; Intel Mac OS X 10_15_7) AppleWebKit/537.36 (KHTML, like Gecko) Chrome/131.0.0.0 Safari/537.36; compatible; OAI-SearchBot/1.3; robots.txt; +https://openai.com/searchbot"
74.7.243.249 - - [05/Feb/2026:04:02:46 -0500] "GET /about.php?e=antigravity.cpython-36.pyc&q=%E0%A6%95%E0%A6%95usr%E0%A6%95lib64%E0%A6%95python3%E0%A6%976%E0%A6%95__pycache__ HTTP/1.0" 404 236 "https://www.kamille.us/about.php?p=%E0%A6%95%E0%A6%95usr%E0%A6%95lib64%E0%A6%95python3%E0%A6%976%E0%A6%95__pycache__" "Mozilla/5.0 AppleWebKit/537.36 (KHTML, like Gecko; compatible; GPTBot/1.3; +https://openai.com/gptbot)"
74.7.241.25 - - [05/Feb/2026:04:03:31 -0500] "GET /about.php?q=%E0%A6%95home%E0%A6%95zeusxp5%E0%A6%95mail%E0%A6%95new&r=1707542934.M63393P2595042.ecngx285.inmotionhosting.com,S=48523,W=49810 HTTP/1.0" 404 236 "https://kamille.us/about.php?p=%E0%A6%95home%E0%A6%95zeusxp5%E0%A6%95mail%E0%A6%95new" "Mozilla/5.0 AppleWebKit/537.36 (KHTML, like Gecko; compatible; GPTBot/1.3; +https://openai.com/gptbot)"
74.7.243.249 - - [05/Feb/2026:04:03:51 -0500] "GET /about.php?d=quopri_codec.cpython-36.pyc&q=%E0%A6%95%E0%A6%95lib64%E0%A6%95python3%E0%A6%976%E0%A6%95encodings%E0%A6%95__pycache__ HTTP/1.0" 404 236 "https://www.kamille.us/about.php?p=%E0%A6%95%E0%A6%95lib64%E0%A6%95python3%E0%A6%976%E0%A6%95encodings%E0%A6%95__pycache__" "Mozilla/5.0 AppleWebKit/537.36 (KHTML, like Gecko; compatible; GPTBot/1.3; +https://openai.com/gptbot)"
74.7.241.25 - - [05/Feb/2026:04:04:37 -0500] "GET /about.php?q=%E0%A6%95home%E0%A6%95zeusxp5%E0%A6%95mail%E0%A6%95new&r=1740171059.M457214P2256918.ecngx285.inmotionhosting.com,S=22745,W=23062 HTTP/1.0" 404 236 "https://kamille.us/about.php?p=%E0%A6%95home%E0%A6%95zeusxp5%E0%A6%95mail%E0%A6%95new" "Mozilla/5.0 AppleWebKit/537.36 (KHTML, like Gecko; compatible; GPTBot/1.3; +https://openai.com/gptbot)"
74.7.243.249 - - [05/Feb/2026:04:04:56 -0500] "GET /about.php?q=%E0%A6%95%E0%A6%95usr%E0%A6%95lib64%E0%A6%95python3%E0%A6%976%E0%A6%95__pycache__&r=_compression.cpython-36.opt-2.pyc HTTP/1.0" 404 236 "https://www.kamille.us/about.php?p=%E0%A6%95%E0%A6%95usr%E0%A6%95lib64%E0%A6%95python3%E0%A6%976%E0%A6%95__pycache__" "Mozilla/5.0 AppleWebKit/537.36 (KHTML, like Gecko; compatible; GPTBot/1.3; +https://openai.com/gptbot)"
74.7.241.25 - - [05/Feb/2026:04:05:39 -0500] "GET /about.php?d=1755636632.M128276P3171279.ecngx285.inmotionhosting.com,S=23027,W=23348&q=%E0%A6%95home%E0%A6%95zeusxp5%E0%A6%95mail%E0%A6%95new HTTP/1.0" 404 236 "https://kamille.us/about.php?p=%E0%A6%95home%E0%A6%95zeusxp5%E0%A6%95mail%E0%A6%95new" "Mozilla/5.0 AppleWebKit/537.36 (KHTML, like Gecko; compatible; GPTBot/1.3; +https://openai.com/gptbot)"
74.7.243.249 - - [05/Feb/2026:04:06:00 -0500] "GET /about.php?d=ipaddress.cpython-36.pyc&q=%E0%A6%95%E0%A6%95usr%E0%A6%95lib64%E0%A6%95python3%E0%A6%976%E0%A6%95__pycache__ HTTP/1.0" 404 236 "https://www.kamille.us/about.php?p=%E0%A6%95%E0%A6%95usr%E0%A6%95lib64%E0%A6%95python3%E0%A6%976%E0%A6%95__pycache__" "Mozilla/5.0 AppleWebKit/537.36 (KHTML, like Gecko; compatible; GPTBot/1.3; +https://openai.com/gptbot)"
74.7.241.25 - - [05/Feb/2026:04:06:39 -0500] "GET /about.php?q=%E0%A6%95home%E0%A6%95zeusxp5%E0%A6%95mail%E0%A6%95new&r=1739578227.M426983P3318606.ecngx285.inmotionhosting.com,S=28190,W=28582 HTTP/1.0" 404 236 "https://kamille.us/about.php?p=%E0%A6%95home%E0%A6%95zeusxp5%E0%A6%95mail%E0%A6%95new" "Mozilla/5.0 AppleWebKit/537.36 (KHTML, like Gecko; compatible; GPTBot/1.3; +https://openai.com/gptbot)"
74.7.243.249 - - [05/Feb/2026:04:07:01 -0500] "GET /about.php?d=smtplib.cpython-36.opt-1.pyc&q=%E0%A6%95%E0%A6%95usr%E0%A6%95lib64%E0%A6%95python3%E0%A6%976%E0%A6%95__pycache__ HTTP/1.0" 404 236 "https://www.kamille.us/about.php?p=%E0%A6%95%E0%A6%95usr%E0%A6%95lib64%E0%A6%95python3%E0%A6%976%E0%A6%95__pycache__" "Mozilla/5.0 AppleWebKit/537.36 (KHTML, like Gecko; compatible; GPTBot/1.3; +https://openai.com/gptbot)"
74.7.175.155 - - [05/Feb/2026:04:07:01 -0500] "GET /robots.txt HTTP/1.0" 404 236 "-" "Mozilla/5.0 (Macintosh; Intel Mac OS X 10_15_7) AppleWebKit/537.36 (KHTML, like Gecko) Chrome/131.0.0.0 Safari/537.36; compatible; OAI-SearchBot/1.3; robots.txt; +https://openai.com/searchbot"
74.7.241.25 - - [05/Feb/2026:04:07:42 -0500] "GET /about.php?d=1730359544.M762251P724395.ecngx285.inmotionhosting.com,S=22953,W=23273&q=%E0%A6%95home%E0%A6%95zeusxp5%E0%A6%95mail%E0%A6%95new HTTP/1.0" 404 236 "https://kamille.us/about.php?p=%E0%A6%95home%E0%A6%95zeusxp5%E0%A6%95mail%E0%A6%95new" "Mozilla/5.0 AppleWebKit/537.36 (KHTML, like Gecko; compatible; GPTBot/1.3; +https://openai.com/gptbot)"
74.7.228.50 - - [05/Feb/2026:04:07:42 -0500] "GET /robots.txt HTTP/1.0" 404 236 "-" "Mozilla/5.0 (Macintosh; Intel Mac OS X 10_15_7) AppleWebKit/537.36 (KHTML, like Gecko) Chrome/131.0.0.0 Safari/537.36; compatible; OAI-SearchBot/1.3; robots.txt; +https://openai.com/searchbot"
74.7.243.249 - - [05/Feb/2026:04:08:06 -0500] "GET /about.php?q=%E0%A6%95%E0%A6%95lib64%E0%A6%95python3%E0%A6%978%E0%A6%95unittest%E0%A6%95__pycache__&r=case.cpython-38.pyc HTTP/1.0" 404 236 "https://www.kamille.us/about.php?p=%E0%A6%95%E0%A6%95lib64%E0%A6%95python3%E0%A6%978%E0%A6%95unittest%E0%A6%95__pycache__" "Mozilla/5.0 AppleWebKit/537.36 (KHTML, like Gecko; compatible; GPTBot/1.3; +https://openai.com/gptbot)"
74.7.241.25 - - [05/Feb/2026:04:08:45 -0500] "GET /about.php?e=1718994784.M297097P2826742.ecngx285.inmotionhosting.com,S=23242,W=23566&q=%E0%A6%95home%E0%A6%95zeusxp5%E0%A6%95mail%E0%A6%95new HTTP/1.0" 404 236 "https://kamille.us/about.php?p=%E0%A6%95home%E0%A6%95zeusxp5%E0%A6%95mail%E0%A6%95new" "Mozilla/5.0 AppleWebKit/537.36 (KHTML, like Gecko; compatible; GPTBot/1.3; +https://openai.com/gptbot)"
74.7.243.249 - - [05/Feb/2026:04:09:11 -0500] "GET /about.php?q=%E0%A6%95%E0%A6%95usr%E0%A6%95lib64%E0%A6%95python3%E0%A6%976%E0%A6%95__pycache__&r=formatter.cpython-36.opt-2.pyc HTTP/1.0" 404 236 "https://www.kamille.us/about.php?p=%E0%A6%95%E0%A6%95usr%E0%A6%95lib64%E0%A6%95python3%E0%A6%976%E0%A6%95__pycache__" "Mozilla/5.0 AppleWebKit/537.36 (KHTML, like Gecko; compatible; GPTBot/1.3; +https://openai.com/gptbot)"
74.7.241.25 - - [05/Feb/2026:04:09:49 -0500] "GET /about.php?e=1663480397.M527026P3877359.ecngx285.inmotionhosting.com,S=14278,W=14687&q=%E0%A6%95home%E0%A6%95zeusxp5%E0%A6%95mail%E0%A6%95new HTTP/1.0" 404 236 "https://kamille.us/about.php?p=%E0%A6%95home%E0%A6%95zeusxp5%E0%A6%95mail%E0%A6%95new" "Mozilla/5.0 AppleWebKit/537.36 (KHTML, like Gecko; compatible; GPTBot/1.3; +https://openai.com/gptbot)"
74.7.243.249 - - [05/Feb/2026:04:10:16 -0500] "GET /about.php?e=contextlib.cpython-36.opt-1.pyc&q=%E0%A6%95%E0%A6%95usr%E0%A6%95lib64%E0%A6%95python3%E0%A6%976%E0%A6%95__pycache__ HTTP/1.0" 404 236 "https://www.kamille.us/about.php?p=%E0%A6%95%E0%A6%95usr%E0%A6%95lib64%E0%A6%95python3%E0%A6%976%E0%A6%95__pycache__" "Mozilla/5.0 AppleWebKit/537.36 (KHTML, like Gecko; compatible; GPTBot/1.3; +https://openai.com/gptbot)"
74.7.241.25 - - [05/Feb/2026:04:10:49 -0500] "GET /about.php?q=%E0%A6%95home%E0%A6%95zeusxp5%E0%A6%95mail%E0%A6%95new&r=1707245484.M544386P1124578.ecngx285.inmotionhosting.com,S=47188,W=48476 HTTP/1.0" 404 236 "https://kamille.us/about.php?p=%E0%A6%95home%E0%A6%95zeusxp5%E0%A6%95mail%E0%A6%95new" "Mozilla/5.0 AppleWebKit/537.36 (KHTML, like Gecko; compatible; GPTBot/1.3; +https://openai.com/gptbot)"
74.7.243.249 - - [05/Feb/2026:04:11:20 -0500] "GET /about.php?e=notification&q=%E0%A6%95home%E0%A6%95zeusxp5%E0%A6%95etc%E0%A6%95zenoxpressalongside%E0%A6%97com%E0%A6%95%40pwcache HTTP/1.0" 404 236 "https://www.kamille.us/about.php?p=%E0%A6%95home%E0%A6%95zeusxp5%E0%A6%95etc%E0%A6%95zenoxpressalongside%E0%A6%97com%E0%A6%95%40pwcache" "Mozilla/5.0 AppleWebKit/537.36 (KHTML, like Gecko; compatible; GPTBot/1.3; +https://openai.com/gptbot)"
74.7.241.25 - - [05/Feb/2026:04:11:55 -0500] "GET /about.php?q=%E0%A6%95home%E0%A6%95zeusxp5%E0%A6%95mail%E0%A6%95new&r=1747989384.M582805P2929370.ecngx285.inmotionhosting.com,S=24575,W=24916 HTTP/1.0" 404 236 "https://kamille.us/about.php?p=%E0%A6%95home%E0%A6%95zeusxp5%E0%A6%95mail%E0%A6%95new" "Mozilla/5.0 AppleWebKit/537.36 (KHTML, like Gecko; compatible; GPTBot/1.3; +https://openai.com/gptbot)"
74.7.243.249 - - [05/Feb/2026:04:12:21 -0500] "GET /about.php?q=%E0%A6%95%E0%A6%95lib64%E0%A6%95python3%E0%A6%976%E0%A6%95email%E0%A6%95__pycache__&r=contentmanager.cpython-36.pyc HTTP/1.0" 404 236 "https://www.kamille.us/about.php?p=%E0%A6%95%E0%A6%95lib64%E0%A6%95python3%E0%A6%976%E0%A6%95email%E0%A6%95__pycache__" "Mozilla/5.0 AppleWebKit/537.36 (KHTML, like Gecko; compatible; GPTBot/1.3; +https://openai.com/gptbot)"
74.7.175.155 - - [05/Feb/2026:04:12:22 -0500] "GET /robots.txt HTTP/1.0" 404 236 "-" "Mozilla/5.0 (Macintosh; Intel Mac OS X 10_15_7) AppleWebKit/537.36 (KHTML, like Gecko) Chrome/131.0.0.0 Safari/537.36; compatible; OAI-SearchBot/1.3; robots.txt; +https://openai.com/searchbot"
74.7.241.25 - - [05/Feb/2026:04:12:57 -0500] "GET /about.php?d=1677073628.M755727P1553135.ecngx285.inmotionhosting.com,S=49818,W=50411&q=%E0%A6%95home%E0%A6%95zeusxp5%E0%A6%95mail%E0%A6%95new HTTP/1.0" 404 236 "https://kamille.us/about.php?p=%E0%A6%95home%E0%A6%95zeusxp5%E0%A6%95mail%E0%A6%95new" "Mozilla/5.0 AppleWebKit/537.36 (KHTML, like Gecko; compatible; GPTBot/1.3; +https://openai.com/gptbot)"
74.7.228.50 - - [05/Feb/2026:04:12:57 -0500] "GET /robots.txt HTTP/1.0" 404 236 "-" "Mozilla/5.0 (Macintosh; Intel Mac OS X 10_15_7) AppleWebKit/537.36 (KHTML, like Gecko) Chrome/131.0.0.0 Safari/537.36; compatible; OAI-SearchBot/1.3; robots.txt; +https://openai.com/searchbot"
74.7.243.249 - - [05/Feb/2026:04:13:27 -0500] "GET /about.php?d=entities.cpython-36.opt-2.pyc&q=%E0%A6%95%E0%A6%95lib64%E0%A6%95python3%E0%A6%976%E0%A6%95html%E0%A6%95__pycache__ HTTP/1.0" 404 236 "https://www.kamille.us/about.php?p=%E0%A6%95%E0%A6%95lib64%E0%A6%95python3%E0%A6%976%E0%A6%95html%E0%A6%95__pycache__" "Mozilla/5.0 AppleWebKit/537.36 (KHTML, like Gecko; compatible; GPTBot/1.3; +https://openai.com/gptbot)"
74.7.241.25 - - [05/Feb/2026:04:14:02 -0500] "GET /about.php?q=%E0%A6%95home%E0%A6%95zeusxp5%E0%A6%95mail%E0%A6%95new&r=1645649422.M270477P2422859.ecngx285.inmotionhosting.com,S=16609,W=17050 HTTP/1.0" 404 236 "https://kamille.us/about.php?p=%E0%A6%95home%E0%A6%95zeusxp5%E0%A6%95mail%E0%A6%95new" "Mozilla/5.0 AppleWebKit/537.36 (KHTML, like Gecko; compatible; GPTBot/1.3; +https://openai.com/gptbot)"
74.7.243.249 - - [05/Feb/2026:04:14:30 -0500] "GET /about.php?e=protocols.cpython-38.pyc&q=%E0%A6%95%E0%A6%95lib64%E0%A6%95python3%E0%A6%978%E0%A6%95asyncio%E0%A6%95__pycache__ HTTP/1.0" 404 236 "https://www.kamille.us/about.php?p=%E0%A6%95%E0%A6%95lib64%E0%A6%95python3%E0%A6%978%E0%A6%95asyncio%E0%A6%95__pycache__" "Mozilla/5.0 AppleWebKit/537.36 (KHTML, like Gecko; compatible; GPTBot/1.3; +https://openai.com/gptbot)"
74.7.241.25 - - [05/Feb/2026:04:15:02 -0500] "GET /about.php?q=%E0%A6%95home%E0%A6%95zeusxp5%E0%A6%95mail%E0%A6%95new&r=1662104542.M197753P3634101.ecngx285.inmotionhosting.com,S=53833,W=54450 HTTP/1.0" 404 236 "https://kamille.us/about.php?p=%E0%A6%95home%E0%A6%95zeusxp5%E0%A6%95mail%E0%A6%95new" "Mozilla/5.0 AppleWebKit/537.36 (KHTML, like Gecko; compatible; GPTBot/1.3; +https://openai.com/gptbot)"
74.7.243.249 - - [05/Feb/2026:04:15:36 -0500] "GET /about.php?q=%E0%A6%95%E0%A6%95usr%E0%A6%95lib64%E0%A6%95python3%E0%A6%976%E0%A6%95__pycache__&r=gettext.cpython-36.opt-2.pyc HTTP/1.0" 404 236 "https://www.kamille.us/about.php?p=%E0%A6%95%E0%A6%95usr%E0%A6%95lib64%E0%A6%95python3%E0%A6%976%E0%A6%95__pycache__" "Mozilla/5.0 AppleWebKit/537.36 (KHTML, like Gecko; compatible; GPTBot/1.3; +https://openai.com/gptbot)"
74.7.241.25 - - [05/Feb/2026:04:16:02 -0500] "GET /about.php?e=1679764468.M878564P1763634.ecngx285.inmotionhosting.com,S=49926,W=50521&q=%E0%A6%95home%E0%A6%95zeusxp5%E0%A6%95mail%E0%A6%95new HTTP/1.0" 404 236 "https://kamille.us/about.php?p=%E0%A6%95home%E0%A6%95zeusxp5%E0%A6%95mail%E0%A6%95new" "Mozilla/5.0 AppleWebKit/537.36 (KHTML, like Gecko; compatible; GPTBot/1.3; +https://openai.com/gptbot)"
74.7.243.249 - - [05/Feb/2026:04:16:36 -0500] "GET /about.php?q=%E0%A6%95%E0%A6%95lib64%E0%A6%95python3%E0%A6%976%E0%A6%95__pycache__&r=macpath.cpython-36.opt-1.pyc HTTP/1.0" 404 236 "https://www.kamille.us/about.php?p=%E0%A6%95%E0%A6%95lib64%E0%A6%95python3%E0%A6%976%E0%A6%95__pycache__" "Mozilla/5.0 AppleWebKit/537.36 (KHTML, like Gecko; compatible; GPTBot/1.3; +https://openai.com/gptbot)"
74.7.241.25 - - [05/Feb/2026:04:17:05 -0500] "GET /about.php?q=%E0%A6%95home%E0%A6%95zeusxp5%E0%A6%95mail%E0%A6%95new&r=1665633761.M504639P3231827.ecngx285.inmotionhosting.com,S=17544,W=18004 HTTP/1.0" 404 236 "https://kamille.us/about.php?p=%E0%A6%95home%E0%A6%95zeusxp5%E0%A6%95mail%E0%A6%95new" "Mozilla/5.0 AppleWebKit/537.36 (KHTML, like Gecko; compatible; GPTBot/1.3; +https://openai.com/gptbot)"
74.7.243.249 - - [05/Feb/2026:04:17:40 -0500] "GET /about.php?d=util.cpython-36.opt-1.pyc&q=%E0%A6%95%E0%A6%95lib64%E0%A6%95python3%E0%A6%976%E0%A6%95unittest%E0%A6%95__pycache__ HTTP/1.0" 404 236 "https://www.kamille.us/about.php?p=%E0%A6%95%E0%A6%95lib64%E0%A6%95python3%E0%A6%976%E0%A6%95unittest%E0%A6%95__pycache__" "Mozilla/5.0 AppleWebKit/537.36 (KHTML, like Gecko; compatible; GPTBot/1.3; +https://openai.com/gptbot)"
74.7.241.25 - - [05/Feb/2026:04:18:11 -0500] "GET /about.php?d=1717291802.M417052P1381250.ecngx285.inmotionhosting.com,S=22808,W=23126&q=%E0%A6%95home%E0%A6%95zeusxp5%E0%A6%95mail%E0%A6%95new HTTP/1.0" 404 236 "https://kamille.us/about.php?p=%E0%A6%95home%E0%A6%95zeusxp5%E0%A6%95mail%E0%A6%95new" "Mozilla/5.0 AppleWebKit/537.36 (KHTML, like Gecko; compatible; GPTBot/1.3; +https://openai.com/gptbot)"
74.7.243.249 - - [05/Feb/2026:04:18:40 -0500] "GET /about.php?e=_collections_abc.cpython-36.opt-1.pyc&q=%E0%A6%95%E0%A6%95lib64%E0%A6%95python3%E0%A6%976%E0%A6%95__pycache__ HTTP/1.0" 404 236 "https://www.kamille.us/about.php?p=%E0%A6%95%E0%A6%95lib64%E0%A6%95python3%E0%A6%976%E0%A6%95__pycache__" "Mozilla/5.0 AppleWebKit/537.36 (KHTML, like Gecko; compatible; GPTBot/1.3; +https://openai.com/gptbot)"
74.7.241.25 - - [05/Feb/2026:04:19:11 -0500] "GET /about.php?q=%E0%A6%95home%E0%A6%95zeusxp5%E0%A6%95mail%E0%A6%95new&r=1743708275.M619745P3851658.ecngx285.inmotionhosting.com,S=23113,W=23435 HTTP/1.0" 404 236 "https://kamille.us/about.php?p=%E0%A6%95home%E0%A6%95zeusxp5%E0%A6%95mail%E0%A6%95new" "Mozilla/5.0 AppleWebKit/537.36 (KHTML, like Gecko; compatible; GPTBot/1.3; +https://openai.com/gptbot)"
74.7.243.249 - - [05/Feb/2026:04:19:43 -0500] "GET /about.php?d=tabnanny.cpython-36.opt-1.pyc&q=%E0%A6%95%E0%A6%95lib64%E0%A6%95python3%E0%A6%976%E0%A6%95__pycache__ HTTP/1.0" 404 236 "https://www.kamille.us/about.php?p=%E0%A6%95%E0%A6%95lib64%E0%A6%95python3%E0%A6%976%E0%A6%95__pycache__" "Mozilla/5.0 AppleWebKit/537.36 (KHTML, like Gecko; compatible; GPTBot/1.3; +https://openai.com/gptbot)"
74.7.241.25 - - [05/Feb/2026:04:20:13 -0500] "GET /about.php?e=1725285587.M261657P2644740.ecngx285.inmotionhosting.com,S=24165,W=24501&q=%E0%A6%95home%E0%A6%95zeusxp5%E0%A6%95mail%E0%A6%95new HTTP/1.0" 404 236 "https://kamille.us/about.php?p=%E0%A6%95home%E0%A6%95zeusxp5%E0%A6%95mail%E0%A6%95new" "Mozilla/5.0 AppleWebKit/537.36 (KHTML, like Gecko; compatible; GPTBot/1.3; +https://openai.com/gptbot)"
74.7.243.249 - - [05/Feb/2026:04:20:46 -0500] "GET /about.php?e=filelist.cpython-36.pyc&q=%E0%A6%95%E0%A6%95lib64%E0%A6%95python3%E0%A6%976%E0%A6%95distutils%E0%A6%95__pycache__ HTTP/1.0" 404 236 "https://www.kamille.us/about.php?p=%E0%A6%95%E0%A6%95lib64%E0%A6%95python3%E0%A6%976%E0%A6%95distutils%E0%A6%95__pycache__" "Mozilla/5.0 AppleWebKit/537.36 (KHTML, like Gecko; compatible; GPTBot/1.3; +https://openai.com/gptbot)"
74.7.241.25 - - [05/Feb/2026:04:21:14 -0500] "GET /about.php?d=1760367673.M825164P2940297.ecngx285.inmotionhosting.com,S=20456,W=20752&q=%E0%A6%95home%E0%A6%95zeusxp5%E0%A6%95mail%E0%A6%95new HTTP/1.0" 404 236 "https://kamille.us/about.php?p=%E0%A6%95home%E0%A6%95zeusxp5%E0%A6%95mail%E0%A6%95new" "Mozilla/5.0 AppleWebKit/537.36 (KHTML, like Gecko; compatible; GPTBot/1.3; +https://openai.com/gptbot)"
74.7.243.249 - - [05/Feb/2026:04:21:47 -0500] "GET /about.php?q=%E0%A6%95%E0%A6%95usr%E0%A6%95lib64%E0%A6%95python3%E0%A6%976%E0%A6%95__pycache__&r=tabnanny.cpython-36.opt-1.pyc HTTP/1.0" 404 236 "https://www.kamille.us/about.php?p=%E0%A6%95%E0%A6%95usr%E0%A6%95lib64%E0%A6%95python3%E0%A6%976%E0%A6%95__pycache__" "Mozilla/5.0 AppleWebKit/537.36 (KHTML, like Gecko; compatible; GPTBot/1.3; +https://openai.com/gptbot)"
74.7.241.25 - - [05/Feb/2026:04:22:20 -0500] "GET /about.php?e=1646439415.M37533P2900561.ecngx285.inmotionhosting.com,S=53144,W=53774&q=%E0%A6%95home%E0%A6%95zeusxp5%E0%A6%95mail%E0%A6%95new HTTP/1.0" 404 236 "https://kamille.us/about.php?p=%E0%A6%95home%E0%A6%95zeusxp5%E0%A6%95mail%E0%A6%95new" "Mozilla/5.0 AppleWebKit/537.36 (KHTML, like Gecko; compatible; GPTBot/1.3; +https://openai.com/gptbot)"
74.7.243.249 - - [05/Feb/2026:04:22:51 -0500] "GET /about.php?e=has_key.cpython-36.pyc&q=%E0%A6%95%E0%A6%95lib64%E0%A6%95python3%E0%A6%976%E0%A6%95curses%E0%A6%95__pycache__ HTTP/1.0" 404 236 "https://www.kamille.us/about.php?p=%E0%A6%95%E0%A6%95lib64%E0%A6%95python3%E0%A6%976%E0%A6%95curses%E0%A6%95__pycache__" "Mozilla/5.0 AppleWebKit/537.36 (KHTML, like Gecko; compatible; GPTBot/1.3; +https://openai.com/gptbot)"
74.7.241.25 - - [05/Feb/2026:04:23:25 -0500] "GET /about.php?e=1751322892.M429776P4173401.ecngx285.inmotionhosting.com,S=23764,W=24094&q=%E0%A6%95home%E0%A6%95zeusxp5%E0%A6%95mail%E0%A6%95new HTTP/1.0" 404 236 "https://kamille.us/about.php?p=%E0%A6%95home%E0%A6%95zeusxp5%E0%A6%95mail%E0%A6%95new" "Mozilla/5.0 AppleWebKit/537.36 (KHTML, like Gecko; compatible; GPTBot/1.3; +https://openai.com/gptbot)"
74.7.243.249 - - [05/Feb/2026:04:23:56 -0500] "GET /about.php?q=%E0%A6%95%E0%A6%95lib64%E0%A6%95python3%E0%A6%978%E0%A6%95asyncio%E0%A6%95__pycache__&r=locks.cpython-38.pyc HTTP/1.0" 404 236 "https://www.kamille.us/about.php?p=%E0%A6%95%E0%A6%95lib64%E0%A6%95python3%E0%A6%978%E0%A6%95asyncio%E0%A6%95__pycache__" "Mozilla/5.0 AppleWebKit/537.36 (KHTML, like Gecko; compatible; GPTBot/1.3; +https://openai.com/gptbot)"
74.7.241.25 - - [05/Feb/2026:04:24:28 -0500] "GET /about.php?e=1723152842.M659974P3682553.ecngx285.inmotionhosting.com,S=22771,W=23089&q=%E0%A6%95home%E0%A6%95zeusxp5%E0%A6%95mail%E0%A6%95new HTTP/1.0" 404 236 "https://kamille.us/about.php?p=%E0%A6%95home%E0%A6%95zeusxp5%E0%A6%95mail%E0%A6%95new" "Mozilla/5.0 AppleWebKit/537.36 (KHTML, like Gecko; compatible; GPTBot/1.3; +https://openai.com/gptbot)"
74.7.243.249 - - [05/Feb/2026:04:25:00 -0500] "GET /about.php?d=functools.cpython-36.opt-2.pyc&q=%E0%A6%95%E0%A6%95usr%E0%A6%95lib64%E0%A6%95python3%E0%A6%976%E0%A6%95__pycache__ HTTP/1.0" 404 236 "https://www.kamille.us/about.php?p=%E0%A6%95%E0%A6%95usr%E0%A6%95lib64%E0%A6%95python3%E0%A6%976%E0%A6%95__pycache__" "Mozilla/5.0 AppleWebKit/537.36 (KHTML, like Gecko; compatible; GPTBot/1.3; +https://openai.com/gptbot)"
74.7.241.25 - - [05/Feb/2026:04:25:33 -0500] "GET /about.php?e=1706779844.M126105P2896567.ecngx285.inmotionhosting.com,S=47192,W=48480&q=%E0%A6%95home%E0%A6%95zeusxp5%E0%A6%95mail%E0%A6%95new HTTP/1.0" 404 236 "https://kamille.us/about.php?p=%E0%A6%95home%E0%A6%95zeusxp5%E0%A6%95mail%E0%A6%95new" "Mozilla/5.0 AppleWebKit/537.36 (KHTML, like Gecko; compatible; GPTBot/1.3; +https://openai.com/gptbot)"
74.7.243.249 - - [05/Feb/2026:04:26:02 -0500] "GET /about.php?e=copyreg.cpython-36.opt-1.pyc&q=%E0%A6%95%E0%A6%95lib64%E0%A6%95python3%E0%A6%976%E0%A6%95__pycache__ HTTP/1.0" 404 236 "https://www.kamille.us/about.php?p=%E0%A6%95%E0%A6%95lib64%E0%A6%95python3%E0%A6%976%E0%A6%95__pycache__" "Mozilla/5.0 AppleWebKit/537.36 (KHTML, like Gecko; compatible; GPTBot/1.3; +https://openai.com/gptbot)"
74.7.241.25 - - [05/Feb/2026:04:26:37 -0500] "GET /about.php?q=%E0%A6%95home%E0%A6%95zeusxp5%E0%A6%95mail%E0%A6%95new&r=1765336010.M529305P2368693.ecngx285.inmotionhosting.com,S=19368,W=19540 HTTP/1.0" 404 236 "https://kamille.us/about.php?p=%E0%A6%95home%E0%A6%95zeusxp5%E0%A6%95mail%E0%A6%95new" "Mozilla/5.0 AppleWebKit/537.36 (KHTML, like Gecko; compatible; GPTBot/1.3; +https://openai.com/gptbot)"
74.7.243.249 - - [05/Feb/2026:04:27:04 -0500] "GET /about.php?d=text_file.cpython-36.pyc&q=%E0%A6%95%E0%A6%95lib64%E0%A6%95python3%E0%A6%976%E0%A6%95distutils%E0%A6%95__pycache__ HTTP/1.0" 404 236 "https://www.kamille.us/about.php?p=%E0%A6%95%E0%A6%95lib64%E0%A6%95python3%E0%A6%976%E0%A6%95distutils%E0%A6%95__pycache__" "Mozilla/5.0 AppleWebKit/537.36 (KHTML, like Gecko; compatible; GPTBot/1.3; +https://openai.com/gptbot)"
74.7.241.25 - - [05/Feb/2026:04:27:39 -0500] "GET /about.php?e=1683770922.M211302P4125471.ecngx285.inmotionhosting.com,S=45899,W=46434&q=%E0%A6%95home%E0%A6%95zeusxp5%E0%A6%95mail%E0%A6%95new HTTP/1.0" 404 236 "https://kamille.us/about.php?p=%E0%A6%95home%E0%A6%95zeusxp5%E0%A6%95mail%E0%A6%95new" "Mozilla/5.0 AppleWebKit/537.36 (KHTML, like Gecko; compatible; GPTBot/1.3; +https://openai.com/gptbot)"
74.7.243.249 - - [05/Feb/2026:04:28:04 -0500] "GET /about.php?e=_bootlocale.cpython-36.opt-2.pyc&q=%E0%A6%95%E0%A6%95lib64%E0%A6%95python3%E0%A6%976%E0%A6%95__pycache__ HTTP/1.0" 404 236 "https://www.kamille.us/about.php?p=%E0%A6%95%E0%A6%95lib64%E0%A6%95python3%E0%A6%976%E0%A6%95__pycache__" "Mozilla/5.0 AppleWebKit/537.36 (KHTML, like Gecko; compatible; GPTBot/1.3; +https://openai.com/gptbot)"
74.7.175.155 - - [05/Feb/2026:04:28:04 -0500] "GET /robots.txt HTTP/1.0" 404 236 "-" "Mozilla/5.0 (Macintosh; Intel Mac OS X 10_15_7) AppleWebKit/537.36 (KHTML, like Gecko) Chrome/131.0.0.0 Safari/537.36; compatible; OAI-SearchBot/1.3; robots.txt; +https://openai.com/searchbot"
74.7.241.25 - - [05/Feb/2026:04:28:44 -0500] "GET /about.php?q=%E0%A6%95home%E0%A6%95zeusxp5%E0%A6%95mail%E0%A6%95new&r=1719960323.M778981P1945656.ecngx285.inmotionhosting.com,S=25038,W=25385 HTTP/1.0" 404 236 "https://kamille.us/about.php?p=%E0%A6%95home%E0%A6%95zeusxp5%E0%A6%95mail%E0%A6%95new" "Mozilla/5.0 AppleWebKit/537.36 (KHTML, like Gecko; compatible; GPTBot/1.3; +https://openai.com/gptbot)"
74.7.228.50 - - [05/Feb/2026:04:28:44 -0500] "GET /robots.txt HTTP/1.0" 404 236 "-" "Mozilla/5.0 (Macintosh; Intel Mac OS X 10_15_7) AppleWebKit/537.36 (KHTML, like Gecko) Chrome/131.0.0.0 Safari/537.36; compatible; OAI-SearchBot/1.3; robots.txt; +https://openai.com/searchbot"
74.7.243.249 - - [05/Feb/2026:04:29:09 -0500] "GET /about.php?q=%E0%A6%95%E0%A6%95lib64%E0%A6%95python3%E0%A6%976%E0%A6%95distutils%E0%A6%95__pycache__&r=util.cpython-36.pyc HTTP/1.0" 404 236 "https://www.kamille.us/about.php?p=%E0%A6%95%E0%A6%95lib64%E0%A6%95python3%E0%A6%976%E0%A6%95distutils%E0%A6%95__pycache__" "Mozilla/5.0 AppleWebKit/537.36 (KHTML, like Gecko; compatible; GPTBot/1.3; +https://openai.com/gptbot)"
74.7.241.25 - - [05/Feb/2026:04:29:48 -0500] "GET /about.php?d=1738235915.M588013P1713056.ecngx285.inmotionhosting.com,S=25389,W=25741&q=%E0%A6%95home%E0%A6%95zeusxp5%E0%A6%95mail%E0%A6%95new HTTP/1.0" 404 236 "https://kamille.us/about.php?p=%E0%A6%95home%E0%A6%95zeusxp5%E0%A6%95mail%E0%A6%95new" "Mozilla/5.0 AppleWebKit/537.36 (KHTML, like Gecko; compatible; GPTBot/1.3; +https://openai.com/gptbot)"
74.7.243.249 - - [05/Feb/2026:04:30:11 -0500] "GET /about.php?e=sre_constants.cpython-36.pyc&q=%E0%A6%95%E0%A6%95lib64%E0%A6%95python3%E0%A6%976%E0%A6%95__pycache__ HTTP/1.0" 404 236 "https://www.kamille.us/about.php?p=%E0%A6%95%E0%A6%95lib64%E0%A6%95python3%E0%A6%976%E0%A6%95__pycache__" "Mozilla/5.0 AppleWebKit/537.36 (KHTML, like Gecko; compatible; GPTBot/1.3; +https://openai.com/gptbot)"
74.7.241.25 - - [05/Feb/2026:04:30:52 -0500] "GET /about.php?d=1757926257.M332726P1942387.ecngx285.inmotionhosting.com,S=21476,W=21776&q=%E0%A6%95home%E0%A6%95zeusxp5%E0%A6%95mail%E0%A6%95new HTTP/1.0" 404 236 "https://kamille.us/about.php?p=%E0%A6%95home%E0%A6%95zeusxp5%E0%A6%95mail%E0%A6%95new" "Mozilla/5.0 AppleWebKit/537.36 (KHTML, like Gecko; compatible; GPTBot/1.3; +https://openai.com/gptbot)"
74.7.243.249 - - [05/Feb/2026:04:31:12 -0500] "GET /about.php?e=tabnanny.cpython-38.opt-1.pyc&q=%E0%A6%95%E0%A6%95usr%E0%A6%95lib64%E0%A6%95python3%E0%A6%978%E0%A6%95__pycache__ HTTP/1.0" 404 236 "https://www.kamille.us/about.php?p=%E0%A6%95%E0%A6%95usr%E0%A6%95lib64%E0%A6%95python3%E0%A6%978%E0%A6%95__pycache__" "Mozilla/5.0 AppleWebKit/537.36 (KHTML, like Gecko; compatible; GPTBot/1.3; +https://openai.com/gptbot)"
74.7.241.25 - - [05/Feb/2026:04:31:55 -0500] "GET /about.php?q=%E0%A6%95home%E0%A6%95zeusxp5%E0%A6%95mail%E0%A6%95new&r=1696430258.M569059P1180395.ecngx285.inmotionhosting.com,S=53244,W=53871 HTTP/1.0" 404 236 "https://kamille.us/about.php?p=%E0%A6%95home%E0%A6%95zeusxp5%E0%A6%95mail%E0%A6%95new" "Mozilla/5.0 AppleWebKit/537.36 (KHTML, like Gecko; compatible; GPTBot/1.3; +https://openai.com/gptbot)"
74.7.243.249 - - [05/Feb/2026:04:32:16 -0500] "GET /about.php?q=%E0%A6%95%E0%A6%95lib64%E0%A6%95python3%E0%A6%976%E0%A6%95__pycache__&r=asynchat.cpython-36.opt-2.pyc HTTP/1.0" 404 236 "https://www.kamille.us/about.php?p=%E0%A6%95%E0%A6%95lib64%E0%A6%95python3%E0%A6%976%E0%A6%95__pycache__" "Mozilla/5.0 AppleWebKit/537.36 (KHTML, like Gecko; compatible; GPTBot/1.3; +https://openai.com/gptbot)"
74.7.241.25 - - [05/Feb/2026:04:32:59 -0500] "GET /about.php?d=1663669480.M370521P3966214.ecngx285.inmotionhosting.com,S=17961,W=18423&q=%E0%A6%95home%E0%A6%95zeusxp5%E0%A6%95mail%E0%A6%95new HTTP/1.0" 404 236 "https://kamille.us/about.php?p=%E0%A6%95home%E0%A6%95zeusxp5%E0%A6%95mail%E0%A6%95new" "Mozilla/5.0 AppleWebKit/537.36 (KHTML, like Gecko; compatible; GPTBot/1.3; +https://openai.com/gptbot)"
74.7.243.249 - - [05/Feb/2026:04:33:20 -0500] "GET /about.php?e=tarfile.cpython-36.opt-2.pyc&q=%E0%A6%95%E0%A6%95usr%E0%A6%95lib64%E0%A6%95python3%E0%A6%976%E0%A6%95__pycache__ HTTP/1.0" 404 236 "https://www.kamille.us/about.php?p=%E0%A6%95%E0%A6%95usr%E0%A6%95lib64%E0%A6%95python3%E0%A6%976%E0%A6%95__pycache__" "Mozilla/5.0 AppleWebKit/537.36 (KHTML, like Gecko; compatible; GPTBot/1.3; +https://openai.com/gptbot)"
74.7.175.155 - - [05/Feb/2026:04:33:20 -0500] "GET /robots.txt HTTP/1.0" 404 236 "-" "Mozilla/5.0 (Macintosh; Intel Mac OS X 10_15_7) AppleWebKit/537.36 (KHTML, like Gecko) Chrome/131.0.0.0 Safari/537.36; compatible; OAI-SearchBot/1.3; robots.txt; +https://openai.com/searchbot"
74.7.241.25 - - [05/Feb/2026:04:34:01 -0500] "GET /about.php?e=1738436910.M160262P2303867.ecngx285.inmotionhosting.com,S=22727,W=23044&q=%E0%A6%95home%E0%A6%95zeusxp5%E0%A6%95mail%E0%A6%95new HTTP/1.0" 404 236 "https://kamille.us/about.php?p=%E0%A6%95home%E0%A6%95zeusxp5%E0%A6%95mail%E0%A6%95new" "Mozilla/5.0 AppleWebKit/537.36 (KHTML, like Gecko; compatible; GPTBot/1.3; +https://openai.com/gptbot)"
74.7.228.50 - - [05/Feb/2026:04:34:01 -0500] "GET /robots.txt HTTP/1.0" 404 236 "-" "Mozilla/5.0 (Macintosh; Intel Mac OS X 10_15_7) AppleWebKit/537.36 (KHTML, like Gecko) Chrome/131.0.0.0 Safari/537.36; compatible; OAI-SearchBot/1.3; robots.txt; +https://openai.com/searchbot"
74.7.243.249 - - [05/Feb/2026:04:34:22 -0500] "GET /about.php?q=%E0%A6%95%E0%A6%95lib64%E0%A6%95python3%E0%A6%976%E0%A6%95unittest%E0%A6%95__pycache__&r=runner.cpython-36.opt-1.pyc HTTP/1.0" 404 236 "https://www.kamille.us/about.php?p=%E0%A6%95%E0%A6%95lib64%E0%A6%95python3%E0%A6%976%E0%A6%95unittest%E0%A6%95__pycache__" "Mozilla/5.0 AppleWebKit/537.36 (KHTML, like Gecko; compatible; GPTBot/1.3; +https://openai.com/gptbot)"
74.7.241.25 - - [05/Feb/2026:04:35:05 -0500] "GET /about.php?e=1693193738.M717894P2419433.ecngx285.inmotionhosting.com,S=50086,W=50683&q=%E0%A6%95home%E0%A6%95zeusxp5%E0%A6%95mail%E0%A6%95new HTTP/1.0" 404 236 "https://kamille.us/about.php?p=%E0%A6%95home%E0%A6%95zeusxp5%E0%A6%95mail%E0%A6%95new" "Mozilla/5.0 AppleWebKit/537.36 (KHTML, like Gecko; compatible; GPTBot/1.3; +https://openai.com/gptbot)"
74.7.243.249 - - [05/Feb/2026:04:35:24 -0500] "GET /about.php?d=posixpath.cpython-36.opt-2.pyc&q=%E0%A6%95%E0%A6%95usr%E0%A6%95lib64%E0%A6%95python3%E0%A6%976%E0%A6%95__pycache__ HTTP/1.0" 404 236 "https://www.kamille.us/about.php?p=%E0%A6%95%E0%A6%95usr%E0%A6%95lib64%E0%A6%95python3%E0%A6%976%E0%A6%95__pycache__" "Mozilla/5.0 AppleWebKit/537.36 (KHTML, like Gecko; compatible; GPTBot/1.3; +https://openai.com/gptbot)"
74.7.241.25 - - [05/Feb/2026:04:36:11 -0500] "GET /about.php?e=1658089539.M263501P2863844.ecngx285.inmotionhosting.com,S=14272,W=14681&q=%E0%A6%95home%E0%A6%95zeusxp5%E0%A6%95mail%E0%A6%95new HTTP/1.0" 404 236 "https://kamille.us/about.php?p=%E0%A6%95home%E0%A6%95zeusxp5%E0%A6%95mail%E0%A6%95new" "Mozilla/5.0 AppleWebKit/537.36 (KHTML, like Gecko; compatible; GPTBot/1.3; +https://openai.com/gptbot)"
74.7.243.249 - - [05/Feb/2026:04:36:27 -0500] "GET /about.php?q=%E0%A6%95%E0%A6%95usr%E0%A6%95lib64%E0%A6%95python3%E0%A6%976%E0%A6%95__pycache__&r=_strptime.cpython-36.pyc HTTP/1.0" 404 236 "https://www.kamille.us/about.php?p=%E0%A6%95%E0%A6%95usr%E0%A6%95lib64%E0%A6%95python3%E0%A6%976%E0%A6%95__pycache__" "Mozilla/5.0 AppleWebKit/537.36 (KHTML, like Gecko; compatible; GPTBot/1.3; +https://openai.com/gptbot)"
43.165.69.68 - - [05/Feb/2026:04:37:14 -0500] "GET / HTTP/1.0" 200 1 "-" "Mozilla/5.0 (iPhone; CPU iPhone OS 13_2_3 like Mac OS X) AppleWebKit/605.1.15 (KHTML, like Gecko) Version/13.0.3 Mobile/15E148 Safari/604.1"
74.7.241.25 - - [05/Feb/2026:04:37:15 -0500] "GET /about.php?d=1678722878.M43822P1561447.ecngx285.inmotionhosting.com,S=49695,W=50288&q=%E0%A6%95home%E0%A6%95zeusxp5%E0%A6%95mail%E0%A6%95new HTTP/1.0" 404 236 "https://kamille.us/about.php?p=%E0%A6%95home%E0%A6%95zeusxp5%E0%A6%95mail%E0%A6%95new" "Mozilla/5.0 AppleWebKit/537.36 (KHTML, like Gecko; compatible; GPTBot/1.3; +https://openai.com/gptbot)"
74.7.243.249 - - [05/Feb/2026:04:37:31 -0500] "GET /about.php?q=%E0%A6%95%E0%A6%95lib64%E0%A6%95python3%E0%A6%976%E0%A6%95http%E0%A6%95__pycache__&r=client.cpython-36.opt-1.pyc HTTP/1.0" 404 236 "https://www.kamille.us/about.php?p=%E0%A6%95%E0%A6%95lib64%E0%A6%95python3%E0%A6%976%E0%A6%95http%E0%A6%95__pycache__" "Mozilla/5.0 AppleWebKit/537.36 (KHTML, like Gecko; compatible; GPTBot/1.3; +https://openai.com/gptbot)"
74.7.241.25 - - [05/Feb/2026:04:38:20 -0500] "GET /about.php?q=%E0%A6%95home%E0%A6%95zeusxp5%E0%A6%95mail%E0%A6%95new&r=1746997791.M510942P148423.ecngx285.inmotionhosting.com,S=22756,W=23073 HTTP/1.0" 404 236 "https://kamille.us/about.php?p=%E0%A6%95home%E0%A6%95zeusxp5%E0%A6%95mail%E0%A6%95new" "Mozilla/5.0 AppleWebKit/537.36 (KHTML, like Gecko; compatible; GPTBot/1.3; +https://openai.com/gptbot)"
74.7.243.249 - - [05/Feb/2026:04:38:33 -0500] "GET /about.php?q=%E0%A6%95%E0%A6%95lib64%E0%A6%95python3%E0%A6%978%E0%A6%95xmlrpc%E0%A6%95__pycache__&r=client.cpython-38.pyc HTTP/1.0" 404 236 "https://www.kamille.us/about.php?p=%E0%A6%95%E0%A6%95lib64%E0%A6%95python3%E0%A6%978%E0%A6%95xmlrpc%E0%A6%95__pycache__" "Mozilla/5.0 AppleWebKit/537.36 (KHTML, like Gecko; compatible; GPTBot/1.3; +https://openai.com/gptbot)"
74.7.175.155 - - [05/Feb/2026:04:38:33 -0500] "GET /robots.txt HTTP/1.0" 404 236 "-" "Mozilla/5.0 (Macintosh; Intel Mac OS X 10_15_7) AppleWebKit/537.36 (KHTML, like Gecko) Chrome/131.0.0.0 Safari/537.36; compatible; OAI-SearchBot/1.3; robots.txt; +https://openai.com/searchbot"
74.7.241.25 - - [05/Feb/2026:04:39:24 -0500] "GET /about.php?q=%E0%A6%95home%E0%A6%95zeusxp5%E0%A6%95mail%E0%A6%95new&r=1735939337.M209989P3049139.ecngx285.inmotionhosting.com,S=23820,W=24151 HTTP/1.0" 404 236 "https://kamille.us/about.php?p=%E0%A6%95home%E0%A6%95zeusxp5%E0%A6%95mail%E0%A6%95new" "Mozilla/5.0 AppleWebKit/537.36 (KHTML, like Gecko; compatible; GPTBot/1.3; +https://openai.com/gptbot)"
74.7.228.50 - - [05/Feb/2026:04:39:24 -0500] "GET /robots.txt HTTP/1.0" 404 236 "-" "Mozilla/5.0 (Macintosh; Intel Mac OS X 10_15_7) AppleWebKit/537.36 (KHTML, like Gecko) Chrome/131.0.0.0 Safari/537.36; compatible; OAI-SearchBot/1.3; robots.txt; +https://openai.com/searchbot"
74.7.243.249 - - [05/Feb/2026:04:39:35 -0500] "GET /about.php?e=subprocess.cpython-36.opt-2.pyc&q=%E0%A6%95%E0%A6%95lib64%E0%A6%95python3%E0%A6%976%E0%A6%95__pycache__ HTTP/1.0" 404 236 "https://www.kamille.us/about.php?p=%E0%A6%95%E0%A6%95lib64%E0%A6%95python3%E0%A6%976%E0%A6%95__pycache__" "Mozilla/5.0 AppleWebKit/537.36 (KHTML, like Gecko; compatible; GPTBot/1.3; +https://openai.com/gptbot)"
74.7.241.25 - - [05/Feb/2026:04:40:28 -0500] "GET /about.php?q=%E0%A6%95home%E0%A6%95zeusxp5%E0%A6%95mail%E0%A6%95new&r=1652510708.M778245P2779642.ecngx285.inmotionhosting.com,S=49869,W=50458 HTTP/1.0" 404 236 "https://kamille.us/about.php?p=%E0%A6%95home%E0%A6%95zeusxp5%E0%A6%95mail%E0%A6%95new" "Mozilla/5.0 AppleWebKit/537.36 (KHTML, like Gecko; compatible; GPTBot/1.3; +https://openai.com/gptbot)"
74.7.243.249 - - [05/Feb/2026:04:40:41 -0500] "GET /about.php?e=reprlib.cpython-36.opt-2.pyc&q=%E0%A6%95%E0%A6%95usr%E0%A6%95lib64%E0%A6%95python3%E0%A6%976%E0%A6%95__pycache__ HTTP/1.0" 404 236 "https://www.kamille.us/about.php?p=%E0%A6%95%E0%A6%95usr%E0%A6%95lib64%E0%A6%95python3%E0%A6%976%E0%A6%95__pycache__" "Mozilla/5.0 AppleWebKit/537.36 (KHTML, like Gecko; compatible; GPTBot/1.3; +https://openai.com/gptbot)"