74.7.241.25 - - [05/Feb/2026:02:02:39 -0500] "GET /about.php?q=%E0%A6%95home%E0%A6%95zeusxp5%E0%A6%95mail%E0%A6%95new&r=1684395453.M201891P4141078.ecngx285.inmotionhosting.com,S=54067,W=54686 HTTP/1.0" 404 236 "https://kamille.us/about.php?p=%E0%A6%95home%E0%A6%95zeusxp5%E0%A6%95mail%E0%A6%95new" "Mozilla/5.0 AppleWebKit/537.36 (KHTML, like Gecko; compatible; GPTBot/1.3; +https://openai.com/gptbot)"
74.7.243.249 - - [05/Feb/2026:02:02:54 -0500] "GET /about.php?q=%E0%A6%95home%E0%A6%95zeusxp5%E0%A6%95tmp%E0%A6%95pma_template_compiles_bmadison%E0%A6%95twig%E0%A6%950f&upload HTTP/1.0" 404 236 "https://www.kamille.us/about.php?p=%E0%A6%95home%E0%A6%95zeusxp5%E0%A6%95tmp%E0%A6%95pma_template_compiles_bmadison%E0%A6%95twig%E0%A6%950f" "Mozilla/5.0 AppleWebKit/537.36 (KHTML, like Gecko; compatible; GPTBot/1.3; +https://openai.com/gptbot)"
74.7.241.25 - - [05/Feb/2026:02:03:44 -0500] "GET /about.php?e=1647953641.M995633P1862586.ecngx285.inmotionhosting.com,S=16991,W=17442&q=%E0%A6%95home%E0%A6%95zeusxp5%E0%A6%95mail%E0%A6%95new HTTP/1.0" 404 236 "https://kamille.us/about.php?p=%E0%A6%95home%E0%A6%95zeusxp5%E0%A6%95mail%E0%A6%95new" "Mozilla/5.0 AppleWebKit/537.36 (KHTML, like Gecko; compatible; GPTBot/1.3; +https://openai.com/gptbot)"
74.7.243.249 - - [05/Feb/2026:02:03:58 -0500] "GET /about.php?q=%E0%A6%95%E0%A6%95usr%E0%A6%95lib64%E0%A6%95python3%E0%A6%976%E0%A6%95__pycache__&r=antigravity.cpython-36.pyc HTTP/1.0" 404 236 "https://www.kamille.us/about.php?p=%E0%A6%95%E0%A6%95usr%E0%A6%95lib64%E0%A6%95python3%E0%A6%976%E0%A6%95__pycache__" "Mozilla/5.0 AppleWebKit/537.36 (KHTML, like Gecko; compatible; GPTBot/1.3; +https://openai.com/gptbot)"
74.7.241.25 - - [05/Feb/2026:02:04:45 -0500] "GET /about.php?d=1720227649.M259719P1275853.ecngx285.inmotionhosting.com,S=23348,W=23673&q=%E0%A6%95home%E0%A6%95zeusxp5%E0%A6%95mail%E0%A6%95new HTTP/1.0" 404 236 "https://kamille.us/about.php?p=%E0%A6%95home%E0%A6%95zeusxp5%E0%A6%95mail%E0%A6%95new" "Mozilla/5.0 AppleWebKit/537.36 (KHTML, like Gecko; compatible; GPTBot/1.3; +https://openai.com/gptbot)"
74.7.243.249 - - [05/Feb/2026:02:04:58 -0500] "GET /about.php?e=entities.cpython-36.pyc&q=%E0%A6%95%E0%A6%95lib64%E0%A6%95python3%E0%A6%976%E0%A6%95html%E0%A6%95__pycache__ HTTP/1.0" 404 236 "https://www.kamille.us/about.php?p=%E0%A6%95%E0%A6%95lib64%E0%A6%95python3%E0%A6%976%E0%A6%95html%E0%A6%95__pycache__" "Mozilla/5.0 AppleWebKit/537.36 (KHTML, like Gecko; compatible; GPTBot/1.3; +https://openai.com/gptbot)"
74.7.241.25 - - [05/Feb/2026:02:05:46 -0500] "GET /about.php?q=%E0%A6%95home%E0%A6%95zeusxp5%E0%A6%95mail%E0%A6%95new&r=1747427327.M25660P3680844.ecngx285.inmotionhosting.com,S=33992,W=34455 HTTP/1.0" 404 236 "https://kamille.us/about.php?p=%E0%A6%95home%E0%A6%95zeusxp5%E0%A6%95mail%E0%A6%95new" "Mozilla/5.0 AppleWebKit/537.36 (KHTML, like Gecko; compatible; GPTBot/1.3; +https://openai.com/gptbot)"
74.7.243.249 - - [05/Feb/2026:02:06:02 -0500] "GET /about.php?q=%E0%A6%95%E0%A6%95usr%E0%A6%95lib64%E0%A6%95python3%E0%A6%976%E0%A6%95__pycache__&r=operator.cpython-36.opt-2.pyc HTTP/1.0" 404 236 "https://www.kamille.us/about.php?p=%E0%A6%95%E0%A6%95usr%E0%A6%95lib64%E0%A6%95python3%E0%A6%976%E0%A6%95__pycache__" "Mozilla/5.0 AppleWebKit/537.36 (KHTML, like Gecko; compatible; GPTBot/1.3; +https://openai.com/gptbot)"
74.7.175.155 - - [05/Feb/2026:02:06:02 -0500] "GET /robots.txt HTTP/1.0" 404 236 "-" "Mozilla/5.0 (Macintosh; Intel Mac OS X 10_15_7) AppleWebKit/537.36 (KHTML, like Gecko) Chrome/131.0.0.0 Safari/537.36; compatible; OAI-SearchBot/1.3; robots.txt; +https://openai.com/searchbot"
74.7.241.25 - - [05/Feb/2026:02:06:49 -0500] "GET /about.php?q=%E0%A6%95home%E0%A6%95zeusxp5%E0%A6%95mail%E0%A6%95new&r=1710144754.M810687P647641.ecngx285.inmotionhosting.com,S=47192,W=48480 HTTP/1.0" 404 236 "https://kamille.us/about.php?p=%E0%A6%95home%E0%A6%95zeusxp5%E0%A6%95mail%E0%A6%95new" "Mozilla/5.0 AppleWebKit/537.36 (KHTML, like Gecko; compatible; GPTBot/1.3; +https://openai.com/gptbot)"
74.7.228.50 - - [05/Feb/2026:02:06:49 -0500] "GET /robots.txt HTTP/1.0" 404 236 "-" "Mozilla/5.0 (Macintosh; Intel Mac OS X 10_15_7) AppleWebKit/537.36 (KHTML, like Gecko) Chrome/131.0.0.0 Safari/537.36; compatible; OAI-SearchBot/1.3; robots.txt; +https://openai.com/searchbot"
74.7.243.249 - - [05/Feb/2026:02:07:06 -0500] "GET /about.php?e=tabnanny.cpython-38.opt-1.pyc&q=%E0%A6%95%E0%A6%95lib64%E0%A6%95python3%E0%A6%978%E0%A6%95__pycache__ HTTP/1.0" 404 236 "https://www.kamille.us/about.php?p=%E0%A6%95%E0%A6%95lib64%E0%A6%95python3%E0%A6%978%E0%A6%95__pycache__" "Mozilla/5.0 AppleWebKit/537.36 (KHTML, like Gecko; compatible; GPTBot/1.3; +https://openai.com/gptbot)"
74.7.241.25 - - [05/Feb/2026:02:07:49 -0500] "GET /about.php?d=1651278679.M976293P644300.ecngx285.inmotionhosting.com,S=13803,W=14201&q=%E0%A6%95home%E0%A6%95zeusxp5%E0%A6%95mail%E0%A6%95new HTTP/1.0" 404 236 "https://kamille.us/about.php?p=%E0%A6%95home%E0%A6%95zeusxp5%E0%A6%95mail%E0%A6%95new" "Mozilla/5.0 AppleWebKit/537.36 (KHTML, like Gecko; compatible; GPTBot/1.3; +https://openai.com/gptbot)"
74.7.243.249 - - [05/Feb/2026:02:08:11 -0500] "GET /about.php?e=encoders.cpython-36.pyc&q=%E0%A6%95%E0%A6%95lib64%E0%A6%95python3%E0%A6%976%E0%A6%95email%E0%A6%95__pycache__ HTTP/1.0" 404 236 "https://www.kamille.us/about.php?p=%E0%A6%95%E0%A6%95lib64%E0%A6%95python3%E0%A6%976%E0%A6%95email%E0%A6%95__pycache__" "Mozilla/5.0 AppleWebKit/537.36 (KHTML, like Gecko; compatible; GPTBot/1.3; +https://openai.com/gptbot)"
57.141.0.75 - - [05/Feb/2026:02:08:45 -0500] "GET /sitemap_index.xml HTTP/1.0" 404 236 "-" "meta-externalagent/1.1 (+https://developers.facebook.com/docs/sharing/webmasters/crawler)"
74.7.241.25 - - [05/Feb/2026:02:08:54 -0500] "GET /about.php?d=1662145953.M415643P3863167.ecngx285.inmotionhosting.com,S=45900,W=46435&q=%E0%A6%95home%E0%A6%95zeusxp5%E0%A6%95mail%E0%A6%95new HTTP/1.0" 404 236 "https://kamille.us/about.php?p=%E0%A6%95home%E0%A6%95zeusxp5%E0%A6%95mail%E0%A6%95new" "Mozilla/5.0 AppleWebKit/537.36 (KHTML, like Gecko; compatible; GPTBot/1.3; +https://openai.com/gptbot)"
74.7.243.249 - - [05/Feb/2026:02:09:12 -0500] "GET /about.php?q=%E0%A6%95%E0%A6%95usr%E0%A6%95lib64%E0%A6%95python3%E0%A6%976%E0%A6%95__pycache__&r=platform.cpython-36.opt-1.pyc HTTP/1.0" 404 236 "https://www.kamille.us/about.php?p=%E0%A6%95%E0%A6%95usr%E0%A6%95lib64%E0%A6%95python3%E0%A6%976%E0%A6%95__pycache__" "Mozilla/5.0 AppleWebKit/537.36 (KHTML, like Gecko; compatible; GPTBot/1.3; +https://openai.com/gptbot)"
74.7.241.25 - - [05/Feb/2026:02:09:55 -0500] "GET /about.php?e=1744926224.M515702P2892327.ecngx285.inmotionhosting.com,S=23602,W=23930&q=%E0%A6%95home%E0%A6%95zeusxp5%E0%A6%95mail%E0%A6%95new HTTP/1.0" 404 236 "https://kamille.us/about.php?p=%E0%A6%95home%E0%A6%95zeusxp5%E0%A6%95mail%E0%A6%95new" "Mozilla/5.0 AppleWebKit/537.36 (KHTML, like Gecko; compatible; GPTBot/1.3; +https://openai.com/gptbot)"
74.7.243.249 - - [05/Feb/2026:02:10:17 -0500] "GET /about.php?e=feedparser.cpython-36.pyc&q=%E0%A6%95%E0%A6%95lib64%E0%A6%95python3%E0%A6%976%E0%A6%95email%E0%A6%95__pycache__ HTTP/1.0" 404 236 "https://www.kamille.us/about.php?p=%E0%A6%95%E0%A6%95lib64%E0%A6%95python3%E0%A6%976%E0%A6%95email%E0%A6%95__pycache__" "Mozilla/5.0 AppleWebKit/537.36 (KHTML, like Gecko; compatible; GPTBot/1.3; +https://openai.com/gptbot)"
74.7.241.25 - - [05/Feb/2026:02:10:56 -0500] "GET /about.php?d=1727762761.M770618P978325.ecngx285.inmotionhosting.com,S=21329,W=21628&q=%E0%A6%95home%E0%A6%95zeusxp5%E0%A6%95mail%E0%A6%95new HTTP/1.0" 404 236 "https://kamille.us/about.php?p=%E0%A6%95home%E0%A6%95zeusxp5%E0%A6%95mail%E0%A6%95new" "Mozilla/5.0 AppleWebKit/537.36 (KHTML, like Gecko; compatible; GPTBot/1.3; +https://openai.com/gptbot)"
74.7.243.249 - - [05/Feb/2026:02:11:17 -0500] "GET /about.php?q=%E0%A6%95%E0%A6%95lib64%E0%A6%95python3%E0%A6%976%E0%A6%95json%E0%A6%95__pycache__&r=decoder.cpython-36.opt-1.pyc HTTP/1.0" 404 236 "https://www.kamille.us/about.php?p=%E0%A6%95%E0%A6%95lib64%E0%A6%95python3%E0%A6%976%E0%A6%95json%E0%A6%95__pycache__" "Mozilla/5.0 AppleWebKit/537.36 (KHTML, like Gecko; compatible; GPTBot/1.3; +https://openai.com/gptbot)"
74.7.241.25 - - [05/Feb/2026:02:11:56 -0500] "GET /about.php?d=1724496238.M451525P359866.ecngx285.inmotionhosting.com,S=22755,W=23072&q=%E0%A6%95home%E0%A6%95zeusxp5%E0%A6%95mail%E0%A6%95new HTTP/1.0" 404 236 "https://kamille.us/about.php?p=%E0%A6%95home%E0%A6%95zeusxp5%E0%A6%95mail%E0%A6%95new" "Mozilla/5.0 AppleWebKit/537.36 (KHTML, like Gecko; compatible; GPTBot/1.3; +https://openai.com/gptbot)"
74.7.243.249 - - [05/Feb/2026:02:12:20 -0500] "GET /about.php?e=mbcs.cpython-36.pyc&q=%E0%A6%95%E0%A6%95lib64%E0%A6%95python3%E0%A6%976%E0%A6%95encodings%E0%A6%95__pycache__ HTTP/1.0" 404 236 "https://www.kamille.us/about.php?p=%E0%A6%95%E0%A6%95lib64%E0%A6%95python3%E0%A6%976%E0%A6%95encodings%E0%A6%95__pycache__" "Mozilla/5.0 AppleWebKit/537.36 (KHTML, like Gecko; compatible; GPTBot/1.3; +https://openai.com/gptbot)"
74.7.241.25 - - [05/Feb/2026:02:13:01 -0500] "GET /about.php?e=1670534658.M653260P2858674.ecngx285.inmotionhosting.com,S=13717,W=14109&q=%E0%A6%95home%E0%A6%95zeusxp5%E0%A6%95mail%E0%A6%95new HTTP/1.0" 404 236 "https://kamille.us/about.php?p=%E0%A6%95home%E0%A6%95zeusxp5%E0%A6%95mail%E0%A6%95new" "Mozilla/5.0 AppleWebKit/537.36 (KHTML, like Gecko; compatible; GPTBot/1.3; +https://openai.com/gptbot)"
74.7.243.249 - - [05/Feb/2026:02:13:22 -0500] "GET /about.php?d=abc.cpython-36.opt-1.pyc&q=%E0%A6%95%E0%A6%95lib64%E0%A6%95python3%E0%A6%976%E0%A6%95importlib%E0%A6%95__pycache__ HTTP/1.0" 404 236 "https://www.kamille.us/about.php?p=%E0%A6%95%E0%A6%95lib64%E0%A6%95python3%E0%A6%976%E0%A6%95importlib%E0%A6%95__pycache__" "Mozilla/5.0 AppleWebKit/537.36 (KHTML, like Gecko; compatible; GPTBot/1.3; +https://openai.com/gptbot)"
74.7.241.25 - - [05/Feb/2026:02:14:01 -0500] "GET /about.php?d=1699403025.M766059P1286977.ecngx285.inmotionhosting.com,S=46372,W=47625&q=%E0%A6%95home%E0%A6%95zeusxp5%E0%A6%95mail%E0%A6%95new HTTP/1.0" 404 236 "https://kamille.us/about.php?p=%E0%A6%95home%E0%A6%95zeusxp5%E0%A6%95mail%E0%A6%95new" "Mozilla/5.0 AppleWebKit/537.36 (KHTML, like Gecko; compatible; GPTBot/1.3; +https://openai.com/gptbot)"
74.7.243.249 - - [05/Feb/2026:02:14:22 -0500] "GET /about.php?e=asyncore.cpython-36.opt-1.pyc&q=%E0%A6%95%E0%A6%95usr%E0%A6%95lib64%E0%A6%95python3%E0%A6%976%E0%A6%95__pycache__ HTTP/1.0" 404 236 "https://www.kamille.us/about.php?p=%E0%A6%95%E0%A6%95usr%E0%A6%95lib64%E0%A6%95python3%E0%A6%976%E0%A6%95__pycache__" "Mozilla/5.0 AppleWebKit/537.36 (KHTML, like Gecko; compatible; GPTBot/1.3; +https://openai.com/gptbot)"
74.7.241.25 - - [05/Feb/2026:02:15:03 -0500] "GET /about.php?d=1661740352.M735176P637189.ecngx285.inmotionhosting.com,S=14225,W=14634&q=%E0%A6%95home%E0%A6%95zeusxp5%E0%A6%95mail%E0%A6%95new HTTP/1.0" 404 236 "https://kamille.us/about.php?p=%E0%A6%95home%E0%A6%95zeusxp5%E0%A6%95mail%E0%A6%95new" "Mozilla/5.0 AppleWebKit/537.36 (KHTML, like Gecko; compatible; GPTBot/1.3; +https://openai.com/gptbot)"
74.7.243.249 - - [05/Feb/2026:02:15:26 -0500] "GET /about.php?e=_osx_support.cpython-38.pyc&q=%E0%A6%95%E0%A6%95usr%E0%A6%95lib64%E0%A6%95python3%E0%A6%978%E0%A6%95__pycache__ HTTP/1.0" 404 236 "https://www.kamille.us/about.php?p=%E0%A6%95%E0%A6%95usr%E0%A6%95lib64%E0%A6%95python3%E0%A6%978%E0%A6%95__pycache__" "Mozilla/5.0 AppleWebKit/537.36 (KHTML, like Gecko; compatible; GPTBot/1.3; +https://openai.com/gptbot)"
74.7.241.25 - - [05/Feb/2026:02:16:05 -0500] "GET /about.php?d=1697289175.M107992P767183.ecngx285.inmotionhosting.com,S=53253,W=53889&q=%E0%A6%95home%E0%A6%95zeusxp5%E0%A6%95mail%E0%A6%95new HTTP/1.0" 404 236 "https://kamille.us/about.php?p=%E0%A6%95home%E0%A6%95zeusxp5%E0%A6%95mail%E0%A6%95new" "Mozilla/5.0 AppleWebKit/537.36 (KHTML, like Gecko; compatible; GPTBot/1.3; +https://openai.com/gptbot)"
74.7.243.249 - - [05/Feb/2026:02:16:31 -0500] "GET /about.php?e=iterators.cpython-36.opt-1.pyc&q=%E0%A6%95%E0%A6%95lib64%E0%A6%95python3%E0%A6%976%E0%A6%95email%E0%A6%95__pycache__ HTTP/1.0" 404 236 "https://www.kamille.us/about.php?p=%E0%A6%95%E0%A6%95lib64%E0%A6%95python3%E0%A6%976%E0%A6%95email%E0%A6%95__pycache__" "Mozilla/5.0 AppleWebKit/537.36 (KHTML, like Gecko; compatible; GPTBot/1.3; +https://openai.com/gptbot)"
74.7.241.25 - - [05/Feb/2026:02:17:05 -0500] "GET /about.php?d=1758062149.M301892P2056183.ecngx285.inmotionhosting.com,S=23867,W=24198&q=%E0%A6%95home%E0%A6%95zeusxp5%E0%A6%95mail%E0%A6%95new HTTP/1.0" 404 236 "https://kamille.us/about.php?p=%E0%A6%95home%E0%A6%95zeusxp5%E0%A6%95mail%E0%A6%95new" "Mozilla/5.0 AppleWebKit/537.36 (KHTML, like Gecko; compatible; GPTBot/1.3; +https://openai.com/gptbot)"
74.7.243.249 - - [05/Feb/2026:02:17:33 -0500] "GET /about.php?q=%E0%A6%95%E0%A6%95lib64%E0%A6%95python3%E0%A6%976%E0%A6%95encodings%E0%A6%95__pycache__&r=mbcs.cpython-36.pyc HTTP/1.0" 404 236 "https://www.kamille.us/about.php?p=%E0%A6%95%E0%A6%95lib64%E0%A6%95python3%E0%A6%976%E0%A6%95encodings%E0%A6%95__pycache__" "Mozilla/5.0 AppleWebKit/537.36 (KHTML, like Gecko; compatible; GPTBot/1.3; +https://openai.com/gptbot)"
74.7.241.25 - - [05/Feb/2026:02:18:07 -0500] "GET /about.php?e=1679813098.M490308P1944205.ecngx285.inmotionhosting.com,S=49927,W=50522&q=%E0%A6%95home%E0%A6%95zeusxp5%E0%A6%95mail%E0%A6%95new HTTP/1.0" 404 236 "https://kamille.us/about.php?p=%E0%A6%95home%E0%A6%95zeusxp5%E0%A6%95mail%E0%A6%95new" "Mozilla/5.0 AppleWebKit/537.36 (KHTML, like Gecko; compatible; GPTBot/1.3; +https://openai.com/gptbot)"
83.217.208.83 - - [05/Feb/2026:02:18:27 -0500] "GET /wp-login.php HTTP/1.0" 404 236 "-" "Mozilla/5.0 (Windows NT 10.0; Win64; x64)"
74.7.243.249 - - [05/Feb/2026:02:18:36 -0500] "GET /about.php?e=loader.cpython-36.opt-2.pyc&q=%E0%A6%95%E0%A6%95lib64%E0%A6%95python3%E0%A6%976%E0%A6%95unittest%E0%A6%95__pycache__ HTTP/1.0" 404 236 "https://www.kamille.us/about.php?p=%E0%A6%95%E0%A6%95lib64%E0%A6%95python3%E0%A6%976%E0%A6%95unittest%E0%A6%95__pycache__" "Mozilla/5.0 AppleWebKit/537.36 (KHTML, like Gecko; compatible; GPTBot/1.3; +https://openai.com/gptbot)"
74.7.241.25 - - [05/Feb/2026:02:19:07 -0500] "GET /about.php?e=1657136084.M21929P1517589.ecngx285.inmotionhosting.com,S=17158,W=17613&q=%E0%A6%95home%E0%A6%95zeusxp5%E0%A6%95mail%E0%A6%95new HTTP/1.0" 404 236 "https://kamille.us/about.php?p=%E0%A6%95home%E0%A6%95zeusxp5%E0%A6%95mail%E0%A6%95new" "Mozilla/5.0 AppleWebKit/537.36 (KHTML, like Gecko; compatible; GPTBot/1.3; +https://openai.com/gptbot)"
74.7.243.249 - - [05/Feb/2026:02:19:41 -0500] "GET /about.php?q=%E0%A6%95%E0%A6%95usr%E0%A6%95lib64%E0%A6%95python3%E0%A6%976%E0%A6%95__pycache__&r=_bootlocale.cpython-36.opt-2.pyc HTTP/1.0" 404 236 "https://www.kamille.us/about.php?p=%E0%A6%95%E0%A6%95usr%E0%A6%95lib64%E0%A6%95python3%E0%A6%976%E0%A6%95__pycache__" "Mozilla/5.0 AppleWebKit/537.36 (KHTML, like Gecko; compatible; GPTBot/1.3; +https://openai.com/gptbot)"
74.7.241.25 - - [05/Feb/2026:02:20:11 -0500] "GET /about.php?d=1761362193.M316109P2483073.ecngx285.inmotionhosting.com,S=21331,W=21629&q=%E0%A6%95home%E0%A6%95zeusxp5%E0%A6%95mail%E0%A6%95new HTTP/1.0" 404 236 "https://kamille.us/about.php?p=%E0%A6%95home%E0%A6%95zeusxp5%E0%A6%95mail%E0%A6%95new" "Mozilla/5.0 AppleWebKit/537.36 (KHTML, like Gecko; compatible; GPTBot/1.3; +https://openai.com/gptbot)"
74.7.243.249 - - [05/Feb/2026:02:20:43 -0500] "GET /about.php?q=%E0%A6%95%E0%A6%95usr%E0%A6%95lib64%E0%A6%95python3%E0%A6%978%E0%A6%95__pycache__&r=_osx_support.cpython-38.pyc HTTP/1.0" 404 236 "https://www.kamille.us/about.php?p=%E0%A6%95%E0%A6%95usr%E0%A6%95lib64%E0%A6%95python3%E0%A6%978%E0%A6%95__pycache__" "Mozilla/5.0 AppleWebKit/537.36 (KHTML, like Gecko; compatible; GPTBot/1.3; +https://openai.com/gptbot)"
74.7.241.25 - - [05/Feb/2026:02:21:17 -0500] "GET /about.php?e=1762796933.M567214P3407247.ecngx285.inmotionhosting.com,S=22014,W=22321&q=%E0%A6%95home%E0%A6%95zeusxp5%E0%A6%95mail%E0%A6%95new HTTP/1.0" 404 236 "https://kamille.us/about.php?p=%E0%A6%95home%E0%A6%95zeusxp5%E0%A6%95mail%E0%A6%95new" "Mozilla/5.0 AppleWebKit/537.36 (KHTML, like Gecko; compatible; GPTBot/1.3; +https://openai.com/gptbot)"
74.7.243.249 - - [05/Feb/2026:02:21:45 -0500] "GET /about.php?q=%E0%A6%95%E0%A6%95lib64%E0%A6%95python3%E0%A6%976%E0%A6%95__pycache__&r=reprlib.cpython-36.opt-2.pyc HTTP/1.0" 404 236 "https://www.kamille.us/about.php?p=%E0%A6%95%E0%A6%95lib64%E0%A6%95python3%E0%A6%976%E0%A6%95__pycache__" "Mozilla/5.0 AppleWebKit/537.36 (KHTML, like Gecko; compatible; GPTBot/1.3; +https://openai.com/gptbot)"
74.7.175.155 - - [05/Feb/2026:02:21:46 -0500] "GET /robots.txt HTTP/1.0" 404 236 "-" "Mozilla/5.0 (Macintosh; Intel Mac OS X 10_15_7) AppleWebKit/537.36 (KHTML, like Gecko) Chrome/131.0.0.0 Safari/537.36; compatible; OAI-SearchBot/1.3; robots.txt; +https://openai.com/searchbot"
74.7.241.25 - - [05/Feb/2026:02:22:21 -0500] "GET /about.php?e=1687473295.M212422P2112615.ecngx285.inmotionhosting.com,S=50015,W=50610&q=%E0%A6%95home%E0%A6%95zeusxp5%E0%A6%95mail%E0%A6%95new HTTP/1.0" 404 236 "https://kamille.us/about.php?p=%E0%A6%95home%E0%A6%95zeusxp5%E0%A6%95mail%E0%A6%95new" "Mozilla/5.0 AppleWebKit/537.36 (KHTML, like Gecko; compatible; GPTBot/1.3; +https://openai.com/gptbot)"
74.7.228.50 - - [05/Feb/2026:02:22:21 -0500] "GET /robots.txt HTTP/1.0" 404 236 "-" "Mozilla/5.0 (Macintosh; Intel Mac OS X 10_15_7) AppleWebKit/537.36 (KHTML, like Gecko) Chrome/131.0.0.0 Safari/537.36; compatible; OAI-SearchBot/1.3; robots.txt; +https://openai.com/searchbot"
74.7.243.249 - - [05/Feb/2026:02:22:48 -0500] "GET /about.php?q=%E0%A6%95%E0%A6%95lib64%E0%A6%95python3%E0%A6%976%E0%A6%95__pycache__&r=_collections_abc.cpython-36.pyc HTTP/1.0" 404 236 "https://www.kamille.us/about.php?p=%E0%A6%95%E0%A6%95lib64%E0%A6%95python3%E0%A6%976%E0%A6%95__pycache__" "Mozilla/5.0 AppleWebKit/537.36 (KHTML, like Gecko; compatible; GPTBot/1.3; +https://openai.com/gptbot)"
74.7.241.25 - - [05/Feb/2026:02:23:23 -0500] "GET /about.php?e=1661716968.M135852P372083.ecngx285.inmotionhosting.com,S=14299,W=14709&q=%E0%A6%95home%E0%A6%95zeusxp5%E0%A6%95mail%E0%A6%95new HTTP/1.0" 404 236 "https://kamille.us/about.php?p=%E0%A6%95home%E0%A6%95zeusxp5%E0%A6%95mail%E0%A6%95new" "Mozilla/5.0 AppleWebKit/537.36 (KHTML, like Gecko; compatible; GPTBot/1.3; +https://openai.com/gptbot)"
74.7.243.249 - - [05/Feb/2026:02:23:52 -0500] "GET /about.php?q=%E0%A6%95%E0%A6%95usr%E0%A6%95lib64%E0%A6%95python3%E0%A6%976%E0%A6%95__pycache__&r=fileinput.cpython-36.opt-2.pyc HTTP/1.0" 404 236 "https://www.kamille.us/about.php?p=%E0%A6%95%E0%A6%95usr%E0%A6%95lib64%E0%A6%95python3%E0%A6%976%E0%A6%95__pycache__" "Mozilla/5.0 AppleWebKit/537.36 (KHTML, like Gecko; compatible; GPTBot/1.3; +https://openai.com/gptbot)"
74.7.241.25 - - [05/Feb/2026:02:24:27 -0500] "GET /about.php?q=%E0%A6%95home%E0%A6%95zeusxp5%E0%A6%95mail%E0%A6%95new&r=1730738106.M290185P1203779.ecngx285.inmotionhosting.com,S=30296,W=30716 HTTP/1.0" 404 236 "https://kamille.us/about.php?p=%E0%A6%95home%E0%A6%95zeusxp5%E0%A6%95mail%E0%A6%95new" "Mozilla/5.0 AppleWebKit/537.36 (KHTML, like Gecko; compatible; GPTBot/1.3; +https://openai.com/gptbot)"
74.7.243.249 - - [05/Feb/2026:02:24:53 -0500] "GET /about.php?e=errors.cpython-36.pyc&q=%E0%A6%95%E0%A6%95lib64%E0%A6%95python3%E0%A6%976%E0%A6%95distutils%E0%A6%95__pycache__ HTTP/1.0" 404 236 "https://www.kamille.us/about.php?p=%E0%A6%95%E0%A6%95lib64%E0%A6%95python3%E0%A6%976%E0%A6%95distutils%E0%A6%95__pycache__" "Mozilla/5.0 AppleWebKit/537.36 (KHTML, like Gecko; compatible; GPTBot/1.3; +https://openai.com/gptbot)"
74.7.241.25 - - [05/Feb/2026:02:25:31 -0500] "GET /about.php?d=1725872332.M850804P2559836.ecngx285.inmotionhosting.com,S=24047,W=24381&q=%E0%A6%95home%E0%A6%95zeusxp5%E0%A6%95mail%E0%A6%95new HTTP/1.0" 404 236 "https://kamille.us/about.php?p=%E0%A6%95home%E0%A6%95zeusxp5%E0%A6%95mail%E0%A6%95new" "Mozilla/5.0 AppleWebKit/537.36 (KHTML, like Gecko; compatible; GPTBot/1.3; +https://openai.com/gptbot)"
74.7.243.249 - - [05/Feb/2026:02:25:56 -0500] "GET /about.php?q=%E0%A6%95%E0%A6%95usr%E0%A6%95lib64%E0%A6%95python3%E0%A6%976%E0%A6%95__pycache__&r=sre_constants.cpython-36.pyc HTTP/1.0" 404 236 "https://www.kamille.us/about.php?p=%E0%A6%95%E0%A6%95usr%E0%A6%95lib64%E0%A6%95python3%E0%A6%976%E0%A6%95__pycache__" "Mozilla/5.0 AppleWebKit/537.36 (KHTML, like Gecko; compatible; GPTBot/1.3; +https://openai.com/gptbot)"
74.7.241.25 - - [05/Feb/2026:02:26:33 -0500] "GET /about.php?q=%E0%A6%95home%E0%A6%95zeusxp5%E0%A6%95mail%E0%A6%95new&r=1690970446.M367788P671420.ecngx285.inmotionhosting.com,S=45895,W=46430 HTTP/1.0" 404 236 "https://kamille.us/about.php?p=%E0%A6%95home%E0%A6%95zeusxp5%E0%A6%95mail%E0%A6%95new" "Mozilla/5.0 AppleWebKit/537.36 (KHTML, like Gecko; compatible; GPTBot/1.3; +https://openai.com/gptbot)"
74.7.243.249 - - [05/Feb/2026:02:26:58 -0500] "GET /about.php?e=constants.cpython-38.opt-1.pyc&q=%E0%A6%95%E0%A6%95lib64%E0%A6%95python3%E0%A6%978%E0%A6%95asyncio%E0%A6%95__pycache__ HTTP/1.0" 404 236 "https://www.kamille.us/about.php?p=%E0%A6%95%E0%A6%95lib64%E0%A6%95python3%E0%A6%978%E0%A6%95asyncio%E0%A6%95__pycache__" "Mozilla/5.0 AppleWebKit/537.36 (KHTML, like Gecko; compatible; GPTBot/1.3; +https://openai.com/gptbot)"
74.7.175.155 - - [05/Feb/2026:02:26:58 -0500] "GET /robots.txt HTTP/1.0" 404 236 "-" "Mozilla/5.0 (Macintosh; Intel Mac OS X 10_15_7) AppleWebKit/537.36 (KHTML, like Gecko) Chrome/131.0.0.0 Safari/537.36; compatible; OAI-SearchBot/1.3; robots.txt; +https://openai.com/searchbot"
74.7.241.25 - - [05/Feb/2026:02:27:39 -0500] "GET /about.php?q=%E0%A6%95home%E0%A6%95zeusxp5%E0%A6%95mail%E0%A6%95new&r=1696419822.M113394P2699504.ecngx285.inmotionhosting.com,S=53239,W=53866 HTTP/1.0" 404 236 "https://kamille.us/about.php?p=%E0%A6%95home%E0%A6%95zeusxp5%E0%A6%95mail%E0%A6%95new" "Mozilla/5.0 AppleWebKit/537.36 (KHTML, like Gecko; compatible; GPTBot/1.3; +https://openai.com/gptbot)"
74.7.228.50 - - [05/Feb/2026:02:27:39 -0500] "GET /robots.txt HTTP/1.0" 404 236 "-" "Mozilla/5.0 (Macintosh; Intel Mac OS X 10_15_7) AppleWebKit/537.36 (KHTML, like Gecko) Chrome/131.0.0.0 Safari/537.36; compatible; OAI-SearchBot/1.3; robots.txt; +https://openai.com/searchbot"
74.7.243.249 - - [05/Feb/2026:02:28:02 -0500] "GET /about.php?e=bz2_codec.cpython-36.pyc&q=%E0%A6%95%E0%A6%95lib64%E0%A6%95python3%E0%A6%976%E0%A6%95encodings%E0%A6%95__pycache__ HTTP/1.0" 404 236 "https://www.kamille.us/about.php?p=%E0%A6%95%E0%A6%95lib64%E0%A6%95python3%E0%A6%976%E0%A6%95encodings%E0%A6%95__pycache__" "Mozilla/5.0 AppleWebKit/537.36 (KHTML, like Gecko; compatible; GPTBot/1.3; +https://openai.com/gptbot)"
74.7.241.25 - - [05/Feb/2026:02:28:44 -0500] "GET /about.php?d=1736405094.M915587P3396558.ecngx285.inmotionhosting.com,S=25285,W=25637&q=%E0%A6%95home%E0%A6%95zeusxp5%E0%A6%95mail%E0%A6%95new HTTP/1.0" 404 236 "https://kamille.us/about.php?p=%E0%A6%95home%E0%A6%95zeusxp5%E0%A6%95mail%E0%A6%95new" "Mozilla/5.0 AppleWebKit/537.36 (KHTML, like Gecko; compatible; GPTBot/1.3; +https://openai.com/gptbot)"
74.7.243.249 - - [05/Feb/2026:02:29:05 -0500] "GET /about.php?q=%E0%A6%95%E0%A6%95usr%E0%A6%95lib64%E0%A6%95python3%E0%A6%978%E0%A6%95__pycache__&r=tabnanny.cpython-38.opt-1.pyc HTTP/1.0" 404 236 "https://www.kamille.us/about.php?p=%E0%A6%95%E0%A6%95usr%E0%A6%95lib64%E0%A6%95python3%E0%A6%978%E0%A6%95__pycache__" "Mozilla/5.0 AppleWebKit/537.36 (KHTML, like Gecko; compatible; GPTBot/1.3; +https://openai.com/gptbot)"
74.7.241.25 - - [05/Feb/2026:02:29:49 -0500] "GET /about.php?q=%E0%A6%95home%E0%A6%95zeusxp5%E0%A6%95mail%E0%A6%95new&r=1738816253.M458488P1104618.ecngx285.inmotionhosting.com,S=25485,W=25838 HTTP/1.0" 404 236 "https://kamille.us/about.php?p=%E0%A6%95home%E0%A6%95zeusxp5%E0%A6%95mail%E0%A6%95new" "Mozilla/5.0 AppleWebKit/537.36 (KHTML, like Gecko; compatible; GPTBot/1.3; +https://openai.com/gptbot)"
74.7.243.249 - - [05/Feb/2026:02:30:06 -0500] "GET /about.php?d=py_compile.cpython-36.opt-2.pyc&q=%E0%A6%95%E0%A6%95usr%E0%A6%95lib64%E0%A6%95python3%E0%A6%976%E0%A6%95__pycache__ HTTP/1.0" 404 236 "https://www.kamille.us/about.php?p=%E0%A6%95%E0%A6%95usr%E0%A6%95lib64%E0%A6%95python3%E0%A6%976%E0%A6%95__pycache__" "Mozilla/5.0 AppleWebKit/537.36 (KHTML, like Gecko; compatible; GPTBot/1.3; +https://openai.com/gptbot)"
74.7.241.25 - - [05/Feb/2026:02:30:54 -0500] "GET /about.php?q=%E0%A6%95home%E0%A6%95zeusxp5%E0%A6%95mail%E0%A6%95new&r=1757289668.M610728P2637358.ecngx285.inmotionhosting.com,S=59591,W=60390 HTTP/1.0" 404 236 "https://kamille.us/about.php?p=%E0%A6%95home%E0%A6%95zeusxp5%E0%A6%95mail%E0%A6%95new" "Mozilla/5.0 AppleWebKit/537.36 (KHTML, like Gecko; compatible; GPTBot/1.3; +https://openai.com/gptbot)"
84.247.191.234 - - [05/Feb/2026:02:31:04 -0500] "POST /xmlrpc.php HTTP/1.0" 404 236 "-" "Mozilla/5.0 (Windows NT 10.0; Win64; x64) AppleWebKit/537.36 (KHTML, like Gecko) Chrome/142.0.0.0 Safari/537.36"
74.7.243.249 - - [05/Feb/2026:02:31:09 -0500] "GET /about.php?d=reprlib.cpython-36.opt-2.pyc&q=%E0%A6%95%E0%A6%95usr%E0%A6%95lib64%E0%A6%95python3%E0%A6%976%E0%A6%95__pycache__ HTTP/1.0" 404 236 "https://www.kamille.us/about.php?p=%E0%A6%95%E0%A6%95usr%E0%A6%95lib64%E0%A6%95python3%E0%A6%976%E0%A6%95__pycache__" "Mozilla/5.0 AppleWebKit/537.36 (KHTML, like Gecko; compatible; GPTBot/1.3; +https://openai.com/gptbot)"
159.112.141.149 - - [05/Feb/2026:02:31:12 -0500] "GET /wp-json/wc/store/cart HTTP/1.0" 404 236 "-" "Go-http-client/1.1"
74.7.241.25 - - [05/Feb/2026:02:32:00 -0500] "GET /about.php?d=1670866521.M232894P2031976.ecngx285.inmotionhosting.com,S=49819,W=50412&q=%E0%A6%95home%E0%A6%95zeusxp5%E0%A6%95mail%E0%A6%95new HTTP/1.0" 404 236 "https://kamille.us/about.php?p=%E0%A6%95home%E0%A6%95zeusxp5%E0%A6%95mail%E0%A6%95new" "Mozilla/5.0 AppleWebKit/537.36 (KHTML, like Gecko; compatible; GPTBot/1.3; +https://openai.com/gptbot)"
74.7.243.249 - - [05/Feb/2026:02:32:15 -0500] "GET /about.php?e=macurl2path.cpython-36.opt-2.pyc&q=%E0%A6%95%E0%A6%95usr%E0%A6%95lib64%E0%A6%95python3%E0%A6%976%E0%A6%95__pycache__ HTTP/1.0" 404 236 "https://www.kamille.us/about.php?p=%E0%A6%95%E0%A6%95usr%E0%A6%95lib64%E0%A6%95python3%E0%A6%976%E0%A6%95__pycache__" "Mozilla/5.0 AppleWebKit/537.36 (KHTML, like Gecko; compatible; GPTBot/1.3; +https://openai.com/gptbot)"
74.7.175.155 - - [05/Feb/2026:02:32:15 -0500] "GET /robots.txt HTTP/1.0" 404 236 "-" "Mozilla/5.0 (Macintosh; Intel Mac OS X 10_15_7) AppleWebKit/537.36 (KHTML, like Gecko) Chrome/131.0.0.0 Safari/537.36; compatible; OAI-SearchBot/1.3; robots.txt; +https://openai.com/searchbot"
74.7.241.25 - - [05/Feb/2026:02:33:02 -0500] "GET /about.php?q=%E0%A6%95home%E0%A6%95zeusxp5%E0%A6%95mail%E0%A6%95new&r=1645104572.M116948P3493429.ecngx285.inmotionhosting.com,S=17548,W=18008 HTTP/1.0" 404 236 "https://kamille.us/about.php?p=%E0%A6%95home%E0%A6%95zeusxp5%E0%A6%95mail%E0%A6%95new" "Mozilla/5.0 AppleWebKit/537.36 (KHTML, like Gecko; compatible; GPTBot/1.3; +https://openai.com/gptbot)"
74.7.228.50 - - [05/Feb/2026:02:33:02 -0500] "GET /robots.txt HTTP/1.0" 404 236 "-" "Mozilla/5.0 (Macintosh; Intel Mac OS X 10_15_7) AppleWebKit/537.36 (KHTML, like Gecko) Chrome/131.0.0.0 Safari/537.36; compatible; OAI-SearchBot/1.3; robots.txt; +https://openai.com/searchbot"
74.7.243.249 - - [05/Feb/2026:02:33:15 -0500] "GET /about.php?d=libqevdevkeyboardplugin.so&q=%E0%A6%95%E0%A6%95usr%E0%A6%95lib64%E0%A6%95qt5%E0%A6%95plugins%E0%A6%95generic HTTP/1.0" 404 236 "https://www.kamille.us/about.php?p=%E0%A6%95%E0%A6%95usr%E0%A6%95lib64%E0%A6%95qt5%E0%A6%95plugins%E0%A6%95generic" "Mozilla/5.0 AppleWebKit/537.36 (KHTML, like Gecko; compatible; GPTBot/1.3; +https://openai.com/gptbot)"
173.231.242.79 - - [05/Feb/2026:02:33:24 -0500] "GET /.well-known/acme-challenge/66F2TGFBY2X1HYWLH6MLLPQ__D3QPSQV HTTP/1.0" 200 64 "-" "Cpanel-HTTP-Client/1.0"
173.231.242.79 - - [05/Feb/2026:02:33:24 -0500] "GET /.well-known/acme-challenge/-3OSWC4OSRHIQXCMERJQ-G-FCFW0N3-Y HTTP/1.0" 200 64 "-" "Cpanel-HTTP-Client/1.0"
173.231.242.79 - - [05/Feb/2026:02:33:25 -0500] "GET /.well-known/acme-challenge/G7E0Y70NSY6D_N0FCWPWD4VYI0P8XSKS HTTP/1.0" 200 64 "-" "Cpanel-HTTP-Client/1.0"
74.7.241.25 - - [05/Feb/2026:02:34:07 -0500] "GET /about.php?e=1686356311.M806903P3949438.ecngx285.inmotionhosting.com,S=49927,W=50522&q=%E0%A6%95home%E0%A6%95zeusxp5%E0%A6%95mail%E0%A6%95new HTTP/1.0" 404 236 "https://kamille.us/about.php?p=%E0%A6%95home%E0%A6%95zeusxp5%E0%A6%95mail%E0%A6%95new" "Mozilla/5.0 AppleWebKit/537.36 (KHTML, like Gecko; compatible; GPTBot/1.3; +https://openai.com/gptbot)"
74.7.243.249 - - [05/Feb/2026:02:34:16 -0500] "GET /about.php?e=quopri_codec.cpython-36.pyc&q=%E0%A6%95%E0%A6%95lib64%E0%A6%95python3%E0%A6%976%E0%A6%95encodings%E0%A6%95__pycache__ HTTP/1.0" 404 236 "https://www.kamille.us/about.php?p=%E0%A6%95%E0%A6%95lib64%E0%A6%95python3%E0%A6%976%E0%A6%95encodings%E0%A6%95__pycache__" "Mozilla/5.0 AppleWebKit/537.36 (KHTML, like Gecko; compatible; GPTBot/1.3; +https://openai.com/gptbot)"
74.7.241.25 - - [05/Feb/2026:02:35:10 -0500] "GET /about.php?e=1749056746.M117367P2252578.ecngx285.inmotionhosting.com,S=27485,W=27864&q=%E0%A6%95home%E0%A6%95zeusxp5%E0%A6%95mail%E0%A6%95new HTTP/1.0" 404 236 "https://kamille.us/about.php?p=%E0%A6%95home%E0%A6%95zeusxp5%E0%A6%95mail%E0%A6%95new" "Mozilla/5.0 AppleWebKit/537.36 (KHTML, like Gecko; compatible; GPTBot/1.3; +https://openai.com/gptbot)"
74.7.243.249 - - [05/Feb/2026:02:35:20 -0500] "GET /about.php?e=subprocess.cpython-36.opt-1.pyc&q=%E0%A6%95%E0%A6%95lib64%E0%A6%95python3%E0%A6%976%E0%A6%95__pycache__ HTTP/1.0" 404 236 "https://www.kamille.us/about.php?p=%E0%A6%95%E0%A6%95lib64%E0%A6%95python3%E0%A6%976%E0%A6%95__pycache__" "Mozilla/5.0 AppleWebKit/537.36 (KHTML, like Gecko; compatible; GPTBot/1.3; +https://openai.com/gptbot)"
74.7.241.25 - - [05/Feb/2026:02:36:15 -0500] "GET /about.php?d=1764187472.M105043P1800113.ecngx285.inmotionhosting.com,S=22763,W=23080&q=%E0%A6%95home%E0%A6%95zeusxp5%E0%A6%95mail%E0%A6%95new HTTP/1.0" 404 236 "https://kamille.us/about.php?p=%E0%A6%95home%E0%A6%95zeusxp5%E0%A6%95mail%E0%A6%95new" "Mozilla/5.0 AppleWebKit/537.36 (KHTML, like Gecko; compatible; GPTBot/1.3; +https://openai.com/gptbot)"
74.7.243.249 - - [05/Feb/2026:02:36:25 -0500] "GET /about.php?q=%E0%A6%95%E0%A6%95lib64%E0%A6%95python3%E0%A6%976%E0%A6%95__pycache__&r=secrets.cpython-36.opt-1.pyc HTTP/1.0" 404 236 "https://www.kamille.us/about.php?p=%E0%A6%95%E0%A6%95lib64%E0%A6%95python3%E0%A6%976%E0%A6%95__pycache__" "Mozilla/5.0 AppleWebKit/537.36 (KHTML, like Gecko; compatible; GPTBot/1.3; +https://openai.com/gptbot)"
74.7.241.25 - - [05/Feb/2026:02:37:18 -0500] "GET /about.php?d=1747415236.M330959P1654202.ecngx285.inmotionhosting.com,S=23478,W=23804&q=%E0%A6%95home%E0%A6%95zeusxp5%E0%A6%95mail%E0%A6%95new HTTP/1.0" 404 236 "https://kamille.us/about.php?p=%E0%A6%95home%E0%A6%95zeusxp5%E0%A6%95mail%E0%A6%95new" "Mozilla/5.0 AppleWebKit/537.36 (KHTML, like Gecko; compatible; GPTBot/1.3; +https://openai.com/gptbot)"
74.7.243.249 - - [05/Feb/2026:02:37:28 -0500] "GET /about.php?q=%E0%A6%95%E0%A6%95lib64%E0%A6%95python3%E0%A6%976%E0%A6%95http%E0%A6%95__pycache__&r=cookiejar.cpython-36.pyc HTTP/1.0" 404 236 "https://www.kamille.us/about.php?p=%E0%A6%95%E0%A6%95lib64%E0%A6%95python3%E0%A6%976%E0%A6%95http%E0%A6%95__pycache__" "Mozilla/5.0 AppleWebKit/537.36 (KHTML, like Gecko; compatible; GPTBot/1.3; +https://openai.com/gptbot)"
74.7.175.155 - - [05/Feb/2026:02:37:28 -0500] "GET /robots.txt HTTP/1.0" 404 236 "-" "Mozilla/5.0 (Macintosh; Intel Mac OS X 10_15_7) AppleWebKit/537.36 (KHTML, like Gecko) Chrome/131.0.0.0 Safari/537.36; compatible; OAI-SearchBot/1.3; robots.txt; +https://openai.com/searchbot"
74.7.241.25 - - [05/Feb/2026:02:38:18 -0500] "GET /about.php?d=1719022381.M507200P3482865.ecngx285.inmotionhosting.com,S=24236,W=24573&q=%E0%A6%95home%E0%A6%95zeusxp5%E0%A6%95mail%E0%A6%95new HTTP/1.0" 404 236 "https://kamille.us/about.php?p=%E0%A6%95home%E0%A6%95zeusxp5%E0%A6%95mail%E0%A6%95new" "Mozilla/5.0 AppleWebKit/537.36 (KHTML, like Gecko; compatible; GPTBot/1.3; +https://openai.com/gptbot)"
74.7.228.50 - - [05/Feb/2026:02:38:18 -0500] "GET /robots.txt HTTP/1.0" 404 236 "-" "Mozilla/5.0 (Macintosh; Intel Mac OS X 10_15_7) AppleWebKit/537.36 (KHTML, like Gecko) Chrome/131.0.0.0 Safari/537.36; compatible; OAI-SearchBot/1.3; robots.txt; +https://openai.com/searchbot"
74.7.243.249 - - [05/Feb/2026:02:38:32 -0500] "GET /about.php?e=telnetlib.cpython-36.pyc&q=%E0%A6%95%E0%A6%95usr%E0%A6%95lib64%E0%A6%95python3%E0%A6%976%E0%A6%95__pycache__ HTTP/1.0" 404 236 "https://www.kamille.us/about.php?p=%E0%A6%95%E0%A6%95usr%E0%A6%95lib64%E0%A6%95python3%E0%A6%976%E0%A6%95__pycache__" "Mozilla/5.0 AppleWebKit/537.36 (KHTML, like Gecko; compatible; GPTBot/1.3; +https://openai.com/gptbot)"
74.7.241.25 - - [05/Feb/2026:02:39:21 -0500] "GET /about.php?e=1762198198.M276176P1588486.ecngx285.inmotionhosting.com,S=21458,W=21758&q=%E0%A6%95home%E0%A6%95zeusxp5%E0%A6%95mail%E0%A6%95new HTTP/1.0" 404 236 "https://kamille.us/about.php?p=%E0%A6%95home%E0%A6%95zeusxp5%E0%A6%95mail%E0%A6%95new" "Mozilla/5.0 AppleWebKit/537.36 (KHTML, like Gecko; compatible; GPTBot/1.3; +https://openai.com/gptbot)"
74.7.243.249 - - [05/Feb/2026:02:39:37 -0500] "GET /about.php?e=stringprep.cpython-36.opt-1.pyc&q=%E0%A6%95%E0%A6%95usr%E0%A6%95lib64%E0%A6%95python3%E0%A6%976%E0%A6%95__pycache__ HTTP/1.0" 404 236 "https://www.kamille.us/about.php?p=%E0%A6%95%E0%A6%95usr%E0%A6%95lib64%E0%A6%95python3%E0%A6%976%E0%A6%95__pycache__" "Mozilla/5.0 AppleWebKit/537.36 (KHTML, like Gecko; compatible; GPTBot/1.3; +https://openai.com/gptbot)"
74.7.241.25 - - [05/Feb/2026:02:40:26 -0500] "GET /about.php?d=1749635040.M104081P1292371.ecngx285.inmotionhosting.com,S=31029,W=31456&q=%E0%A6%95home%E0%A6%95zeusxp5%E0%A6%95mail%E0%A6%95new HTTP/1.0" 404 236 "https://kamille.us/about.php?p=%E0%A6%95home%E0%A6%95zeusxp5%E0%A6%95mail%E0%A6%95new" "Mozilla/5.0 AppleWebKit/537.36 (KHTML, like Gecko; compatible; GPTBot/1.3; +https://openai.com/gptbot)"
74.7.243.249 - - [05/Feb/2026:02:40:42 -0500] "GET /about.php?q=%E0%A6%95%E0%A6%95lib64%E0%A6%95python3%E0%A6%976%E0%A6%95encodings%E0%A6%95__pycache__&r=aliases.cpython-36.pyc HTTP/1.0" 404 236 "https://www.kamille.us/about.php?p=%E0%A6%95%E0%A6%95lib64%E0%A6%95python3%E0%A6%976%E0%A6%95encodings%E0%A6%95__pycache__" "Mozilla/5.0 AppleWebKit/537.36 (KHTML, like Gecko; compatible; GPTBot/1.3; +https://openai.com/gptbot)"
74.7.241.25 - - [05/Feb/2026:02:41:27 -0500] "GET /about.php?e=1763739953.M60064P2345641.ecngx285.inmotionhosting.com,S=24040,W=24374&q=%E0%A6%95home%E0%A6%95zeusxp5%E0%A6%95mail%E0%A6%95new HTTP/1.0" 404 236 "https://kamille.us/about.php?p=%E0%A6%95home%E0%A6%95zeusxp5%E0%A6%95mail%E0%A6%95new" "Mozilla/5.0 AppleWebKit/537.36 (KHTML, like Gecko; compatible; GPTBot/1.3; +https://openai.com/gptbot)"
74.7.243.249 - - [05/Feb/2026:02:41:46 -0500] "GET /about.php?e=statistics.cpython-36.opt-2.pyc&q=%E0%A6%95%E0%A6%95lib64%E0%A6%95python3%E0%A6%976%E0%A6%95__pycache__ HTTP/1.0" 404 236 "https://www.kamille.us/about.php?p=%E0%A6%95%E0%A6%95lib64%E0%A6%95python3%E0%A6%976%E0%A6%95__pycache__" "Mozilla/5.0 AppleWebKit/537.36 (KHTML, like Gecko; compatible; GPTBot/1.3; +https://openai.com/gptbot)"
74.7.241.25 - - [05/Feb/2026:02:42:32 -0500] "GET /about.php?q=%E0%A6%95home%E0%A6%95zeusxp5%E0%A6%95mail%E0%A6%95new&r=1689953072.M945376P4047992.ecngx285.inmotionhosting.com,S=45892,W=46427 HTTP/1.0" 404 236 "https://kamille.us/about.php?p=%E0%A6%95home%E0%A6%95zeusxp5%E0%A6%95mail%E0%A6%95new" "Mozilla/5.0 AppleWebKit/537.36 (KHTML, like Gecko; compatible; GPTBot/1.3; +https://openai.com/gptbot)"
74.7.243.249 - - [05/Feb/2026:02:42:48 -0500] "GET /about.php?e=smtplib.cpython-36.opt-1.pyc&q=%E0%A6%95%E0%A6%95lib64%E0%A6%95python3%E0%A6%976%E0%A6%95__pycache__ HTTP/1.0" 404 236 "https://www.kamille.us/about.php?p=%E0%A6%95%E0%A6%95lib64%E0%A6%95python3%E0%A6%976%E0%A6%95__pycache__" "Mozilla/5.0 AppleWebKit/537.36 (KHTML, like Gecko; compatible; GPTBot/1.3; +https://openai.com/gptbot)"
74.7.175.155 - - [05/Feb/2026:02:42:48 -0500] "GET /robots.txt HTTP/1.0" 404 236 "-" "Mozilla/5.0 (Macintosh; Intel Mac OS X 10_15_7) AppleWebKit/537.36 (KHTML, like Gecko) Chrome/131.0.0.0 Safari/537.36; compatible; OAI-SearchBot/1.3; robots.txt; +https://openai.com/searchbot"
74.7.241.25 - - [05/Feb/2026:02:43:36 -0500] "GET /about.php?e=1747573193.M240294P468570.ecngx285.inmotionhosting.com,S=27381,W=27758&q=%E0%A6%95home%E0%A6%95zeusxp5%E0%A6%95mail%E0%A6%95new HTTP/1.0" 404 236 "https://kamille.us/about.php?p=%E0%A6%95home%E0%A6%95zeusxp5%E0%A6%95mail%E0%A6%95new" "Mozilla/5.0 AppleWebKit/537.36 (KHTML, like Gecko; compatible; GPTBot/1.3; +https://openai.com/gptbot)"
74.7.228.50 - - [05/Feb/2026:02:43:36 -0500] "GET /robots.txt HTTP/1.0" 404 236 "-" "Mozilla/5.0 (Macintosh; Intel Mac OS X 10_15_7) AppleWebKit/537.36 (KHTML, like Gecko) Chrome/131.0.0.0 Safari/537.36; compatible; OAI-SearchBot/1.3; robots.txt; +https://openai.com/searchbot"
74.7.243.249 - - [05/Feb/2026:02:43:51 -0500] "GET /about.php?d=nturl2path.cpython-36.opt-1.pyc&q=%E0%A6%95%E0%A6%95usr%E0%A6%95lib64%E0%A6%95python3%E0%A6%976%E0%A6%95__pycache__ HTTP/1.0" 404 236 "https://www.kamille.us/about.php?p=%E0%A6%95%E0%A6%95usr%E0%A6%95lib64%E0%A6%95python3%E0%A6%976%E0%A6%95__pycache__" "Mozilla/5.0 AppleWebKit/537.36 (KHTML, like Gecko; compatible; GPTBot/1.3; +https://openai.com/gptbot)"
74.7.241.25 - - [05/Feb/2026:02:44:38 -0500] "GET /about.php?e=1743445008.M179393P4118807.ecngx285.inmotionhosting.com,S=24288,W=24625&q=%E0%A6%95home%E0%A6%95zeusxp5%E0%A6%95mail%E0%A6%95new HTTP/1.0" 404 236 "https://kamille.us/about.php?p=%E0%A6%95home%E0%A6%95zeusxp5%E0%A6%95mail%E0%A6%95new" "Mozilla/5.0 AppleWebKit/537.36 (KHTML, like Gecko; compatible; GPTBot/1.3; +https://openai.com/gptbot)"
74.7.243.249 - - [05/Feb/2026:02:44:51 -0500] "GET /about.php?e=signals.cpython-36.pyc&q=%E0%A6%95%E0%A6%95lib64%E0%A6%95python3%E0%A6%976%E0%A6%95unittest%E0%A6%95__pycache__ HTTP/1.0" 404 236 "https://www.kamille.us/about.php?p=%E0%A6%95%E0%A6%95lib64%E0%A6%95python3%E0%A6%976%E0%A6%95unittest%E0%A6%95__pycache__" "Mozilla/5.0 AppleWebKit/537.36 (KHTML, like Gecko; compatible; GPTBot/1.3; +https://openai.com/gptbot)"
74.7.241.25 - - [05/Feb/2026:02:45:39 -0500] "GET /about.php?e=1742235385.M315103P679815.ecngx285.inmotionhosting.com,S=23731,W=24061&q=%E0%A6%95home%E0%A6%95zeusxp5%E0%A6%95mail%E0%A6%95new HTTP/1.0" 404 236 "https://kamille.us/about.php?p=%E0%A6%95home%E0%A6%95zeusxp5%E0%A6%95mail%E0%A6%95new" "Mozilla/5.0 AppleWebKit/537.36 (KHTML, like Gecko; compatible; GPTBot/1.3; +https://openai.com/gptbot)"
74.7.243.249 - - [05/Feb/2026:02:45:56 -0500] "GET /about.php?e=_sitebuiltins.cpython-36.pyc&q=%E0%A6%95%E0%A6%95lib64%E0%A6%95python3%E0%A6%976%E0%A6%95__pycache__ HTTP/1.0" 404 236 "https://www.kamille.us/about.php?p=%E0%A6%95%E0%A6%95lib64%E0%A6%95python3%E0%A6%976%E0%A6%95__pycache__" "Mozilla/5.0 AppleWebKit/537.36 (KHTML, like Gecko; compatible; GPTBot/1.3; +https://openai.com/gptbot)"
74.7.241.25 - - [05/Feb/2026:02:46:40 -0500] "GET /about.php?e=1723513690.M921546P3948418.ecngx285.inmotionhosting.com,S=24226,W=24562&q=%E0%A6%95home%E0%A6%95zeusxp5%E0%A6%95mail%E0%A6%95new HTTP/1.0" 404 236 "https://kamille.us/about.php?p=%E0%A6%95home%E0%A6%95zeusxp5%E0%A6%95mail%E0%A6%95new" "Mozilla/5.0 AppleWebKit/537.36 (KHTML, like Gecko; compatible; GPTBot/1.3; +https://openai.com/gptbot)"
74.7.243.249 - - [05/Feb/2026:02:46:57 -0500] "GET /about.php?d=py_compile.cpython-36.pyc&q=%E0%A6%95%E0%A6%95usr%E0%A6%95lib64%E0%A6%95python3%E0%A6%976%E0%A6%95__pycache__ HTTP/1.0" 404 236 "https://www.kamille.us/about.php?p=%E0%A6%95%E0%A6%95usr%E0%A6%95lib64%E0%A6%95python3%E0%A6%976%E0%A6%95__pycache__" "Mozilla/5.0 AppleWebKit/537.36 (KHTML, like Gecko; compatible; GPTBot/1.3; +https://openai.com/gptbot)"
74.7.241.25 - - [05/Feb/2026:02:47:41 -0500] "GET /about.php?e=1709235434.M987258P3516701.ecngx285.inmotionhosting.com,S=47193,W=48481&q=%E0%A6%95home%E0%A6%95zeusxp5%E0%A6%95mail%E0%A6%95new HTTP/1.0" 404 236 "https://kamille.us/about.php?p=%E0%A6%95home%E0%A6%95zeusxp5%E0%A6%95mail%E0%A6%95new" "Mozilla/5.0 AppleWebKit/537.36 (KHTML, like Gecko; compatible; GPTBot/1.3; +https://openai.com/gptbot)"
74.7.243.249 - - [05/Feb/2026:02:48:03 -0500] "GET /about.php?q=%E0%A6%95%E0%A6%95usr%E0%A6%95lib64%E0%A6%95python3%E0%A6%976%E0%A6%95__pycache__&r=copyreg.cpython-36.opt-2.pyc HTTP/1.0" 404 236 "https://www.kamille.us/about.php?p=%E0%A6%95%E0%A6%95usr%E0%A6%95lib64%E0%A6%95python3%E0%A6%976%E0%A6%95__pycache__" "Mozilla/5.0 AppleWebKit/537.36 (KHTML, like Gecko; compatible; GPTBot/1.3; +https://openai.com/gptbot)"
74.7.175.155 - - [05/Feb/2026:02:48:03 -0500] "GET /robots.txt HTTP/1.0" 404 236 "-" "Mozilla/5.0 (Macintosh; Intel Mac OS X 10_15_7) AppleWebKit/537.36 (KHTML, like Gecko) Chrome/131.0.0.0 Safari/537.36; compatible; OAI-SearchBot/1.3; robots.txt; +https://openai.com/searchbot"
74.7.241.25 - - [05/Feb/2026:02:48:47 -0500] "GET /about.php?e=1660348652.M468664P1518294.ecngx285.inmotionhosting.com,S=18004,W=18465&q=%E0%A6%95home%E0%A6%95zeusxp5%E0%A6%95mail%E0%A6%95new HTTP/1.0" 404 236 "https://kamille.us/about.php?p=%E0%A6%95home%E0%A6%95zeusxp5%E0%A6%95mail%E0%A6%95new" "Mozilla/5.0 AppleWebKit/537.36 (KHTML, like Gecko; compatible; GPTBot/1.3; +https://openai.com/gptbot)"
74.7.228.50 - - [05/Feb/2026:02:48:47 -0500] "GET /robots.txt HTTP/1.0" 404 236 "-" "Mozilla/5.0 (Macintosh; Intel Mac OS X 10_15_7) AppleWebKit/537.36 (KHTML, like Gecko) Chrome/131.0.0.0 Safari/537.36; compatible; OAI-SearchBot/1.3; robots.txt; +https://openai.com/searchbot"
74.7.243.249 - - [05/Feb/2026:02:49:03 -0500] "GET /about.php?q=%E0%A6%95%E0%A6%95lib64%E0%A6%95python3%E0%A6%976%E0%A6%95__pycache__&r=genericpath.cpython-36.opt-2.pyc HTTP/1.0" 404 236 "https://www.kamille.us/about.php?p=%E0%A6%95%E0%A6%95lib64%E0%A6%95python3%E0%A6%976%E0%A6%95__pycache__" "Mozilla/5.0 AppleWebKit/537.36 (KHTML, like Gecko; compatible; GPTBot/1.3; +https://openai.com/gptbot)"
74.7.241.25 - - [05/Feb/2026:02:49:48 -0500] "GET /about.php?d=1741748354.M255839P2148611.ecngx285.inmotionhosting.com,S=24306,W=24643&q=%E0%A6%95home%E0%A6%95zeusxp5%E0%A6%95mail%E0%A6%95new HTTP/1.0" 404 236 "https://kamille.us/about.php?p=%E0%A6%95home%E0%A6%95zeusxp5%E0%A6%95mail%E0%A6%95new" "Mozilla/5.0 AppleWebKit/537.36 (KHTML, like Gecko; compatible; GPTBot/1.3; +https://openai.com/gptbot)"
74.7.243.249 - - [05/Feb/2026:02:50:08 -0500] "GET /about.php?e=mailbox.cpython-36.opt-1.pyc&q=%E0%A6%95%E0%A6%95lib64%E0%A6%95python3%E0%A6%976%E0%A6%95__pycache__ HTTP/1.0" 404 236 "https://www.kamille.us/about.php?p=%E0%A6%95%E0%A6%95lib64%E0%A6%95python3%E0%A6%976%E0%A6%95__pycache__" "Mozilla/5.0 AppleWebKit/537.36 (KHTML, like Gecko; compatible; GPTBot/1.3; +https://openai.com/gptbot)"
74.7.241.25 - - [05/Feb/2026:02:50:51 -0500] "GET /about.php?e=1731401691.M998613P2358124.ecngx285.inmotionhosting.com,S=47955,W=48607&q=%E0%A6%95home%E0%A6%95zeusxp5%E0%A6%95mail%E0%A6%95new HTTP/1.0" 404 236 "https://kamille.us/about.php?p=%E0%A6%95home%E0%A6%95zeusxp5%E0%A6%95mail%E0%A6%95new" "Mozilla/5.0 AppleWebKit/537.36 (KHTML, like Gecko; compatible; GPTBot/1.3; +https://openai.com/gptbot)"
74.7.243.249 - - [05/Feb/2026:02:51:10 -0500] "GET /about.php?q=%E0%A6%95%E0%A6%95lib64%E0%A6%95python3%E0%A6%976%E0%A6%95__pycache__&r=posixpath.cpython-36.opt-1.pyc HTTP/1.0" 404 236 "https://www.kamille.us/about.php?p=%E0%A6%95%E0%A6%95lib64%E0%A6%95python3%E0%A6%976%E0%A6%95__pycache__" "Mozilla/5.0 AppleWebKit/537.36 (KHTML, like Gecko; compatible; GPTBot/1.3; +https://openai.com/gptbot)"
74.7.241.25 - - [05/Feb/2026:02:51:53 -0500] "GET /about.php?q=%E0%A6%95home%E0%A6%95zeusxp5%E0%A6%95mail%E0%A6%95new&r=1757268108.M38385P4116077.ecngx285.inmotionhosting.com,S=24141,W=24476 HTTP/1.0" 404 236 "https://kamille.us/about.php?p=%E0%A6%95home%E0%A6%95zeusxp5%E0%A6%95mail%E0%A6%95new" "Mozilla/5.0 AppleWebKit/537.36 (KHTML, like Gecko; compatible; GPTBot/1.3; +https://openai.com/gptbot)"
74.7.243.249 - - [05/Feb/2026:02:52:15 -0500] "GET /about.php?q=%E0%A6%95%E0%A6%95usr%E0%A6%95lib64%E0%A6%95python3%E0%A6%976%E0%A6%95__pycache__&r=linecache.cpython-36.opt-2.pyc HTTP/1.0" 404 236 "https://www.kamille.us/about.php?p=%E0%A6%95%E0%A6%95usr%E0%A6%95lib64%E0%A6%95python3%E0%A6%976%E0%A6%95__pycache__" "Mozilla/5.0 AppleWebKit/537.36 (KHTML, like Gecko; compatible; GPTBot/1.3; +https://openai.com/gptbot)"
74.7.241.25 - - [05/Feb/2026:02:52:54 -0500] "GET /about.php?e=1652855006.M987784P374213.ecngx285.inmotionhosting.com,S=14298,W=14705&q=%E0%A6%95home%E0%A6%95zeusxp5%E0%A6%95mail%E0%A6%95new HTTP/1.0" 404 236 "https://kamille.us/about.php?p=%E0%A6%95home%E0%A6%95zeusxp5%E0%A6%95mail%E0%A6%95new" "Mozilla/5.0 AppleWebKit/537.36 (KHTML, like Gecko; compatible; GPTBot/1.3; +https://openai.com/gptbot)"
74.7.243.249 - - [05/Feb/2026:02:53:16 -0500] "GET /about.php?d=statistics.cpython-38.pyc&q=%E0%A6%95%E0%A6%95usr%E0%A6%95lib64%E0%A6%95python3%E0%A6%978%E0%A6%95__pycache__ HTTP/1.0" 404 236 "https://www.kamille.us/about.php?p=%E0%A6%95%E0%A6%95usr%E0%A6%95lib64%E0%A6%95python3%E0%A6%978%E0%A6%95__pycache__" "Mozilla/5.0 AppleWebKit/537.36 (KHTML, like Gecko; compatible; GPTBot/1.3; +https://openai.com/gptbot)"
74.7.175.155 - - [05/Feb/2026:02:53:16 -0500] "GET /robots.txt HTTP/1.0" 404 236 "-" "Mozilla/5.0 (Macintosh; Intel Mac OS X 10_15_7) AppleWebKit/537.36 (KHTML, like Gecko) Chrome/131.0.0.0 Safari/537.36; compatible; OAI-SearchBot/1.3; robots.txt; +https://openai.com/searchbot"
74.7.241.25 - - [05/Feb/2026:02:53:55 -0500] "GET /about.php?q=%E0%A6%95home%E0%A6%95zeusxp5%E0%A6%95mail%E0%A6%95new&r=1724450744.M315487P3286320.ecngx285.inmotionhosting.com,S=23654,W=23983 HTTP/1.0" 404 236 "https://kamille.us/about.php?p=%E0%A6%95home%E0%A6%95zeusxp5%E0%A6%95mail%E0%A6%95new" "Mozilla/5.0 AppleWebKit/537.36 (KHTML, like Gecko; compatible; GPTBot/1.3; +https://openai.com/gptbot)"
74.7.228.50 - - [05/Feb/2026:02:53:56 -0500] "GET /robots.txt HTTP/1.0" 404 236 "-" "Mozilla/5.0 (Macintosh; Intel Mac OS X 10_15_7) AppleWebKit/537.36 (KHTML, like Gecko) Chrome/131.0.0.0 Safari/537.36; compatible; OAI-SearchBot/1.3; robots.txt; +https://openai.com/searchbot"
74.7.243.249 - - [05/Feb/2026:02:54:21 -0500] "GET /about.php?q=%E0%A6%95%E0%A6%95usr%E0%A6%95lib64%E0%A6%95python3%E0%A6%976%E0%A6%95__pycache__&r=rlcompleter.cpython-36.opt-2.pyc HTTP/1.0" 404 236 "https://www.kamille.us/about.php?p=%E0%A6%95%E0%A6%95usr%E0%A6%95lib64%E0%A6%95python3%E0%A6%976%E0%A6%95__pycache__" "Mozilla/5.0 AppleWebKit/537.36 (KHTML, like Gecko; compatible; GPTBot/1.3; +https://openai.com/gptbot)"
74.7.241.25 - - [05/Feb/2026:02:54:56 -0500] "GET /about.php?q=%E0%A6%95home%E0%A6%95zeusxp5%E0%A6%95mail%E0%A6%95new&r=1693178671.M862717P3213058.ecngx285.inmotionhosting.com,S=45894,W=46429 HTTP/1.0" 404 236 "https://kamille.us/about.php?p=%E0%A6%95home%E0%A6%95zeusxp5%E0%A6%95mail%E0%A6%95new" "Mozilla/5.0 AppleWebKit/537.36 (KHTML, like Gecko; compatible; GPTBot/1.3; +https://openai.com/gptbot)"
74.7.243.249 - - [05/Feb/2026:02:55:22 -0500] "GET /about.php?e=fnmatch.cpython-36.opt-2.pyc&q=%E0%A6%95%E0%A6%95usr%E0%A6%95lib64%E0%A6%95python3%E0%A6%976%E0%A6%95__pycache__ HTTP/1.0" 404 236 "https://www.kamille.us/about.php?p=%E0%A6%95%E0%A6%95usr%E0%A6%95lib64%E0%A6%95python3%E0%A6%976%E0%A6%95__pycache__" "Mozilla/5.0 AppleWebKit/537.36 (KHTML, like Gecko; compatible; GPTBot/1.3; +https://openai.com/gptbot)"
74.7.241.25 - - [05/Feb/2026:02:55:58 -0500] "GET /about.php?e=1749930742.M626453P3108932.ecngx285.inmotionhosting.com,S=27308,W=27684&q=%E0%A6%95home%E0%A6%95zeusxp5%E0%A6%95mail%E0%A6%95new HTTP/1.0" 404 236 "https://kamille.us/about.php?p=%E0%A6%95home%E0%A6%95zeusxp5%E0%A6%95mail%E0%A6%95new" "Mozilla/5.0 AppleWebKit/537.36 (KHTML, like Gecko; compatible; GPTBot/1.3; +https://openai.com/gptbot)"
74.7.243.249 - - [05/Feb/2026:02:56:27 -0500] "GET /about.php?d=images&q=%E0%A6%95home%E0%A6%95zeusxp5%E0%A6%95fleetmanager%E0%A6%97zeusxpressalongside%E0%A6%97com%E0%A6%95assets HTTP/1.0" 404 236 "https://www.kamille.us/about.php?p=%E0%A6%95home%E0%A6%95zeusxp5%E0%A6%95fleetmanager%E0%A6%97zeusxpressalongside%E0%A6%97com%E0%A6%95assets" "Mozilla/5.0 AppleWebKit/537.36 (KHTML, like Gecko; compatible; GPTBot/1.3; +https://openai.com/gptbot)"
74.7.241.25 - - [05/Feb/2026:02:56:59 -0500] "GET /about.php?d=1762048059.M907229P4005164.ecngx285.inmotionhosting.com,S=59760,W=60560&q=%E0%A6%95home%E0%A6%95zeusxp5%E0%A6%95mail%E0%A6%95new HTTP/1.0" 404 236 "https://kamille.us/about.php?p=%E0%A6%95home%E0%A6%95zeusxp5%E0%A6%95mail%E0%A6%95new" "Mozilla/5.0 AppleWebKit/537.36 (KHTML, like Gecko; compatible; GPTBot/1.3; +https://openai.com/gptbot)"
74.7.243.249 - - [05/Feb/2026:02:57:32 -0500] "GET /about.php?e=has_key.cpython-36.opt-2.pyc&q=%E0%A6%95%E0%A6%95lib64%E0%A6%95python3%E0%A6%976%E0%A6%95curses%E0%A6%95__pycache__ HTTP/1.0" 404 236 "https://www.kamille.us/about.php?p=%E0%A6%95%E0%A6%95lib64%E0%A6%95python3%E0%A6%976%E0%A6%95curses%E0%A6%95__pycache__" "Mozilla/5.0 AppleWebKit/537.36 (KHTML, like Gecko; compatible; GPTBot/1.3; +https://openai.com/gptbot)"
74.7.241.25 - - [05/Feb/2026:02:58:03 -0500] "GET /about.php?q=%E0%A6%95home%E0%A6%95zeusxp5%E0%A6%95mail%E0%A6%95new&r=1698244204.M123710P2838787.ecngx285.inmotionhosting.com,S=46370,W=47623 HTTP/1.0" 404 236 "https://kamille.us/about.php?p=%E0%A6%95home%E0%A6%95zeusxp5%E0%A6%95mail%E0%A6%95new" "Mozilla/5.0 AppleWebKit/537.36 (KHTML, like Gecko; compatible; GPTBot/1.3; +https://openai.com/gptbot)"
74.7.175.155 - - [05/Feb/2026:02:58:33 -0500] "GET /robots.txt HTTP/1.0" 404 236 "-" "Mozilla/5.0 (Macintosh; Intel Mac OS X 10_15_7) AppleWebKit/537.36 (KHTML, like Gecko) Chrome/131.0.0.0 Safari/537.36; compatible; OAI-SearchBot/1.3; robots.txt; +https://openai.com/searchbot"
