74.7.241.25 - - [05/Feb/2026:00:09:41 -0500] "GET /about.php?q=%E0%A6%95home%E0%A6%95zeusxp5%E0%A6%95mail%E0%A6%95new&r=1692667596.M17235P3176053.ecngx285.inmotionhosting.com,S=45907,W=46442 HTTP/1.0" 404 236 "https://kamille.us/about.php?p=%E0%A6%95home%E0%A6%95zeusxp5%E0%A6%95mail%E0%A6%95new" "Mozilla/5.0 AppleWebKit/537.36 (KHTML, like Gecko; compatible; GPTBot/1.3; +https://openai.com/gptbot)"
74.7.243.249 - - [05/Feb/2026:00:09:46 -0500] "GET /about.php?e=statistics.cpython-36.opt-1.pyc&q=%E0%A6%95%E0%A6%95usr%E0%A6%95lib64%E0%A6%95python3%E0%A6%976%E0%A6%95__pycache__ HTTP/1.0" 404 236 "https://www.kamille.us/about.php?p=%E0%A6%95%E0%A6%95usr%E0%A6%95lib64%E0%A6%95python3%E0%A6%976%E0%A6%95__pycache__" "Mozilla/5.0 AppleWebKit/537.36 (KHTML, like Gecko; compatible; GPTBot/1.3; +https://openai.com/gptbot)"
74.7.241.25 - - [05/Feb/2026:00:10:46 -0500] "GET /about.php?d=1681474181.M516844P1519859.ecngx285.inmotionhosting.com,S=45893,W=46428&q=%E0%A6%95home%E0%A6%95zeusxp5%E0%A6%95mail%E0%A6%95new HTTP/1.0" 404 236 "https://kamille.us/about.php?p=%E0%A6%95home%E0%A6%95zeusxp5%E0%A6%95mail%E0%A6%95new" "Mozilla/5.0 AppleWebKit/537.36 (KHTML, like Gecko; compatible; GPTBot/1.3; +https://openai.com/gptbot)"
74.7.243.249 - - [05/Feb/2026:00:10:48 -0500] "GET /about.php?q=%E0%A6%95%E0%A6%95usr%E0%A6%95lib64%E0%A6%95python3%E0%A6%978%E0%A6%95__pycache__&r=sre_constants.cpython-38.pyc HTTP/1.0" 404 236 "https://www.kamille.us/about.php?p=%E0%A6%95%E0%A6%95usr%E0%A6%95lib64%E0%A6%95python3%E0%A6%978%E0%A6%95__pycache__" "Mozilla/5.0 AppleWebKit/537.36 (KHTML, like Gecko; compatible; GPTBot/1.3; +https://openai.com/gptbot)"
74.7.241.25 - - [05/Feb/2026:00:11:47 -0500] "GET /about.php?e=1746902051.M367403P2059547.ecngx285.inmotionhosting.com,S=22934,W=23253&q=%E0%A6%95home%E0%A6%95zeusxp5%E0%A6%95mail%E0%A6%95new HTTP/1.0" 404 236 "https://kamille.us/about.php?p=%E0%A6%95home%E0%A6%95zeusxp5%E0%A6%95mail%E0%A6%95new" "Mozilla/5.0 AppleWebKit/537.36 (KHTML, like Gecko; compatible; GPTBot/1.3; +https://openai.com/gptbot)"
74.7.243.249 - - [05/Feb/2026:00:11:53 -0500] "GET /about.php?d=handlers.cpython-36.pyc&q=%E0%A6%95%E0%A6%95lib64%E0%A6%95python3%E0%A6%976%E0%A6%95logging%E0%A6%95__pycache__ HTTP/1.0" 404 236 "https://www.kamille.us/about.php?p=%E0%A6%95%E0%A6%95lib64%E0%A6%95python3%E0%A6%976%E0%A6%95logging%E0%A6%95__pycache__" "Mozilla/5.0 AppleWebKit/537.36 (KHTML, like Gecko; compatible; GPTBot/1.3; +https://openai.com/gptbot)"
74.7.241.25 - - [05/Feb/2026:00:12:47 -0500] "GET /about.php?e=1685997446.M152238P1784947.ecngx285.inmotionhosting.com,S=49927,W=50522&q=%E0%A6%95home%E0%A6%95zeusxp5%E0%A6%95mail%E0%A6%95new HTTP/1.0" 404 236 "https://kamille.us/about.php?p=%E0%A6%95home%E0%A6%95zeusxp5%E0%A6%95mail%E0%A6%95new" "Mozilla/5.0 AppleWebKit/537.36 (KHTML, like Gecko; compatible; GPTBot/1.3; +https://openai.com/gptbot)"
74.7.243.249 - - [05/Feb/2026:00:12:55 -0500] "GET /about.php?e=reprlib.cpython-36.opt-1.pyc&q=%E0%A6%95%E0%A6%95lib64%E0%A6%95python3%E0%A6%976%E0%A6%95__pycache__ HTTP/1.0" 404 236 "https://www.kamille.us/about.php?p=%E0%A6%95%E0%A6%95lib64%E0%A6%95python3%E0%A6%976%E0%A6%95__pycache__" "Mozilla/5.0 AppleWebKit/537.36 (KHTML, like Gecko; compatible; GPTBot/1.3; +https://openai.com/gptbot)"
74.7.241.25 - - [05/Feb/2026:00:13:53 -0500] "GET /about.php?e=1747102301.M730906P3757827.ecngx285.inmotionhosting.com,S=23528,W=23855&q=%E0%A6%95home%E0%A6%95zeusxp5%E0%A6%95mail%E0%A6%95new HTTP/1.0" 404 236 "https://kamille.us/about.php?p=%E0%A6%95home%E0%A6%95zeusxp5%E0%A6%95mail%E0%A6%95new" "Mozilla/5.0 AppleWebKit/537.36 (KHTML, like Gecko; compatible; GPTBot/1.3; +https://openai.com/gptbot)"
74.7.243.249 - - [05/Feb/2026:00:13:55 -0500] "GET /about.php?q=%E0%A6%95%E0%A6%95lib64%E0%A6%95python3%E0%A6%976%E0%A6%95email%E0%A6%95__pycache__&r=quoprimime.cpython-36.pyc HTTP/1.0" 404 236 "https://www.kamille.us/about.php?p=%E0%A6%95%E0%A6%95lib64%E0%A6%95python3%E0%A6%976%E0%A6%95email%E0%A6%95__pycache__" "Mozilla/5.0 AppleWebKit/537.36 (KHTML, like Gecko; compatible; GPTBot/1.3; +https://openai.com/gptbot)"
74.7.243.249 - - [05/Feb/2026:00:14:56 -0500] "GET /about.php?q=%E0%A6%95%E0%A6%95usr%E0%A6%95lib64%E0%A6%95python3%E0%A6%978%E0%A6%95__pycache__&r=stringprep.cpython-38.pyc HTTP/1.0" 404 236 "https://www.kamille.us/about.php?p=%E0%A6%95%E0%A6%95usr%E0%A6%95lib64%E0%A6%95python3%E0%A6%978%E0%A6%95__pycache__" "Mozilla/5.0 AppleWebKit/537.36 (KHTML, like Gecko; compatible; GPTBot/1.3; +https://openai.com/gptbot)"
74.7.241.25 - - [05/Feb/2026:00:14:58 -0500] "GET /about.php?q=%E0%A6%95home%E0%A6%95zeusxp5%E0%A6%95mail%E0%A6%95new&r=1683087922.M997413P852467.ecngx285.inmotionhosting.com,S=49923,W=50518 HTTP/1.0" 404 236 "https://kamille.us/about.php?p=%E0%A6%95home%E0%A6%95zeusxp5%E0%A6%95mail%E0%A6%95new" "Mozilla/5.0 AppleWebKit/537.36 (KHTML, like Gecko; compatible; GPTBot/1.3; +https://openai.com/gptbot)"
74.7.243.249 - - [05/Feb/2026:00:16:01 -0500] "GET /about.php?d=statistics.cpython-36.opt-2.pyc&q=%E0%A6%95%E0%A6%95lib64%E0%A6%95python3%E0%A6%976%E0%A6%95__pycache__ HTTP/1.0" 404 236 "https://www.kamille.us/about.php?p=%E0%A6%95%E0%A6%95lib64%E0%A6%95python3%E0%A6%976%E0%A6%95__pycache__" "Mozilla/5.0 AppleWebKit/537.36 (KHTML, like Gecko; compatible; GPTBot/1.3; +https://openai.com/gptbot)"
74.7.175.155 - - [05/Feb/2026:00:16:01 -0500] "GET /robots.txt HTTP/1.0" 404 236 "-" "Mozilla/5.0 (Macintosh; Intel Mac OS X 10_15_7) AppleWebKit/537.36 (KHTML, like Gecko) Chrome/131.0.0.0 Safari/537.36; compatible; OAI-SearchBot/1.3; robots.txt; +https://openai.com/searchbot"
74.7.241.25 - - [05/Feb/2026:00:16:02 -0500] "GET /about.php?e=1763102170.M509529P2328913.ecngx285.inmotionhosting.com,S=21424,W=21723&q=%E0%A6%95home%E0%A6%95zeusxp5%E0%A6%95mail%E0%A6%95new HTTP/1.0" 404 236 "https://kamille.us/about.php?p=%E0%A6%95home%E0%A6%95zeusxp5%E0%A6%95mail%E0%A6%95new" "Mozilla/5.0 AppleWebKit/537.36 (KHTML, like Gecko; compatible; GPTBot/1.3; +https://openai.com/gptbot)"
74.7.228.50 - - [05/Feb/2026:00:16:02 -0500] "GET /robots.txt HTTP/1.0" 404 236 "-" "Mozilla/5.0 (Macintosh; Intel Mac OS X 10_15_7) AppleWebKit/537.36 (KHTML, like Gecko) Chrome/131.0.0.0 Safari/537.36; compatible; OAI-SearchBot/1.3; robots.txt; +https://openai.com/searchbot"
74.7.243.249 - - [05/Feb/2026:00:17:03 -0500] "GET /about.php?d=parser.cpython-36.opt-1.pyc&q=%E0%A6%95%E0%A6%95lib64%E0%A6%95python3%E0%A6%976%E0%A6%95html%E0%A6%95__pycache__ HTTP/1.0" 404 236 "https://www.kamille.us/about.php?p=%E0%A6%95%E0%A6%95lib64%E0%A6%95python3%E0%A6%976%E0%A6%95html%E0%A6%95__pycache__" "Mozilla/5.0 AppleWebKit/537.36 (KHTML, like Gecko; compatible; GPTBot/1.3; +https://openai.com/gptbot)"
74.7.241.25 - - [05/Feb/2026:00:17:03 -0500] "GET /about.php?d=1704212862.M503244P1513938.ecngx285.inmotionhosting.com,S=43910,W=45151&q=%E0%A6%95home%E0%A6%95zeusxp5%E0%A6%95mail%E0%A6%95new HTTP/1.0" 404 236 "https://kamille.us/about.php?p=%E0%A6%95home%E0%A6%95zeusxp5%E0%A6%95mail%E0%A6%95new" "Mozilla/5.0 AppleWebKit/537.36 (KHTML, like Gecko; compatible; GPTBot/1.3; +https://openai.com/gptbot)"
74.7.243.249 - - [05/Feb/2026:00:18:07 -0500] "GET /about.php?d=linecache.cpython-36.pyc&q=%E0%A6%95%E0%A6%95usr%E0%A6%95lib64%E0%A6%95python3%E0%A6%976%E0%A6%95__pycache__ HTTP/1.0" 404 236 "https://www.kamille.us/about.php?p=%E0%A6%95%E0%A6%95usr%E0%A6%95lib64%E0%A6%95python3%E0%A6%976%E0%A6%95__pycache__" "Mozilla/5.0 AppleWebKit/537.36 (KHTML, like Gecko; compatible; GPTBot/1.3; +https://openai.com/gptbot)"
74.7.241.25 - - [05/Feb/2026:00:18:09 -0500] "GET /about.php?d=1683115028.M376018P442324.ecngx285.inmotionhosting.com,S=49920,W=50515&q=%E0%A6%95home%E0%A6%95zeusxp5%E0%A6%95mail%E0%A6%95new HTTP/1.0" 404 236 "https://kamille.us/about.php?p=%E0%A6%95home%E0%A6%95zeusxp5%E0%A6%95mail%E0%A6%95new" "Mozilla/5.0 AppleWebKit/537.36 (KHTML, like Gecko; compatible; GPTBot/1.3; +https://openai.com/gptbot)"
74.7.243.249 - - [05/Feb/2026:00:19:13 -0500] "GET /about.php?q=%E0%A6%95%E0%A6%95lib64%E0%A6%95python3%E0%A6%976%E0%A6%95email%E0%A6%95__pycache__&r=iterators.cpython-36.pyc HTTP/1.0" 404 236 "https://www.kamille.us/about.php?p=%E0%A6%95%E0%A6%95lib64%E0%A6%95python3%E0%A6%976%E0%A6%95email%E0%A6%95__pycache__" "Mozilla/5.0 AppleWebKit/537.36 (KHTML, like Gecko; compatible; GPTBot/1.3; +https://openai.com/gptbot)"
74.7.241.25 - - [05/Feb/2026:00:19:19 -0500] "GET /about.php?q=%E0%A6%95home%E0%A6%95zeusxp5%E0%A6%95mail%E0%A6%95new&r=1725348872.M658584P1497198.ecngx285.inmotionhosting.com,S=24953,W=25299 HTTP/1.0" 404 236 "https://kamille.us/about.php?p=%E0%A6%95home%E0%A6%95zeusxp5%E0%A6%95mail%E0%A6%95new" "Mozilla/5.0 AppleWebKit/537.36 (KHTML, like Gecko; compatible; GPTBot/1.3; +https://openai.com/gptbot)"
74.7.243.249 - - [05/Feb/2026:00:20:14 -0500] "GET /about.php?q=%E0%A6%95%E0%A6%95lib64%E0%A6%95python3%E0%A6%976%E0%A6%95importlib%E0%A6%95__pycache__&r=machinery.cpython-36.opt-2.pyc HTTP/1.0" 404 236 "https://www.kamille.us/about.php?p=%E0%A6%95%E0%A6%95lib64%E0%A6%95python3%E0%A6%976%E0%A6%95importlib%E0%A6%95__pycache__" "Mozilla/5.0 AppleWebKit/537.36 (KHTML, like Gecko; compatible; GPTBot/1.3; +https://openai.com/gptbot)"
74.7.241.25 - - [05/Feb/2026:00:20:15 -0500] "GET /about.php?d=1693773352.M67460P1051538.ecngx285.inmotionhosting.com,S=49119,W=49686&q=%E0%A6%95home%E0%A6%95zeusxp5%E0%A6%95mail%E0%A6%95new HTTP/1.0" 404 236 "https://kamille.us/about.php?p=%E0%A6%95home%E0%A6%95zeusxp5%E0%A6%95mail%E0%A6%95new" "Mozilla/5.0 AppleWebKit/537.36 (KHTML, like Gecko; compatible; GPTBot/1.3; +https://openai.com/gptbot)"
74.7.241.25 - - [05/Feb/2026:00:21:14 -0500] "GET /about.php?d=1673510591.M305848P3648754.ecngx285.inmotionhosting.com,S=49681,W=50274&q=%E0%A6%95home%E0%A6%95zeusxp5%E0%A6%95mail%E0%A6%95new HTTP/1.0" 404 236 "https://kamille.us/about.php?p=%E0%A6%95home%E0%A6%95zeusxp5%E0%A6%95mail%E0%A6%95new" "Mozilla/5.0 AppleWebKit/537.36 (KHTML, like Gecko; compatible; GPTBot/1.3; +https://openai.com/gptbot)"
74.7.228.50 - - [05/Feb/2026:00:21:14 -0500] "GET /robots.txt HTTP/1.0" 404 236 "-" "Mozilla/5.0 (Macintosh; Intel Mac OS X 10_15_7) AppleWebKit/537.36 (KHTML, like Gecko) Chrome/131.0.0.0 Safari/537.36; compatible; OAI-SearchBot/1.3; robots.txt; +https://openai.com/searchbot"
74.7.243.249 - - [05/Feb/2026:00:21:19 -0500] "GET /about.php?q=%E0%A6%95%E0%A6%95usr%E0%A6%95lib64%E0%A6%95python3%E0%A6%976%E0%A6%95__pycache__&r=mailcap.cpython-36.opt-2.pyc HTTP/1.0" 404 236 "https://www.kamille.us/about.php?p=%E0%A6%95%E0%A6%95usr%E0%A6%95lib64%E0%A6%95python3%E0%A6%976%E0%A6%95__pycache__" "Mozilla/5.0 AppleWebKit/537.36 (KHTML, like Gecko; compatible; GPTBot/1.3; +https://openai.com/gptbot)"
74.7.175.155 - - [05/Feb/2026:00:21:19 -0500] "GET /robots.txt HTTP/1.0" 404 236 "-" "Mozilla/5.0 (Macintosh; Intel Mac OS X 10_15_7) AppleWebKit/537.36 (KHTML, like Gecko) Chrome/131.0.0.0 Safari/537.36; compatible; OAI-SearchBot/1.3; robots.txt; +https://openai.com/searchbot"
74.7.241.25 - - [05/Feb/2026:00:22:17 -0500] "GET /about.php?e=1717446351.M503661P3801949.ecngx285.inmotionhosting.com,S=25032,W=25380&q=%E0%A6%95home%E0%A6%95zeusxp5%E0%A6%95mail%E0%A6%95new HTTP/1.0" 404 236 "https://kamille.us/about.php?p=%E0%A6%95home%E0%A6%95zeusxp5%E0%A6%95mail%E0%A6%95new" "Mozilla/5.0 AppleWebKit/537.36 (KHTML, like Gecko; compatible; GPTBot/1.3; +https://openai.com/gptbot)"
74.7.243.249 - - [05/Feb/2026:00:22:20 -0500] "GET /about.php?d=mailcap.cpython-36.opt-2.pyc&q=%E0%A6%95%E0%A6%95lib64%E0%A6%95python3%E0%A6%976%E0%A6%95__pycache__ HTTP/1.0" 404 236 "https://www.kamille.us/about.php?p=%E0%A6%95%E0%A6%95lib64%E0%A6%95python3%E0%A6%976%E0%A6%95__pycache__" "Mozilla/5.0 AppleWebKit/537.36 (KHTML, like Gecko; compatible; GPTBot/1.3; +https://openai.com/gptbot)"
74.7.241.25 - - [05/Feb/2026:00:23:23 -0500] "GET /about.php?d=1662495529.M601826P2301633.ecngx285.inmotionhosting.com,S=14260,W=14669&q=%E0%A6%95home%E0%A6%95zeusxp5%E0%A6%95mail%E0%A6%95new HTTP/1.0" 404 236 "https://kamille.us/about.php?p=%E0%A6%95home%E0%A6%95zeusxp5%E0%A6%95mail%E0%A6%95new" "Mozilla/5.0 AppleWebKit/537.36 (KHTML, like Gecko; compatible; GPTBot/1.3; +https://openai.com/gptbot)"
74.7.243.249 - - [05/Feb/2026:00:23:25 -0500] "GET /about.php?q=%E0%A6%95%E0%A6%95lib64%E0%A6%95python3%E0%A6%976%E0%A6%95unittest%E0%A6%95__pycache__&r=util.cpython-36.pyc HTTP/1.0" 404 236 "https://www.kamille.us/about.php?p=%E0%A6%95%E0%A6%95lib64%E0%A6%95python3%E0%A6%976%E0%A6%95unittest%E0%A6%95__pycache__" "Mozilla/5.0 AppleWebKit/537.36 (KHTML, like Gecko; compatible; GPTBot/1.3; +https://openai.com/gptbot)"
74.7.241.25 - - [05/Feb/2026:00:24:25 -0500] "GET /about.php?q=%E0%A6%95home%E0%A6%95zeusxp5%E0%A6%95mail%E0%A6%95new&r=1762231125.M587235P1524902.ecngx285.inmotionhosting.com,S=22349,W=22661 HTTP/1.0" 404 236 "https://kamille.us/about.php?p=%E0%A6%95home%E0%A6%95zeusxp5%E0%A6%95mail%E0%A6%95new" "Mozilla/5.0 AppleWebKit/537.36 (KHTML, like Gecko; compatible; GPTBot/1.3; +https://openai.com/gptbot)"
74.7.243.249 - - [05/Feb/2026:00:24:26 -0500] "GET /about.php?d=util.cpython-36.opt-2.pyc&q=%E0%A6%95%E0%A6%95lib64%E0%A6%95python3%E0%A6%976%E0%A6%95ctypes%E0%A6%95__pycache__ HTTP/1.0" 404 236 "https://www.kamille.us/about.php?p=%E0%A6%95%E0%A6%95lib64%E0%A6%95python3%E0%A6%976%E0%A6%95ctypes%E0%A6%95__pycache__" "Mozilla/5.0 AppleWebKit/537.36 (KHTML, like Gecko; compatible; GPTBot/1.3; +https://openai.com/gptbot)"
74.7.241.25 - - [05/Feb/2026:00:25:26 -0500] "GET /about.php?d=1750320621.M91229P2086197.ecngx285.inmotionhosting.com,S=23430,W=23756&q=%E0%A6%95home%E0%A6%95zeusxp5%E0%A6%95mail%E0%A6%95new HTTP/1.0" 404 236 "https://kamille.us/about.php?p=%E0%A6%95home%E0%A6%95zeusxp5%E0%A6%95mail%E0%A6%95new" "Mozilla/5.0 AppleWebKit/537.36 (KHTML, like Gecko; compatible; GPTBot/1.3; +https://openai.com/gptbot)"
74.7.243.249 - - [05/Feb/2026:00:25:28 -0500] "GET /about.php?d=posixpath.cpython-36.opt-2.pyc&q=%E0%A6%95%E0%A6%95lib64%E0%A6%95python3%E0%A6%976%E0%A6%95__pycache__ HTTP/1.0" 404 236 "https://www.kamille.us/about.php?p=%E0%A6%95%E0%A6%95lib64%E0%A6%95python3%E0%A6%976%E0%A6%95__pycache__" "Mozilla/5.0 AppleWebKit/537.36 (KHTML, like Gecko; compatible; GPTBot/1.3; +https://openai.com/gptbot)"
74.7.241.25 - - [05/Feb/2026:00:26:28 -0500] "GET /about.php?d=1710598998.M33585P3121822.ecngx285.inmotionhosting.com,S=43936,W=45177&q=%E0%A6%95home%E0%A6%95zeusxp5%E0%A6%95mail%E0%A6%95new HTTP/1.0" 404 236 "https://kamille.us/about.php?p=%E0%A6%95home%E0%A6%95zeusxp5%E0%A6%95mail%E0%A6%95new" "Mozilla/5.0 AppleWebKit/537.36 (KHTML, like Gecko; compatible; GPTBot/1.3; +https://openai.com/gptbot)"
74.7.228.50 - - [05/Feb/2026:00:26:28 -0500] "GET /robots.txt HTTP/1.0" 404 236 "-" "Mozilla/5.0 (Macintosh; Intel Mac OS X 10_15_7) AppleWebKit/537.36 (KHTML, like Gecko) Chrome/131.0.0.0 Safari/537.36; compatible; OAI-SearchBot/1.3; robots.txt; +https://openai.com/searchbot"
74.7.243.249 - - [05/Feb/2026:00:26:29 -0500] "GET /about.php?q=%E0%A6%95%E0%A6%95opt%E0%A6%95alt%E0%A6%95python37%E0%A6%95share%E0%A6%95doc&r=alt-python37-typing-extensions HTTP/1.0" 404 236 "https://www.kamille.us/about.php?p=%E0%A6%95%E0%A6%95opt%E0%A6%95alt%E0%A6%95python37%E0%A6%95share%E0%A6%95doc" "Mozilla/5.0 AppleWebKit/537.36 (KHTML, like Gecko; compatible; GPTBot/1.3; +https://openai.com/gptbot)"
74.7.175.155 - - [05/Feb/2026:00:26:30 -0500] "GET /robots.txt HTTP/1.0" 404 236 "-" "Mozilla/5.0 (Macintosh; Intel Mac OS X 10_15_7) AppleWebKit/537.36 (KHTML, like Gecko) Chrome/131.0.0.0 Safari/537.36; compatible; OAI-SearchBot/1.3; robots.txt; +https://openai.com/searchbot"
74.7.241.25 - - [05/Feb/2026:00:27:28 -0500] "GET /about.php?q=%E0%A6%95home%E0%A6%95zeusxp5%E0%A6%95mail%E0%A6%95new&r=1703876331.M105427P126870.ecngx285.inmotionhosting.com,S=47174,W=48462 HTTP/1.0" 404 236 "https://kamille.us/about.php?p=%E0%A6%95home%E0%A6%95zeusxp5%E0%A6%95mail%E0%A6%95new" "Mozilla/5.0 AppleWebKit/537.36 (KHTML, like Gecko; compatible; GPTBot/1.3; +https://openai.com/gptbot)"
74.7.243.249 - - [05/Feb/2026:00:27:34 -0500] "GET /about.php?q=%E0%A6%95%E0%A6%95usr%E0%A6%95lib64%E0%A6%95python3%E0%A6%976%E0%A6%95__pycache__&r=symtable.cpython-36.opt-1.pyc HTTP/1.0" 404 236 "https://www.kamille.us/about.php?p=%E0%A6%95%E0%A6%95usr%E0%A6%95lib64%E0%A6%95python3%E0%A6%976%E0%A6%95__pycache__" "Mozilla/5.0 AppleWebKit/537.36 (KHTML, like Gecko; compatible; GPTBot/1.3; +https://openai.com/gptbot)"
74.7.241.25 - - [05/Feb/2026:00:28:29 -0500] "GET /about.php?d=1696514637.M249982P131583.ecngx285.inmotionhosting.com,S=49128,W=49695&q=%E0%A6%95home%E0%A6%95zeusxp5%E0%A6%95mail%E0%A6%95new HTTP/1.0" 404 236 "https://kamille.us/about.php?p=%E0%A6%95home%E0%A6%95zeusxp5%E0%A6%95mail%E0%A6%95new" "Mozilla/5.0 AppleWebKit/537.36 (KHTML, like Gecko; compatible; GPTBot/1.3; +https://openai.com/gptbot)"
74.7.243.249 - - [05/Feb/2026:00:28:38 -0500] "GET /about.php?e=linecache.cpython-38.opt-1.pyc&q=%E0%A6%95%E0%A6%95lib64%E0%A6%95python3%E0%A6%978%E0%A6%95__pycache__ HTTP/1.0" 404 236 "https://www.kamille.us/about.php?p=%E0%A6%95%E0%A6%95lib64%E0%A6%95python3%E0%A6%978%E0%A6%95__pycache__" "Mozilla/5.0 AppleWebKit/537.36 (KHTML, like Gecko; compatible; GPTBot/1.3; +https://openai.com/gptbot)"
74.7.241.25 - - [05/Feb/2026:00:29:35 -0500] "GET /about.php?d=1690518942.M861427P2863835.ecngx285.inmotionhosting.com,S=49965,W=50560&q=%E0%A6%95home%E0%A6%95zeusxp5%E0%A6%95mail%E0%A6%95new HTTP/1.0" 404 236 "https://kamille.us/about.php?p=%E0%A6%95home%E0%A6%95zeusxp5%E0%A6%95mail%E0%A6%95new" "Mozilla/5.0 AppleWebKit/537.36 (KHTML, like Gecko; compatible; GPTBot/1.3; +https://openai.com/gptbot)"
74.7.243.249 - - [05/Feb/2026:00:29:41 -0500] "GET /about.php?q=%E0%A6%95%E0%A6%95lib64%E0%A6%95python3%E0%A6%976%E0%A6%95__pycache__&r=textwrap.cpython-36.opt-2.pyc HTTP/1.0" 404 236 "https://www.kamille.us/about.php?p=%E0%A6%95%E0%A6%95lib64%E0%A6%95python3%E0%A6%976%E0%A6%95__pycache__" "Mozilla/5.0 AppleWebKit/537.36 (KHTML, like Gecko; compatible; GPTBot/1.3; +https://openai.com/gptbot)"
74.7.241.25 - - [05/Feb/2026:00:30:37 -0500] "GET /about.php?e=1656469680.M401407P2384556.ecngx285.inmotionhosting.com,S=14295,W=14702&q=%E0%A6%95home%E0%A6%95zeusxp5%E0%A6%95mail%E0%A6%95new HTTP/1.0" 404 236 "https://kamille.us/about.php?p=%E0%A6%95home%E0%A6%95zeusxp5%E0%A6%95mail%E0%A6%95new" "Mozilla/5.0 AppleWebKit/537.36 (KHTML, like Gecko; compatible; GPTBot/1.3; +https://openai.com/gptbot)"
74.7.243.249 - - [05/Feb/2026:00:30:43 -0500] "GET /about.php?e=posixpath.cpython-36.opt-1.pyc&q=%E0%A6%95%E0%A6%95usr%E0%A6%95lib64%E0%A6%95python3%E0%A6%976%E0%A6%95__pycache__ HTTP/1.0" 404 236 "https://www.kamille.us/about.php?p=%E0%A6%95%E0%A6%95usr%E0%A6%95lib64%E0%A6%95python3%E0%A6%976%E0%A6%95__pycache__" "Mozilla/5.0 AppleWebKit/537.36 (KHTML, like Gecko; compatible; GPTBot/1.3; +https://openai.com/gptbot)"
74.7.241.25 - - [05/Feb/2026:00:31:40 -0500] "GET /about.php?e=1693002375.M351637P2813101.ecngx285.inmotionhosting.com,S=49921,W=50516&q=%E0%A6%95home%E0%A6%95zeusxp5%E0%A6%95mail%E0%A6%95new HTTP/1.0" 404 236 "https://kamille.us/about.php?p=%E0%A6%95home%E0%A6%95zeusxp5%E0%A6%95mail%E0%A6%95new" "Mozilla/5.0 AppleWebKit/537.36 (KHTML, like Gecko; compatible; GPTBot/1.3; +https://openai.com/gptbot)"
74.7.228.50 - - [05/Feb/2026:00:31:41 -0500] "GET /robots.txt HTTP/1.0" 404 236 "-" "Mozilla/5.0 (Macintosh; Intel Mac OS X 10_15_7) AppleWebKit/537.36 (KHTML, like Gecko) Chrome/131.0.0.0 Safari/537.36; compatible; OAI-SearchBot/1.3; robots.txt; +https://openai.com/searchbot"
74.7.243.249 - - [05/Feb/2026:00:31:44 -0500] "GET /about.php?q=%E0%A6%95%E0%A6%95lib64%E0%A6%95python3%E0%A6%976%E0%A6%95curses%E0%A6%95__pycache__&r=has_key.cpython-36.opt-2.pyc HTTP/1.0" 404 236 "https://www.kamille.us/about.php?p=%E0%A6%95%E0%A6%95lib64%E0%A6%95python3%E0%A6%976%E0%A6%95curses%E0%A6%95__pycache__" "Mozilla/5.0 AppleWebKit/537.36 (KHTML, like Gecko; compatible; GPTBot/1.3; +https://openai.com/gptbot)"
74.7.175.155 - - [05/Feb/2026:00:31:44 -0500] "GET /robots.txt HTTP/1.0" 404 236 "-" "Mozilla/5.0 (Macintosh; Intel Mac OS X 10_15_7) AppleWebKit/537.36 (KHTML, like Gecko) Chrome/131.0.0.0 Safari/537.36; compatible; OAI-SearchBot/1.3; robots.txt; +https://openai.com/searchbot"
74.7.241.25 - - [05/Feb/2026:00:32:46 -0500] "GET /about.php?e=1755025600.M507015P1330640.ecngx285.inmotionhosting.com,S=23771,W=24101&q=%E0%A6%95home%E0%A6%95zeusxp5%E0%A6%95mail%E0%A6%95new HTTP/1.0" 404 236 "https://kamille.us/about.php?p=%E0%A6%95home%E0%A6%95zeusxp5%E0%A6%95mail%E0%A6%95new" "Mozilla/5.0 AppleWebKit/537.36 (KHTML, like Gecko; compatible; GPTBot/1.3; +https://openai.com/gptbot)"
74.7.243.249 - - [05/Feb/2026:00:32:46 -0500] "GET /about.php?q=%E0%A6%95%E0%A6%95lib64%E0%A6%95python3%E0%A6%976%E0%A6%95unittest%E0%A6%95__pycache__&r=case.cpython-36.opt-2.pyc HTTP/1.0" 404 236 "https://www.kamille.us/about.php?p=%E0%A6%95%E0%A6%95lib64%E0%A6%95python3%E0%A6%976%E0%A6%95unittest%E0%A6%95__pycache__" "Mozilla/5.0 AppleWebKit/537.36 (KHTML, like Gecko; compatible; GPTBot/1.3; +https://openai.com/gptbot)"
74.7.241.25 - - [05/Feb/2026:00:33:50 -0500] "GET /about.php?e=1689670768.M457179P1617017.ecngx285.inmotionhosting.com,S=45890,W=46425&q=%E0%A6%95home%E0%A6%95zeusxp5%E0%A6%95mail%E0%A6%95new HTTP/1.0" 404 236 "https://kamille.us/about.php?p=%E0%A6%95home%E0%A6%95zeusxp5%E0%A6%95mail%E0%A6%95new" "Mozilla/5.0 AppleWebKit/537.36 (KHTML, like Gecko; compatible; GPTBot/1.3; +https://openai.com/gptbot)"
74.7.243.249 - - [05/Feb/2026:00:33:50 -0500] "GET /about.php?d=mailcap.cpython-36.opt-1.pyc&q=%E0%A6%95%E0%A6%95lib64%E0%A6%95python3%E0%A6%976%E0%A6%95__pycache__ HTTP/1.0" 404 236 "https://www.kamille.us/about.php?p=%E0%A6%95%E0%A6%95lib64%E0%A6%95python3%E0%A6%976%E0%A6%95__pycache__" "Mozilla/5.0 AppleWebKit/537.36 (KHTML, like Gecko; compatible; GPTBot/1.3; +https://openai.com/gptbot)"
107.189.14.25 - - [05/Feb/2026:00:34:34 -0500] "GET /wp-login.php HTTP/1.0" 404 236 "-" "Mozilla/5.0 (Windows NT 6.3; WOW64) AppleWebKit/537.36 (KHTML, like Gecko) Chrome/36.0.1985.143 Safari/537.36"
74.7.243.249 - - [05/Feb/2026:00:34:53 -0500] "GET /about.php?e=_policybase.cpython-38.pyc&q=%E0%A6%95%E0%A6%95lib64%E0%A6%95python3%E0%A6%978%E0%A6%95email%E0%A6%95__pycache__ HTTP/1.0" 404 236 "https://www.kamille.us/about.php?p=%E0%A6%95%E0%A6%95lib64%E0%A6%95python3%E0%A6%978%E0%A6%95email%E0%A6%95__pycache__" "Mozilla/5.0 AppleWebKit/537.36 (KHTML, like Gecko; compatible; GPTBot/1.3; +https://openai.com/gptbot)"
74.7.241.25 - - [05/Feb/2026:00:34:56 -0500] "GET /about.php?e=1719180322.M728134P1067955.ecngx285.inmotionhosting.com,S=23788,W=24119&q=%E0%A6%95home%E0%A6%95zeusxp5%E0%A6%95mail%E0%A6%95new HTTP/1.0" 404 236 "https://kamille.us/about.php?p=%E0%A6%95home%E0%A6%95zeusxp5%E0%A6%95mail%E0%A6%95new" "Mozilla/5.0 AppleWebKit/537.36 (KHTML, like Gecko; compatible; GPTBot/1.3; +https://openai.com/gptbot)"
74.7.243.249 - - [05/Feb/2026:00:35:55 -0500] "GET /about.php?d=sre_compile.cpython-36.pyc&q=%E0%A6%95%E0%A6%95usr%E0%A6%95lib64%E0%A6%95python3%E0%A6%976%E0%A6%95__pycache__ HTTP/1.0" 404 236 "https://www.kamille.us/about.php?p=%E0%A6%95%E0%A6%95usr%E0%A6%95lib64%E0%A6%95python3%E0%A6%976%E0%A6%95__pycache__" "Mozilla/5.0 AppleWebKit/537.36 (KHTML, like Gecko; compatible; GPTBot/1.3; +https://openai.com/gptbot)"
74.7.241.25 - - [05/Feb/2026:00:35:58 -0500] "GET /about.php?d=1651589289.M707552P3924668.ecngx285.inmotionhosting.com,S=46170,W=46703&q=%E0%A6%95home%E0%A6%95zeusxp5%E0%A6%95mail%E0%A6%95new HTTP/1.0" 404 236 "https://kamille.us/about.php?p=%E0%A6%95home%E0%A6%95zeusxp5%E0%A6%95mail%E0%A6%95new" "Mozilla/5.0 AppleWebKit/537.36 (KHTML, like Gecko; compatible; GPTBot/1.3; +https://openai.com/gptbot)"
74.7.243.249 - - [05/Feb/2026:00:36:59 -0500] "GET /about.php?d=fancy_getopt.cpython-36.pyc&q=%E0%A6%95%E0%A6%95lib64%E0%A6%95python3%E0%A6%976%E0%A6%95distutils%E0%A6%95__pycache__ HTTP/1.0" 404 236 "https://www.kamille.us/about.php?p=%E0%A6%95%E0%A6%95lib64%E0%A6%95python3%E0%A6%976%E0%A6%95distutils%E0%A6%95__pycache__" "Mozilla/5.0 AppleWebKit/537.36 (KHTML, like Gecko; compatible; GPTBot/1.3; +https://openai.com/gptbot)"
74.7.175.155 - - [05/Feb/2026:00:36:59 -0500] "GET /robots.txt HTTP/1.0" 404 236 "-" "Mozilla/5.0 (Macintosh; Intel Mac OS X 10_15_7) AppleWebKit/537.36 (KHTML, like Gecko) Chrome/131.0.0.0 Safari/537.36; compatible; OAI-SearchBot/1.3; robots.txt; +https://openai.com/searchbot"
74.7.241.25 - - [05/Feb/2026:00:37:04 -0500] "GET /about.php?d=1728523905.M207381P1515413.ecngx285.inmotionhosting.com,S=23472,W=23799&q=%E0%A6%95home%E0%A6%95zeusxp5%E0%A6%95mail%E0%A6%95new HTTP/1.0" 404 236 "https://kamille.us/about.php?p=%E0%A6%95home%E0%A6%95zeusxp5%E0%A6%95mail%E0%A6%95new" "Mozilla/5.0 AppleWebKit/537.36 (KHTML, like Gecko; compatible; GPTBot/1.3; +https://openai.com/gptbot)"
74.7.228.50 - - [05/Feb/2026:00:37:04 -0500] "GET /robots.txt HTTP/1.0" 404 236 "-" "Mozilla/5.0 (Macintosh; Intel Mac OS X 10_15_7) AppleWebKit/537.36 (KHTML, like Gecko) Chrome/131.0.0.0 Safari/537.36; compatible; OAI-SearchBot/1.3; robots.txt; +https://openai.com/searchbot"
74.7.243.249 - - [05/Feb/2026:00:38:01 -0500] "GET /about.php?e=runner.cpython-38.pyc&q=%E0%A6%95%E0%A6%95lib64%E0%A6%95python3%E0%A6%978%E0%A6%95unittest%E0%A6%95__pycache__ HTTP/1.0" 404 236 "https://www.kamille.us/about.php?p=%E0%A6%95%E0%A6%95lib64%E0%A6%95python3%E0%A6%978%E0%A6%95unittest%E0%A6%95__pycache__" "Mozilla/5.0 AppleWebKit/537.36 (KHTML, like Gecko; compatible; GPTBot/1.3; +https://openai.com/gptbot)"
74.7.241.25 - - [05/Feb/2026:00:38:04 -0500] "GET /about.php?d=1728378322.M639303P467932.ecngx285.inmotionhosting.com,S=23716,W=24046&q=%E0%A6%95home%E0%A6%95zeusxp5%E0%A6%95mail%E0%A6%95new HTTP/1.0" 404 236 "https://kamille.us/about.php?p=%E0%A6%95home%E0%A6%95zeusxp5%E0%A6%95mail%E0%A6%95new" "Mozilla/5.0 AppleWebKit/537.36 (KHTML, like Gecko; compatible; GPTBot/1.3; +https://openai.com/gptbot)"
74.7.243.249 - - [05/Feb/2026:00:39:02 -0500] "GET /about.php?q=%E0%A6%95%E0%A6%95usr%E0%A6%95lib64%E0%A6%95python3%E0%A6%976%E0%A6%95__pycache__&r=fnmatch.cpython-36.opt-2.pyc HTTP/1.0" 404 236 "https://www.kamille.us/about.php?p=%E0%A6%95%E0%A6%95usr%E0%A6%95lib64%E0%A6%95python3%E0%A6%976%E0%A6%95__pycache__" "Mozilla/5.0 AppleWebKit/537.36 (KHTML, like Gecko; compatible; GPTBot/1.3; +https://openai.com/gptbot)"
74.7.241.25 - - [05/Feb/2026:00:39:10 -0500] "GET /about.php?q=%E0%A6%95home%E0%A6%95zeusxp5%E0%A6%95mail%E0%A6%95new&r=1651833277.M725688P3438736.ecngx285.inmotionhosting.com,S=14289,W=14696 HTTP/1.0" 404 236 "https://kamille.us/about.php?p=%E0%A6%95home%E0%A6%95zeusxp5%E0%A6%95mail%E0%A6%95new" "Mozilla/5.0 AppleWebKit/537.36 (KHTML, like Gecko; compatible; GPTBot/1.3; +https://openai.com/gptbot)"
74.7.243.249 - - [05/Feb/2026:00:40:04 -0500] "GET /about.php?q=%E0%A6%95home%E0%A6%95zeusxp5%E0%A6%95tmp%E0%A6%95pma_template_compiles_bmadison%E0%A6%95twig%E0%A6%9589&upload HTTP/1.0" 404 236 "https://www.kamille.us/about.php?p=%E0%A6%95home%E0%A6%95zeusxp5%E0%A6%95tmp%E0%A6%95pma_template_compiles_bmadison%E0%A6%95twig%E0%A6%9589" "Mozilla/5.0 AppleWebKit/537.36 (KHTML, like Gecko; compatible; GPTBot/1.3; +https://openai.com/gptbot)"
74.7.241.25 - - [05/Feb/2026:00:40:12 -0500] "GET /about.php?d=1703895387.M190634P449535.ecngx285.inmotionhosting.com,S=43089,W=44310&q=%E0%A6%95home%E0%A6%95zeusxp5%E0%A6%95mail%E0%A6%95new HTTP/1.0" 404 236 "https://kamille.us/about.php?p=%E0%A6%95home%E0%A6%95zeusxp5%E0%A6%95mail%E0%A6%95new" "Mozilla/5.0 AppleWebKit/537.36 (KHTML, like Gecko; compatible; GPTBot/1.3; +https://openai.com/gptbot)"
74.7.243.249 - - [05/Feb/2026:00:41:09 -0500] "GET /about.php?e=colorsys.cpython-36.opt-2.pyc&q=%E0%A6%95%E0%A6%95usr%E0%A6%95lib64%E0%A6%95python3%E0%A6%976%E0%A6%95__pycache__ HTTP/1.0" 404 236 "https://www.kamille.us/about.php?p=%E0%A6%95%E0%A6%95usr%E0%A6%95lib64%E0%A6%95python3%E0%A6%976%E0%A6%95__pycache__" "Mozilla/5.0 AppleWebKit/537.36 (KHTML, like Gecko; compatible; GPTBot/1.3; +https://openai.com/gptbot)"
74.7.241.25 - - [05/Feb/2026:00:41:16 -0500] "GET /about.php?e=1729293114.M676195P398417.ecngx285.inmotionhosting.com,S=24439,W=24778&q=%E0%A6%95home%E0%A6%95zeusxp5%E0%A6%95mail%E0%A6%95new HTTP/1.0" 404 236 "https://kamille.us/about.php?p=%E0%A6%95home%E0%A6%95zeusxp5%E0%A6%95mail%E0%A6%95new" "Mozilla/5.0 AppleWebKit/537.36 (KHTML, like Gecko; compatible; GPTBot/1.3; +https://openai.com/gptbot)"
74.7.243.249 - - [05/Feb/2026:00:42:09 -0500] "GET /about.php?e=nntplib.cpython-36.opt-2.pyc&q=%E0%A6%95%E0%A6%95lib64%E0%A6%95python3%E0%A6%976%E0%A6%95__pycache__ HTTP/1.0" 404 236 "https://www.kamille.us/about.php?p=%E0%A6%95%E0%A6%95lib64%E0%A6%95python3%E0%A6%976%E0%A6%95__pycache__" "Mozilla/5.0 AppleWebKit/537.36 (KHTML, like Gecko; compatible; GPTBot/1.3; +https://openai.com/gptbot)"
74.7.175.155 - - [05/Feb/2026:00:42:09 -0500] "GET /robots.txt HTTP/1.0" 404 236 "-" "Mozilla/5.0 (Macintosh; Intel Mac OS X 10_15_7) AppleWebKit/537.36 (KHTML, like Gecko) Chrome/131.0.0.0 Safari/537.36; compatible; OAI-SearchBot/1.3; robots.txt; +https://openai.com/searchbot"
74.7.241.25 - - [05/Feb/2026:00:42:20 -0500] "GET /about.php?e=1735692084.M716214P1879903.ecngx285.inmotionhosting.com,S=38380,W=38909&q=%E0%A6%95home%E0%A6%95zeusxp5%E0%A6%95mail%E0%A6%95new HTTP/1.0" 404 236 "https://kamille.us/about.php?p=%E0%A6%95home%E0%A6%95zeusxp5%E0%A6%95mail%E0%A6%95new" "Mozilla/5.0 AppleWebKit/537.36 (KHTML, like Gecko; compatible; GPTBot/1.3; +https://openai.com/gptbot)"
74.7.228.50 - - [05/Feb/2026:00:42:20 -0500] "GET /robots.txt HTTP/1.0" 404 236 "-" "Mozilla/5.0 (Macintosh; Intel Mac OS X 10_15_7) AppleWebKit/537.36 (KHTML, like Gecko) Chrome/131.0.0.0 Safari/537.36; compatible; OAI-SearchBot/1.3; robots.txt; +https://openai.com/searchbot"
74.7.243.249 - - [05/Feb/2026:00:43:15 -0500] "GET /about.php?e=result.cpython-36.opt-2.pyc&q=%E0%A6%95%E0%A6%95lib64%E0%A6%95python3%E0%A6%976%E0%A6%95unittest%E0%A6%95__pycache__ HTTP/1.0" 404 236 "https://www.kamille.us/about.php?p=%E0%A6%95%E0%A6%95lib64%E0%A6%95python3%E0%A6%976%E0%A6%95unittest%E0%A6%95__pycache__" "Mozilla/5.0 AppleWebKit/537.36 (KHTML, like Gecko; compatible; GPTBot/1.3; +https://openai.com/gptbot)"
74.7.241.25 - - [05/Feb/2026:00:43:22 -0500] "GET /about.php?q=%E0%A6%95home%E0%A6%95zeusxp5%E0%A6%95mail%E0%A6%95new&r=1650681231.M230397P2900741.ecngx285.inmotionhosting.com,S=14351,W=14759 HTTP/1.0" 404 236 "https://kamille.us/about.php?p=%E0%A6%95home%E0%A6%95zeusxp5%E0%A6%95mail%E0%A6%95new" "Mozilla/5.0 AppleWebKit/537.36 (KHTML, like Gecko; compatible; GPTBot/1.3; +https://openai.com/gptbot)"
74.7.243.249 - - [05/Feb/2026:00:44:16 -0500] "GET /about.php?d=hz.cpython-36.opt-2.pyc&q=%E0%A6%95%E0%A6%95lib64%E0%A6%95python3%E0%A6%976%E0%A6%95encodings%E0%A6%95__pycache__ HTTP/1.0" 404 236 "https://www.kamille.us/about.php?p=%E0%A6%95%E0%A6%95lib64%E0%A6%95python3%E0%A6%976%E0%A6%95encodings%E0%A6%95__pycache__" "Mozilla/5.0 AppleWebKit/537.36 (KHTML, like Gecko; compatible; GPTBot/1.3; +https://openai.com/gptbot)"
74.7.241.25 - - [05/Feb/2026:00:44:26 -0500] "GET /about.php?q=%E0%A6%95home%E0%A6%95zeusxp5%E0%A6%95mail%E0%A6%95new&r=1757397548.M160911P3070466.ecngx285.inmotionhosting.com,S=24083,W=24417 HTTP/1.0" 404 236 "https://kamille.us/about.php?p=%E0%A6%95home%E0%A6%95zeusxp5%E0%A6%95mail%E0%A6%95new" "Mozilla/5.0 AppleWebKit/537.36 (KHTML, like Gecko; compatible; GPTBot/1.3; +https://openai.com/gptbot)"
74.7.243.249 - - [05/Feb/2026:00:45:18 -0500] "GET /about.php?e=traceback.cpython-36.opt-2.pyc&q=%E0%A6%95%E0%A6%95usr%E0%A6%95lib64%E0%A6%95python3%E0%A6%976%E0%A6%95__pycache__ HTTP/1.0" 404 236 "https://www.kamille.us/about.php?p=%E0%A6%95%E0%A6%95usr%E0%A6%95lib64%E0%A6%95python3%E0%A6%976%E0%A6%95__pycache__" "Mozilla/5.0 AppleWebKit/537.36 (KHTML, like Gecko; compatible; GPTBot/1.3; +https://openai.com/gptbot)"
74.7.241.25 - - [05/Feb/2026:00:45:31 -0500] "GET /about.php?d=1747703679.M614207P1928486.ecngx285.inmotionhosting.com,S=27289,W=27665&q=%E0%A6%95home%E0%A6%95zeusxp5%E0%A6%95mail%E0%A6%95new HTTP/1.0" 404 236 "https://kamille.us/about.php?p=%E0%A6%95home%E0%A6%95zeusxp5%E0%A6%95mail%E0%A6%95new" "Mozilla/5.0 AppleWebKit/537.36 (KHTML, like Gecko; compatible; GPTBot/1.3; +https://openai.com/gptbot)"
74.7.243.249 - - [05/Feb/2026:00:46:19 -0500] "GET /about.php?e=doctest.cpython-36.opt-2.pyc&q=%E0%A6%95%E0%A6%95lib64%E0%A6%95python3%E0%A6%976%E0%A6%95__pycache__ HTTP/1.0" 404 236 "https://www.kamille.us/about.php?p=%E0%A6%95%E0%A6%95lib64%E0%A6%95python3%E0%A6%976%E0%A6%95__pycache__" "Mozilla/5.0 AppleWebKit/537.36 (KHTML, like Gecko; compatible; GPTBot/1.3; +https://openai.com/gptbot)"
74.7.241.25 - - [05/Feb/2026:00:46:36 -0500] "GET /about.php?q=%E0%A6%95home%E0%A6%95zeusxp5%E0%A6%95mail%E0%A6%95new&r=1749953205.M58907P2190241.ecngx285.inmotionhosting.com,S=22805,W=23123 HTTP/1.0" 404 236 "https://kamille.us/about.php?p=%E0%A6%95home%E0%A6%95zeusxp5%E0%A6%95mail%E0%A6%95new" "Mozilla/5.0 AppleWebKit/537.36 (KHTML, like Gecko; compatible; GPTBot/1.3; +https://openai.com/gptbot)"
74.7.243.249 - - [05/Feb/2026:00:47:24 -0500] "GET /about.php?q=%E0%A6%95%E0%A6%95usr%E0%A6%95lib64%E0%A6%95python3%E0%A6%976%E0%A6%95__pycache__&r=calendar.cpython-36.opt-1.pyc HTTP/1.0" 404 236 "https://www.kamille.us/about.php?p=%E0%A6%95%E0%A6%95usr%E0%A6%95lib64%E0%A6%95python3%E0%A6%976%E0%A6%95__pycache__" "Mozilla/5.0 AppleWebKit/537.36 (KHTML, like Gecko; compatible; GPTBot/1.3; +https://openai.com/gptbot)"
74.7.175.155 - - [05/Feb/2026:00:47:24 -0500] "GET /robots.txt HTTP/1.0" 404 236 "-" "Mozilla/5.0 (Macintosh; Intel Mac OS X 10_15_7) AppleWebKit/537.36 (KHTML, like Gecko) Chrome/131.0.0.0 Safari/537.36; compatible; OAI-SearchBot/1.3; robots.txt; +https://openai.com/searchbot"
74.7.241.25 - - [05/Feb/2026:00:47:41 -0500] "GET /about.php?d=1673542819.M737601P3857998.ecngx285.inmotionhosting.com,S=44785,W=45320&q=%E0%A6%95home%E0%A6%95zeusxp5%E0%A6%95mail%E0%A6%95new HTTP/1.0" 404 236 "https://kamille.us/about.php?p=%E0%A6%95home%E0%A6%95zeusxp5%E0%A6%95mail%E0%A6%95new" "Mozilla/5.0 AppleWebKit/537.36 (KHTML, like Gecko; compatible; GPTBot/1.3; +https://openai.com/gptbot)"
74.7.228.50 - - [05/Feb/2026:00:47:41 -0500] "GET /robots.txt HTTP/1.0" 404 236 "-" "Mozilla/5.0 (Macintosh; Intel Mac OS X 10_15_7) AppleWebKit/537.36 (KHTML, like Gecko) Chrome/131.0.0.0 Safari/537.36; compatible; OAI-SearchBot/1.3; robots.txt; +https://openai.com/searchbot"
74.7.243.249 - - [05/Feb/2026:00:48:27 -0500] "GET /about.php?e=genericpath.cpython-36.opt-2.pyc&q=%E0%A6%95%E0%A6%95usr%E0%A6%95lib64%E0%A6%95python3%E0%A6%976%E0%A6%95__pycache__ HTTP/1.0" 404 236 "https://www.kamille.us/about.php?p=%E0%A6%95%E0%A6%95usr%E0%A6%95lib64%E0%A6%95python3%E0%A6%976%E0%A6%95__pycache__" "Mozilla/5.0 AppleWebKit/537.36 (KHTML, like Gecko; compatible; GPTBot/1.3; +https://openai.com/gptbot)"
74.7.241.25 - - [05/Feb/2026:00:48:42 -0500] "GET /about.php?q=%E0%A6%95home%E0%A6%95zeusxp5%E0%A6%95mail%E0%A6%95new&r=1741289539.M817469P3644647.ecngx285.inmotionhosting.com,S=23310,W=23634 HTTP/1.0" 404 236 "https://kamille.us/about.php?p=%E0%A6%95home%E0%A6%95zeusxp5%E0%A6%95mail%E0%A6%95new" "Mozilla/5.0 AppleWebKit/537.36 (KHTML, like Gecko; compatible; GPTBot/1.3; +https://openai.com/gptbot)"
74.7.243.249 - - [05/Feb/2026:00:49:28 -0500] "GET /about.php?e=util.cpython-36.opt-1.pyc&q=%E0%A6%95%E0%A6%95lib64%E0%A6%95python3%E0%A6%976%E0%A6%95distutils%E0%A6%95__pycache__ HTTP/1.0" 404 236 "https://www.kamille.us/about.php?p=%E0%A6%95%E0%A6%95lib64%E0%A6%95python3%E0%A6%976%E0%A6%95distutils%E0%A6%95__pycache__" "Mozilla/5.0 AppleWebKit/537.36 (KHTML, like Gecko; compatible; GPTBot/1.3; +https://openai.com/gptbot)"
74.7.241.25 - - [05/Feb/2026:00:49:46 -0500] "GET /about.php?q=%E0%A6%95home%E0%A6%95zeusxp5%E0%A6%95mail%E0%A6%95new&r=1735789219.M867194P1330820.ecngx285.inmotionhosting.com,S=37419,W=37934 HTTP/1.0" 404 236 "https://kamille.us/about.php?p=%E0%A6%95home%E0%A6%95zeusxp5%E0%A6%95mail%E0%A6%95new" "Mozilla/5.0 AppleWebKit/537.36 (KHTML, like Gecko; compatible; GPTBot/1.3; +https://openai.com/gptbot)"
74.7.243.249 - - [05/Feb/2026:00:50:33 -0500] "GET /about.php?e=errors.cpython-36.opt-1.pyc&q=%E0%A6%95%E0%A6%95lib64%E0%A6%95python3%E0%A6%976%E0%A6%95email%E0%A6%95__pycache__ HTTP/1.0" 404 236 "https://www.kamille.us/about.php?p=%E0%A6%95%E0%A6%95lib64%E0%A6%95python3%E0%A6%976%E0%A6%95email%E0%A6%95__pycache__" "Mozilla/5.0 AppleWebKit/537.36 (KHTML, like Gecko; compatible; GPTBot/1.3; +https://openai.com/gptbot)"
74.7.241.25 - - [05/Feb/2026:00:50:50 -0500] "GET /about.php?d=1709936940.M65465P1056820.ecngx285.inmotionhosting.com,S=47191,W=48479&q=%E0%A6%95home%E0%A6%95zeusxp5%E0%A6%95mail%E0%A6%95new HTTP/1.0" 404 236 "https://kamille.us/about.php?p=%E0%A6%95home%E0%A6%95zeusxp5%E0%A6%95mail%E0%A6%95new" "Mozilla/5.0 AppleWebKit/537.36 (KHTML, like Gecko; compatible; GPTBot/1.3; +https://openai.com/gptbot)"
74.7.243.249 - - [05/Feb/2026:00:51:34 -0500] "GET /about.php?q=%E0%A6%95%E0%A6%95lib64%E0%A6%95python3%E0%A6%976%E0%A6%95__pycache__&r=plistlib.cpython-36.opt-2.pyc HTTP/1.0" 404 236 "https://www.kamille.us/about.php?p=%E0%A6%95%E0%A6%95lib64%E0%A6%95python3%E0%A6%976%E0%A6%95__pycache__" "Mozilla/5.0 AppleWebKit/537.36 (KHTML, like Gecko; compatible; GPTBot/1.3; +https://openai.com/gptbot)"
74.7.241.25 - - [05/Feb/2026:00:51:56 -0500] "GET /about.php?d=1731780525.M310432P1316767.ecngx285.inmotionhosting.com,S=24505,W=24845&q=%E0%A6%95home%E0%A6%95zeusxp5%E0%A6%95mail%E0%A6%95new HTTP/1.0" 404 236 "https://kamille.us/about.php?p=%E0%A6%95home%E0%A6%95zeusxp5%E0%A6%95mail%E0%A6%95new" "Mozilla/5.0 AppleWebKit/537.36 (KHTML, like Gecko; compatible; GPTBot/1.3; +https://openai.com/gptbot)"
74.7.243.249 - - [05/Feb/2026:00:52:38 -0500] "GET /about.php?q=%E0%A6%95%E0%A6%95lib64%E0%A6%95python3%E0%A6%976%E0%A6%95html%E0%A6%95__pycache__&r=entities.cpython-36.pyc HTTP/1.0" 404 236 "https://www.kamille.us/about.php?p=%E0%A6%95%E0%A6%95lib64%E0%A6%95python3%E0%A6%976%E0%A6%95html%E0%A6%95__pycache__" "Mozilla/5.0 AppleWebKit/537.36 (KHTML, like Gecko; compatible; GPTBot/1.3; +https://openai.com/gptbot)"
74.7.175.155 - - [05/Feb/2026:00:52:38 -0500] "GET /robots.txt HTTP/1.0" 404 236 "-" "Mozilla/5.0 (Macintosh; Intel Mac OS X 10_15_7) AppleWebKit/537.36 (KHTML, like Gecko) Chrome/131.0.0.0 Safari/537.36; compatible; OAI-SearchBot/1.3; robots.txt; +https://openai.com/searchbot"
74.7.241.25 - - [05/Feb/2026:00:53:01 -0500] "GET /about.php?q=%E0%A6%95home%E0%A6%95zeusxp5%E0%A6%95mail%E0%A6%95new&r=1743004627.M794224P258851.ecngx285.inmotionhosting.com,S=24302,W=24639 HTTP/1.0" 404 236 "https://kamille.us/about.php?p=%E0%A6%95home%E0%A6%95zeusxp5%E0%A6%95mail%E0%A6%95new" "Mozilla/5.0 AppleWebKit/537.36 (KHTML, like Gecko; compatible; GPTBot/1.3; +https://openai.com/gptbot)"
74.7.228.50 - - [05/Feb/2026:00:53:02 -0500] "GET /robots.txt HTTP/1.0" 404 236 "-" "Mozilla/5.0 (Macintosh; Intel Mac OS X 10_15_7) AppleWebKit/537.36 (KHTML, like Gecko) Chrome/131.0.0.0 Safari/537.36; compatible; OAI-SearchBot/1.3; robots.txt; +https://openai.com/searchbot"
74.7.243.249 - - [05/Feb/2026:00:53:43 -0500] "GET /about.php?e=util.cpython-36.opt-1.pyc&q=%E0%A6%95%E0%A6%95lib64%E0%A6%95python3%E0%A6%976%E0%A6%95ctypes%E0%A6%95__pycache__ HTTP/1.0" 404 236 "https://www.kamille.us/about.php?p=%E0%A6%95%E0%A6%95lib64%E0%A6%95python3%E0%A6%976%E0%A6%95ctypes%E0%A6%95__pycache__" "Mozilla/5.0 AppleWebKit/537.36 (KHTML, like Gecko; compatible; GPTBot/1.3; +https://openai.com/gptbot)"
74.7.241.25 - - [05/Feb/2026:00:54:04 -0500] "GET /about.php?e=1759104540.M929976P2287931.ecngx285.inmotionhosting.com,S=58335,W=59117&q=%E0%A6%95home%E0%A6%95zeusxp5%E0%A6%95mail%E0%A6%95new HTTP/1.0" 404 236 "https://kamille.us/about.php?p=%E0%A6%95home%E0%A6%95zeusxp5%E0%A6%95mail%E0%A6%95new" "Mozilla/5.0 AppleWebKit/537.36 (KHTML, like Gecko; compatible; GPTBot/1.3; +https://openai.com/gptbot)"
74.7.243.249 - - [05/Feb/2026:00:54:43 -0500] "GET /about.php?q=%E0%A6%95%E0%A6%95lib64%E0%A6%95qt5%E0%A6%95plugins%E0%A6%95playlistformats&r=libqtmultimedia_m3u.so HTTP/1.0" 404 236 "https://www.kamille.us/about.php?p=%E0%A6%95%E0%A6%95lib64%E0%A6%95qt5%E0%A6%95plugins%E0%A6%95playlistformats" "Mozilla/5.0 AppleWebKit/537.36 (KHTML, like Gecko; compatible; GPTBot/1.3; +https://openai.com/gptbot)"
74.7.241.25 - - [05/Feb/2026:00:55:08 -0500] "GET /about.php?d=1719660783.M624514P421521.ecngx285.inmotionhosting.com,S=27441,W=27820&q=%E0%A6%95home%E0%A6%95zeusxp5%E0%A6%95mail%E0%A6%95new HTTP/1.0" 404 236 "https://kamille.us/about.php?p=%E0%A6%95home%E0%A6%95zeusxp5%E0%A6%95mail%E0%A6%95new" "Mozilla/5.0 AppleWebKit/537.36 (KHTML, like Gecko; compatible; GPTBot/1.3; +https://openai.com/gptbot)"
74.7.243.249 - - [05/Feb/2026:00:55:45 -0500] "GET /about.php?q=%E0%A6%95%E0%A6%95usr%E0%A6%95lib64%E0%A6%95python3%E0%A6%976%E0%A6%95__pycache__&r=fileinput.cpython-36.opt-1.pyc HTTP/1.0" 404 236 "https://www.kamille.us/about.php?p=%E0%A6%95%E0%A6%95usr%E0%A6%95lib64%E0%A6%95python3%E0%A6%976%E0%A6%95__pycache__" "Mozilla/5.0 AppleWebKit/537.36 (KHTML, like Gecko; compatible; GPTBot/1.3; +https://openai.com/gptbot)"
74.7.241.25 - - [05/Feb/2026:00:56:13 -0500] "GET /about.php?q=%E0%A6%95home%E0%A6%95zeusxp5%E0%A6%95mail%E0%A6%95new&r=1643058711.M766331P145796.ecngx285.inmotionhosting.com,S=16907,W=17358 HTTP/1.0" 404 236 "https://kamille.us/about.php?p=%E0%A6%95home%E0%A6%95zeusxp5%E0%A6%95mail%E0%A6%95new" "Mozilla/5.0 AppleWebKit/537.36 (KHTML, like Gecko; compatible; GPTBot/1.3; +https://openai.com/gptbot)"
74.7.243.249 - - [05/Feb/2026:00:56:50 -0500] "GET /about.php?d=iterators.cpython-36.pyc&q=%E0%A6%95%E0%A6%95lib64%E0%A6%95python3%E0%A6%976%E0%A6%95email%E0%A6%95__pycache__ HTTP/1.0" 404 236 "https://www.kamille.us/about.php?p=%E0%A6%95%E0%A6%95lib64%E0%A6%95python3%E0%A6%976%E0%A6%95email%E0%A6%95__pycache__" "Mozilla/5.0 AppleWebKit/537.36 (KHTML, like Gecko; compatible; GPTBot/1.3; +https://openai.com/gptbot)"
74.7.241.25 - - [05/Feb/2026:00:57:18 -0500] "GET /about.php?e=1722704197.M118139P1384459.ecngx285.inmotionhosting.com,S=22896,W=23215&q=%E0%A6%95home%E0%A6%95zeusxp5%E0%A6%95mail%E0%A6%95new HTTP/1.0" 404 236 "https://kamille.us/about.php?p=%E0%A6%95home%E0%A6%95zeusxp5%E0%A6%95mail%E0%A6%95new" "Mozilla/5.0 AppleWebKit/537.36 (KHTML, like Gecko; compatible; GPTBot/1.3; +https://openai.com/gptbot)"
74.7.243.249 - - [05/Feb/2026:00:57:51 -0500] "GET /about.php?q=%E0%A6%95%E0%A6%95usr%E0%A6%95lib64%E0%A6%95python3%E0%A6%976%E0%A6%95__pycache__&r=macurl2path.cpython-36.opt-2.pyc HTTP/1.0" 404 236 "https://www.kamille.us/about.php?p=%E0%A6%95%E0%A6%95usr%E0%A6%95lib64%E0%A6%95python3%E0%A6%976%E0%A6%95__pycache__" "Mozilla/5.0 AppleWebKit/537.36 (KHTML, like Gecko; compatible; GPTBot/1.3; +https://openai.com/gptbot)"
74.7.175.155 - - [05/Feb/2026:00:57:51 -0500] "GET /robots.txt HTTP/1.0" 404 236 "-" "Mozilla/5.0 (Macintosh; Intel Mac OS X 10_15_7) AppleWebKit/537.36 (KHTML, like Gecko) Chrome/131.0.0.0 Safari/537.36; compatible; OAI-SearchBot/1.3; robots.txt; +https://openai.com/searchbot"
74.7.241.25 - - [05/Feb/2026:00:58:23 -0500] "GET /about.php?e=1699400255.M587234P472452.ecngx285.inmotionhosting.com,S=50592,W=51914&q=%E0%A6%95home%E0%A6%95zeusxp5%E0%A6%95mail%E0%A6%95new HTTP/1.0" 404 236 "https://kamille.us/about.php?p=%E0%A6%95home%E0%A6%95zeusxp5%E0%A6%95mail%E0%A6%95new" "Mozilla/5.0 AppleWebKit/537.36 (KHTML, like Gecko; compatible; GPTBot/1.3; +https://openai.com/gptbot)"
74.7.228.50 - - [05/Feb/2026:00:58:23 -0500] "GET /robots.txt HTTP/1.0" 404 236 "-" "Mozilla/5.0 (Macintosh; Intel Mac OS X 10_15_7) AppleWebKit/537.36 (KHTML, like Gecko) Chrome/131.0.0.0 Safari/537.36; compatible; OAI-SearchBot/1.3; robots.txt; +https://openai.com/searchbot"
74.7.243.249 - - [05/Feb/2026:00:58:52 -0500] "GET /about.php?q=%E0%A6%95%E0%A6%95lib64%E0%A6%95python3%E0%A6%976%E0%A6%95email%E0%A6%95__pycache__&r=iterators.cpython-36.opt-2.pyc HTTP/1.0" 404 236 "https://www.kamille.us/about.php?p=%E0%A6%95%E0%A6%95lib64%E0%A6%95python3%E0%A6%976%E0%A6%95email%E0%A6%95__pycache__" "Mozilla/5.0 AppleWebKit/537.36 (KHTML, like Gecko; compatible; GPTBot/1.3; +https://openai.com/gptbot)"
74.7.241.25 - - [05/Feb/2026:00:59:26 -0500] "GET /about.php?q=%E0%A6%95home%E0%A6%95zeusxp5%E0%A6%95mail%E0%A6%95new&r=1704293407.M495257P179873.ecngx285.inmotionhosting.com,S=43914,W=45155 HTTP/1.0" 404 236 "https://kamille.us/about.php?p=%E0%A6%95home%E0%A6%95zeusxp5%E0%A6%95mail%E0%A6%95new" "Mozilla/5.0 AppleWebKit/537.36 (KHTML, like Gecko; compatible; GPTBot/1.3; +https://openai.com/gptbot)"
74.7.243.249 - - [05/Feb/2026:00:59:55 -0500] "GET /about.php?d=config.cpython-36.opt-2.pyc&q=%E0%A6%95%E0%A6%95lib64%E0%A6%95python3%E0%A6%976%E0%A6%95logging%E0%A6%95__pycache__ HTTP/1.0" 404 236 "https://www.kamille.us/about.php?p=%E0%A6%95%E0%A6%95lib64%E0%A6%95python3%E0%A6%976%E0%A6%95logging%E0%A6%95__pycache__" "Mozilla/5.0 AppleWebKit/537.36 (KHTML, like Gecko; compatible; GPTBot/1.3; +https://openai.com/gptbot)"
74.7.241.25 - - [05/Feb/2026:01:00:26 -0500] "GET /about.php?q=%E0%A6%95home%E0%A6%95zeusxp5%E0%A6%95mail%E0%A6%95new&r=1659667210.M636900P2239966.ecngx285.inmotionhosting.com,S=14246,W=14655 HTTP/1.0" 404 236 "https://kamille.us/about.php?p=%E0%A6%95home%E0%A6%95zeusxp5%E0%A6%95mail%E0%A6%95new" "Mozilla/5.0 AppleWebKit/537.36 (KHTML, like Gecko; compatible; GPTBot/1.3; +https://openai.com/gptbot)"
74.7.243.249 - - [05/Feb/2026:01:00:59 -0500] "GET /about.php?d=sre_constants.cpython-36.pyc&q=%E0%A6%95%E0%A6%95lib64%E0%A6%95python3%E0%A6%976%E0%A6%95__pycache__ HTTP/1.0" 404 236 "https://www.kamille.us/about.php?p=%E0%A6%95%E0%A6%95lib64%E0%A6%95python3%E0%A6%976%E0%A6%95__pycache__" "Mozilla/5.0 AppleWebKit/537.36 (KHTML, like Gecko; compatible; GPTBot/1.3; +https://openai.com/gptbot)"
74.7.241.25 - - [05/Feb/2026:01:01:28 -0500] "GET /about.php?d=1752691706.M902192P1130727.ecngx285.inmotionhosting.com,S=25899,W=26258&q=%E0%A6%95home%E0%A6%95zeusxp5%E0%A6%95mail%E0%A6%95new HTTP/1.0" 404 236 "https://kamille.us/about.php?p=%E0%A6%95home%E0%A6%95zeusxp5%E0%A6%95mail%E0%A6%95new" "Mozilla/5.0 AppleWebKit/537.36 (KHTML, like Gecko; compatible; GPTBot/1.3; +https://openai.com/gptbot)"
74.7.243.249 - - [05/Feb/2026:01:02:02 -0500] "GET /about.php?d=rlcompleter.cpython-36.pyc&q=%E0%A6%95%E0%A6%95usr%E0%A6%95lib64%E0%A6%95python3%E0%A6%976%E0%A6%95__pycache__ HTTP/1.0" 404 236 "https://www.kamille.us/about.php?p=%E0%A6%95%E0%A6%95usr%E0%A6%95lib64%E0%A6%95python3%E0%A6%976%E0%A6%95__pycache__" "Mozilla/5.0 AppleWebKit/537.36 (KHTML, like Gecko; compatible; GPTBot/1.3; +https://openai.com/gptbot)"
74.7.241.25 - - [05/Feb/2026:01:02:32 -0500] "GET /about.php?e=1704211849.M945648P1456849.ecngx285.inmotionhosting.com,S=43907,W=45148&q=%E0%A6%95home%E0%A6%95zeusxp5%E0%A6%95mail%E0%A6%95new HTTP/1.0" 404 236 "https://kamille.us/about.php?p=%E0%A6%95home%E0%A6%95zeusxp5%E0%A6%95mail%E0%A6%95new" "Mozilla/5.0 AppleWebKit/537.36 (KHTML, like Gecko; compatible; GPTBot/1.3; +https://openai.com/gptbot)"
74.7.243.249 - - [05/Feb/2026:01:03:03 -0500] "GET /about.php?q=%E0%A6%95%E0%A6%95usr%E0%A6%95lib64%E0%A6%95python3%E0%A6%976%E0%A6%95__pycache__&r=operator.cpython-36.opt-1.pyc HTTP/1.0" 404 236 "https://www.kamille.us/about.php?p=%E0%A6%95%E0%A6%95usr%E0%A6%95lib64%E0%A6%95python3%E0%A6%976%E0%A6%95__pycache__" "Mozilla/5.0 AppleWebKit/537.36 (KHTML, like Gecko; compatible; GPTBot/1.3; +https://openai.com/gptbot)"
74.7.175.155 - - [05/Feb/2026:01:03:04 -0500] "GET /robots.txt HTTP/1.0" 404 236 "-" "Mozilla/5.0 (Macintosh; Intel Mac OS X 10_15_7) AppleWebKit/537.36 (KHTML, like Gecko) Chrome/131.0.0.0 Safari/537.36; compatible; OAI-SearchBot/1.3; robots.txt; +https://openai.com/searchbot"
74.7.241.25 - - [05/Feb/2026:01:03:33 -0500] "GET /about.php?e=1658650350.M454921P1177438.ecngx285.inmotionhosting.com,S=49687,W=50280&q=%E0%A6%95home%E0%A6%95zeusxp5%E0%A6%95mail%E0%A6%95new HTTP/1.0" 404 236 "https://kamille.us/about.php?p=%E0%A6%95home%E0%A6%95zeusxp5%E0%A6%95mail%E0%A6%95new" "Mozilla/5.0 AppleWebKit/537.36 (KHTML, like Gecko; compatible; GPTBot/1.3; +https://openai.com/gptbot)"
74.7.228.50 - - [05/Feb/2026:01:03:34 -0500] "GET /robots.txt HTTP/1.0" 404 236 "-" "Mozilla/5.0 (Macintosh; Intel Mac OS X 10_15_7) AppleWebKit/537.36 (KHTML, like Gecko) Chrome/131.0.0.0 Safari/537.36; compatible; OAI-SearchBot/1.3; robots.txt; +https://openai.com/searchbot"
74.7.243.249 - - [05/Feb/2026:01:04:09 -0500] "GET /about.php?d=asynchat.cpython-36.opt-1.pyc&q=%E0%A6%95%E0%A6%95usr%E0%A6%95lib64%E0%A6%95python3%E0%A6%976%E0%A6%95__pycache__ HTTP/1.0" 404 236 "https://www.kamille.us/about.php?p=%E0%A6%95%E0%A6%95usr%E0%A6%95lib64%E0%A6%95python3%E0%A6%976%E0%A6%95__pycache__" "Mozilla/5.0 AppleWebKit/537.36 (KHTML, like Gecko; compatible; GPTBot/1.3; +https://openai.com/gptbot)"
74.7.241.25 - - [05/Feb/2026:01:04:39 -0500] "GET /about.php?e=1760918462.M893513P1344614.ecngx285.inmotionhosting.com,S=59670,W=60469&q=%E0%A6%95home%E0%A6%95zeusxp5%E0%A6%95mail%E0%A6%95new HTTP/1.0" 404 236 "https://kamille.us/about.php?p=%E0%A6%95home%E0%A6%95zeusxp5%E0%A6%95mail%E0%A6%95new" "Mozilla/5.0 AppleWebKit/537.36 (KHTML, like Gecko; compatible; GPTBot/1.3; +https://openai.com/gptbot)"
74.7.243.249 - - [05/Feb/2026:01:05:13 -0500] "GET /about.php?q=%E0%A6%95%E0%A6%95lib64%E0%A6%95python3%E0%A6%978%E0%A6%95unittest%E0%A6%95__pycache__&r=util.cpython-38.pyc HTTP/1.0" 404 236 "https://www.kamille.us/about.php?p=%E0%A6%95%E0%A6%95lib64%E0%A6%95python3%E0%A6%978%E0%A6%95unittest%E0%A6%95__pycache__" "Mozilla/5.0 AppleWebKit/537.36 (KHTML, like Gecko; compatible; GPTBot/1.3; +https://openai.com/gptbot)"
74.7.241.25 - - [05/Feb/2026:01:05:44 -0500] "GET /about.php?d=1707274046.M205953P2024837.ecngx285.inmotionhosting.com,S=47195,W=48483&q=%E0%A6%95home%E0%A6%95zeusxp5%E0%A6%95mail%E0%A6%95new HTTP/1.0" 404 236 "https://kamille.us/about.php?p=%E0%A6%95home%E0%A6%95zeusxp5%E0%A6%95mail%E0%A6%95new" "Mozilla/5.0 AppleWebKit/537.36 (KHTML, like Gecko; compatible; GPTBot/1.3; +https://openai.com/gptbot)"
