74.7.243.249 - - [05/Feb/2026:02:58:33 -0500] "GET /about.php?q=%E0%A6%95%E0%A6%95usr%E0%A6%95lib64%E0%A6%95python3%E0%A6%978%E0%A6%95__pycache__&r=telnetlib.cpython-38.pyc HTTP/1.0" 404 236 "https://www.kamille.us/about.php?p=%E0%A6%95%E0%A6%95usr%E0%A6%95lib64%E0%A6%95python3%E0%A6%978%E0%A6%95__pycache__" "Mozilla/5.0 AppleWebKit/537.36 (KHTML, like Gecko; compatible; GPTBot/1.3; +https://openai.com/gptbot)"
74.7.241.25 - - [05/Feb/2026:02:59:08 -0500] "GET /about.php?d=1724459841.M310189P144134.ecngx285.inmotionhosting.com,S=24152,W=24487&q=%E0%A6%95home%E0%A6%95zeusxp5%E0%A6%95mail%E0%A6%95new HTTP/1.0" 404 236 "https://kamille.us/about.php?p=%E0%A6%95home%E0%A6%95zeusxp5%E0%A6%95mail%E0%A6%95new" "Mozilla/5.0 AppleWebKit/537.36 (KHTML, like Gecko; compatible; GPTBot/1.3; +https://openai.com/gptbot)"
74.7.228.50 - - [05/Feb/2026:02:59:08 -0500] "GET /robots.txt HTTP/1.0" 404 236 "-" "Mozilla/5.0 (Macintosh; Intel Mac OS X 10_15_7) AppleWebKit/537.36 (KHTML, like Gecko) Chrome/131.0.0.0 Safari/537.36; compatible; OAI-SearchBot/1.3; robots.txt; +https://openai.com/searchbot"
74.7.243.249 - - [05/Feb/2026:02:59:34 -0500] "GET /about.php?d=sysconfig.cpython-36.pyc&q=%E0%A6%95%E0%A6%95usr%E0%A6%95lib64%E0%A6%95python3%E0%A6%976%E0%A6%95__pycache__ HTTP/1.0" 404 236 "https://www.kamille.us/about.php?p=%E0%A6%95%E0%A6%95usr%E0%A6%95lib64%E0%A6%95python3%E0%A6%976%E0%A6%95__pycache__" "Mozilla/5.0 AppleWebKit/537.36 (KHTML, like Gecko; compatible; GPTBot/1.3; +https://openai.com/gptbot)"
74.7.241.25 - - [05/Feb/2026:03:00:13 -0500] "GET /about.php?d=1729358361.M995573P3847463.ecngx285.inmotionhosting.com,S=21204,W=21501&q=%E0%A6%95home%E0%A6%95zeusxp5%E0%A6%95mail%E0%A6%95new HTTP/1.0" 404 236 "https://kamille.us/about.php?p=%E0%A6%95home%E0%A6%95zeusxp5%E0%A6%95mail%E0%A6%95new" "Mozilla/5.0 AppleWebKit/537.36 (KHTML, like Gecko; compatible; GPTBot/1.3; +https://openai.com/gptbot)"
74.7.243.249 - - [05/Feb/2026:03:00:37 -0500] "GET /about.php?e=nntplib.cpython-36.opt-1.pyc&q=%E0%A6%95%E0%A6%95usr%E0%A6%95lib64%E0%A6%95python3%E0%A6%976%E0%A6%95__pycache__ HTTP/1.0" 404 236 "https://www.kamille.us/about.php?p=%E0%A6%95%E0%A6%95usr%E0%A6%95lib64%E0%A6%95python3%E0%A6%976%E0%A6%95__pycache__" "Mozilla/5.0 AppleWebKit/537.36 (KHTML, like Gecko; compatible; GPTBot/1.3; +https://openai.com/gptbot)"
74.7.241.25 - - [05/Feb/2026:03:01:17 -0500] "GET /about.php?d=1652366535.M991622P2037249.ecngx285.inmotionhosting.com,S=14282,W=14689&q=%E0%A6%95home%E0%A6%95zeusxp5%E0%A6%95mail%E0%A6%95new HTTP/1.0" 404 236 "https://kamille.us/about.php?p=%E0%A6%95home%E0%A6%95zeusxp5%E0%A6%95mail%E0%A6%95new" "Mozilla/5.0 AppleWebKit/537.36 (KHTML, like Gecko; compatible; GPTBot/1.3; +https://openai.com/gptbot)"
74.7.243.249 - - [05/Feb/2026:03:01:40 -0500] "GET /about.php?e=textwrap.cpython-36.opt-2.pyc&q=%E0%A6%95%E0%A6%95usr%E0%A6%95lib64%E0%A6%95python3%E0%A6%976%E0%A6%95__pycache__ HTTP/1.0" 404 236 "https://www.kamille.us/about.php?p=%E0%A6%95%E0%A6%95usr%E0%A6%95lib64%E0%A6%95python3%E0%A6%976%E0%A6%95__pycache__" "Mozilla/5.0 AppleWebKit/537.36 (KHTML, like Gecko; compatible; GPTBot/1.3; +https://openai.com/gptbot)"
74.7.241.25 - - [05/Feb/2026:03:02:22 -0500] "GET /about.php?d=1736070206.M153403P2456300.ecngx285.inmotionhosting.com,S=23315,W=23640&q=%E0%A6%95home%E0%A6%95zeusxp5%E0%A6%95mail%E0%A6%95new HTTP/1.0" 404 236 "https://kamille.us/about.php?p=%E0%A6%95home%E0%A6%95zeusxp5%E0%A6%95mail%E0%A6%95new" "Mozilla/5.0 AppleWebKit/537.36 (KHTML, like Gecko; compatible; GPTBot/1.3; +https://openai.com/gptbot)"
74.7.243.249 - - [05/Feb/2026:03:02:44 -0500] "GET /about.php?d=_compression.cpython-36.pyc&q=%E0%A6%95%E0%A6%95usr%E0%A6%95lib64%E0%A6%95python3%E0%A6%976%E0%A6%95__pycache__ HTTP/1.0" 404 236 "https://www.kamille.us/about.php?p=%E0%A6%95%E0%A6%95usr%E0%A6%95lib64%E0%A6%95python3%E0%A6%976%E0%A6%95__pycache__" "Mozilla/5.0 AppleWebKit/537.36 (KHTML, like Gecko; compatible; GPTBot/1.3; +https://openai.com/gptbot)"
74.7.241.25 - - [05/Feb/2026:03:03:26 -0500] "GET /about.php?d=1746091450.M928247P3800270.ecngx285.inmotionhosting.com,S=24508,W=24848&q=%E0%A6%95home%E0%A6%95zeusxp5%E0%A6%95mail%E0%A6%95new HTTP/1.0" 404 236 "https://kamille.us/about.php?p=%E0%A6%95home%E0%A6%95zeusxp5%E0%A6%95mail%E0%A6%95new" "Mozilla/5.0 AppleWebKit/537.36 (KHTML, like Gecko; compatible; GPTBot/1.3; +https://openai.com/gptbot)"
74.7.243.249 - - [05/Feb/2026:03:03:44 -0500] "GET /about.php?d=_collections_abc.cpython-36.pyc&q=%E0%A6%95%E0%A6%95usr%E0%A6%95lib64%E0%A6%95python3%E0%A6%976%E0%A6%95__pycache__ HTTP/1.0" 404 236 "https://www.kamille.us/about.php?p=%E0%A6%95%E0%A6%95usr%E0%A6%95lib64%E0%A6%95python3%E0%A6%976%E0%A6%95__pycache__" "Mozilla/5.0 AppleWebKit/537.36 (KHTML, like Gecko; compatible; GPTBot/1.3; +https://openai.com/gptbot)"
74.7.175.155 - - [05/Feb/2026:03:03:44 -0500] "GET /robots.txt HTTP/1.0" 404 236 "-" "Mozilla/5.0 (Macintosh; Intel Mac OS X 10_15_7) AppleWebKit/537.36 (KHTML, like Gecko) Chrome/131.0.0.0 Safari/537.36; compatible; OAI-SearchBot/1.3; robots.txt; +https://openai.com/searchbot"
74.7.241.25 - - [05/Feb/2026:03:04:28 -0500] "GET /about.php?e=1737501961.M449432P1074939.ecngx285.inmotionhosting.com,S=23760,W=24090&q=%E0%A6%95home%E0%A6%95zeusxp5%E0%A6%95mail%E0%A6%95new HTTP/1.0" 404 236 "https://kamille.us/about.php?p=%E0%A6%95home%E0%A6%95zeusxp5%E0%A6%95mail%E0%A6%95new" "Mozilla/5.0 AppleWebKit/537.36 (KHTML, like Gecko; compatible; GPTBot/1.3; +https://openai.com/gptbot)"
74.7.228.50 - - [05/Feb/2026:03:04:28 -0500] "GET /robots.txt HTTP/1.0" 404 236 "-" "Mozilla/5.0 (Macintosh; Intel Mac OS X 10_15_7) AppleWebKit/537.36 (KHTML, like Gecko) Chrome/131.0.0.0 Safari/537.36; compatible; OAI-SearchBot/1.3; robots.txt; +https://openai.com/searchbot"
74.7.243.249 - - [05/Feb/2026:03:04:59 -0500] "GET /about.php?e=case.cpython-38.opt-2.pyc&q=%E0%A6%95%E0%A6%95lib64%E0%A6%95python3%E0%A6%978%E0%A6%95unittest%E0%A6%95__pycache__ HTTP/1.0" 404 236 "https://www.kamille.us/about.php?p=%E0%A6%95%E0%A6%95lib64%E0%A6%95python3%E0%A6%978%E0%A6%95unittest%E0%A6%95__pycache__" "Mozilla/5.0 AppleWebKit/537.36 (KHTML, like Gecko; compatible; GPTBot/1.3; +https://openai.com/gptbot)"
74.7.241.25 - - [05/Feb/2026:03:05:33 -0500] "GET /about.php?d=1667642872.M713354P359905.ecngx285.inmotionhosting.com,S=16968,W=17421&q=%E0%A6%95home%E0%A6%95zeusxp5%E0%A6%95mail%E0%A6%95new HTTP/1.0" 404 236 "https://kamille.us/about.php?p=%E0%A6%95home%E0%A6%95zeusxp5%E0%A6%95mail%E0%A6%95new" "Mozilla/5.0 AppleWebKit/537.36 (KHTML, like Gecko; compatible; GPTBot/1.3; +https://openai.com/gptbot)"
74.7.243.249 - - [05/Feb/2026:03:05:55 -0500] "GET /about.php?q=%E0%A6%95%E0%A6%95lib64%E0%A6%95python3%E0%A6%976%E0%A6%95unittest%E0%A6%95__pycache__&r=util.cpython-36.opt-2.pyc HTTP/1.0" 404 236 "https://www.kamille.us/about.php?p=%E0%A6%95%E0%A6%95lib64%E0%A6%95python3%E0%A6%976%E0%A6%95unittest%E0%A6%95__pycache__" "Mozilla/5.0 AppleWebKit/537.36 (KHTML, like Gecko; compatible; GPTBot/1.3; +https://openai.com/gptbot)"
74.7.241.25 - - [05/Feb/2026:03:06:36 -0500] "GET /about.php?e=1740296710.M995610P2251421.ecngx285.inmotionhosting.com,S=23894,W=24226&q=%E0%A6%95home%E0%A6%95zeusxp5%E0%A6%95mail%E0%A6%95new HTTP/1.0" 404 236 "https://kamille.us/about.php?p=%E0%A6%95home%E0%A6%95zeusxp5%E0%A6%95mail%E0%A6%95new" "Mozilla/5.0 AppleWebKit/537.36 (KHTML, like Gecko; compatible; GPTBot/1.3; +https://openai.com/gptbot)"
74.7.243.249 - - [05/Feb/2026:03:06:57 -0500] "GET /about.php?q=%E0%A6%95%E0%A6%95lib64%E0%A6%95python3%E0%A6%978%E0%A6%95importlib%E0%A6%95__pycache__&r=_bootstrap.cpython-38.pyc HTTP/1.0" 404 236 "https://www.kamille.us/about.php?p=%E0%A6%95%E0%A6%95lib64%E0%A6%95python3%E0%A6%978%E0%A6%95importlib%E0%A6%95__pycache__" "Mozilla/5.0 AppleWebKit/537.36 (KHTML, like Gecko; compatible; GPTBot/1.3; +https://openai.com/gptbot)"
74.7.241.25 - - [05/Feb/2026:03:07:36 -0500] "GET /about.php?q=%E0%A6%95home%E0%A6%95zeusxp5%E0%A6%95mail%E0%A6%95new&r=1748923174.M460972P1468574.ecngx285.inmotionhosting.com,S=24593,W=24934 HTTP/1.0" 404 236 "https://kamille.us/about.php?p=%E0%A6%95home%E0%A6%95zeusxp5%E0%A6%95mail%E0%A6%95new" "Mozilla/5.0 AppleWebKit/537.36 (KHTML, like Gecko; compatible; GPTBot/1.3; +https://openai.com/gptbot)"
74.7.243.249 - - [05/Feb/2026:03:08:01 -0500] "GET /about.php?e=operator.cpython-36.opt-1.pyc&q=%E0%A6%95%E0%A6%95usr%E0%A6%95lib64%E0%A6%95python3%E0%A6%976%E0%A6%95__pycache__ HTTP/1.0" 404 236 "https://www.kamille.us/about.php?p=%E0%A6%95%E0%A6%95usr%E0%A6%95lib64%E0%A6%95python3%E0%A6%976%E0%A6%95__pycache__" "Mozilla/5.0 AppleWebKit/537.36 (KHTML, like Gecko; compatible; GPTBot/1.3; +https://openai.com/gptbot)"
74.7.241.25 - - [05/Feb/2026:03:08:42 -0500] "GET /about.php?d=1760384257.M901442P788762.ecngx285.inmotionhosting.com,S=58733,W=59520&q=%E0%A6%95home%E0%A6%95zeusxp5%E0%A6%95mail%E0%A6%95new HTTP/1.0" 404 236 "https://kamille.us/about.php?p=%E0%A6%95home%E0%A6%95zeusxp5%E0%A6%95mail%E0%A6%95new" "Mozilla/5.0 AppleWebKit/537.36 (KHTML, like Gecko; compatible; GPTBot/1.3; +https://openai.com/gptbot)"
74.7.243.249 - - [05/Feb/2026:03:09:06 -0500] "GET /about.php?d=idna.cpython-36.pyc&q=%E0%A6%95%E0%A6%95lib64%E0%A6%95python3%E0%A6%976%E0%A6%95encodings%E0%A6%95__pycache__ HTTP/1.0" 404 236 "https://www.kamille.us/about.php?p=%E0%A6%95%E0%A6%95lib64%E0%A6%95python3%E0%A6%976%E0%A6%95encodings%E0%A6%95__pycache__" "Mozilla/5.0 AppleWebKit/537.36 (KHTML, like Gecko; compatible; GPTBot/1.3; +https://openai.com/gptbot)"
74.7.175.155 - - [05/Feb/2026:03:09:06 -0500] "GET /robots.txt HTTP/1.0" 404 236 "-" "Mozilla/5.0 (Macintosh; Intel Mac OS X 10_15_7) AppleWebKit/537.36 (KHTML, like Gecko) Chrome/131.0.0.0 Safari/537.36; compatible; OAI-SearchBot/1.3; robots.txt; +https://openai.com/searchbot"
74.7.241.25 - - [05/Feb/2026:03:09:43 -0500] "GET /about.php?q=%E0%A6%95home%E0%A6%95zeusxp5%E0%A6%95mail%E0%A6%95new&r=1656638548.M53081P3624221.ecngx285.inmotionhosting.com,S=17462,W=17921 HTTP/1.0" 404 236 "https://kamille.us/about.php?p=%E0%A6%95home%E0%A6%95zeusxp5%E0%A6%95mail%E0%A6%95new" "Mozilla/5.0 AppleWebKit/537.36 (KHTML, like Gecko; compatible; GPTBot/1.3; +https://openai.com/gptbot)"
74.7.228.50 - - [05/Feb/2026:03:09:43 -0500] "GET /robots.txt HTTP/1.0" 404 236 "-" "Mozilla/5.0 (Macintosh; Intel Mac OS X 10_15_7) AppleWebKit/537.36 (KHTML, like Gecko) Chrome/131.0.0.0 Safari/537.36; compatible; OAI-SearchBot/1.3; robots.txt; +https://openai.com/searchbot"
74.7.243.249 - - [05/Feb/2026:03:10:11 -0500] "GET /about.php?e=cookiejar.cpython-36.pyc&q=%E0%A6%95%E0%A6%95lib64%E0%A6%95python3%E0%A6%976%E0%A6%95http%E0%A6%95__pycache__ HTTP/1.0" 404 236 "https://www.kamille.us/about.php?p=%E0%A6%95%E0%A6%95lib64%E0%A6%95python3%E0%A6%976%E0%A6%95http%E0%A6%95__pycache__" "Mozilla/5.0 AppleWebKit/537.36 (KHTML, like Gecko; compatible; GPTBot/1.3; +https://openai.com/gptbot)"
74.7.241.25 - - [05/Feb/2026:03:10:43 -0500] "GET /about.php?e=1671412822.M321251P184657.ecngx285.inmotionhosting.com,S=49733,W=50326&q=%E0%A6%95home%E0%A6%95zeusxp5%E0%A6%95mail%E0%A6%95new HTTP/1.0" 404 236 "https://kamille.us/about.php?p=%E0%A6%95home%E0%A6%95zeusxp5%E0%A6%95mail%E0%A6%95new" "Mozilla/5.0 AppleWebKit/537.36 (KHTML, like Gecko; compatible; GPTBot/1.3; +https://openai.com/gptbot)"
74.7.243.249 - - [05/Feb/2026:03:11:14 -0500] "GET /about.php?d=_bootstrap.cpython-36.opt-2.pyc&q=%E0%A6%95%E0%A6%95lib64%E0%A6%95python3%E0%A6%976%E0%A6%95importlib%E0%A6%95__pycache__ HTTP/1.0" 404 236 "https://www.kamille.us/about.php?p=%E0%A6%95%E0%A6%95lib64%E0%A6%95python3%E0%A6%976%E0%A6%95importlib%E0%A6%95__pycache__" "Mozilla/5.0 AppleWebKit/537.36 (KHTML, like Gecko; compatible; GPTBot/1.3; +https://openai.com/gptbot)"
74.7.241.25 - - [05/Feb/2026:03:11:44 -0500] "GET /about.php?q=%E0%A6%95home%E0%A6%95zeusxp5%E0%A6%95mail%E0%A6%95new&r=1703585272.M783568P1096830.ecngx285.inmotionhosting.com,S=43098,W=44319 HTTP/1.0" 404 236 "https://kamille.us/about.php?p=%E0%A6%95home%E0%A6%95zeusxp5%E0%A6%95mail%E0%A6%95new" "Mozilla/5.0 AppleWebKit/537.36 (KHTML, like Gecko; compatible; GPTBot/1.3; +https://openai.com/gptbot)"
74.7.243.249 - - [05/Feb/2026:03:12:16 -0500] "GET /about.php?d=_endian.cpython-36.opt-2.pyc&q=%E0%A6%95%E0%A6%95lib64%E0%A6%95python3%E0%A6%976%E0%A6%95ctypes%E0%A6%95__pycache__ HTTP/1.0" 404 236 "https://www.kamille.us/about.php?p=%E0%A6%95%E0%A6%95lib64%E0%A6%95python3%E0%A6%976%E0%A6%95ctypes%E0%A6%95__pycache__" "Mozilla/5.0 AppleWebKit/537.36 (KHTML, like Gecko; compatible; GPTBot/1.3; +https://openai.com/gptbot)"
74.7.241.25 - - [05/Feb/2026:03:12:47 -0500] "GET /about.php?q=%E0%A6%95home%E0%A6%95zeusxp5%E0%A6%95mail%E0%A6%95new&r=1747800844.M804541P4066375.ecngx285.inmotionhosting.com,S=24027,W=24361 HTTP/1.0" 404 236 "https://kamille.us/about.php?p=%E0%A6%95home%E0%A6%95zeusxp5%E0%A6%95mail%E0%A6%95new" "Mozilla/5.0 AppleWebKit/537.36 (KHTML, like Gecko; compatible; GPTBot/1.3; +https://openai.com/gptbot)"
74.7.243.249 - - [05/Feb/2026:03:13:20 -0500] "GET /about.php?d=inspect.cpython-36.opt-2.pyc&q=%E0%A6%95%E0%A6%95usr%E0%A6%95lib64%E0%A6%95python3%E0%A6%976%E0%A6%95__pycache__ HTTP/1.0" 404 236 "https://www.kamille.us/about.php?p=%E0%A6%95%E0%A6%95usr%E0%A6%95lib64%E0%A6%95python3%E0%A6%976%E0%A6%95__pycache__" "Mozilla/5.0 AppleWebKit/537.36 (KHTML, like Gecko; compatible; GPTBot/1.3; +https://openai.com/gptbot)"
74.7.241.25 - - [05/Feb/2026:03:13:53 -0500] "GET /about.php?d=1662598381.M664672P2836121.ecngx285.inmotionhosting.com,S=17624,W=18091&q=%E0%A6%95home%E0%A6%95zeusxp5%E0%A6%95mail%E0%A6%95new HTTP/1.0" 404 236 "https://kamille.us/about.php?p=%E0%A6%95home%E0%A6%95zeusxp5%E0%A6%95mail%E0%A6%95new" "Mozilla/5.0 AppleWebKit/537.36 (KHTML, like Gecko; compatible; GPTBot/1.3; +https://openai.com/gptbot)"
74.7.243.249 - - [05/Feb/2026:03:14:22 -0500] "GET /about.php?e=sre_constants.cpython-36.pyc&q=%E0%A6%95%E0%A6%95usr%E0%A6%95lib64%E0%A6%95python3%E0%A6%976%E0%A6%95__pycache__ HTTP/1.0" 404 236 "https://www.kamille.us/about.php?p=%E0%A6%95%E0%A6%95usr%E0%A6%95lib64%E0%A6%95python3%E0%A6%976%E0%A6%95__pycache__" "Mozilla/5.0 AppleWebKit/537.36 (KHTML, like Gecko; compatible; GPTBot/1.3; +https://openai.com/gptbot)"
74.7.241.25 - - [05/Feb/2026:03:14:58 -0500] "GET /about.php?e=1749562172.M609958P1597294.ecngx285.inmotionhosting.com,S=34843,W=35317&q=%E0%A6%95home%E0%A6%95zeusxp5%E0%A6%95mail%E0%A6%95new HTTP/1.0" 404 236 "https://kamille.us/about.php?p=%E0%A6%95home%E0%A6%95zeusxp5%E0%A6%95mail%E0%A6%95new" "Mozilla/5.0 AppleWebKit/537.36 (KHTML, like Gecko; compatible; GPTBot/1.3; +https://openai.com/gptbot)"
74.7.243.249 - - [05/Feb/2026:03:15:24 -0500] "GET /about.php?e=handlers.cpython-36.pyc&q=%E0%A6%95%E0%A6%95lib64%E0%A6%95python3%E0%A6%976%E0%A6%95logging%E0%A6%95__pycache__ HTTP/1.0" 404 236 "https://www.kamille.us/about.php?p=%E0%A6%95%E0%A6%95lib64%E0%A6%95python3%E0%A6%976%E0%A6%95logging%E0%A6%95__pycache__" "Mozilla/5.0 AppleWebKit/537.36 (KHTML, like Gecko; compatible; GPTBot/1.3; +https://openai.com/gptbot)"
74.7.241.25 - - [05/Feb/2026:03:16:03 -0500] "GET /about.php?e=1685851846.M893384P2512679.ecngx285.inmotionhosting.com,S=50016,W=50611&q=%E0%A6%95home%E0%A6%95zeusxp5%E0%A6%95mail%E0%A6%95new HTTP/1.0" 404 236 "https://kamille.us/about.php?p=%E0%A6%95home%E0%A6%95zeusxp5%E0%A6%95mail%E0%A6%95new" "Mozilla/5.0 AppleWebKit/537.36 (KHTML, like Gecko; compatible; GPTBot/1.3; +https://openai.com/gptbot)"
74.7.243.249 - - [05/Feb/2026:03:16:29 -0500] "GET /about.php?e=oem.cpython-36.opt-2.pyc&q=%E0%A6%95%E0%A6%95lib64%E0%A6%95python3%E0%A6%976%E0%A6%95encodings%E0%A6%95__pycache__ HTTP/1.0" 404 236 "https://www.kamille.us/about.php?p=%E0%A6%95%E0%A6%95lib64%E0%A6%95python3%E0%A6%976%E0%A6%95encodings%E0%A6%95__pycache__" "Mozilla/5.0 AppleWebKit/537.36 (KHTML, like Gecko; compatible; GPTBot/1.3; +https://openai.com/gptbot)"
74.7.241.25 - - [05/Feb/2026:03:17:05 -0500] "GET /about.php?e=1759850843.M151064P4032633.ecngx285.inmotionhosting.com,S=22524,W=22838&q=%E0%A6%95home%E0%A6%95zeusxp5%E0%A6%95mail%E0%A6%95new HTTP/1.0" 404 236 "https://kamille.us/about.php?p=%E0%A6%95home%E0%A6%95zeusxp5%E0%A6%95mail%E0%A6%95new" "Mozilla/5.0 AppleWebKit/537.36 (KHTML, like Gecko; compatible; GPTBot/1.3; +https://openai.com/gptbot)"
74.7.243.249 - - [05/Feb/2026:03:17:32 -0500] "GET /about.php?d=unicode_escape.cpython-36.pyc&q=%E0%A6%95%E0%A6%95lib64%E0%A6%95python3%E0%A6%976%E0%A6%95encodings%E0%A6%95__pycache__ HTTP/1.0" 404 236 "https://www.kamille.us/about.php?p=%E0%A6%95%E0%A6%95lib64%E0%A6%95python3%E0%A6%976%E0%A6%95encodings%E0%A6%95__pycache__" "Mozilla/5.0 AppleWebKit/537.36 (KHTML, like Gecko; compatible; GPTBot/1.3; +https://openai.com/gptbot)"
74.7.241.25 - - [05/Feb/2026:03:18:09 -0500] "GET /about.php?d=1763440212.M974897P1967365.ecngx285.inmotionhosting.com,S=23305,W=23629&q=%E0%A6%95home%E0%A6%95zeusxp5%E0%A6%95mail%E0%A6%95new HTTP/1.0" 404 236 "https://kamille.us/about.php?p=%E0%A6%95home%E0%A6%95zeusxp5%E0%A6%95mail%E0%A6%95new" "Mozilla/5.0 AppleWebKit/537.36 (KHTML, like Gecko; compatible; GPTBot/1.3; +https://openai.com/gptbot)"
74.7.243.249 - - [05/Feb/2026:03:18:33 -0500] "GET /about.php?q=%E0%A6%95home%E0%A6%95zeusxp5%E0%A6%95tmp%E0%A6%95pma_template_compiles_bmadison%E0%A6%95twig%E0%A6%9564&upload HTTP/1.0" 404 236 "https://www.kamille.us/about.php?p=%E0%A6%95home%E0%A6%95zeusxp5%E0%A6%95tmp%E0%A6%95pma_template_compiles_bmadison%E0%A6%95twig%E0%A6%9564" "Mozilla/5.0 AppleWebKit/537.36 (KHTML, like Gecko; compatible; GPTBot/1.3; +https://openai.com/gptbot)"
74.7.241.25 - - [05/Feb/2026:03:19:10 -0500] "GET /about.php?q=%E0%A6%95home%E0%A6%95zeusxp5%E0%A6%95mail%E0%A6%95new&r=1732035634.M369303P130537.ecngx285.inmotionhosting.com,S=22795,W=23113 HTTP/1.0" 404 236 "https://kamille.us/about.php?p=%E0%A6%95home%E0%A6%95zeusxp5%E0%A6%95mail%E0%A6%95new" "Mozilla/5.0 AppleWebKit/537.36 (KHTML, like Gecko; compatible; GPTBot/1.3; +https://openai.com/gptbot)"
74.7.243.249 - - [05/Feb/2026:03:19:34 -0500] "GET /about.php?e=mailcap.cpython-36.opt-1.pyc&q=%E0%A6%95%E0%A6%95lib64%E0%A6%95python3%E0%A6%976%E0%A6%95__pycache__ HTTP/1.0" 404 236 "https://www.kamille.us/about.php?p=%E0%A6%95%E0%A6%95lib64%E0%A6%95python3%E0%A6%976%E0%A6%95__pycache__" "Mozilla/5.0 AppleWebKit/537.36 (KHTML, like Gecko; compatible; GPTBot/1.3; +https://openai.com/gptbot)"
74.7.241.25 - - [05/Feb/2026:03:20:16 -0500] "GET /about.php?d=1659817981.M810865P3450712.ecngx285.inmotionhosting.com,S=14271,W=14680&q=%E0%A6%95home%E0%A6%95zeusxp5%E0%A6%95mail%E0%A6%95new HTTP/1.0" 404 236 "https://kamille.us/about.php?p=%E0%A6%95home%E0%A6%95zeusxp5%E0%A6%95mail%E0%A6%95new" "Mozilla/5.0 AppleWebKit/537.36 (KHTML, like Gecko; compatible; GPTBot/1.3; +https://openai.com/gptbot)"
74.7.243.249 - - [05/Feb/2026:03:20:34 -0500] "GET /about.php?q=%E0%A6%95%E0%A6%95lib64%E0%A6%95python3%E0%A6%976%E0%A6%95ctypes%E0%A6%95__pycache__&r=wintypes.cpython-36.opt-2.pyc HTTP/1.0" 404 236 "https://www.kamille.us/about.php?p=%E0%A6%95%E0%A6%95lib64%E0%A6%95python3%E0%A6%976%E0%A6%95ctypes%E0%A6%95__pycache__" "Mozilla/5.0 AppleWebKit/537.36 (KHTML, like Gecko; compatible; GPTBot/1.3; +https://openai.com/gptbot)"
74.7.241.25 - - [05/Feb/2026:03:21:17 -0500] "GET /about.php?d=1762899601.M354810P3161129.ecngx285.inmotionhosting.com,S=22388,W=22700&q=%E0%A6%95home%E0%A6%95zeusxp5%E0%A6%95mail%E0%A6%95new HTTP/1.0" 404 236 "https://kamille.us/about.php?p=%E0%A6%95home%E0%A6%95zeusxp5%E0%A6%95mail%E0%A6%95new" "Mozilla/5.0 AppleWebKit/537.36 (KHTML, like Gecko; compatible; GPTBot/1.3; +https://openai.com/gptbot)"
74.7.243.249 - - [05/Feb/2026:03:21:36 -0500] "GET /about.php?d=quota&q=%E0%A6%95home%E0%A6%95zeusxp5%E0%A6%95etc%E0%A6%95fleetmanager%E0%A6%97zeusxpressalongside%E0%A6%97com HTTP/1.0" 404 236 "https://www.kamille.us/about.php?p=%E0%A6%95home%E0%A6%95zeusxp5%E0%A6%95etc%E0%A6%95fleetmanager%E0%A6%97zeusxpressalongside%E0%A6%97com" "Mozilla/5.0 AppleWebKit/537.36 (KHTML, like Gecko; compatible; GPTBot/1.3; +https://openai.com/gptbot)"
74.7.241.25 - - [05/Feb/2026:03:22:18 -0500] "GET /about.php?q=%E0%A6%95home%E0%A6%95zeusxp5%E0%A6%95mail%E0%A6%95new&r=1749205279.M524747P2534528.ecngx285.inmotionhosting.com,S=22762,W=23079 HTTP/1.0" 404 236 "https://kamille.us/about.php?p=%E0%A6%95home%E0%A6%95zeusxp5%E0%A6%95mail%E0%A6%95new" "Mozilla/5.0 AppleWebKit/537.36 (KHTML, like Gecko; compatible; GPTBot/1.3; +https://openai.com/gptbot)"
74.7.243.249 - - [05/Feb/2026:03:22:42 -0500] "GET /about.php?e=panel.cpython-36.opt-2.pyc&q=%E0%A6%95%E0%A6%95lib64%E0%A6%95python3%E0%A6%976%E0%A6%95curses%E0%A6%95__pycache__ HTTP/1.0" 404 236 "https://www.kamille.us/about.php?p=%E0%A6%95%E0%A6%95lib64%E0%A6%95python3%E0%A6%976%E0%A6%95curses%E0%A6%95__pycache__" "Mozilla/5.0 AppleWebKit/537.36 (KHTML, like Gecko; compatible; GPTBot/1.3; +https://openai.com/gptbot)"
74.7.241.25 - - [05/Feb/2026:03:23:23 -0500] "GET /about.php?q=%E0%A6%95home%E0%A6%95zeusxp5%E0%A6%95mail%E0%A6%95new&r=1697853924.M113986P3543502.ecngx285.inmotionhosting.com,S=50590,W=51912 HTTP/1.0" 404 236 "https://kamille.us/about.php?p=%E0%A6%95home%E0%A6%95zeusxp5%E0%A6%95mail%E0%A6%95new" "Mozilla/5.0 AppleWebKit/537.36 (KHTML, like Gecko; compatible; GPTBot/1.3; +https://openai.com/gptbot)"
74.7.243.249 - - [05/Feb/2026:03:23:45 -0500] "GET /about.php?q=%E0%A6%95%E0%A6%95usr%E0%A6%95lib64%E0%A6%95python3%E0%A6%976%E0%A6%95__pycache__&r=_markupbase.cpython-36.pyc HTTP/1.0" 404 236 "https://www.kamille.us/about.php?p=%E0%A6%95%E0%A6%95usr%E0%A6%95lib64%E0%A6%95python3%E0%A6%976%E0%A6%95__pycache__" "Mozilla/5.0 AppleWebKit/537.36 (KHTML, like Gecko; compatible; GPTBot/1.3; +https://openai.com/gptbot)"
74.7.241.25 - - [05/Feb/2026:03:24:24 -0500] "GET /about.php?d=1759708877.M883292P652969.ecngx285.inmotionhosting.com,S=59531,W=60329&q=%E0%A6%95home%E0%A6%95zeusxp5%E0%A6%95mail%E0%A6%95new HTTP/1.0" 404 236 "https://kamille.us/about.php?p=%E0%A6%95home%E0%A6%95zeusxp5%E0%A6%95mail%E0%A6%95new" "Mozilla/5.0 AppleWebKit/537.36 (KHTML, like Gecko; compatible; GPTBot/1.3; +https://openai.com/gptbot)"
74.7.243.249 - - [05/Feb/2026:03:24:46 -0500] "GET /about.php?e=subprocess.cpython-36.opt-1.pyc&q=%E0%A6%95%E0%A6%95usr%E0%A6%95lib64%E0%A6%95python3%E0%A6%976%E0%A6%95__pycache__ HTTP/1.0" 404 236 "https://www.kamille.us/about.php?p=%E0%A6%95%E0%A6%95usr%E0%A6%95lib64%E0%A6%95python3%E0%A6%976%E0%A6%95__pycache__" "Mozilla/5.0 AppleWebKit/537.36 (KHTML, like Gecko; compatible; GPTBot/1.3; +https://openai.com/gptbot)"
74.7.175.155 - - [05/Feb/2026:03:24:47 -0500] "GET /robots.txt HTTP/1.0" 404 236 "-" "Mozilla/5.0 (Macintosh; Intel Mac OS X 10_15_7) AppleWebKit/537.36 (KHTML, like Gecko) Chrome/131.0.0.0 Safari/537.36; compatible; OAI-SearchBot/1.3; robots.txt; +https://openai.com/searchbot"
74.7.241.25 - - [05/Feb/2026:03:25:26 -0500] "GET /about.php?d=1653465517.M900863P3660877.ecngx285.inmotionhosting.com,S=49506,W=50095&q=%E0%A6%95home%E0%A6%95zeusxp5%E0%A6%95mail%E0%A6%95new HTTP/1.0" 404 236 "https://kamille.us/about.php?p=%E0%A6%95home%E0%A6%95zeusxp5%E0%A6%95mail%E0%A6%95new" "Mozilla/5.0 AppleWebKit/537.36 (KHTML, like Gecko; compatible; GPTBot/1.3; +https://openai.com/gptbot)"
74.7.228.50 - - [05/Feb/2026:03:25:26 -0500] "GET /robots.txt HTTP/1.0" 404 236 "-" "Mozilla/5.0 (Macintosh; Intel Mac OS X 10_15_7) AppleWebKit/537.36 (KHTML, like Gecko) Chrome/131.0.0.0 Safari/537.36; compatible; OAI-SearchBot/1.3; robots.txt; +https://openai.com/searchbot"
74.7.243.249 - - [05/Feb/2026:03:25:52 -0500] "GET /about.php?q=%E0%A6%95%E0%A6%95usr%E0%A6%95lib64%E0%A6%95python3%E0%A6%978%E0%A6%95__pycache__&r=zipimport.cpython-38.pyc HTTP/1.0" 404 236 "https://www.kamille.us/about.php?p=%E0%A6%95%E0%A6%95usr%E0%A6%95lib64%E0%A6%95python3%E0%A6%978%E0%A6%95__pycache__" "Mozilla/5.0 AppleWebKit/537.36 (KHTML, like Gecko; compatible; GPTBot/1.3; +https://openai.com/gptbot)"
74.7.241.25 - - [05/Feb/2026:03:26:27 -0500] "GET /about.php?q=%E0%A6%95home%E0%A6%95zeusxp5%E0%A6%95mail%E0%A6%95new&r=1735399564.M382326P2749839.ecngx285.inmotionhosting.com,S=23270,W=23594 HTTP/1.0" 404 236 "https://kamille.us/about.php?p=%E0%A6%95home%E0%A6%95zeusxp5%E0%A6%95mail%E0%A6%95new" "Mozilla/5.0 AppleWebKit/537.36 (KHTML, like Gecko; compatible; GPTBot/1.3; +https://openai.com/gptbot)"
74.7.243.249 - - [05/Feb/2026:03:26:54 -0500] "GET /about.php?e=util.cpython-36.opt-1.pyc&q=%E0%A6%95%E0%A6%95lib64%E0%A6%95python3%E0%A6%976%E0%A6%95unittest%E0%A6%95__pycache__ HTTP/1.0" 404 236 "https://www.kamille.us/about.php?p=%E0%A6%95%E0%A6%95lib64%E0%A6%95python3%E0%A6%976%E0%A6%95unittest%E0%A6%95__pycache__" "Mozilla/5.0 AppleWebKit/537.36 (KHTML, like Gecko; compatible; GPTBot/1.3; +https://openai.com/gptbot)"
74.7.241.25 - - [05/Feb/2026:03:27:31 -0500] "GET /about.php?q=%E0%A6%95home%E0%A6%95zeusxp5%E0%A6%95mail%E0%A6%95new&r=1662873151.M281813P753387.ecngx285.inmotionhosting.com,S=14277,W=14686 HTTP/1.0" 404 236 "https://kamille.us/about.php?p=%E0%A6%95home%E0%A6%95zeusxp5%E0%A6%95mail%E0%A6%95new" "Mozilla/5.0 AppleWebKit/537.36 (KHTML, like Gecko; compatible; GPTBot/1.3; +https://openai.com/gptbot)"
74.7.243.249 - - [05/Feb/2026:03:27:54 -0500] "GET /about.php?e=zlib_codec.cpython-36.pyc&q=%E0%A6%95%E0%A6%95lib64%E0%A6%95python3%E0%A6%976%E0%A6%95encodings%E0%A6%95__pycache__ HTTP/1.0" 404 236 "https://www.kamille.us/about.php?p=%E0%A6%95%E0%A6%95lib64%E0%A6%95python3%E0%A6%976%E0%A6%95encodings%E0%A6%95__pycache__" "Mozilla/5.0 AppleWebKit/537.36 (KHTML, like Gecko; compatible; GPTBot/1.3; +https://openai.com/gptbot)"
74.7.241.25 - - [05/Feb/2026:03:28:33 -0500] "GET /about.php?e=1652106357.M463378P1126848.ecngx285.inmotionhosting.com,S=13815,W=14213&q=%E0%A6%95home%E0%A6%95zeusxp5%E0%A6%95mail%E0%A6%95new HTTP/1.0" 404 236 "https://kamille.us/about.php?p=%E0%A6%95home%E0%A6%95zeusxp5%E0%A6%95mail%E0%A6%95new" "Mozilla/5.0 AppleWebKit/537.36 (KHTML, like Gecko; compatible; GPTBot/1.3; +https://openai.com/gptbot)"
74.7.243.249 - - [05/Feb/2026:03:28:59 -0500] "GET /about.php?e=_compat_pickle.cpython-36.pyc&q=%E0%A6%95%E0%A6%95usr%E0%A6%95lib64%E0%A6%95python3%E0%A6%976%E0%A6%95__pycache__ HTTP/1.0" 404 236 "https://www.kamille.us/about.php?p=%E0%A6%95%E0%A6%95usr%E0%A6%95lib64%E0%A6%95python3%E0%A6%976%E0%A6%95__pycache__" "Mozilla/5.0 AppleWebKit/537.36 (KHTML, like Gecko; compatible; GPTBot/1.3; +https://openai.com/gptbot)"
74.7.241.25 - - [05/Feb/2026:03:29:35 -0500] "GET /about.php?e=1701215902.M581963P1385991.ecngx285.inmotionhosting.com,S=47317,W=48607&q=%E0%A6%95home%E0%A6%95zeusxp5%E0%A6%95mail%E0%A6%95new HTTP/1.0" 404 236 "https://kamille.us/about.php?p=%E0%A6%95home%E0%A6%95zeusxp5%E0%A6%95mail%E0%A6%95new" "Mozilla/5.0 AppleWebKit/537.36 (KHTML, like Gecko; compatible; GPTBot/1.3; +https://openai.com/gptbot)"
74.7.243.249 - - [05/Feb/2026:03:30:01 -0500] "GET /about.php?e=contextlib.cpython-36.opt-2.pyc&q=%E0%A6%95%E0%A6%95lib64%E0%A6%95python3%E0%A6%976%E0%A6%95__pycache__ HTTP/1.0" 404 236 "https://www.kamille.us/about.php?p=%E0%A6%95%E0%A6%95lib64%E0%A6%95python3%E0%A6%976%E0%A6%95__pycache__" "Mozilla/5.0 AppleWebKit/537.36 (KHTML, like Gecko; compatible; GPTBot/1.3; +https://openai.com/gptbot)"
74.7.175.155 - - [05/Feb/2026:03:30:01 -0500] "GET /robots.txt HTTP/1.0" 404 236 "-" "Mozilla/5.0 (Macintosh; Intel Mac OS X 10_15_7) AppleWebKit/537.36 (KHTML, like Gecko) Chrome/131.0.0.0 Safari/537.36; compatible; OAI-SearchBot/1.3; robots.txt; +https://openai.com/searchbot"
74.7.241.25 - - [05/Feb/2026:03:30:38 -0500] "GET /about.php?q=%E0%A6%95home%E0%A6%95zeusxp5%E0%A6%95mail%E0%A6%95new&r=1754590028.M610702P2536810.ecngx285.inmotionhosting.com,S=22979,W=23299 HTTP/1.0" 404 236 "https://kamille.us/about.php?p=%E0%A6%95home%E0%A6%95zeusxp5%E0%A6%95mail%E0%A6%95new" "Mozilla/5.0 AppleWebKit/537.36 (KHTML, like Gecko; compatible; GPTBot/1.3; +https://openai.com/gptbot)"
74.7.228.50 - - [05/Feb/2026:03:30:39 -0500] "GET /robots.txt HTTP/1.0" 404 236 "-" "Mozilla/5.0 (Macintosh; Intel Mac OS X 10_15_7) AppleWebKit/537.36 (KHTML, like Gecko) Chrome/131.0.0.0 Safari/537.36; compatible; OAI-SearchBot/1.3; robots.txt; +https://openai.com/searchbot"
74.7.243.249 - - [05/Feb/2026:03:31:03 -0500] "GET /about.php?q=%E0%A6%95%E0%A6%95lib64%E0%A6%95python3%E0%A6%976%E0%A6%95logging%E0%A6%95__pycache__&r=handlers.cpython-36.pyc HTTP/1.0" 404 236 "https://www.kamille.us/about.php?p=%E0%A6%95%E0%A6%95lib64%E0%A6%95python3%E0%A6%976%E0%A6%95logging%E0%A6%95__pycache__" "Mozilla/5.0 AppleWebKit/537.36 (KHTML, like Gecko; compatible; GPTBot/1.3; +https://openai.com/gptbot)"
74.7.241.25 - - [05/Feb/2026:03:31:43 -0500] "GET /about.php?q=%E0%A6%95home%E0%A6%95zeusxp5%E0%A6%95mail%E0%A6%95new&r=1736070206.M153403P2456300.ecngx285.inmotionhosting.com,S=23315,W=23640 HTTP/1.0" 404 236 "https://kamille.us/about.php?p=%E0%A6%95home%E0%A6%95zeusxp5%E0%A6%95mail%E0%A6%95new" "Mozilla/5.0 AppleWebKit/537.36 (KHTML, like Gecko; compatible; GPTBot/1.3; +https://openai.com/gptbot)"
74.7.243.249 - - [05/Feb/2026:03:32:06 -0500] "GET /about.php?q=%E0%A6%95%E0%A6%95lib64%E0%A6%95python3%E0%A6%976%E0%A6%95distutils%E0%A6%95__pycache__&r=file_util.cpython-36.pyc HTTP/1.0" 404 236 "https://www.kamille.us/about.php?p=%E0%A6%95%E0%A6%95lib64%E0%A6%95python3%E0%A6%976%E0%A6%95distutils%E0%A6%95__pycache__" "Mozilla/5.0 AppleWebKit/537.36 (KHTML, like Gecko; compatible; GPTBot/1.3; +https://openai.com/gptbot)"
74.7.241.25 - - [05/Feb/2026:03:32:48 -0500] "GET /about.php?d=1721326392.M708262P1335455.ecngx285.inmotionhosting.com,S=25123,W=25472&q=%E0%A6%95home%E0%A6%95zeusxp5%E0%A6%95mail%E0%A6%95new HTTP/1.0" 404 236 "https://kamille.us/about.php?p=%E0%A6%95home%E0%A6%95zeusxp5%E0%A6%95mail%E0%A6%95new" "Mozilla/5.0 AppleWebKit/537.36 (KHTML, like Gecko; compatible; GPTBot/1.3; +https://openai.com/gptbot)"
74.7.243.249 - - [05/Feb/2026:03:33:11 -0500] "GET /about.php?q=%E0%A6%95%E0%A6%95lib64%E0%A6%95python3%E0%A6%976%E0%A6%95__pycache__&r=doctest.cpython-36.opt-1.pyc HTTP/1.0" 404 236 "https://www.kamille.us/about.php?p=%E0%A6%95%E0%A6%95lib64%E0%A6%95python3%E0%A6%976%E0%A6%95__pycache__" "Mozilla/5.0 AppleWebKit/537.36 (KHTML, like Gecko; compatible; GPTBot/1.3; +https://openai.com/gptbot)"
74.7.241.25 - - [05/Feb/2026:03:33:52 -0500] "GET /about.php?d=1759708820.M582782P652969.ecngx285.inmotionhosting.com,S=59591,W=60390&q=%E0%A6%95home%E0%A6%95zeusxp5%E0%A6%95mail%E0%A6%95new HTTP/1.0" 404 236 "https://kamille.us/about.php?p=%E0%A6%95home%E0%A6%95zeusxp5%E0%A6%95mail%E0%A6%95new" "Mozilla/5.0 AppleWebKit/537.36 (KHTML, like Gecko; compatible; GPTBot/1.3; +https://openai.com/gptbot)"
74.7.243.249 - - [05/Feb/2026:03:34:17 -0500] "GET /about.php?d=libqtmultimedia_m3u.so&q=%E0%A6%95%E0%A6%95lib64%E0%A6%95qt5%E0%A6%95plugins%E0%A6%95playlistformats HTTP/1.0" 404 236 "https://www.kamille.us/about.php?p=%E0%A6%95%E0%A6%95lib64%E0%A6%95qt5%E0%A6%95plugins%E0%A6%95playlistformats" "Mozilla/5.0 AppleWebKit/537.36 (KHTML, like Gecko; compatible; GPTBot/1.3; +https://openai.com/gptbot)"
74.7.241.25 - - [05/Feb/2026:03:34:55 -0500] "GET /about.php?q=%E0%A6%95home%E0%A6%95zeusxp5%E0%A6%95mail%E0%A6%95new&r=1699409534.M435641P2550694.ecngx285.inmotionhosting.com,S=50592,W=51914 HTTP/1.0" 404 236 "https://kamille.us/about.php?p=%E0%A6%95home%E0%A6%95zeusxp5%E0%A6%95mail%E0%A6%95new" "Mozilla/5.0 AppleWebKit/537.36 (KHTML, like Gecko; compatible; GPTBot/1.3; +https://openai.com/gptbot)"
74.7.243.249 - - [05/Feb/2026:03:35:18 -0500] "GET /about.php?q=%E0%A6%95%E0%A6%95lib64%E0%A6%95python3%E0%A6%976%E0%A6%95encodings%E0%A6%95__pycache__&r=euc_jp.cpython-36.pyc HTTP/1.0" 404 236 "https://www.kamille.us/about.php?p=%E0%A6%95%E0%A6%95lib64%E0%A6%95python3%E0%A6%976%E0%A6%95encodings%E0%A6%95__pycache__" "Mozilla/5.0 AppleWebKit/537.36 (KHTML, like Gecko; compatible; GPTBot/1.3; +https://openai.com/gptbot)"
74.7.175.155 - - [05/Feb/2026:03:35:18 -0500] "GET /robots.txt HTTP/1.0" 404 236 "-" "Mozilla/5.0 (Macintosh; Intel Mac OS X 10_15_7) AppleWebKit/537.36 (KHTML, like Gecko) Chrome/131.0.0.0 Safari/537.36; compatible; OAI-SearchBot/1.3; robots.txt; +https://openai.com/searchbot"
74.7.241.25 - - [05/Feb/2026:03:36:01 -0500] "GET /about.php?d=1652087295.M462463P1621603.ecngx285.inmotionhosting.com,S=14278,W=14685&q=%E0%A6%95home%E0%A6%95zeusxp5%E0%A6%95mail%E0%A6%95new HTTP/1.0" 404 236 "https://kamille.us/about.php?p=%E0%A6%95home%E0%A6%95zeusxp5%E0%A6%95mail%E0%A6%95new" "Mozilla/5.0 AppleWebKit/537.36 (KHTML, like Gecko; compatible; GPTBot/1.3; +https://openai.com/gptbot)"
74.7.228.50 - - [05/Feb/2026:03:36:01 -0500] "GET /robots.txt HTTP/1.0" 404 236 "-" "Mozilla/5.0 (Macintosh; Intel Mac OS X 10_15_7) AppleWebKit/537.36 (KHTML, like Gecko) Chrome/131.0.0.0 Safari/537.36; compatible; OAI-SearchBot/1.3; robots.txt; +https://openai.com/searchbot"
74.7.243.249 - - [05/Feb/2026:03:36:23 -0500] "GET /about.php?d=client.cpython-38.pyc&q=%E0%A6%95%E0%A6%95lib64%E0%A6%95python3%E0%A6%978%E0%A6%95xmlrpc%E0%A6%95__pycache__ HTTP/1.0" 404 236 "https://www.kamille.us/about.php?p=%E0%A6%95%E0%A6%95lib64%E0%A6%95python3%E0%A6%978%E0%A6%95xmlrpc%E0%A6%95__pycache__" "Mozilla/5.0 AppleWebKit/537.36 (KHTML, like Gecko; compatible; GPTBot/1.3; +https://openai.com/gptbot)"
74.7.241.25 - - [05/Feb/2026:03:37:07 -0500] "GET /about.php?q=%E0%A6%95home%E0%A6%95zeusxp5%E0%A6%95mail%E0%A6%95new&r=1746810017.M316675P3438699.ecngx285.inmotionhosting.com,S=21139,W=21435 HTTP/1.0" 404 236 "https://kamille.us/about.php?p=%E0%A6%95home%E0%A6%95zeusxp5%E0%A6%95mail%E0%A6%95new" "Mozilla/5.0 AppleWebKit/537.36 (KHTML, like Gecko; compatible; GPTBot/1.3; +https://openai.com/gptbot)"
74.7.243.249 - - [05/Feb/2026:03:37:24 -0500] "GET /about.php?q=%E0%A6%95%E0%A6%95lib64%E0%A6%95python3%E0%A6%976%E0%A6%95curses%E0%A6%95__pycache__&r=panel.cpython-36.opt-2.pyc HTTP/1.0" 404 236 "https://www.kamille.us/about.php?p=%E0%A6%95%E0%A6%95lib64%E0%A6%95python3%E0%A6%976%E0%A6%95curses%E0%A6%95__pycache__" "Mozilla/5.0 AppleWebKit/537.36 (KHTML, like Gecko; compatible; GPTBot/1.3; +https://openai.com/gptbot)"
74.7.241.25 - - [05/Feb/2026:03:38:11 -0500] "GET /about.php?q=%E0%A6%95home%E0%A6%95zeusxp5%E0%A6%95mail%E0%A6%95new&r=1762750842.M429214P2099504.ecngx285.inmotionhosting.com,S=58337,W=59119 HTTP/1.0" 404 236 "https://kamille.us/about.php?p=%E0%A6%95home%E0%A6%95zeusxp5%E0%A6%95mail%E0%A6%95new" "Mozilla/5.0 AppleWebKit/537.36 (KHTML, like Gecko; compatible; GPTBot/1.3; +https://openai.com/gptbot)"
74.7.243.249 - - [05/Feb/2026:03:38:30 -0500] "GET /about.php?q=%E0%A6%95%E0%A6%95lib64%E0%A6%95python3%E0%A6%976%E0%A6%95__pycache__&r=operator.cpython-36.opt-2.pyc HTTP/1.0" 404 236 "https://www.kamille.us/about.php?p=%E0%A6%95%E0%A6%95lib64%E0%A6%95python3%E0%A6%976%E0%A6%95__pycache__" "Mozilla/5.0 AppleWebKit/537.36 (KHTML, like Gecko; compatible; GPTBot/1.3; +https://openai.com/gptbot)"
74.7.241.25 - - [05/Feb/2026:03:39:16 -0500] "GET /about.php?q=%E0%A6%95home%E0%A6%95zeusxp5%E0%A6%95mail%E0%A6%95new&r=1718670206.M218940P2769152.ecngx285.inmotionhosting.com,S=22767,W=23084 HTTP/1.0" 404 236 "https://kamille.us/about.php?p=%E0%A6%95home%E0%A6%95zeusxp5%E0%A6%95mail%E0%A6%95new" "Mozilla/5.0 AppleWebKit/537.36 (KHTML, like Gecko; compatible; GPTBot/1.3; +https://openai.com/gptbot)"
74.7.243.249 - - [05/Feb/2026:03:39:36 -0500] "GET /about.php?q=%E0%A6%95%E0%A6%95lib64%E0%A6%95python3%E0%A6%976%E0%A6%95__pycache__&r=doctest.cpython-36.opt-2.pyc HTTP/1.0" 404 236 "https://www.kamille.us/about.php?p=%E0%A6%95%E0%A6%95lib64%E0%A6%95python3%E0%A6%976%E0%A6%95__pycache__" "Mozilla/5.0 AppleWebKit/537.36 (KHTML, like Gecko; compatible; GPTBot/1.3; +https://openai.com/gptbot)"
74.7.241.25 - - [05/Feb/2026:03:40:20 -0500] "GET /about.php?d=1683080698.M422386P1984080.ecngx285.inmotionhosting.com,S=49934,W=50529&q=%E0%A6%95home%E0%A6%95zeusxp5%E0%A6%95mail%E0%A6%95new HTTP/1.0" 404 236 "https://kamille.us/about.php?p=%E0%A6%95home%E0%A6%95zeusxp5%E0%A6%95mail%E0%A6%95new" "Mozilla/5.0 AppleWebKit/537.36 (KHTML, like Gecko; compatible; GPTBot/1.3; +https://openai.com/gptbot)"
74.7.243.249 - - [05/Feb/2026:03:40:42 -0500] "GET /about.php?d=parser.cpython-36.opt-2.pyc&q=%E0%A6%95%E0%A6%95lib64%E0%A6%95python3%E0%A6%976%E0%A6%95html%E0%A6%95__pycache__ HTTP/1.0" 404 236 "https://www.kamille.us/about.php?p=%E0%A6%95%E0%A6%95lib64%E0%A6%95python3%E0%A6%976%E0%A6%95html%E0%A6%95__pycache__" "Mozilla/5.0 AppleWebKit/537.36 (KHTML, like Gecko; compatible; GPTBot/1.3; +https://openai.com/gptbot)"
74.7.175.155 - - [05/Feb/2026:03:40:42 -0500] "GET /robots.txt HTTP/1.0" 404 236 "-" "Mozilla/5.0 (Macintosh; Intel Mac OS X 10_15_7) AppleWebKit/537.36 (KHTML, like Gecko) Chrome/131.0.0.0 Safari/537.36; compatible; OAI-SearchBot/1.3; robots.txt; +https://openai.com/searchbot"
74.7.241.25 - - [05/Feb/2026:03:41:25 -0500] "GET /about.php?e=1688460692.M86352P3023570.ecngx285.inmotionhosting.com,S=49931,W=50526&q=%E0%A6%95home%E0%A6%95zeusxp5%E0%A6%95mail%E0%A6%95new HTTP/1.0" 404 236 "https://kamille.us/about.php?p=%E0%A6%95home%E0%A6%95zeusxp5%E0%A6%95mail%E0%A6%95new" "Mozilla/5.0 AppleWebKit/537.36 (KHTML, like Gecko; compatible; GPTBot/1.3; +https://openai.com/gptbot)"
74.7.228.50 - - [05/Feb/2026:03:41:25 -0500] "GET /robots.txt HTTP/1.0" 404 236 "-" "Mozilla/5.0 (Macintosh; Intel Mac OS X 10_15_7) AppleWebKit/537.36 (KHTML, like Gecko) Chrome/131.0.0.0 Safari/537.36; compatible; OAI-SearchBot/1.3; robots.txt; +https://openai.com/searchbot"
74.7.243.249 - - [05/Feb/2026:03:41:47 -0500] "GET /about.php?e=tracemalloc.cpython-36.opt-1.pyc&q=%E0%A6%95%E0%A6%95usr%E0%A6%95lib64%E0%A6%95python3%E0%A6%976%E0%A6%95__pycache__ HTTP/1.0" 404 236 "https://www.kamille.us/about.php?p=%E0%A6%95%E0%A6%95usr%E0%A6%95lib64%E0%A6%95python3%E0%A6%976%E0%A6%95__pycache__" "Mozilla/5.0 AppleWebKit/537.36 (KHTML, like Gecko; compatible; GPTBot/1.3; +https://openai.com/gptbot)"
74.7.241.25 - - [05/Feb/2026:03:42:28 -0500] "GET /about.php?d=1739509529.M178586P2950961.ecngx285.inmotionhosting.com,S=22816,W=23134&q=%E0%A6%95home%E0%A6%95zeusxp5%E0%A6%95mail%E0%A6%95new HTTP/1.0" 404 236 "https://kamille.us/about.php?p=%E0%A6%95home%E0%A6%95zeusxp5%E0%A6%95mail%E0%A6%95new" "Mozilla/5.0 AppleWebKit/537.36 (KHTML, like Gecko; compatible; GPTBot/1.3; +https://openai.com/gptbot)"
107.189.1.179 - - [05/Feb/2026:03:42:34 -0500] "GET /wp-login.php HTTP/1.0" 404 236 "-" "Mozilla/5.0 (X11; Ubuntu; Linux x86_64; rv:31.0) Gecko/20100101 Firefox/31.0"
74.7.243.249 - - [05/Feb/2026:03:42:47 -0500] "GET /about.php?e=gettext.cpython-36.opt-2.pyc&q=%E0%A6%95%E0%A6%95usr%E0%A6%95lib64%E0%A6%95python3%E0%A6%976%E0%A6%95__pycache__ HTTP/1.0" 404 236 "https://www.kamille.us/about.php?p=%E0%A6%95%E0%A6%95usr%E0%A6%95lib64%E0%A6%95python3%E0%A6%976%E0%A6%95__pycache__" "Mozilla/5.0 AppleWebKit/537.36 (KHTML, like Gecko; compatible; GPTBot/1.3; +https://openai.com/gptbot)"
74.7.241.25 - - [05/Feb/2026:03:43:28 -0500] "GET /about.php?e=1687481946.M989558P589862.ecngx285.inmotionhosting.com,S=45904,W=46439&q=%E0%A6%95home%E0%A6%95zeusxp5%E0%A6%95mail%E0%A6%95new HTTP/1.0" 404 236 "https://kamille.us/about.php?p=%E0%A6%95home%E0%A6%95zeusxp5%E0%A6%95mail%E0%A6%95new" "Mozilla/5.0 AppleWebKit/537.36 (KHTML, like Gecko; compatible; GPTBot/1.3; +https://openai.com/gptbot)"
74.7.243.249 - - [05/Feb/2026:03:43:48 -0500] "GET /about.php?e=euc_kr.cpython-36.pyc&q=%E0%A6%95%E0%A6%95lib64%E0%A6%95python3%E0%A6%976%E0%A6%95encodings%E0%A6%95__pycache__ HTTP/1.0" 404 236 "https://www.kamille.us/about.php?p=%E0%A6%95%E0%A6%95lib64%E0%A6%95python3%E0%A6%976%E0%A6%95encodings%E0%A6%95__pycache__" "Mozilla/5.0 AppleWebKit/537.36 (KHTML, like Gecko; compatible; GPTBot/1.3; +https://openai.com/gptbot)"
74.7.241.25 - - [05/Feb/2026:03:44:31 -0500] "GET /about.php?e=1660774392.M968112P3204208.ecngx285.inmotionhosting.com,S=49684,W=50277&q=%E0%A6%95home%E0%A6%95zeusxp5%E0%A6%95mail%E0%A6%95new HTTP/1.0" 404 236 "https://kamille.us/about.php?p=%E0%A6%95home%E0%A6%95zeusxp5%E0%A6%95mail%E0%A6%95new" "Mozilla/5.0 AppleWebKit/537.36 (KHTML, like Gecko; compatible; GPTBot/1.3; +https://openai.com/gptbot)"
74.7.243.249 - - [05/Feb/2026:03:44:51 -0500] "GET /about.php?e=datetime.cpython-36.opt-1.pyc&q=%E0%A6%95%E0%A6%95usr%E0%A6%95lib64%E0%A6%95python3%E0%A6%976%E0%A6%95__pycache__ HTTP/1.0" 404 236 "https://www.kamille.us/about.php?p=%E0%A6%95%E0%A6%95usr%E0%A6%95lib64%E0%A6%95python3%E0%A6%976%E0%A6%95__pycache__" "Mozilla/5.0 AppleWebKit/537.36 (KHTML, like Gecko; compatible; GPTBot/1.3; +https://openai.com/gptbot)"
74.7.241.25 - - [05/Feb/2026:03:45:36 -0500] "GET /about.php?e=1699560852.M611890P1438236.ecngx285.inmotionhosting.com,S=43103,W=44324&q=%E0%A6%95home%E0%A6%95zeusxp5%E0%A6%95mail%E0%A6%95new HTTP/1.0" 404 236 "https://kamille.us/about.php?p=%E0%A6%95home%E0%A6%95zeusxp5%E0%A6%95mail%E0%A6%95new" "Mozilla/5.0 AppleWebKit/537.36 (KHTML, like Gecko; compatible; GPTBot/1.3; +https://openai.com/gptbot)"
74.7.243.249 - - [05/Feb/2026:03:45:51 -0500] "GET /about.php?d=_osx_support.cpython-36.pyc&q=%E0%A6%95%E0%A6%95usr%E0%A6%95lib64%E0%A6%95python3%E0%A6%976%E0%A6%95__pycache__ HTTP/1.0" 404 236 "https://www.kamille.us/about.php?p=%E0%A6%95%E0%A6%95usr%E0%A6%95lib64%E0%A6%95python3%E0%A6%976%E0%A6%95__pycache__" "Mozilla/5.0 AppleWebKit/537.36 (KHTML, like Gecko; compatible; GPTBot/1.3; +https://openai.com/gptbot)"
74.7.175.155 - - [05/Feb/2026:03:45:52 -0500] "GET /robots.txt HTTP/1.0" 404 236 "-" "Mozilla/5.0 (Macintosh; Intel Mac OS X 10_15_7) AppleWebKit/537.36 (KHTML, like Gecko) Chrome/131.0.0.0 Safari/537.36; compatible; OAI-SearchBot/1.3; robots.txt; +https://openai.com/searchbot"
74.7.241.25 - - [05/Feb/2026:03:46:39 -0500] "GET /about.php?q=%E0%A6%95home%E0%A6%95zeusxp5%E0%A6%95mail%E0%A6%95new&r=1691267447.M969512P1642505.ecngx285.inmotionhosting.com,S=50053,W=50648 HTTP/1.0" 404 236 "https://kamille.us/about.php?p=%E0%A6%95home%E0%A6%95zeusxp5%E0%A6%95mail%E0%A6%95new" "Mozilla/5.0 AppleWebKit/537.36 (KHTML, like Gecko; compatible; GPTBot/1.3; +https://openai.com/gptbot)"
74.7.228.50 - - [05/Feb/2026:03:46:40 -0500] "GET /robots.txt HTTP/1.0" 404 236 "-" "Mozilla/5.0 (Macintosh; Intel Mac OS X 10_15_7) AppleWebKit/537.36 (KHTML, like Gecko) Chrome/131.0.0.0 Safari/537.36; compatible; OAI-SearchBot/1.3; robots.txt; +https://openai.com/searchbot"
74.7.243.249 - - [05/Feb/2026:03:46:57 -0500] "GET /about.php?d=_compat_pickle.cpython-36.pyc&q=%E0%A6%95%E0%A6%95usr%E0%A6%95lib64%E0%A6%95python3%E0%A6%976%E0%A6%95__pycache__ HTTP/1.0" 404 236 "https://www.kamille.us/about.php?p=%E0%A6%95%E0%A6%95usr%E0%A6%95lib64%E0%A6%95python3%E0%A6%976%E0%A6%95__pycache__" "Mozilla/5.0 AppleWebKit/537.36 (KHTML, like Gecko; compatible; GPTBot/1.3; +https://openai.com/gptbot)"
74.7.241.25 - - [05/Feb/2026:03:47:43 -0500] "GET /about.php?e=1699588661.M234137P3447350.ecngx285.inmotionhosting.com,S=47321,W=48611&q=%E0%A6%95home%E0%A6%95zeusxp5%E0%A6%95mail%E0%A6%95new HTTP/1.0" 404 236 "https://kamille.us/about.php?p=%E0%A6%95home%E0%A6%95zeusxp5%E0%A6%95mail%E0%A6%95new" "Mozilla/5.0 AppleWebKit/537.36 (KHTML, like Gecko; compatible; GPTBot/1.3; +https://openai.com/gptbot)"
74.7.243.249 - - [05/Feb/2026:03:48:01 -0500] "GET /about.php?q=%E0%A6%95%E0%A6%95lib64%E0%A6%95python3%E0%A6%976%E0%A6%95encodings%E0%A6%95__pycache__&r=latin_1.cpython-36.pyc HTTP/1.0" 404 236 "https://www.kamille.us/about.php?p=%E0%A6%95%E0%A6%95lib64%E0%A6%95python3%E0%A6%976%E0%A6%95encodings%E0%A6%95__pycache__" "Mozilla/5.0 AppleWebKit/537.36 (KHTML, like Gecko; compatible; GPTBot/1.3; +https://openai.com/gptbot)"
74.7.241.25 - - [05/Feb/2026:03:48:44 -0500] "GET /about.php?d=1704309490.M805375P3128634.ecngx285.inmotionhosting.com,S=43911,W=45152&q=%E0%A6%95home%E0%A6%95zeusxp5%E0%A6%95mail%E0%A6%95new HTTP/1.0" 404 236 "https://kamille.us/about.php?p=%E0%A6%95home%E0%A6%95zeusxp5%E0%A6%95mail%E0%A6%95new" "Mozilla/5.0 AppleWebKit/537.36 (KHTML, like Gecko; compatible; GPTBot/1.3; +https://openai.com/gptbot)"
74.7.243.249 - - [05/Feb/2026:03:49:04 -0500] "GET /about.php?q=%E0%A6%95%E0%A6%95usr%E0%A6%95lib64%E0%A6%95python3%E0%A6%976%E0%A6%95__pycache__&r=imaplib.cpython-36.opt-1.pyc HTTP/1.0" 404 236 "https://www.kamille.us/about.php?p=%E0%A6%95%E0%A6%95usr%E0%A6%95lib64%E0%A6%95python3%E0%A6%976%E0%A6%95__pycache__" "Mozilla/5.0 AppleWebKit/537.36 (KHTML, like Gecko; compatible; GPTBot/1.3; +https://openai.com/gptbot)"
74.7.241.25 - - [05/Feb/2026:03:49:49 -0500] "GET /about.php?e=1749577819.M503124P208810.ecngx285.inmotionhosting.com,S=28421,W=28813&q=%E0%A6%95home%E0%A6%95zeusxp5%E0%A6%95mail%E0%A6%95new HTTP/1.0" 404 236 "https://kamille.us/about.php?p=%E0%A6%95home%E0%A6%95zeusxp5%E0%A6%95mail%E0%A6%95new" "Mozilla/5.0 AppleWebKit/537.36 (KHTML, like Gecko; compatible; GPTBot/1.3; +https://openai.com/gptbot)"
74.7.243.249 - - [05/Feb/2026:03:50:08 -0500] "GET /about.php?q=%E0%A6%95home%E0%A6%95zeusxp5%E0%A6%95tmp%E0%A6%95pma_template_compiles_bmadison%E0%A6%95twig%E0%A6%959b&upload HTTP/1.0" 404 236 "https://www.kamille.us/about.php?p=%E0%A6%95home%E0%A6%95zeusxp5%E0%A6%95tmp%E0%A6%95pma_template_compiles_bmadison%E0%A6%95twig%E0%A6%959b" "Mozilla/5.0 AppleWebKit/537.36 (KHTML, like Gecko; compatible; GPTBot/1.3; +https://openai.com/gptbot)"
74.7.241.25 - - [05/Feb/2026:03:50:49 -0500] "GET /about.php?d=1678259170.M361071P1183571.ecngx285.inmotionhosting.com,S=49687,W=50280&q=%E0%A6%95home%E0%A6%95zeusxp5%E0%A6%95mail%E0%A6%95new HTTP/1.0" 404 236 "https://kamille.us/about.php?p=%E0%A6%95home%E0%A6%95zeusxp5%E0%A6%95mail%E0%A6%95new" "Mozilla/5.0 AppleWebKit/537.36 (KHTML, like Gecko; compatible; GPTBot/1.3; +https://openai.com/gptbot)"
74.7.243.249 - - [05/Feb/2026:03:51:13 -0500] "GET /about.php?d=util.cpython-38.pyc&q=%E0%A6%95%E0%A6%95lib64%E0%A6%95python3%E0%A6%978%E0%A6%95importlib%E0%A6%95__pycache__ HTTP/1.0" 404 236 "https://www.kamille.us/about.php?p=%E0%A6%95%E0%A6%95lib64%E0%A6%95python3%E0%A6%978%E0%A6%95importlib%E0%A6%95__pycache__" "Mozilla/5.0 AppleWebKit/537.36 (KHTML, like Gecko; compatible; GPTBot/1.3; +https://openai.com/gptbot)"
74.7.175.155 - - [05/Feb/2026:03:51:14 -0500] "GET /robots.txt HTTP/1.0" 404 236 "-" "Mozilla/5.0 (Macintosh; Intel Mac OS X 10_15_7) AppleWebKit/537.36 (KHTML, like Gecko) Chrome/131.0.0.0 Safari/537.36; compatible; OAI-SearchBot/1.3; robots.txt; +https://openai.com/searchbot"
74.7.241.25 - - [05/Feb/2026:03:51:55 -0500] "GET /about.php?d=1735915504.M341545P4089616.ecngx285.inmotionhosting.com,S=23825,W=24156&q=%E0%A6%95home%E0%A6%95zeusxp5%E0%A6%95mail%E0%A6%95new HTTP/1.0" 404 236 "https://kamille.us/about.php?p=%E0%A6%95home%E0%A6%95zeusxp5%E0%A6%95mail%E0%A6%95new" "Mozilla/5.0 AppleWebKit/537.36 (KHTML, like Gecko; compatible; GPTBot/1.3; +https://openai.com/gptbot)"
74.7.228.50 - - [05/Feb/2026:03:51:56 -0500] "GET /robots.txt HTTP/1.0" 404 236 "-" "Mozilla/5.0 (Macintosh; Intel Mac OS X 10_15_7) AppleWebKit/537.36 (KHTML, like Gecko) Chrome/131.0.0.0 Safari/537.36; compatible; OAI-SearchBot/1.3; robots.txt; +https://openai.com/searchbot"
74.7.243.249 - - [05/Feb/2026:03:52:17 -0500] "GET /about.php?q=%E0%A6%95%E0%A6%95lib64%E0%A6%95python3%E0%A6%976%E0%A6%95unittest%E0%A6%95__pycache__&r=mock.cpython-36.opt-1.pyc HTTP/1.0" 404 236 "https://www.kamille.us/about.php?p=%E0%A6%95%E0%A6%95lib64%E0%A6%95python3%E0%A6%976%E0%A6%95unittest%E0%A6%95__pycache__" "Mozilla/5.0 AppleWebKit/537.36 (KHTML, like Gecko; compatible; GPTBot/1.3; +https://openai.com/gptbot)"
74.7.241.25 - - [05/Feb/2026:03:52:59 -0500] "GET /about.php?d=1718090068.M581639P2198602.ecngx285.inmotionhosting.com,S=24490,W=24831&q=%E0%A6%95home%E0%A6%95zeusxp5%E0%A6%95mail%E0%A6%95new HTTP/1.0" 404 236 "https://kamille.us/about.php?p=%E0%A6%95home%E0%A6%95zeusxp5%E0%A6%95mail%E0%A6%95new" "Mozilla/5.0 AppleWebKit/537.36 (KHTML, like Gecko; compatible; GPTBot/1.3; +https://openai.com/gptbot)"
74.7.243.249 - - [05/Feb/2026:03:53:22 -0500] "GET /about.php?e=mimetypes.cpython-38.pyc&q=%E0%A6%95%E0%A6%95usr%E0%A6%95lib64%E0%A6%95python3%E0%A6%978%E0%A6%95__pycache__ HTTP/1.0" 404 236 "https://www.kamille.us/about.php?p=%E0%A6%95%E0%A6%95usr%E0%A6%95lib64%E0%A6%95python3%E0%A6%978%E0%A6%95__pycache__" "Mozilla/5.0 AppleWebKit/537.36 (KHTML, like Gecko; compatible; GPTBot/1.3; +https://openai.com/gptbot)"
74.7.241.25 - - [05/Feb/2026:03:54:05 -0500] "GET /about.php?q=%E0%A6%95home%E0%A6%95zeusxp5%E0%A6%95mail%E0%A6%95new&r=1656166093.M544700P3112689.ecngx285.inmotionhosting.com,S=49542,W=50131 HTTP/1.0" 404 236 "https://kamille.us/about.php?p=%E0%A6%95home%E0%A6%95zeusxp5%E0%A6%95mail%E0%A6%95new" "Mozilla/5.0 AppleWebKit/537.36 (KHTML, like Gecko; compatible; GPTBot/1.3; +https://openai.com/gptbot)"
74.7.243.249 - - [05/Feb/2026:03:54:25 -0500] "GET /about.php?q=%E0%A6%95%E0%A6%95lib64%E0%A6%95python3%E0%A6%976%E0%A6%95__pycache__&r=operator.cpython-36.opt-1.pyc HTTP/1.0" 404 236 "https://www.kamille.us/about.php?p=%E0%A6%95%E0%A6%95lib64%E0%A6%95python3%E0%A6%976%E0%A6%95__pycache__" "Mozilla/5.0 AppleWebKit/537.36 (KHTML, like Gecko; compatible; GPTBot/1.3; +https://openai.com/gptbot)"
74.7.241.25 - - [05/Feb/2026:03:55:11 -0500] "GET /about.php?q=%E0%A6%95home%E0%A6%95zeusxp5%E0%A6%95mail%E0%A6%95new&r=1698955254.M787605P889371.ecngx285.inmotionhosting.com,S=50583,W=51905 HTTP/1.0" 404 236 "https://kamille.us/about.php?p=%E0%A6%95home%E0%A6%95zeusxp5%E0%A6%95mail%E0%A6%95new" "Mozilla/5.0 AppleWebKit/537.36 (KHTML, like Gecko; compatible; GPTBot/1.3; +https://openai.com/gptbot)"
74.7.243.249 - - [05/Feb/2026:03:55:29 -0500] "GET /about.php?d=latin_1.cpython-36.pyc&q=%E0%A6%95%E0%A6%95lib64%E0%A6%95python3%E0%A6%976%E0%A6%95encodings%E0%A6%95__pycache__ HTTP/1.0" 404 236 "https://www.kamille.us/about.php?p=%E0%A6%95%E0%A6%95lib64%E0%A6%95python3%E0%A6%976%E0%A6%95encodings%E0%A6%95__pycache__" "Mozilla/5.0 AppleWebKit/537.36 (KHTML, like Gecko; compatible; GPTBot/1.3; +https://openai.com/gptbot)"
