103.155.118.145 - - [04/Feb/2026:08:49:04 -0500] "GET /wp-content/plugins/elementor/assets/css/widget-icon-box.min.css?ver=3.35.0 HTTP/1.0" 200 4726 "https://www.kamilletv.net/nf.php" "Mozilla/5.0 (Windows NT 10.0; Win64; x64; rv:148.0) Gecko/20100101 Firefox/148.0"
103.155.118.145 - - [04/Feb/2026:08:49:04 -0500] "GET /wp-content/plugins/woocommerce/assets/js/frontend/woocommerce.min.js?ver=10.4.3 HTTP/1.0" 200 4131 "https://www.kamilletv.net/nf.php" "Mozilla/5.0 (Windows NT 10.0; Win64; x64; rv:148.0) Gecko/20100101 Firefox/148.0"
103.155.118.145 - - [04/Feb/2026:08:49:04 -0500] "GET /wp-content/plugins/elementor/assets/css/widget-heading.min.css?ver=3.35.0 HTTP/1.0" 200 560 "https://www.kamilletv.net/nf.php" "Mozilla/5.0 (Windows NT 10.0; Win64; x64; rv:148.0) Gecko/20100101 Firefox/148.0"
103.155.118.145 - - [04/Feb/2026:08:49:04 -0500] "GET /wp-content/themes/astra/assets/js/minified/frontend.min.js?ver=4.12.1 HTTP/1.0" 200 25965 "https://www.kamilletv.net/nf.php" "Mozilla/5.0 (Windows NT 10.0; Win64; x64; rv:148.0) Gecko/20100101 Firefox/148.0"
103.155.118.145 - - [04/Feb/2026:08:49:04 -0500] "GET /wp-content/plugins/woocommerce/assets/js/frontend/add-to-cart.min.js?ver=10.4.3 HTTP/1.0" 200 4350 "https://www.kamilletv.net/nf.php" "Mozilla/5.0 (Windows NT 10.0; Win64; x64; rv:148.0) Gecko/20100101 Firefox/148.0"
103.155.118.145 - - [04/Feb/2026:08:49:04 -0500] "GET /wp-content/themes/astra/assets/js/minified/mobile-cart.min.js?ver=4.12.1 HTTP/1.0" 200 5503 "https://www.kamilletv.net/nf.php" "Mozilla/5.0 (Windows NT 10.0; Win64; x64; rv:148.0) Gecko/20100101 Firefox/148.0"
103.155.118.145 - - [04/Feb/2026:08:49:04 -0500] "GET /wp-content/plugins/elementskit-lite/modules/elementskit-icon-pack/assets/css/ekiticons.css?ver=3.7.9 HTTP/1.0" 200 82586 "https://www.kamilletv.net/nf.php" "Mozilla/5.0 (Windows NT 10.0; Win64; x64; rv:148.0) Gecko/20100101 Firefox/148.0"
103.155.118.145 - - [04/Feb/2026:08:49:04 -0500] "GET /wp-includes/js/dist/dom-ready.min.js?ver=f77871ff7694fffea381 HTTP/1.0" 200 457 "https://www.kamilletv.net/nf.php" "Mozilla/5.0 (Windows NT 10.0; Win64; x64; rv:148.0) Gecko/20100101 Firefox/148.0"
103.155.118.145 - - [04/Feb/2026:08:49:04 -0500] "GET /wp-content/plugins/astra-sites/inc/lib/onboarding/assets/dist/template-preview/main.js?ver=09382f635556bec359b3 HTTP/1.0" 200 6587 "https://www.kamilletv.net/nf.php" "Mozilla/5.0 (Windows NT 10.0; Win64; x64; rv:148.0) Gecko/20100101 Firefox/148.0"
103.155.118.145 - - [04/Feb/2026:08:49:04 -0500] "GET /wp-content/plugins/elementskit-lite/libs/framework/assets/js/frontend-script.js?ver=3.7.9 HTTP/1.0" 200 40 "https://www.kamilletv.net/nf.php" "Mozilla/5.0 (Windows NT 10.0; Win64; x64; rv:148.0) Gecko/20100101 Firefox/148.0"
103.155.118.145 - - [04/Feb/2026:08:49:04 -0500] "GET /wp-content/plugins/woocommerce/assets/js/sourcebuster/sourcebuster.min.js?ver=10.4.3 HTTP/1.0" 200 15315 "https://www.kamilletv.net/nf.php" "Mozilla/5.0 (Windows NT 10.0; Win64; x64; rv:148.0) Gecko/20100101 Firefox/148.0"
103.155.118.145 - - [04/Feb/2026:08:49:04 -0500] "GET /wp-content/plugins/elementskit-lite/widgets/init/assets/js/widget-scripts.js?ver=3.7.9 HTTP/1.0" 200 137522 "https://www.kamilletv.net/nf.php" "Mozilla/5.0 (Windows NT 10.0; Win64; x64; rv:148.0) Gecko/20100101 Firefox/148.0"
103.155.118.145 - - [04/Feb/2026:08:49:04 -0500] "GET /wp-content/plugins/woocommerce/assets/js/frontend/order-attribution.min.js?ver=10.4.3 HTTP/1.0" 200 2346 "https://www.kamilletv.net/nf.php" "Mozilla/5.0 (Windows NT 10.0; Win64; x64; rv:148.0) Gecko/20100101 Firefox/148.0"
103.155.118.145 - - [04/Feb/2026:08:49:04 -0500] "GET /wp-content/plugins/woocommerce/assets/js/frontend/cart-fragments.min.js?ver=10.4.3 HTTP/1.0" 200 2939 "https://www.kamilletv.net/nf.php" "Mozilla/5.0 (Windows NT 10.0; Win64; x64; rv:148.0) Gecko/20100101 Firefox/148.0"
103.155.118.145 - - [04/Feb/2026:08:49:04 -0500] "GET /wp-content/plugins/elementor/assets/js/frontend-modules.min.js?ver=3.35.0 HTTP/1.0" 200 50503 "https://www.kamilletv.net/nf.php" "Mozilla/5.0 (Windows NT 10.0; Win64; x64; rv:148.0) Gecko/20100101 Firefox/148.0"
103.155.118.145 - - [04/Feb/2026:08:49:04 -0500] "GET /wp-includes/js/jquery/ui/core.min.js?ver=1.13.3 HTTP/1.0" 200 21464 "https://www.kamilletv.net/nf.php" "Mozilla/5.0 (Windows NT 10.0; Win64; x64; rv:148.0) Gecko/20100101 Firefox/148.0"
103.155.118.145 - - [04/Feb/2026:08:49:04 -0500] "GET /wp-content/plugins/elementor/assets/js/frontend.min.js?ver=3.35.0 HTTP/1.0" 200 31880 "https://www.kamilletv.net/nf.php" "Mozilla/5.0 (Windows NT 10.0; Win64; x64; rv:148.0) Gecko/20100101 Firefox/148.0"
103.155.118.145 - - [04/Feb/2026:08:49:04 -0500] "GET /wp-content/plugins/elementor/assets/js/webpack.runtime.min.js?ver=3.35.0 HTTP/1.0" 200 5677 "https://www.kamilletv.net/nf.php" "Mozilla/5.0 (Windows NT 10.0; Win64; x64; rv:148.0) Gecko/20100101 Firefox/148.0"
103.155.118.145 - - [04/Feb/2026:08:49:04 -0500] "GET /wp-content/plugins/elementskit-lite/widgets/init/assets/js/elementor.js?ver=3.7.9 HTTP/1.0" 200 20773 "https://www.kamilletv.net/nf.php" "Mozilla/5.0 (Windows NT 10.0; Win64; x64; rv:148.0) Gecko/20100101 Firefox/148.0"
103.155.118.145 - - [04/Feb/2026:08:49:04 -0500] "GET /wp-content/plugins/elementskit-lite/widgets/init/assets/js/animate-circle.min.js?ver=3.7.9 HTTP/1.0" 200 681 "https://www.kamilletv.net/nf.php" "Mozilla/5.0 (Windows NT 10.0; Win64; x64; rv:148.0) Gecko/20100101 Firefox/148.0"
103.155.118.145 - - [04/Feb/2026:08:49:20 -0500] "GET /wp-content/themes/astra/assets/css/minified/compatibility/woocommerce/woocommerce-smallscreen-grid.min.css?ver=4.12.1 HTTP/1.0" 200 6005 "https://www.kamilletv.net/nf.php" "Mozilla/5.0 (Windows NT 10.0; Win64; x64; rv:148.0) Gecko/20100101 Firefox/148.0"
103.155.118.145 - - [04/Feb/2026:08:49:21 -0500] "GET /wp-content/plugins/elementor/assets/lib/font-awesome/webfonts/fa-solid-900.woff2 HTTP/1.0" 200 78196 "https://www.kamilletv.net/wp-content/plugins/elementor/assets/lib/font-awesome/css/solid.min.css?ver=5.15.3" "Mozilla/5.0 (Windows NT 10.0; Win64; x64; rv:148.0) Gecko/20100101 Firefox/148.0"
103.155.118.145 - - [04/Feb/2026:08:49:21 -0500] "GET /wp-includes/js/wp-emoji-release.min.js?ver=6.9.1 HTTP/1.0" 200 22762 "https://www.kamilletv.net/nf.php" "Mozilla/5.0 (Windows NT 10.0; Win64; x64; rv:148.0) Gecko/20100101 Firefox/148.0"
103.155.118.145 - - [04/Feb/2026:08:49:21 -0500] "GET /?wc-ajax=get_refreshed_fragments HTTP/1.0" 200 3326 "https://www.kamilletv.net/nf.php" "Mozilla/5.0 (Windows NT 10.0; Win64; x64; rv:148.0) Gecko/20100101 Firefox/148.0"
103.155.118.145 - - [04/Feb/2026:08:49:21 -0500] "POST /?wc-ajax=get_refreshed_fragments HTTP/1.0" 200 3326 "https://www.kamilletv.net/nf.php" "Mozilla/5.0 (Windows NT 10.0; Win64; x64; rv:148.0) Gecko/20100101 Firefox/148.0"
103.155.118.145 - - [04/Feb/2026:08:49:22 -0500] "GET /wp-content/plugins/elementor/assets/js/section-frontend-handlers.d85ab872da118940910d.bundle.min.js HTTP/1.0" 200 449 "https://www.kamilletv.net/nf.php" "Mozilla/5.0 (Windows NT 10.0; Win64; x64; rv:148.0) Gecko/20100101 Firefox/148.0"
103.155.118.145 - - [04/Feb/2026:08:49:22 -0500] "GET /wp-content/plugins/elementor/assets/js/shared-frontend-handlers.03caa53373b56d3bab67.bundle.min.js HTTP/1.0" 200 8481 "https://www.kamilletv.net/nf.php" "Mozilla/5.0 (Windows NT 10.0; Win64; x64; rv:148.0) Gecko/20100101 Firefox/148.0"
173.231.242.79 - - [04/Feb/2026:08:49:52 -0500] "POST /wp-cron.php?doing_wp_cron=1770212992.4194810390472412109375 HTTP/1.0" 200 - "-" "WordPress/6.9.1; https://www.kamilletv.net"
43.153.122.30 - - [04/Feb/2026:08:49:51 -0500] "GET / HTTP/1.0" 301 - "-" "Mozilla/5.0 (iPhone; CPU iPhone OS 13_2_3 like Mac OS X) AppleWebKit/605.1.15 (KHTML, like Gecko) Version/13.0.3 Mobile/15E148 Safari/604.1"
66.249.65.70 - - [04/Feb/2026:09:00:05 -0500] "GET /robots.txt HTTP/1.0" 403 228 "-" "Mozilla/5.0 (compatible; Googlebot/2.1; +http://www.google.com/bot.html)"
173.231.242.79 - - [04/Feb/2026:09:10:39 -0500] "POST /wp-cron.php?doing_wp_cron=1770214239.2714240550994873046875 HTTP/1.0" 200 - "-" "WordPress/6.9.1; https://www.kamilletv.net"
173.231.242.79 - - [04/Feb/2026:09:10:39 -0500] "POST /wp-cron.php?doing_wp_cron=1770214239.3509049415588378906250 HTTP/1.0" 200 - "-" "WordPress/6.9.1; https://www.kamilletv.net"
185.93.89.110 - - [04/Feb/2026:09:10:37 -0500] "GET //.env HTTP/1.0" 301 - "-" "Go-http-client/1.1"
185.93.89.110 - - [04/Feb/2026:09:10:40 -0500] "GET /.env HTTP/1.0" 404 186934 "https://kamilletv.net//.env" "Go-http-client/1.1"
85.208.96.211 - - [04/Feb/2026:09:18:14 -0500] "GET /robots.txt HTTP/1.0" 403 228 "-" "Mozilla/5.0 (compatible; SemrushBot/7~bl; +http://www.semrush.com/bot.html)"
85.208.96.193 - - [04/Feb/2026:09:18:14 -0500] "GET /hello-world/ HTTP/1.0" 403 228 "-" "Mozilla/5.0 (compatible; SemrushBot/7~bl; +http://www.semrush.com/bot.html)"
185.170.167.18 - - [04/Feb/2026:09:46:04 -0500] "GET /robots.txt HTTP/1.0" 200 67 "-" "Mozilla/5.0 (compatible; BacklinksExtendedBot)"
173.231.242.79 - - [04/Feb/2026:09:46:09 -0500] "POST /wp-cron.php?doing_wp_cron=1770216369.0604588985443115234375 HTTP/1.0" 200 - "-" "WordPress/6.9.1; https://www.kamilletv.net"
185.170.167.18 - - [04/Feb/2026:09:46:04 -0500] "GET /hello-world/ HTTP/1.0" 200 197355 "-" "Mozilla/5.0 (compatible; BacklinksExtendedBot)"
173.231.242.79 - - [04/Feb/2026:09:58:33 -0500] "POST /wp-cron.php?doing_wp_cron=1770217113.6233119964599609375000 HTTP/1.0" 200 - "-" "WordPress/6.9.1; https://www.kamilletv.net"
92.63.174.165 - - [04/Feb/2026:09:58:32 -0500] "POST /xmlrpc.php HTTP/1.0" 200 403 "-" "Mozilla/5.0 (Windows NT 10.0) AppleWebKit/537.43 (KHTML, like Gecko) Chrome/138.0.0.0 Safari/537.36 OPR/122.0.0.0"
173.231.242.79 - - [04/Feb/2026:10:09:28 -0500] "POST /wp-cron.php?doing_wp_cron=1770217768.6705141067504882812500 HTTP/1.0" 200 - "-" "WordPress/6.9.1; https://www.kamilletv.net"
85.203.51.242 - - [04/Feb/2026:10:09:26 -0500] "GET / HTTP/1.0" 301 - "-" "Mozilla/5.0 (Macintosh; Intel Mac OS X 10_14_6) AppleWebKit/537.36 (KHTML, like Gecko) Chrome/87.0.4280.88 Safari/537.36"
173.231.242.79 - - [04/Feb/2026:10:14:49 -0500] "POST /wp-cron.php?doing_wp_cron=1770218089.4477849006652832031250 HTTP/1.0" 200 - "-" "WordPress/6.9.1; https://www.kamilletv.net"
104.244.77.51 - - [04/Feb/2026:10:14:47 -0500] "GET /wp-login.php HTTP/1.0" 200 6435 "-" "Mozilla/5.0 (Macintosh; Intel Mac OS X 10_6_8) AppleWebKit/537.36 (KHTML, like Gecko) Chrome/36.0.1985.125 Safari/537.36"
104.244.77.51 - - [04/Feb/2026:10:14:50 -0500] "POST /wp-login.php HTTP/1.0" 200 6856 "-" "Mozilla/5.0 (Macintosh; Intel Mac OS X 10_6_8) AppleWebKit/537.36 (KHTML, like Gecko) Chrome/36.0.1985.125 Safari/537.36"
173.231.242.79 - - [04/Feb/2026:10:22:50 -0500] "POST /wp-cron.php?doing_wp_cron=1770218570.1098139286041259765625 HTTP/1.0" 200 - "-" "WordPress/6.9.1; https://www.kamilletv.net"
173.231.242.79 - - [04/Feb/2026:10:22:50 -0500] "POST /wp-cron.php?doing_wp_cron=1770218570.2039380073547363281250 HTTP/1.0" 200 - "-" "WordPress/6.9.1; https://www.kamilletv.net"
37.120.210.154 - - [04/Feb/2026:10:22:44 -0500] "POST /1337_DATA/alfacgiapi/perl.alfa HTTP/1.0" 404 187096 "-" "Mozilla/5.0 (Macintosh; Intel Mac OS X 10_15_7) AppleWebKit/537.36 (KHTML, like Gecko) Chrome/120.0.0.0 Safari/537.36"
173.231.242.79 - - [04/Feb/2026:10:22:50 -0500] "POST /wp-cron.php?doing_wp_cron=1770218570.6745131015777587890625 HTTP/1.0" 200 - "-" "WordPress/6.9.1; https://www.kamilletv.net"
37.120.210.154 - - [04/Feb/2026:10:22:48 -0500] "POST /ALFA_DATA/perl.alfa HTTP/1.0" 404 187000 "-" "Mozilla/5.0 (iPhone; CPU iPhone OS 14_7_1 like Mac OS X) AppleWebKit/605.1.15 (KHTML, like Gecko) Version/14.1.2 Mobile/15E148 Safari/604.1"
37.120.210.154 - - [04/Feb/2026:10:22:52 -0500] "POST /alfacgiapi/perl.alfa HTTP/1.0" 406 300 "-" "curl/7.81.0"
37.120.210.154 - - [04/Feb/2026:10:22:53 -0500] "POST /ALFA_DATA/ALFA_DATA/alfacgiapi/perl.alfa HTTP/1.0" 404 187096 "-" "Mozilla/5.0 (X11; Linux x86_64) AppleWebKit/537.36 (KHTML, like Gecko) Chrome/120.0.0.0 Safari/537.36"
37.120.210.154 - - [04/Feb/2026:10:22:56 -0500] "POST /ALFA_DATA/alfacgiapi/perl.alfa HTTP/1.0" 404 187096 "-" "Mozilla/5.0 (Windows NT 10.0; Win64; x64) AppleWebKit/537.36 (KHTML, like Gecko) Chrome/91.0.4472.124 Safari/537.36"
37.120.210.154 - - [04/Feb/2026:10:22:58 -0500] "POST /ALONE-FOR-LIFE/alfacgiapi/perl.alfa HTTP/1.0" 404 187096 "-" "Mozilla/5.0 (Macintosh; Intel Mac OS X 10_15_7) AppleWebKit/537.36 (KHTML, like Gecko) Chrome/120.0.0.0 Safari/537.36"
37.120.210.154 - - [04/Feb/2026:10:23:01 -0500] "POST /SEOBARBAR_DATA/alfacgiapi/perl.alfa HTTP/1.0" 406 300 "-" "curl/7.68.0"
37.120.210.154 - - [04/Feb/2026:10:23:02 -0500] "POST /assets/ALFA_DATA/alfacgiapi/perl.alfa HTTP/1.0" 403 228 "-" "Mozilla/5.0 (compatible; Googlebot/2.1; +http://www.google.com/bot.html)"
37.120.210.154 - - [04/Feb/2026:10:23:04 -0500] "POST /assets/admin/ALFA_DATA/alfacgiapi/perl.alfa HTTP/1.0" 404 187096 "-" "Mozilla/5.0 (X11; Linux x86_64) AppleWebKit/537.36 (KHTML, like Gecko) Chrome/120.0.0.0 Safari/537.36"
37.120.210.154 - - [04/Feb/2026:10:23:06 -0500] "POST /assets/cw/alfacgiapi/perl.alfa HTTP/1.0" 404 187096 "-" "Mozilla/5.0 (Windows NT 10.0; Win64; x64; rv:109.0) Gecko/20100101 Firefox/115.0"
37.120.210.154 - - [04/Feb/2026:10:23:08 -0500] "POST /assets/files/ALFA_DATA/alfacgiapi/perl.alfa HTTP/1.0" 404 187096 "-" "Mozilla/5.0 (Windows NT 10.0; Win64; x64) AppleWebKit/537.36 (KHTML, like Gecko) Chrome/91.0.4472.124 Safari/537.36"
37.120.210.154 - - [04/Feb/2026:10:23:11 -0500] "POST /assets/images/ALFA_DATA/alfacgiapi/perl.alfa HTTP/1.0" 406 300 "-" "Mozilla/5.0 (compatible; Bingbot/2.0; +http://www.bing.com/bingbot.htm)"
37.120.210.154 - - [04/Feb/2026:10:23:12 -0500] "POST /assets/images/alfacgiapi/perl.alfa HTTP/1.0" 404 187096 "-" "Wget/1.21.2"
37.120.210.154 - - [04/Feb/2026:10:23:14 -0500] "POST /assets/materialize/fonts/roboto/INDONESIANDARKNET/alfacgiapi/perl.alfa HTTP/1.0" 404 187096 "-" "Mozilla/5.0 (Windows NT 10.0; Win64; x64) AppleWebKit/537.36 (KHTML, like Gecko) Chrome/91.0.4472.124 Safari/537.36"
37.120.210.154 - - [04/Feb/2026:10:23:17 -0500] "POST /css/ALFA_DATA/alfacgiapi/perl.alfa HTTP/1.0" 403 228 "-" "Mozilla/5.0 (compatible; Googlebot/2.1; +http://www.google.com/bot.html)"
37.120.210.154 - - [04/Feb/2026:10:23:19 -0500] "POST /css/alfacgiapi/perl.alfa HTTP/1.0" 406 300 "-" "curl/7.81.0"
37.120.210.154 - - [04/Feb/2026:10:23:21 -0500] "POST /en/English/scripts/alfacgiapi/perl.alfa HTTP/1.0" 404 187096 "-" "Mozilla/5.0 (X11; Linux x86_64) AppleWebKit/537.36 (KHTML, like Gecko) Chrome/120.0.0.0 Safari/537.36"
37.120.210.154 - - [04/Feb/2026:10:23:23 -0500] "POST /files/ALFA_DATA/alfacgiapi/perl.alfa HTTP/1.0" 404 187096 "-" "Mozilla/5.0 (Windows NT 10.0; Win64; x64; rv:109.0) Gecko/20100101 Firefox/115.0"
37.120.210.154 - - [04/Feb/2026:10:23:26 -0500] "POST /files/person/SEOBARBAR_DATA/alfacgiapi/perl.alfa HTTP/1.0" 406 300 "-" "Mozilla/5.0 (compatible; Bingbot/2.0; +http://www.bing.com/bingbot.htm)"
37.120.210.154 - - [04/Feb/2026:10:23:27 -0500] "POST /home/alfacgiapi/perl.alfa HTTP/1.0" 403 228 "-" "Mozilla/5.0 (compatible; Googlebot/2.1; +http://www.google.com/bot.html)"
173.231.242.79 - - [04/Feb/2026:10:23:30 -0500] "POST /wp-cron.php?doing_wp_cron=1770218610.2769730091094970703125 HTTP/1.0" 200 - "-" "WordPress/6.9.1; https://www.kamilletv.net"
37.120.210.154 - - [04/Feb/2026:10:23:29 -0500] "POST /images/ALFA_DATA/alfacgiapi/perl.alfa HTTP/1.0" 404 187096 "-" "python-requests/2.28.1"
37.120.210.154 - - [04/Feb/2026:10:23:31 -0500] "POST /images/alfacgiapi/perl.alfa HTTP/1.0" 404 187096 "-" "Mozilla/5.0 (Windows NT 10.0; Win64; x64; rv:109.0) Gecko/20100101 Firefox/115.0"
37.120.210.154 - - [04/Feb/2026:10:23:34 -0500] "POST /img/ALFA_DATA/alfacgiapi/perl.alfa HTTP/1.0" 406 300 "-" "curl/7.68.0"
37.120.210.154 - - [04/Feb/2026:10:23:36 -0500] "POST /img/alfacgiapi/perl.alfa HTTP/1.0" 406 300 "-" "curl/7.68.0"
37.120.210.154 - - [04/Feb/2026:10:23:37 -0500] "POST /roawk/alfacgiapi/perl.alfa HTTP/1.0" 404 187096 "-" "python-requests/2.28.1"
37.120.210.154 - - [04/Feb/2026:10:23:39 -0500] "POST /upload/ALFA_DATA/alfacgiapi/perl.alfa HTTP/1.0" 406 300 "-" "curl/7.68.0"
37.120.210.154 - - [04/Feb/2026:10:23:41 -0500] "POST /upload/alfacgiapi/perl.alfa HTTP/1.0" 403 228 "-" "Mozilla/5.0 (compatible; Googlebot/2.1; +http://www.google.com/bot.html)"
37.120.210.154 - - [04/Feb/2026:10:23:42 -0500] "POST /uploaded/RGP/alfacgiapi/perl.alfa HTTP/1.0" 404 187096 "-" "Mozilla/5.0 (Windows NT 10.0; Win64; x64) AppleWebKit/537.36"
37.120.210.154 - - [04/Feb/2026:10:23:44 -0500] "POST /uploads/pengumuman/alfacgiapi/perl.alfa HTTP/1.0" 404 187096 "-" "Mozilla/5.0 (X11; Linux x86_64) AppleWebKit/537.36 (KHTML, like Gecko) Chrome/120.0.0.0 Safari/537.36"
37.120.210.154 - - [04/Feb/2026:10:23:47 -0500] "POST /wp-admin/ALFA_DATA/alfacgiapi/perl.alfa HTTP/1.0" 404 187107 "-" "Mozilla/5.0 (iPhone; CPU iPhone OS 14_7_1 like Mac OS X) AppleWebKit/605.1.15 (KHTML, like Gecko) Version/14.1.2 Mobile/15E148 Safari/604.1"
37.120.210.154 - - [04/Feb/2026:10:23:50 -0500] "POST /wp-admin/alfacgiapi/perl.alfa HTTP/1.0" 404 187096 "-" "Wget/1.21.2"
37.120.210.154 - - [04/Feb/2026:10:23:52 -0500] "POST /wp-admin/includes/alfacgiapi/perl.alfa HTTP/1.0" 403 228 "-" "Wget/1.21.2"
37.120.210.154 - - [04/Feb/2026:10:23:54 -0500] "POST /wp-content/ALFA_DATA/alfacgiapi/perl.alfa HTTP/1.0" 404 187096 "-" "python-requests/2.28.1"
37.120.210.154 - - [04/Feb/2026:10:23:56 -0500] "POST /wp-content/alfacgiapi/perl.alfa HTTP/1.0" 404 187096 "-" "Wget/1.21.2"
37.120.210.154 - - [04/Feb/2026:10:23:58 -0500] "POST /wp-content/plugins/ALFA_DATA/alfacgiapi/perl.alfa HTTP/1.0" 404 187096 "-" "Wget/1.21.2"
37.120.210.154 - - [04/Feb/2026:10:24:01 -0500] "POST /wp-content/plugins/alfacgiapi/perl.alfa HTTP/1.0" 406 300 "-" "curl/7.81.0"
37.120.210.154 - - [04/Feb/2026:10:24:03 -0500] "POST /wp-content/plugins/dzs-zoomsounds/alfacgiapi/perl.alfa HTTP/1.0" 404 187096 "-" "Wget/1.21.2"
37.120.210.154 - - [04/Feb/2026:10:24:07 -0500] "POST /wp-content/plugins/wp-file-manager/alfacgiapi/perl.alfa HTTP/1.0" 404 187096 "-" "Mozilla/5.0 (Windows NT 10.0; Win64; x64; rv:109.0) Gecko/20100101 Firefox/115.0"
37.120.210.154 - - [04/Feb/2026:10:24:09 -0500] "POST /wp-content/themes/ALFA_DATA/alfacgiapi/perl.alfa HTTP/1.0" 406 300 "-" "curl/7.68.0"
37.120.210.154 - - [04/Feb/2026:10:24:21 -0500] "POST /wp-includes/alfacgiapi/perl.alfa HTTP/1.0" 404 187096 "-" "Mozilla/5.0 (Windows NT 10.0; Win64; x64) AppleWebKit/537.36 (KHTML, like Gecko) Chrome/120.0.0.0 Safari/537.36"
37.120.210.154 - - [04/Feb/2026:10:24:24 -0500] "POST /wp-includes/pomo/alfacgiapi/perl.alfa HTTP/1.0" 404 187096 "-" "Mozilla/5.0 (Windows NT 10.0; Win64; x64) AppleWebKit/537.36 (KHTML, like Gecko) Chrome/91.0.4472.124 Safari/537.36"
37.120.210.154 - - [04/Feb/2026:10:24:27 -0500] "POST /wp-plugins/alfacgiapi/perl.alfa HTTP/1.0" 404 187096 "-" "python-requests/2.28.1"
37.120.210.154 - - [04/Feb/2026:10:24:29 -0500] "POST /cgi-bin/alfacgiapi/perl.alfa HTTP/1.0" 404 187096 "-" "Mozilla/5.0 (Windows NT 10.0; Win64; x64) AppleWebKit/537.36 (KHTML, like Gecko) Chrome/91.0.4472.124 Safari/537.36"
173.231.242.79 - - [04/Feb/2026:10:24:32 -0500] "POST /wp-cron.php?doing_wp_cron=1770218672.1641550064086914062500 HTTP/1.0" 200 - "-" "WordPress/6.9.1; https://www.kamilletv.net"
37.120.210.154 - - [04/Feb/2026:10:24:31 -0500] "POST /data/alfacgiapi/perl.alfa HTTP/1.0" 404 187096 "-" "python-requests/2.28.1"
37.120.210.154 - - [04/Feb/2026:10:24:33 -0500] "POST /inc/alfacgiapi/perl.alfa HTTP/1.0" 404 187096 "-" "python-requests/2.28.1"
37.120.210.154 - - [04/Feb/2026:10:24:36 -0500] "POST /includes/alfacgiapi/perl.alfa HTTP/1.0" 404 187096 "-" "Wget/1.21.2"
37.120.210.154 - - [04/Feb/2026:10:24:38 -0500] "POST /lib/alfacgiapi/perl.alfa HTTP/1.0" 404 187096 "-" "Mozilla/5.0 (Windows NT 10.0; Win64; x64) AppleWebKit/537.36"
37.120.210.154 - - [04/Feb/2026:10:24:41 -0500] "POST /src/alfacgiapi/perl.alfa HTTP/1.0" 406 300 "-" "curl/7.81.0"
37.120.210.154 - - [04/Feb/2026:10:24:42 -0500] "POST /tmp/alfacgiapi/perl.alfa HTTP/1.0" 404 187096 "-" "Mozilla/5.0 (Windows NT 10.0; Win64; x64; rv:109.0) Gecko/20100101 Firefox/115.0"
37.120.210.154 - - [04/Feb/2026:10:24:44 -0500] "POST /var/www/alfacgiapi/perl.alfa HTTP/1.0" 404 187096 "-" "Mozilla/5.0 (X11; Linux x86_64) AppleWebKit/537.36 (KHTML, like Gecko) Chrome/120.0.0.0 Safari/537.36"
37.120.210.154 - - [04/Feb/2026:10:24:48 -0500] "POST /public_html/alfacgiapi/perl.alfa HTTP/1.0" 404 187096 "-" "Mozilla/5.0 (Windows NT 10.0; Win64; x64) AppleWebKit/537.36 (KHTML, like Gecko) Chrome/120.0.0.0 Safari/537.36"
37.120.210.154 - - [04/Feb/2026:10:24:50 -0500] "POST /html/alfacgiapi/perl.alfa HTTP/1.0" 406 300 "-" "curl/7.68.0"
37.120.210.154 - - [04/Feb/2026:10:24:52 -0500] "POST /www/alfacgiapi/perl.alfa HTTP/1.0" 404 187096 "-" "python-requests/2.28.1"
37.120.210.154 - - [04/Feb/2026:10:24:54 -0500] "POST /web/alfacgiapi/perl.alfa HTTP/1.0" 404 187096 "-" "Mozilla/5.0 (Windows NT 10.0; Win64; x64) AppleWebKit/537.36"
37.120.210.154 - - [04/Feb/2026:10:24:57 -0500] "POST /site/alfacgiapi/perl.alfa HTTP/1.0" 406 300 "-" "curl/7.81.0"
37.120.210.154 - - [04/Feb/2026:10:24:58 -0500] "POST /application/alfacgiapi/perl.alfa HTTP/1.0" 404 187096 "-" "Mozilla/5.0 (Windows NT 10.0; Win64; x64) AppleWebKit/537.36 (KHTML, like Gecko) Chrome/91.0.4472.124 Safari/537.36"
37.120.210.154 - - [04/Feb/2026:10:25:00 -0500] "POST /system/alfacgiapi/perl.alfa HTTP/1.0" 404 187096 "-" "Mozilla/5.0 (X11; Linux x86_64) AppleWebKit/537.36 (KHTML, like Gecko) Chrome/120.0.0.0 Safari/537.36"
37.120.210.154 - - [04/Feb/2026:10:25:02 -0500] "POST /modules/alfacgiapi/perl.alfa HTTP/1.0" 404 187096 "-" "python-requests/2.28.1"
37.120.210.154 - - [04/Feb/2026:10:25:04 -0500] "POST /components/alfacgiapi/perl.alfa HTTP/1.0" 404 187107 "-" "Mozilla/5.0 (iPhone; CPU iPhone OS 14_7_1 like Mac OS X) AppleWebKit/605.1.15 (KHTML, like Gecko) Version/14.1.2 Mobile/15E148 Safari/604.1"
37.120.210.154 - - [04/Feb/2026:10:25:07 -0500] "POST /templates/alfacgiapi/perl.alfa HTTP/1.0" 403 228 "-" "Mozilla/5.0 (compatible; Googlebot/2.1; +http://www.google.com/bot.html)"
37.120.210.154 - - [04/Feb/2026:10:25:09 -0500] "POST /media/alfacgiapi/perl.alfa HTTP/1.0" 404 187096 "-" "Mozilla/5.0 (Windows NT 10.0; Win64; x64) AppleWebKit/537.36 (KHTML, like Gecko) Chrome/91.0.4472.124 Safari/537.36"
37.120.210.154 - - [04/Feb/2026:10:25:11 -0500] "POST /cache/alfacgiapi/perl.alfa HTTP/1.0" 406 300 "-" "Mozilla/5.0 (compatible; Bingbot/2.0; +http://www.bing.com/bingbot.htm)"
37.120.210.154 - - [04/Feb/2026:10:25:12 -0500] "POST /log/alfacgiapi/perl.alfa HTTP/1.0" 404 187107 "-" "Mozilla/5.0 (iPhone; CPU iPhone OS 14_7_1 like Mac OS X) AppleWebKit/605.1.15 (KHTML, like Gecko) Version/14.1.2 Mobile/15E148 Safari/604.1"
37.120.210.154 - - [04/Feb/2026:10:25:15 -0500] "POST /backup/alfacgiapi/perl.alfa HTTP/1.0" 404 187096 "-" "Mozilla/5.0 (X11; Linux x86_64) AppleWebKit/537.36 (KHTML, like Gecko) Chrome/120.0.0.0 Safari/537.36"
37.120.210.154 - - [04/Feb/2026:10:25:17 -0500] "POST /old/alfacgiapi/perl.alfa HTTP/1.0" 404 187096 "-" "Wget/1.21.2"
37.120.210.154 - - [04/Feb/2026:10:25:18 -0500] "POST /1337_DATA/alfacgiapi/perl.alfa HTTP/1.0" 404 187056 "-" "Mozilla/5.0 (iPhone; CPU iPhone OS 14_7_1 like Mac OS X) AppleWebKit/605.1.15 (KHTML, like Gecko) Version/14.1.2 Mobile/15E148 Safari/604.1"
37.120.210.154 - - [04/Feb/2026:10:25:24 -0500] "POST /alfacgiapi/perl.alfa HTTP/1.0" 403 228 "-" "Mozilla/5.0 (compatible; Googlebot/2.1; +http://www.google.com/bot.html)"
37.120.210.154 - - [04/Feb/2026:10:25:25 -0500] "POST /ALFA_DATA/ALFA_DATA/alfacgiapi/perl.alfa HTTP/1.0" 404 187045 "-" "Mozilla/5.0 (X11; Linux x86_64) AppleWebKit/537.36 (KHTML, like Gecko) Chrome/120.0.0.0 Safari/537.36"
37.120.210.154 - - [04/Feb/2026:10:25:27 -0500] "POST /ALFA_DATA/alfacgiapi/perl.alfa HTTP/1.0" 404 187056 "-" "Mozilla/5.0 (iPhone; CPU iPhone OS 14_7_1 like Mac OS X) AppleWebKit/605.1.15 (KHTML, like Gecko) Version/14.1.2 Mobile/15E148 Safari/604.1"
173.231.242.79 - - [04/Feb/2026:10:25:31 -0500] "POST /wp-cron.php?doing_wp_cron=1770218731.0533199310302734375000 HTTP/1.0" 200 - "-" "WordPress/6.9.1; https://www.kamilletv.net"
37.120.210.154 - - [04/Feb/2026:10:25:30 -0500] "POST /ALONE-FOR-LIFE/alfacgiapi/perl.alfa HTTP/1.0" 404 187045 "-" "Mozilla/5.0 (Windows NT 10.0; Win64; x64) AppleWebKit/537.36 (KHTML, like Gecko) Chrome/120.0.0.0 Safari/537.36"
37.120.210.154 - - [04/Feb/2026:10:25:32 -0500] "POST /SEOBARBAR_DATA/alfacgiapi/perl.alfa HTTP/1.0" 404 187045 "-" "Mozilla/5.0 (Windows NT 10.0; Win64; x64) AppleWebKit/537.36 (KHTML, like Gecko) Chrome/120.0.0.0 Safari/537.36"
37.120.210.154 - - [04/Feb/2026:10:25:34 -0500] "POST /assets/ALFA_DATA/alfacgiapi/perl.alfa HTTP/1.0" 406 300 "-" "Mozilla/5.0 (compatible; Bingbot/2.0; +http://www.bing.com/bingbot.htm)"
37.120.210.154 - - [04/Feb/2026:10:25:35 -0500] "POST /assets/admin/ALFA_DATA/alfacgiapi/perl.alfa HTTP/1.0" 404 187045 "-" "Mozilla/5.0 (Windows NT 10.0; Win64; x64) AppleWebKit/537.36 (KHTML, like Gecko) Chrome/91.0.4472.124 Safari/537.36"
37.120.210.154 - - [04/Feb/2026:10:25:37 -0500] "POST /assets/cw/alfacgiapi/perl.alfa HTTP/1.0" 406 300 "-" "curl/7.81.0"
37.120.210.154 - - [04/Feb/2026:10:25:38 -0500] "POST /assets/files/ALFA_DATA/alfacgiapi/perl.alfa HTTP/1.0" 404 187045 "-" "Mozilla/5.0 (Macintosh; Intel Mac OS X 10_15_7) AppleWebKit/537.36 (KHTML, like Gecko) Chrome/120.0.0.0 Safari/537.36"
37.120.210.154 - - [04/Feb/2026:10:25:41 -0500] "POST /assets/images/ALFA_DATA/alfacgiapi/perl.alfa HTTP/1.0" 404 187045 "-" "python-requests/2.28.1"
37.120.210.154 - - [04/Feb/2026:10:25:43 -0500] "POST /assets/images/alfacgiapi/perl.alfa HTTP/1.0" 404 187045 "-" "Mozilla/5.0 (Windows NT 10.0; Win64; x64; rv:109.0) Gecko/20100101 Firefox/115.0"
37.120.210.154 - - [04/Feb/2026:10:25:46 -0500] "POST /assets/materialize/fonts/roboto/INDONESIANDARKNET/alfacgiapi/perl.alfa HTTP/1.0" 404 187045 "-" "Mozilla/5.0 (Macintosh; Intel Mac OS X 10_15_7) AppleWebKit/537.36 (KHTML, like Gecko) Chrome/120.0.0.0 Safari/537.36"
37.120.210.154 - - [04/Feb/2026:10:25:48 -0500] "POST /css/ALFA_DATA/alfacgiapi/perl.alfa HTTP/1.0" 404 187045 "-" "Mozilla/5.0 (Windows NT 10.0; Win64; x64) AppleWebKit/537.36 (KHTML, like Gecko) Chrome/91.0.4472.124 Safari/537.36"
37.120.210.154 - - [04/Feb/2026:10:25:50 -0500] "POST /css/alfacgiapi/perl.alfa HTTP/1.0" 404 187045 "-" "Mozilla/5.0 (Windows NT 10.0; Win64; x64) AppleWebKit/537.36"
37.120.210.154 - - [04/Feb/2026:10:25:53 -0500] "POST /en/English/scripts/alfacgiapi/perl.alfa HTTP/1.0" 404 187045 "-" "Mozilla/5.0 (Windows NT 10.0; Win64; x64) AppleWebKit/537.36 (KHTML, like Gecko) Chrome/120.0.0.0 Safari/537.36"
37.120.210.154 - - [04/Feb/2026:10:25:55 -0500] "POST /files/ALFA_DATA/alfacgiapi/perl.alfa HTTP/1.0" 404 187045 "-" "Wget/1.21.2"
37.120.210.154 - - [04/Feb/2026:10:25:57 -0500] "POST /files/person/SEOBARBAR_DATA/alfacgiapi/perl.alfa HTTP/1.0" 404 187045 "-" "Mozilla/5.0 (X11; Linux x86_64) AppleWebKit/537.36 (KHTML, like Gecko) Chrome/120.0.0.0 Safari/537.36"
37.120.210.154 - - [04/Feb/2026:10:26:00 -0500] "POST /home/alfacgiapi/perl.alfa HTTP/1.0" 404 187045 "-" "Wget/1.21.2"
37.120.210.154 - - [04/Feb/2026:10:26:02 -0500] "POST /images/ALFA_DATA/alfacgiapi/perl.alfa HTTP/1.0" 403 228 "-" "Mozilla/5.0 (compatible; Googlebot/2.1; +http://www.google.com/bot.html)"
37.120.210.154 - - [04/Feb/2026:10:26:02 -0500] "POST /images/alfacgiapi/perl.alfa HTTP/1.0" 404 187045 "-" "Mozilla/5.0 (Windows NT 10.0; Win64; x64) AppleWebKit/537.36"
37.120.210.154 - - [04/Feb/2026:10:26:05 -0500] "POST /img/ALFA_DATA/alfacgiapi/perl.alfa HTTP/1.0" 404 187045 "-" "Mozilla/5.0 (Windows NT 10.0; Win64; x64; rv:109.0) Gecko/20100101 Firefox/115.0"
37.120.210.154 - - [04/Feb/2026:10:26:07 -0500] "POST /img/alfacgiapi/perl.alfa HTTP/1.0" 404 187045 "-" "Mozilla/5.0 (Windows NT 10.0; Win64; x64) AppleWebKit/537.36 (KHTML, like Gecko) Chrome/91.0.4472.124 Safari/537.36"
37.120.210.154 - - [04/Feb/2026:10:26:10 -0500] "POST /roawk/alfacgiapi/perl.alfa HTTP/1.0" 404 187045 "-" "python-requests/2.28.1"
37.120.210.154 - - [04/Feb/2026:10:26:19 -0500] "POST /uploaded/RGP/alfacgiapi/perl.alfa HTTP/1.0" 404 187045 "-" "Mozilla/5.0 (Windows NT 10.0; Win64; x64) AppleWebKit/537.36 (KHTML, like Gecko) Chrome/120.0.0.0 Safari/537.36"
37.120.210.154 - - [04/Feb/2026:10:26:21 -0500] "POST /uploads/pengumuman/alfacgiapi/perl.alfa HTTP/1.0" 404 187045 "-" "Mozilla/5.0 (Windows NT 10.0; Win64; x64) AppleWebKit/537.36 (KHTML, like Gecko) Chrome/120.0.0.0 Safari/537.36"
37.120.210.154 - - [04/Feb/2026:10:26:23 -0500] "POST /wp-admin/ALFA_DATA/alfacgiapi/perl.alfa HTTP/1.0" 404 187045 "-" "Mozilla/5.0 (Windows NT 10.0; Win64; x64) AppleWebKit/537.36 (KHTML, like Gecko) Chrome/91.0.4472.124 Safari/537.36"
37.120.210.154 - - [04/Feb/2026:10:26:25 -0500] "POST /wp-admin/alfacgiapi/perl.alfa HTTP/1.0" 404 187045 "-" "Mozilla/5.0 (Macintosh; Intel Mac OS X 10_15_7) AppleWebKit/537.36 (KHTML, like Gecko) Chrome/120.0.0.0 Safari/537.36"
37.120.210.154 - - [04/Feb/2026:10:26:28 -0500] "POST /wp-admin/includes/alfacgiapi/perl.alfa HTTP/1.0" 406 300 "-" "Mozilla/5.0 (compatible; Bingbot/2.0; +http://www.bing.com/bingbot.htm)"
37.120.210.154 - - [04/Feb/2026:10:26:28 -0500] "POST /wp-content/ALFA_DATA/alfacgiapi/perl.alfa HTTP/1.0" 404 187056 "-" "Mozilla/5.0 (iPhone; CPU iPhone OS 14_7_1 like Mac OS X) AppleWebKit/605.1.15 (KHTML, like Gecko) Version/14.1.2 Mobile/15E148 Safari/604.1"
173.231.242.79 - - [04/Feb/2026:10:26:37 -0500] "POST /wp-cron.php?doing_wp_cron=1770218797.9605219364166259765625 HTTP/1.0" 200 - "-" "WordPress/6.9.1; https://www.kamilletv.net"
37.120.210.154 - - [04/Feb/2026:10:26:37 -0500] "POST /wp-content/plugins/alfacgiapi/perl.alfa HTTP/1.0" 404 187045 "-" "Mozilla/5.0 (Macintosh; Intel Mac OS X 10_15_7) AppleWebKit/537.36 (KHTML, like Gecko) Chrome/120.0.0.0 Safari/537.36"
37.120.210.154 - - [04/Feb/2026:10:26:39 -0500] "POST /wp-content/plugins/dzs-zoomsounds/alfacgiapi/perl.alfa HTTP/1.0" 404 187045 "-" "Wget/1.21.2"
37.120.210.154 - - [04/Feb/2026:10:26:41 -0500] "POST /wp-content/plugins/wp-file-manager/alfacgiapi/perl.alfa HTTP/1.0" 406 300 "-" "Mozilla/5.0 (compatible; Bingbot/2.0; +http://www.bing.com/bingbot.htm)"
37.120.210.154 - - [04/Feb/2026:10:26:42 -0500] "POST /wp-content/themes/ALFA_DATA/alfacgiapi/perl.alfa HTTP/1.0" 404 187045 "-" "Mozilla/5.0 (Macintosh; Intel Mac OS X 10_15_7) AppleWebKit/537.36 (KHTML, like Gecko) Chrome/120.0.0.0 Safari/537.36"
37.120.210.154 - - [04/Feb/2026:10:26:49 -0500] "POST /wp-includes/alfacgiapi/perl.alfa HTTP/1.0" 404 187045 "-" "Mozilla/5.0 (Macintosh; Intel Mac OS X 10_15_7) AppleWebKit/537.36 (KHTML, like Gecko) Chrome/120.0.0.0 Safari/537.36"
37.120.210.154 - - [04/Feb/2026:10:26:52 -0500] "POST /wp-includes/pomo/alfacgiapi/perl.alfa HTTP/1.0" 404 187045 "-" "Mozilla/5.0 (Macintosh; Intel Mac OS X 10_15_7) AppleWebKit/537.36 (KHTML, like Gecko) Chrome/120.0.0.0 Safari/537.36"
37.120.210.154 - - [04/Feb/2026:10:26:54 -0500] "POST /wp-plugins/alfacgiapi/perl.alfa HTTP/1.0" 406 300 "-" "curl/7.68.0"
37.120.210.154 - - [04/Feb/2026:10:26:55 -0500] "POST /cgi-bin/alfacgiapi/perl.alfa HTTP/1.0" 404 187056 "-" "Mozilla/5.0 (iPhone; CPU iPhone OS 14_7_1 like Mac OS X) AppleWebKit/605.1.15 (KHTML, like Gecko) Version/14.1.2 Mobile/15E148 Safari/604.1"
37.120.210.154 - - [04/Feb/2026:10:26:57 -0500] "POST /data/alfacgiapi/perl.alfa HTTP/1.0" 406 300 "-" "curl/7.68.0"
37.120.210.154 - - [04/Feb/2026:10:26:58 -0500] "POST /inc/alfacgiapi/perl.alfa HTTP/1.0" 406 300 "-" "curl/7.81.0"
37.120.210.154 - - [04/Feb/2026:10:26:59 -0500] "POST /includes/alfacgiapi/perl.alfa HTTP/1.0" 404 187045 "-" "Mozilla/5.0 (Windows NT 10.0; Win64; x64) AppleWebKit/537.36 (KHTML, like Gecko) Chrome/91.0.4472.124 Safari/537.36"
37.120.210.154 - - [04/Feb/2026:10:27:01 -0500] "POST /lib/alfacgiapi/perl.alfa HTTP/1.0" 404 187045 "-" "Wget/1.21.2"
37.120.210.154 - - [04/Feb/2026:10:27:03 -0500] "POST /src/alfacgiapi/perl.alfa HTTP/1.0" 404 187045 "-" "Mozilla/5.0 (Windows NT 10.0; Win64; x64) AppleWebKit/537.36 (KHTML, like Gecko) Chrome/91.0.4472.124 Safari/537.36"
37.120.210.154 - - [04/Feb/2026:10:27:06 -0500] "POST /tmp/alfacgiapi/perl.alfa HTTP/1.0" 404 187045 "-" "Mozilla/5.0 (Windows NT 10.0; Win64; x64) AppleWebKit/537.36 (KHTML, like Gecko) Chrome/91.0.4472.124 Safari/537.36"
37.120.210.154 - - [04/Feb/2026:10:27:08 -0500] "POST /var/www/alfacgiapi/perl.alfa HTTP/1.0" 403 228 "-" "Mozilla/5.0 (compatible; Googlebot/2.1; +http://www.google.com/bot.html)"
37.120.210.154 - - [04/Feb/2026:10:27:09 -0500] "POST /public_html/alfacgiapi/perl.alfa HTTP/1.0" 404 187045 "-" "Mozilla/5.0 (Windows NT 10.0; Win64; x64; rv:109.0) Gecko/20100101 Firefox/115.0"
37.120.210.154 - - [04/Feb/2026:10:27:11 -0500] "POST /html/alfacgiapi/perl.alfa HTTP/1.0" 404 187045 "-" "Mozilla/5.0 (Windows NT 10.0; Win64; x64) AppleWebKit/537.36 (KHTML, like Gecko) Chrome/120.0.0.0 Safari/537.36"
37.120.210.154 - - [04/Feb/2026:10:27:14 -0500] "POST /www/alfacgiapi/perl.alfa HTTP/1.0" 406 300 "-" "Mozilla/5.0 (compatible; Bingbot/2.0; +http://www.bing.com/bingbot.htm)"
37.120.210.154 - - [04/Feb/2026:10:27:14 -0500] "POST /web/alfacgiapi/perl.alfa HTTP/1.0" 404 187045 "-" "Mozilla/5.0 (Windows NT 10.0; Win64; x64; rv:109.0) Gecko/20100101 Firefox/115.0"
37.120.210.154 - - [04/Feb/2026:10:27:16 -0500] "POST /site/alfacgiapi/perl.alfa HTTP/1.0" 404 187056 "-" "Mozilla/5.0 (iPhone; CPU iPhone OS 14_7_1 like Mac OS X) AppleWebKit/605.1.15 (KHTML, like Gecko) Version/14.1.2 Mobile/15E148 Safari/604.1"
37.120.210.154 - - [04/Feb/2026:10:27:18 -0500] "POST /application/alfacgiapi/perl.alfa HTTP/1.0" 404 187045 "-" "Mozilla/5.0 (Windows NT 10.0; Win64; x64) AppleWebKit/537.36"
37.120.210.154 - - [04/Feb/2026:10:27:21 -0500] "POST /system/alfacgiapi/perl.alfa HTTP/1.0" 404 187045 "-" "Mozilla/5.0 (Windows NT 10.0; Win64; x64) AppleWebKit/537.36 (KHTML, like Gecko) Chrome/120.0.0.0 Safari/537.36"
37.120.210.154 - - [04/Feb/2026:10:27:23 -0500] "POST /modules/alfacgiapi/perl.alfa HTTP/1.0" 404 187045 "-" "Mozilla/5.0 (Windows NT 10.0; Win64; x64) AppleWebKit/537.36"
37.120.210.154 - - [04/Feb/2026:10:27:25 -0500] "POST /components/alfacgiapi/perl.alfa HTTP/1.0" 404 187045 "-" "python-requests/2.28.1"
37.120.210.154 - - [04/Feb/2026:10:27:27 -0500] "POST /templates/alfacgiapi/perl.alfa HTTP/1.0" 404 187045 "-" "Mozilla/5.0 (Windows NT 10.0; Win64; x64) AppleWebKit/537.36 (KHTML, like Gecko) Chrome/120.0.0.0 Safari/537.36"
173.231.242.79 - - [04/Feb/2026:10:27:31 -0500] "POST /wp-cron.php?doing_wp_cron=1770218851.7233800888061523437500 HTTP/1.0" 200 - "-" "WordPress/6.9.1; https://www.kamilletv.net"
37.120.210.154 - - [04/Feb/2026:10:27:29 -0500] "POST /media/alfacgiapi/perl.alfa HTTP/1.0" 404 187045 "-" "Mozilla/5.0 (Windows NT 10.0; Win64; x64) AppleWebKit/537.36 (KHTML, like Gecko) Chrome/91.0.4472.124 Safari/537.36"
37.120.210.154 - - [04/Feb/2026:10:27:33 -0500] "POST /cache/alfacgiapi/perl.alfa HTTP/1.0" 404 187045 "-" "Mozilla/5.0 (Windows NT 10.0; Win64; x64) AppleWebKit/537.36 (KHTML, like Gecko) Chrome/120.0.0.0 Safari/537.36"
37.120.210.154 - - [04/Feb/2026:10:27:35 -0500] "POST /log/alfacgiapi/perl.alfa HTTP/1.0" 404 187045 "-" "Mozilla/5.0 (Windows NT 10.0; Win64; x64; rv:109.0) Gecko/20100101 Firefox/115.0"
37.120.210.154 - - [04/Feb/2026:10:27:37 -0500] "POST /backup/alfacgiapi/perl.alfa HTTP/1.0" 404 187045 "-" "Mozilla/5.0 (Macintosh; Intel Mac OS X 10_15_7) AppleWebKit/537.36 (KHTML, like Gecko) Chrome/120.0.0.0 Safari/537.36"
37.120.210.154 - - [04/Feb/2026:10:27:39 -0500] "POST /old/alfacgiapi/perl.alfa HTTP/1.0" 404 187045 "-" "Mozilla/5.0 (Windows NT 10.0; Win64; x64) AppleWebKit/537.36"
47.128.98.41 - - [04/Feb/2026:10:57:05 -0500] "GET /robots.txt HTTP/1.0" 403 228 "-" "Mozilla/5.0 (Linux; Android 5.0) AppleWebKit/537.36 (KHTML, like Gecko) Mobile Safari/537.36 (compatible; Bytespider; spider-feedback@bytedance.com)"
173.231.242.79 - - [04/Feb/2026:11:16:02 -0500] "POST /wp-cron.php?doing_wp_cron=1770221761.9213678836822509765625 HTTP/1.0" 200 - "-" "WordPress/6.9.1; https://www.kamilletv.net"
52.200.134.85 - - [04/Feb/2026:11:15:58 -0500] "GET / HTTP/1.0" 200 220543 "-" "Mozilla/5.0 (Macintosh; Intel Mac OS X 10_15_7) AppleWebKit/605.1.15 (KHTML, like Gecko) Version/18.5 Safari/605.1.15"
173.231.242.79 - - [04/Feb/2026:11:22:43 -0500] "POST /wp-cron.php?doing_wp_cron=1770222163.5162539482116699218750 HTTP/1.0" 200 - "-" "WordPress/6.9.1; https://www.kamilletv.net"
91.92.242.178 - - [04/Feb/2026:11:22:42 -0500] "GET /.env HTTP/1.0" 301 - "-" "Mozlila/5.0 (Linux; Android 7.0; SM-G892A Bulid/NRD90M; wv) AppleWebKit/537.36 (KHTML, like Gecko) Version/4.0 Chrome/60.0.3112.107 Moblie Safari/537.36"
91.92.242.178 - - [04/Feb/2026:11:22:44 -0500] "GET /.env HTTP/1.0" 404 186894 "-" "Mozlila/5.0 (Linux; Android 7.0; SM-G892A Bulid/NRD90M; wv) AppleWebKit/537.36 (KHTML, like Gecko) Version/4.0 Chrome/60.0.3112.107 Moblie Safari/537.36"
173.231.242.79 - - [04/Feb/2026:11:23:25 -0500] "POST /wp-cron.php?doing_wp_cron=1770222205.4955630302429199218750 HTTP/1.0" 200 - "-" "WordPress/6.9.1; https://www.kamilletv.net"
91.92.242.178 - - [04/Feb/2026:11:23:22 -0500] "GET /txets.php HTTP/1.0" 301 - "-" "Mozilla/5.0 (Linux; Android 7.0; SM-G892A Build/NRD90M; wv) AppleWebKit/537.36 (KHTML, Gecko) Version/4.0 Chrome/60.0.3112.107 Mobile Safari/537.36"
91.92.242.178 - - [04/Feb/2026:11:23:27 -0500] "GET /txets.php HTTP/1.0" 404 186945 "-" "Mozilla/5.0 (Linux; Android 7.0; SM-G892A Build/NRD90M; wv) AppleWebKit/537.36 (KHTML, Gecko) Version/4.0 Chrome/60.0.3112.107 Mobile Safari/537.36"
91.92.242.178 - - [04/Feb/2026:11:23:29 -0500] "GET /wp-content/plugins/fix/up.php HTTP/1.0" 403 228 "-" "Mozilla/5.0 (Linux; Android 7.0; SM-G892A Build/NRD90M; wv) AppleWebKit/537.36 (KHTML, Gecko) Version/4.0 Chrome/60.0.3112.107 Mobile Safari/537.36"
91.92.242.178 - - [04/Feb/2026:11:23:30 -0500] "GET /wp-content/index.php HTTP/1.0" 200 - "-" "Mozilla/5.0 (Linux; Android 7.0; SM-G892A Build/NRD90M; wv) AppleWebKit/537.36 (KHTML, Gecko) Version/4.0 Chrome/60.0.3112.107 Mobile Safari/537.36"
173.231.242.79 - - [04/Feb/2026:11:23:32 -0500] "POST /wp-cron.php?doing_wp_cron=1770222212.9609830379486083984375 HTTP/1.0" 200 - "-" "WordPress/6.9.1; https://www.kamilletv.net"
91.92.242.178 - - [04/Feb/2026:11:23:31 -0500] "GET /wp-admin/index.php HTTP/1.0" 302 - "-" "Mozilla/5.0 (Linux; Android 7.0; SM-G892A Build/NRD90M; wv) AppleWebKit/537.36 (KHTML, Gecko) Version/4.0 Chrome/60.0.3112.107 Mobile Safari/537.36"
91.92.242.178 - - [04/Feb/2026:11:23:34 -0500] "GET /wp-login.php?redirect_to=https%3A%2F%2Fkamilletv.net%2Fwp-admin%2Findex.php&reauth=1 HTTP/1.0" 200 6440 "-" "Mozilla/5.0 (Linux; Android 7.0; SM-G892A Build/NRD90M; wv) AppleWebKit/537.36 (KHTML, Gecko) Version/4.0 Chrome/60.0.3112.107 Mobile Safari/537.36"
91.92.242.178 - - [04/Feb/2026:11:23:36 -0500] "GET /wp-content/plugins/pwnd/pwnd.php HTTP/1.0" 403 228 "-" "Mozilla/5.0 (Linux; Android 7.0; SM-G892A Build/NRD90M; wv) AppleWebKit/537.36 (KHTML, Gecko) Version/4.0 Chrome/60.0.3112.107 Mobile Safari/537.36"
91.92.242.178 - - [04/Feb/2026:11:23:37 -0500] "GET /wp-includes/index.php HTTP/1.0" 403 228 "-" "Mozilla/5.0 (Linux; Android 7.0; SM-G892A Build/NRD90M; wv) AppleWebKit/537.36 (KHTML, Gecko) Version/4.0 Chrome/60.0.3112.107 Mobile Safari/537.36"
91.92.242.178 - - [04/Feb/2026:11:23:38 -0500] "GET /wp-content/plugins/simple/simple.php HTTP/1.0" 403 228 "-" "Mozilla/5.0 (Linux; Android 7.0; SM-G892A Build/NRD90M; wv) AppleWebKit/537.36 (KHTML, Gecko) Version/4.0 Chrome/60.0.3112.107 Mobile Safari/537.36"
91.92.242.178 - - [04/Feb/2026:11:23:39 -0500] "GET /wp-content/cache/index.php HTTP/1.0" 301 - "-" "Mozilla/5.0 (Linux; Android 7.0; SM-G892A Build/NRD90M; wv) AppleWebKit/537.36 (KHTML, Gecko) Version/4.0 Chrome/60.0.3112.107 Mobile Safari/537.36"
91.92.242.178 - - [04/Feb/2026:11:23:41 -0500] "GET /wp-content/cache/ HTTP/1.0" 404 186945 "-" "Mozilla/5.0 (Linux; Android 7.0; SM-G892A Build/NRD90M; wv) AppleWebKit/537.36 (KHTML, Gecko) Version/4.0 Chrome/60.0.3112.107 Mobile Safari/537.36"
91.92.242.178 - - [04/Feb/2026:11:23:44 -0500] "GET /wp-content/languages/index.php HTTP/1.0" 301 - "-" "Mozilla/5.0 (Linux; Android 7.0; SM-G892A Build/NRD90M; wv) AppleWebKit/537.36 (KHTML, Gecko) Version/4.0 Chrome/60.0.3112.107 Mobile Safari/537.36"
91.92.242.178 - - [04/Feb/2026:11:23:47 -0500] "GET /wp-content/languages/ HTTP/1.0" 404 186945 "-" "Mozilla/5.0 (Linux; Android 7.0; SM-G892A Build/NRD90M; wv) AppleWebKit/537.36 (KHTML, Gecko) Version/4.0 Chrome/60.0.3112.107 Mobile Safari/537.36"
91.92.242.178 - - [04/Feb/2026:11:23:50 -0500] "GET /wp-content/plugins/index.php HTTP/1.0" 403 228 "-" "Mozilla/5.0 (Linux; Android 7.0; SM-G892A Build/NRD90M; wv) AppleWebKit/537.36 (KHTML, Gecko) Version/4.0 Chrome/60.0.3112.107 Mobile Safari/537.36"
91.92.242.178 - - [04/Feb/2026:11:23:51 -0500] "GET /wp-content/themes/index.php HTTP/1.0" 403 228 "-" "Mozilla/5.0 (Linux; Android 7.0; SM-G892A Build/NRD90M; wv) AppleWebKit/537.36 (KHTML, Gecko) Version/4.0 Chrome/60.0.3112.107 Mobile Safari/537.36"
91.92.242.178 - - [04/Feb/2026:11:23:51 -0500] "GET /wp-content/upgrade/index.php HTTP/1.0" 301 - "-" "Mozilla/5.0 (Linux; Android 7.0; SM-G892A Build/NRD90M; wv) AppleWebKit/537.36 (KHTML, Gecko) Version/4.0 Chrome/60.0.3112.107 Mobile Safari/537.36"
91.92.242.178 - - [04/Feb/2026:11:23:54 -0500] "GET /wp-content/upgrade/ HTTP/1.0" 403 228 "-" "Mozilla/5.0 (Linux; Android 7.0; SM-G892A Build/NRD90M; wv) AppleWebKit/537.36 (KHTML, Gecko) Version/4.0 Chrome/60.0.3112.107 Mobile Safari/537.36"
173.231.242.79 - - [04/Feb/2026:11:26:15 -0500] "POST /wp-cron.php?doing_wp_cron=1770222375.8269929885864257812500 HTTP/1.0" 200 - "-" "WordPress/6.9.1; https://www.kamilletv.net"
173.231.242.79 - - [04/Feb/2026:11:26:15 -0500] "POST /wp-cron.php?doing_wp_cron=1770222375.8257579803466796875000 HTTP/1.0" 200 - "-" "WordPress/6.9.1; https://www.kamilletv.net"
192.64.117.254 - - [04/Feb/2026:11:26:13 -0500] "POST /xmlrpc.php HTTP/1.0" 200 403 "-" "Mozilla/5.0 (Windows NT 10.0; Win64; x64) AppleWebKit/537.36 (KHTML, like Gecko) Chrome/129.0.6668.90 Safari/537.36"
184.168.120.235 - - [04/Feb/2026:11:26:13 -0500] "POST /xmlrpc.php HTTP/1.0" 200 403 "-" "Mozilla/5.0 (Macintosh; Intel Mac OS X 14_7) AppleWebKit/605.1.15 (KHTML, like Gecko) Version/17.6 Safari/605.1.15"
173.231.242.79 - - [04/Feb/2026:11:26:31 -0500] "POST /wp-cron.php?doing_wp_cron=1770222391.5600910186767578125000 HTTP/1.0" 200 - "-" "WordPress/6.9.1; https://www.kamilletv.net"
81.0.107.76 - - [04/Feb/2026:11:26:30 -0500] "POST /xmlrpc.php HTTP/1.0" 200 403 "-" "Mozilla/5.0 (Windows NT 10.0; Win64; x64) AppleWebKit/537.36 (KHTML, like Gecko) Chrome/130.0.6723.32 Safari/537.36"
159.89.182.203 - - [04/Feb/2026:11:26:35 -0500] "POST /xmlrpc.php HTTP/1.0" 200 403 "-" "Mozilla/5.0 (Windows NT 10.0; Win64; x64) AppleWebKit/537.36 (KHTML, like Gecko) Chrome/129.0.0.0 Safari/537.36 OPR/113.0.0.0"
203.162.234.20 - - [04/Feb/2026:11:26:38 -0500] "POST /xmlrpc.php HTTP/1.0" 406 300 "-" "Mozilla/5.0 (Windows NT 10.0; Win64; x64; rv:131.0) Gecko/20100101 Firefox/131.0.2"
199.188.199.61 - - [04/Feb/2026:11:26:46 -0500] "POST /xmlrpc.php HTTP/1.0" 200 403 "-" "Mozilla/5.0 (Windows NT 10.0; Win64; x64; rv:131.0) Gecko/20100101 Firefox/131.0.2"
104.244.79.40 - - [04/Feb/2026:11:26:51 -0500] "POST /xmlrpc.php HTTP/1.0" 200 403 "-" "Mozilla/5.0 (Macintosh; Intel Mac OS X 10_15_7) AppleWebKit/537.36 (KHTML, like Gecko) Chrome/129.0.0.0 Safari/537.36"
160.250.186.121 - - [04/Feb/2026:11:27:03 -0500] "POST /xmlrpc.php HTTP/1.0" 200 403 "-" "Mozilla/5.0 (Windows NT 10.0; Win64; x64) AppleWebKit/537.36 (KHTML, like Gecko) Chrome/130.0.6723.69 Safari/537.36"
34.44.97.191 - - [04/Feb/2026:11:27:16 -0500] "POST /xmlrpc.php HTTP/1.0" 406 300 "-" "Mozilla/5.0 (Macintosh; Intel Mac OS X 10_15_7) AppleWebKit/537.36 (KHTML, like Gecko) Chrome/130.0.0.0 Safari/537.36"
173.231.242.79 - - [04/Feb/2026:11:48:56 -0500] "POST /wp-cron.php?doing_wp_cron=1770223736.4418799877166748046875 HTTP/1.0" 200 - "-" "WordPress/6.9.1; https://www.kamilletv.net"
95.85.238.23 - - [04/Feb/2026:11:48:54 -0500] "GET /wp-login.php HTTP/1.0" 200 6435 "-" "Mozilla/5.0 (Windows NT 6.1; rv:31.0) Gecko/20100101 Firefox/31.0"
95.85.238.23 - - [04/Feb/2026:11:48:56 -0500] "POST /wp-login.php HTTP/1.0" 200 6874 "-" "Mozilla/5.0 (Windows NT 6.1; rv:31.0) Gecko/20100101 Firefox/31.0"
173.231.242.79 - - [04/Feb/2026:11:57:36 -0500] "POST /wp-cron.php?doing_wp_cron=1770224256.2680890560150146484375 HTTP/1.0" 200 - "-" "WordPress/6.9.1; https://www.kamilletv.net"
122.51.236.174 - - [04/Feb/2026:11:57:34 -0500] "GET / HTTP/1.0" 301 - "-" "Mozilla/5.0 (iPhone; CPU iPhone OS 13_2_3 like Mac OS X) AppleWebKit/605.1.15 (KHTML, like Gecko) Version/13.0.3 Mobile/15E148 Safari/604.1"
173.231.242.79 - - [04/Feb/2026:12:20:58 -0500] "POST /wp-cron.php?doing_wp_cron=1770225658.5102930068969726562500 HTTP/1.0" 200 - "-" "WordPress/6.9.1; https://www.kamilletv.net"
170.106.197.109 - - [04/Feb/2026:12:20:56 -0500] "GET / HTTP/1.0" 301 - "-" "Mozilla/5.0 (iPhone; CPU iPhone OS 13_2_3 like Mac OS X) AppleWebKit/605.1.15 (KHTML, like Gecko) Version/13.0.3 Mobile/15E148 Safari/604.1"
170.106.197.109 - - [04/Feb/2026:12:20:59 -0500] "GET / HTTP/1.0" 200 220554 "http://www.kamilletv.net" "Mozilla/5.0 (iPhone; CPU iPhone OS 13_2_3 like Mac OS X) AppleWebKit/605.1.15 (KHTML, like Gecko) Version/13.0.3 Mobile/15E148 Safari/604.1"
173.231.242.79 - - [04/Feb/2026:12:50:47 -0500] "POST /wp-cron.php?doing_wp_cron=1770227447.0881519317626953125000 HTTP/1.0" 200 - "-" "WordPress/6.9.1; https://www.kamilletv.net"
173.231.242.79 - - [04/Feb/2026:12:50:47 -0500] "POST /wp-cron.php?doing_wp_cron=1770227447.1805899143218994140625 HTTP/1.0" 200 - "-" "WordPress/6.9.1; https://www.kamilletv.net"
45.61.185.101 - - [04/Feb/2026:12:50:44 -0500] "GET / HTTP/1.0" 301 - "https://mail.kamilletv.net/wp-login.php" "Mozilla/5.0 (Windows NT 10.0; Win64; x64; rv:121.0) Gecko/20100101 Firefox/121.0"
173.231.242.79 - - [04/Feb/2026:12:51:34 -0500] "POST /wp-cron.php?doing_wp_cron=1770227494.2310059070587158203125 HTTP/1.0" 200 - "-" "WordPress/6.9.1; https://www.kamilletv.net"
45.61.185.101 - - [04/Feb/2026:12:51:32 -0500] "GET /wp-login.php HTTP/1.0" 200 6435 "https://mail.kamilletv.net/wp-login.php" "Mozilla/5.0 (Windows NT 10.0; Win64; x64; rv:121.0) Gecko/20100101 Firefox/121.0"
45.61.185.101 - - [04/Feb/2026:12:51:50 -0500] "POST /wp-login.php HTTP/1.0" 200 6873 "https://mail.kamilletv.net/wp-login.php" "Mozilla/5.0 (Windows NT 10.0; Win64; x64; rv:121.0) Gecko/20100101 Firefox/121.0"
173.231.242.79 - - [04/Feb/2026:13:31:36 -0500] "POST /wp-cron.php?doing_wp_cron=1770229896.8260650634765625000000 HTTP/1.0" 200 - "-" "WordPress/6.9.1; https://www.kamilletv.net"
92.63.174.165 - - [04/Feb/2026:13:31:25 -0500] "POST /xmlrpc.php HTTP/1.0" 200 403 "-" "Mozilla/5.0 (Windows NT 10.0; WOW64) AppleWebKit/537.43 (KHTML, like Gecko) Chrome/138.0.0.0 Safari/537.36 OPR/122.0.0.0"
173.231.242.79 - - [04/Feb/2026:13:35:43 -0500] "POST /wp-cron.php?doing_wp_cron=1770230143.6711759567260742187500 HTTP/1.0" 200 - "-" "WordPress/6.9.1; https://www.kamilletv.net"
89.110.99.186 - - [04/Feb/2026:13:35:42 -0500] "GET /hello-world/ HTTP/1.0" 301 - "http://kamilletv.net/hello-world/" "Mozilla/5.0 (Windows NT 10.0; Win64; x64) AppleWebKit/537.36 (KHTML, like Gecko) Chrome/131.0.0.0 Safari/537.36 Avast/131.0.0.0"
89.110.99.186 - - [04/Feb/2026:13:35:44 -0500] "GET /hello-world/ HTTP/1.0" 200 197301 "http://www.kamilletv.net/hello-world/" "Mozilla/5.0 (Windows NT 10.0; Win64; x64) AppleWebKit/537.36 (KHTML, like Gecko) Chrome/131.0.0.0 Safari/537.36 Avast/131.0.0.0"
89.110.99.186 - - [04/Feb/2026:13:35:47 -0500] "POST /wp-comments-post.php HTTP/1.0" 302 - "http://www.kamilletv.net/hello-world/" "Mozilla/5.0 (Windows NT 10.0; Win64; x64) AppleWebKit/537.36 (KHTML, like Gecko) Chrome/131.0.0.0 Safari/537.36 Avast/131.0.0.0"
89.110.99.186 - - [04/Feb/2026:13:35:49 -0500] "GET /hello-world/ HTTP/1.0" 200 200769 "https://www.kamilletv.net/hello-world/#comment-1056" "Mozilla/5.0 (Windows NT 10.0; Win64; x64) AppleWebKit/537.36 (KHTML, like Gecko) Chrome/131.0.0.0 Safari/537.36 Avast/131.0.0.0"
173.231.242.79 - - [04/Feb/2026:14:03:52 -0500] "POST /wp-cron.php?doing_wp_cron=1770231832.7955560684204101562500 HTTP/1.0" 200 - "-" "WordPress/6.9.1; https://www.kamilletv.net"
173.231.242.79 - - [04/Feb/2026:14:03:53 -0500] "POST /wp-cron.php?doing_wp_cron=1770231833.3155910968780517578125 HTTP/1.0" 200 - "-" "WordPress/6.9.1; https://www.kamilletv.net"
47.128.111.127 - - [04/Feb/2026:14:03:50 -0500] "GET /product/donna-gold-frame-glasses/ HTTP/1.0" 200 210842 "-" "Mozilla/5.0 (Linux; Android 5.0) AppleWebKit/537.36 (KHTML, like Gecko) Mobile Safari/537.36 (compatible; TikTokSpider; ttspider-feedback@tiktok.com)"
47.128.111.127 - - [04/Feb/2026:14:03:53 -0500] "GET /wp-content/themes/astra/assets/css/minified/main.min.css?ver=4.12.1 HTTP/1.0" 200 45749 "https://www.kamilletv.net/product/donna-gold-frame-glasses/" "Mozilla/5.0 (Linux; Android 5.0) AppleWebKit/537.36 (KHTML, like Gecko) Mobile Safari/537.36 (compatible; TikTokSpider; ttspider-feedback@tiktok.com)"
47.128.111.127 - - [04/Feb/2026:14:03:53 -0500] "GET /wp-content/plugins/header-footer-elementor/inc/widgets-css/woo-products.css?ver=2.8.3 HTTP/1.0" 200 4984 "https://www.kamilletv.net/product/donna-gold-frame-glasses/" "Mozilla/5.0 (Linux; Android 5.0) AppleWebKit/537.36 (KHTML, like Gecko) Mobile Safari/537.36 (compatible; TikTokSpider; ttspider-feedback@tiktok.com)"
