212.2.251.26 - - [04/Feb/2026:03:39:27 -0500] "GET /theme/vendors/JQuery-File-Upload/server/php/ HTTP/1.0" 301 - "-" "Mozilla/5.0 (Windows NT 10.0; Win64; x64) AppleWebKit/537.36 (KHTML, like Gecko) Chrome/89.0.4389.82 Safari/537.36"
212.2.251.26 - - [04/Feb/2026:03:39:28 -0500] "GET /theme/vendors/JQuery-File-Upload/server/php/ HTTP/1.0" 404 186990 "-" "Mozilla/5.0 (Windows NT 10.0; Win64; x64) AppleWebKit/537.36 (KHTML, like Gecko) Chrome/89.0.4389.82 Safari/537.36"
173.231.242.79 - - [04/Feb/2026:03:39:31 -0500] "POST /wp-cron.php?doing_wp_cron=1770194371.4545919895172119140625 HTTP/1.0" 200 - "-" "WordPress/6.9.1; https://www.kamilletv.net"
212.2.251.26 - - [04/Feb/2026:03:39:30 -0500] "GET /css/assets/global/plugins/jquery-file-upload/server/php/ HTTP/1.0" 301 - "-" "Mozilla/5.0 (Windows NT 10.0; Win64; x64) AppleWebKit/537.36 (KHTML, like Gecko) Chrome/89.0.4389.82 Safari/537.36"
212.2.251.26 - - [04/Feb/2026:03:39:32 -0500] "GET /css/assets/global/plugins/jquery-file-upload/server/php/ HTTP/1.0" 404 186990 "-" "Mozilla/5.0 (Windows NT 10.0; Win64; x64) AppleWebKit/537.36 (KHTML, like Gecko) Chrome/89.0.4389.82 Safari/537.36"
212.2.251.26 - - [04/Feb/2026:03:39:34 -0500] "GET /assets/plugins/JQuery-File-Upload/ HTTP/1.0" 301 - "-" "Mozilla/5.0 (Windows NT 10.0; Win64; x64) AppleWebKit/537.36 (KHTML, like Gecko) Chrome/89.0.4389.82 Safari/537.36"
212.2.251.26 - - [04/Feb/2026:03:39:35 -0500] "GET /assets/plugins/JQuery-File-Upload/ HTTP/1.0" 404 186990 "-" "Mozilla/5.0 (Windows NT 10.0; Win64; x64) AppleWebKit/537.36 (KHTML, like Gecko) Chrome/89.0.4389.82 Safari/537.36"
212.2.251.26 - - [04/Feb/2026:03:39:37 -0500] "GET /jquery-file-upload/ HTTP/1.0" 301 - "-" "Mozilla/5.0 (Windows NT 10.0; Win64; x64) AppleWebKit/537.36 (KHTML, like Gecko) Chrome/89.0.4389.82 Safari/537.36"
212.2.251.26 - - [04/Feb/2026:03:39:38 -0500] "GET /jquery-file-upload/ HTTP/1.0" 404 186883 "-" "Mozilla/5.0 (Windows NT 10.0; Win64; x64) AppleWebKit/537.36 (KHTML, like Gecko) Chrome/89.0.4389.82 Safari/537.36"
212.2.251.26 - - [04/Feb/2026:03:39:40 -0500] "GET /plugins/JQuery-File-Upload/server/php/ HTTP/1.0" 301 - "-" "Mozilla/5.0 (Windows NT 10.0; Win64; x64) AppleWebKit/537.36 (KHTML, like Gecko) Chrome/89.0.4389.82 Safari/537.36"
212.2.251.26 - - [04/Feb/2026:03:39:41 -0500] "GET /plugins/JQuery-File-Upload/server/php/ HTTP/1.0" 404 186990 "-" "Mozilla/5.0 (Windows NT 10.0; Win64; x64) AppleWebKit/537.36 (KHTML, like Gecko) Chrome/89.0.4389.82 Safari/537.36"
212.2.251.26 - - [04/Feb/2026:03:39:43 -0500] "GET /assets/jquery-file-upload/server/php/ HTTP/1.0" 301 - "-" "Mozilla/5.0 (Windows NT 10.0; Win64; x64) AppleWebKit/537.36 (KHTML, like Gecko) Chrome/89.0.4389.82 Safari/537.36"
212.2.251.26 - - [04/Feb/2026:03:39:44 -0500] "GET /assets/jquery-file-upload/server/php/ HTTP/1.0" 404 186990 "-" "Mozilla/5.0 (Windows NT 10.0; Win64; x64) AppleWebKit/537.36 (KHTML, like Gecko) Chrome/89.0.4389.82 Safari/537.36"
212.2.251.26 - - [04/Feb/2026:03:39:47 -0500] "GET /assets/js/JQuery-File-Upload/server/php/ HTTP/1.0" 301 - "-" "Mozilla/5.0 (Windows NT 10.0; Win64; x64) AppleWebKit/537.36 (KHTML, like Gecko) Chrome/89.0.4389.82 Safari/537.36"
212.2.251.26 - - [04/Feb/2026:03:39:48 -0500] "GET /assets/js/JQuery-File-Upload/server/php/ HTTP/1.0" 404 186990 "-" "Mozilla/5.0 (Windows NT 10.0; Win64; x64) AppleWebKit/537.36 (KHTML, like Gecko) Chrome/89.0.4389.82 Safari/537.36"
212.2.251.26 - - [04/Feb/2026:03:39:49 -0500] "GET /javascript/jquery-file-upload/server/php/ HTTP/1.0" 301 - "-" "Mozilla/5.0 (Windows NT 10.0; Win64; x64) AppleWebKit/537.36 (KHTML, like Gecko) Chrome/89.0.4389.82 Safari/537.36"
212.2.251.26 - - [04/Feb/2026:03:39:51 -0500] "GET /javascript/jquery-file-upload/server/php/ HTTP/1.0" 404 186990 "-" "Mozilla/5.0 (Windows NT 10.0; Win64; x64) AppleWebKit/537.36 (KHTML, like Gecko) Chrome/89.0.4389.82 Safari/537.36"
212.2.251.26 - - [04/Feb/2026:03:39:52 -0500] "GET /js/JQuery-File-Upload/server/php/ HTTP/1.0" 301 - "-" "Mozilla/5.0 (Windows NT 10.0; Win64; x64) AppleWebKit/537.36 (KHTML, like Gecko) Chrome/89.0.4389.82 Safari/537.36"
212.2.251.26 - - [04/Feb/2026:03:39:53 -0500] "GET /js/JQuery-File-Upload/server/php/ HTTP/1.0" 404 186990 "-" "Mozilla/5.0 (Windows NT 10.0; Win64; x64) AppleWebKit/537.36 (KHTML, like Gecko) Chrome/89.0.4389.82 Safari/537.36"
212.2.251.26 - - [04/Feb/2026:03:39:56 -0500] "GET /public/assets/lib/jquery-file-upload/server/php/ HTTP/1.0" 301 - "-" "Mozilla/5.0 (Windows NT 10.0; Win64; x64) AppleWebKit/537.36 (KHTML, like Gecko) Chrome/89.0.4389.82 Safari/537.36"
212.2.251.26 - - [04/Feb/2026:03:39:58 -0500] "GET /public/assets/lib/jquery-file-upload/server/php/ HTTP/1.0" 404 186990 "-" "Mozilla/5.0 (Windows NT 10.0; Win64; x64) AppleWebKit/537.36 (KHTML, like Gecko) Chrome/89.0.4389.82 Safari/537.36"
212.2.251.26 - - [04/Feb/2026:03:39:59 -0500] "GET /public/js/JQuery-File-Upload/server/php/ HTTP/1.0" 301 - "-" "Mozilla/5.0 (Windows NT 10.0; Win64; x64) AppleWebKit/537.36 (KHTML, like Gecko) Chrome/89.0.4389.82 Safari/537.36"
212.2.251.26 - - [04/Feb/2026:03:40:00 -0500] "GET /public/js/JQuery-File-Upload/server/php/ HTTP/1.0" 404 186990 "-" "Mozilla/5.0 (Windows NT 10.0; Win64; x64) AppleWebKit/537.36 (KHTML, like Gecko) Chrome/89.0.4389.82 Safari/537.36"
212.2.251.26 - - [04/Feb/2026:03:40:02 -0500] "GET /public/plugins/jquery-file-upload/server/php/ HTTP/1.0" 301 - "-" "Mozilla/5.0 (Windows NT 10.0; Win64; x64) AppleWebKit/537.36 (KHTML, like Gecko) Chrome/89.0.4389.82 Safari/537.36"
212.2.251.26 - - [04/Feb/2026:03:40:03 -0500] "GET /public/plugins/jquery-file-upload/server/php/ HTTP/1.0" 404 186990 "-" "Mozilla/5.0 (Windows NT 10.0; Win64; x64) AppleWebKit/537.36 (KHTML, like Gecko) Chrome/89.0.4389.82 Safari/537.36"
212.2.251.26 - - [04/Feb/2026:03:40:05 -0500] "GET /static/vendor/JQuery-File-Upload/server/php/ HTTP/1.0" 301 - "-" "Mozilla/5.0 (Windows NT 10.0; Win64; x64) AppleWebKit/537.36 (KHTML, like Gecko) Chrome/89.0.4389.82 Safari/537.36"
212.2.251.26 - - [04/Feb/2026:03:40:06 -0500] "GET /static/vendor/JQuery-File-Upload/server/php/ HTTP/1.0" 404 186990 "-" "Mozilla/5.0 (Windows NT 10.0; Win64; x64) AppleWebKit/537.36 (KHTML, like Gecko) Chrome/89.0.4389.82 Safari/537.36"
212.2.251.26 - - [04/Feb/2026:03:40:09 -0500] "GET /scripts/jquery-file-upload/server/php/ HTTP/1.0" 301 - "-" "Mozilla/5.0 (Windows NT 10.0; Win64; x64) AppleWebKit/537.36 (KHTML, like Gecko) Chrome/89.0.4389.82 Safari/537.36"
212.2.251.26 - - [04/Feb/2026:03:40:10 -0500] "GET /scripts/jquery-file-upload/server/php/ HTTP/1.0" 404 186990 "-" "Mozilla/5.0 (Windows NT 10.0; Win64; x64) AppleWebKit/537.36 (KHTML, like Gecko) Chrome/89.0.4389.82 Safari/537.36"
212.2.251.26 - - [04/Feb/2026:03:40:12 -0500] "GET /public/JQuery-File-Upload/server/php/ HTTP/1.0" 301 - "-" "Mozilla/5.0 (Windows NT 10.0; Win64; x64) AppleWebKit/537.36 (KHTML, like Gecko) Chrome/89.0.4389.82 Safari/537.36"
212.2.251.26 - - [04/Feb/2026:03:40:13 -0500] "GET /public/JQuery-File-Upload/server/php/ HTTP/1.0" 404 186990 "-" "Mozilla/5.0 (Windows NT 10.0; Win64; x64) AppleWebKit/537.36 (KHTML, like Gecko) Chrome/89.0.4389.82 Safari/537.36"
212.2.251.26 - - [04/Feb/2026:03:40:15 -0500] "GET /assets/global/plugins/jquery-file-upload/server/php/ HTTP/1.0" 301 - "-" "Mozilla/5.0 (Windows NT 10.0; Win64; x64) AppleWebKit/537.36 (KHTML, like Gecko) Chrome/89.0.4389.82 Safari/537.36"
212.2.251.26 - - [04/Feb/2026:03:40:16 -0500] "GET /assets/global/plugins/jquery-file-upload/server/php/ HTTP/1.0" 404 186990 "-" "Mozilla/5.0 (Windows NT 10.0; Win64; x64) AppleWebKit/537.36 (KHTML, like Gecko) Chrome/89.0.4389.82 Safari/537.36"
212.2.251.26 - - [04/Feb/2026:03:40:18 -0500] "GET /public/vendor/JQuery-File-Upload/server/php/ HTTP/1.0" 301 - "-" "Mozilla/5.0 (Windows NT 10.0; Win64; x64) AppleWebKit/537.36 (KHTML, like Gecko) Chrome/89.0.4389.82 Safari/537.36"
212.2.251.26 - - [04/Feb/2026:03:40:19 -0500] "GET /public/vendor/JQuery-File-Upload/server/php/ HTTP/1.0" 404 186990 "-" "Mozilla/5.0 (Windows NT 10.0; Win64; x64) AppleWebKit/537.36 (KHTML, like Gecko) Chrome/89.0.4389.82 Safari/537.36"
212.2.251.26 - - [04/Feb/2026:03:40:20 -0500] "GET /static/plugins/jquery-file-upload/server/php/ HTTP/1.0" 301 - "-" "Mozilla/5.0 (Windows NT 10.0; Win64; x64) AppleWebKit/537.36 (KHTML, like Gecko) Chrome/89.0.4389.82 Safari/537.36"
212.2.251.26 - - [04/Feb/2026:03:40:21 -0500] "GET /static/plugins/jquery-file-upload/server/php/ HTTP/1.0" 404 186990 "-" "Mozilla/5.0 (Windows NT 10.0; Win64; x64) AppleWebKit/537.36 (KHTML, like Gecko) Chrome/89.0.4389.82 Safari/537.36"
212.2.251.26 - - [04/Feb/2026:03:40:23 -0500] "GET /assets/vendor/JQuery-File-Upload/server/php/ HTTP/1.0" 301 - "-" "Mozilla/5.0 (Windows NT 10.0; Win64; x64) AppleWebKit/537.36 (KHTML, like Gecko) Chrome/89.0.4389.82 Safari/537.36"
212.2.251.26 - - [04/Feb/2026:03:40:24 -0500] "GET /assets/vendor/JQuery-File-Upload/server/php/ HTTP/1.0" 404 186990 "-" "Mozilla/5.0 (Windows NT 10.0; Win64; x64) AppleWebKit/537.36 (KHTML, like Gecko) Chrome/89.0.4389.82 Safari/537.36"
212.2.251.26 - - [04/Feb/2026:03:40:25 -0500] "GET /cms/cms_js/jquery-file-upload/server/php/ HTTP/1.0" 301 - "-" "Mozilla/5.0 (Windows NT 10.0; Win64; x64) AppleWebKit/537.36 (KHTML, like Gecko) Chrome/89.0.4389.82 Safari/537.36"
212.2.251.26 - - [04/Feb/2026:03:40:27 -0500] "GET /cms/cms_js/jquery-file-upload/server/php/ HTTP/1.0" 404 186990 "-" "Mozilla/5.0 (Windows NT 10.0; Win64; x64) AppleWebKit/537.36 (KHTML, like Gecko) Chrome/89.0.4389.82 Safari/537.36"
173.231.242.79 - - [04/Feb/2026:03:40:30 -0500] "POST /wp-cron.php?doing_wp_cron=1770194430.1292641162872314453125 HTTP/1.0" 200 - "-" "WordPress/6.9.1; https://www.kamilletv.net"
212.2.251.26 - - [04/Feb/2026:03:40:29 -0500] "GET /vendor/JQuery-File-Upload/server/php/ HTTP/1.0" 301 - "-" "Mozilla/5.0 (Windows NT 10.0; Win64; x64) AppleWebKit/537.36 (KHTML, like Gecko) Chrome/89.0.4389.82 Safari/537.36"
212.2.251.26 - - [04/Feb/2026:03:40:30 -0500] "GET /vendor/JQuery-File-Upload/server/php/ HTTP/1.0" 404 186990 "-" "Mozilla/5.0 (Windows NT 10.0; Win64; x64) AppleWebKit/537.36 (KHTML, like Gecko) Chrome/89.0.4389.82 Safari/537.36"
212.2.251.26 - - [04/Feb/2026:03:40:32 -0500] "GET /static/jquery-file-upload/server/php/ HTTP/1.0" 301 - "-" "Mozilla/5.0 (Windows NT 10.0; Win64; x64) AppleWebKit/537.36 (KHTML, like Gecko) Chrome/89.0.4389.82 Safari/537.36"
212.2.251.26 - - [04/Feb/2026:03:40:33 -0500] "GET /static/jquery-file-upload/server/php/ HTTP/1.0" 404 186990 "-" "Mozilla/5.0 (Windows NT 10.0; Win64; x64) AppleWebKit/537.36 (KHTML, like Gecko) Chrome/89.0.4389.82 Safari/537.36"
212.2.251.26 - - [04/Feb/2026:03:40:34 -0500] "GET /static/js/JQuery-File-Upload/server/php/ HTTP/1.0" 301 - "-" "Mozilla/5.0 (Windows NT 10.0; Win64; x64) AppleWebKit/537.36 (KHTML, like Gecko) Chrome/89.0.4389.82 Safari/537.36"
212.2.251.26 - - [04/Feb/2026:03:40:37 -0500] "GET /static/js/JQuery-File-Upload/server/php/ HTTP/1.0" 404 186990 "-" "Mozilla/5.0 (Windows NT 10.0; Win64; x64) AppleWebKit/537.36 (KHTML, like Gecko) Chrome/89.0.4389.82 Safari/537.36"
212.2.251.26 - - [04/Feb/2026:03:40:39 -0500] "GET /core_web/javascript/jquery-file-upload/server/php/ HTTP/1.0" 301 - "-" "Mozilla/5.0 (Windows NT 10.0; Win64; x64) AppleWebKit/537.36 (KHTML, like Gecko) Chrome/89.0.4389.82 Safari/537.36"
212.2.251.26 - - [04/Feb/2026:03:40:40 -0500] "GET /core_web/javascript/jquery-file-upload/server/php/ HTTP/1.0" 404 186990 "-" "Mozilla/5.0 (Windows NT 10.0; Win64; x64) AppleWebKit/537.36 (KHTML, like Gecko) Chrome/89.0.4389.82 Safari/537.36"
212.2.251.26 - - [04/Feb/2026:03:40:42 -0500] "GET /core_web/javascript/JQuery-File-Upload/server/php/ HTTP/1.0" 301 - "-" "Mozilla/5.0 (Windows NT 10.0; Win64; x64) AppleWebKit/537.36 (KHTML, like Gecko) Chrome/89.0.4389.82 Safari/537.36"
212.2.251.26 - - [04/Feb/2026:03:40:43 -0500] "GET /core_web/javascript/JQuery-File-Upload/server/php/ HTTP/1.0" 404 186990 "-" "Mozilla/5.0 (Windows NT 10.0; Win64; x64) AppleWebKit/537.36 (KHTML, like Gecko) Chrome/89.0.4389.82 Safari/537.36"
212.2.251.26 - - [04/Feb/2026:03:40:44 -0500] "GET /dev/jquery-file-upload/server/php/ HTTP/1.0" 301 - "-" "Mozilla/5.0 (Windows NT 10.0; Win64; x64) AppleWebKit/537.36 (KHTML, like Gecko) Chrome/89.0.4389.82 Safari/537.36"
212.2.251.26 - - [04/Feb/2026:03:40:45 -0500] "GET /dev/jquery-file-upload/server/php/ HTTP/1.0" 404 186990 "-" "Mozilla/5.0 (Windows NT 10.0; Win64; x64) AppleWebKit/537.36 (KHTML, like Gecko) Chrome/89.0.4389.82 Safari/537.36"
212.2.251.26 - - [04/Feb/2026:03:40:47 -0500] "GET /new/JQuery-File-Upload/server/php/ HTTP/1.0" 301 - "-" "Mozilla/5.0 (Windows NT 10.0; Win64; x64) AppleWebKit/537.36 (KHTML, like Gecko) Chrome/89.0.4389.82 Safari/537.36"
212.2.251.26 - - [04/Feb/2026:03:40:48 -0500] "GET /new/JQuery-File-Upload/server/php/ HTTP/1.0" 404 186990 "-" "Mozilla/5.0 (Windows NT 10.0; Win64; x64) AppleWebKit/537.36 (KHTML, like Gecko) Chrome/89.0.4389.82 Safari/537.36"
212.2.251.26 - - [04/Feb/2026:03:40:49 -0500] "GET /asset/global/plugins/jquery-file-upload/server/php/ HTTP/1.0" 301 - "-" "Mozilla/5.0 (Windows NT 10.0; Win64; x64) AppleWebKit/537.36 (KHTML, like Gecko) Chrome/89.0.4389.82 Safari/537.36"
212.2.251.26 - - [04/Feb/2026:03:40:50 -0500] "GET /asset/global/plugins/jquery-file-upload/server/php/ HTTP/1.0" 404 186990 "-" "Mozilla/5.0 (Windows NT 10.0; Win64; x64) AppleWebKit/537.36 (KHTML, like Gecko) Chrome/89.0.4389.82 Safari/537.36"
212.2.251.26 - - [04/Feb/2026:03:40:52 -0500] "GET /asset/global/plugins/JQuery-File-Upload/server/php/ HTTP/1.0" 301 - "-" "Mozilla/5.0 (Windows NT 10.0; Win64; x64) AppleWebKit/537.36 (KHTML, like Gecko) Chrome/89.0.4389.82 Safari/537.36"
212.2.251.26 - - [04/Feb/2026:03:40:53 -0500] "GET /asset/global/plugins/JQuery-File-Upload/server/php/ HTTP/1.0" 404 186990 "-" "Mozilla/5.0 (Windows NT 10.0; Win64; x64) AppleWebKit/537.36 (KHTML, like Gecko) Chrome/89.0.4389.82 Safari/537.36"
212.2.251.26 - - [04/Feb/2026:03:40:55 -0500] "GET /assets/global/plugins/jquery-file-upload/server/php/ HTTP/1.0" 301 - "-" "Mozilla/5.0 (Windows NT 10.0; Win64; x64) AppleWebKit/537.36 (KHTML, like Gecko) Chrome/89.0.4389.82 Safari/537.36"
212.2.251.26 - - [04/Feb/2026:03:40:56 -0500] "GET /assets/global/plugins/jquery-file-upload/server/php/ HTTP/1.0" 404 186990 "-" "Mozilla/5.0 (Windows NT 10.0; Win64; x64) AppleWebKit/537.36 (KHTML, like Gecko) Chrome/89.0.4389.82 Safari/537.36"
212.2.251.26 - - [04/Feb/2026:03:40:58 -0500] "GET /assets/global/plugins/JQuery-File-Upload/server/php/ HTTP/1.0" 301 - "-" "Mozilla/5.0 (Windows NT 10.0; Win64; x64) AppleWebKit/537.36 (KHTML, like Gecko) Chrome/89.0.4389.82 Safari/537.36"
212.2.251.26 - - [04/Feb/2026:03:40:59 -0500] "GET /assets/global/plugins/JQuery-File-Upload/server/php/ HTTP/1.0" 404 186990 "-" "Mozilla/5.0 (Windows NT 10.0; Win64; x64) AppleWebKit/537.36 (KHTML, like Gecko) Chrome/89.0.4389.82 Safari/537.36"
173.231.242.79 - - [04/Feb/2026:04:40:42 -0500] "POST /wp-cron.php?doing_wp_cron=1770198041.9995529651641845703125 HTTP/1.0" 200 - "-" "WordPress/6.9.1; https://www.kamilletv.net"
173.231.242.79 - - [04/Feb/2026:04:40:42 -0500] "POST /wp-cron.php?doing_wp_cron=1770198042.5606811046600341796875 HTTP/1.0" 200 - "-" "WordPress/6.9.1; https://www.kamilletv.net"
34.11.242.165 - - [04/Feb/2026:04:40:39 -0500] "GET /.git/config HTTP/1.0" 404 186883 "-" "Mozilla/5.0 (X11; Ubuntu; Linux x86_64; rv:117.0) Gecko/20100101 Firefox/117.0"
173.231.242.79 - - [04/Feb/2026:04:56:27 -0500] "POST /wp-cron.php?doing_wp_cron=1770198987.8619520664215087890625 HTTP/1.0" 200 - "-" "WordPress/6.9.1; https://www.kamilletv.net"
223.244.35.77 - - [04/Feb/2026:04:56:25 -0500] "GET / HTTP/1.0" 301 - "-" "Mozilla/5.0 (iPhone; CPU iPhone OS 13_2_3 like Mac OS X) AppleWebKit/605.1.15 (KHTML, like Gecko) Version/13.0.3 Mobile/15E148 Safari/604.1"
223.244.35.77 - - [04/Feb/2026:04:56:35 -0500] "GET / HTTP/1.0" 200 220554 "http://kamilletv.net" "Mozilla/5.0 (iPhone; CPU iPhone OS 13_2_3 like Mac OS X) AppleWebKit/605.1.15 (KHTML, like Gecko) Version/13.0.3 Mobile/15E148 Safari/604.1"
173.231.242.79 - - [04/Feb/2026:05:00:29 -0500] "POST /wp-cron.php?doing_wp_cron=1770199229.9400820732116699218750 HTTP/1.0" 200 - "-" "WordPress/6.9.1; https://www.kamilletv.net"
107.189.30.53 - - [04/Feb/2026:05:00:27 -0500] "GET /wp-login.php HTTP/1.0" 200 6435 "https://www.yahoo.com/" "Mozilla/5.0 (X11; Ubuntu; Linux x86_64) AppleWebKit/537.36 (KHTML, like Gecko) Chrome/131.0.0.0 Safari/537.36"
40.77.167.101 - - [04/Feb/2026:05:22:01 -0500] "GET /robots.txt HTTP/1.0" 403 228 "-" "Mozilla/5.0 AppleWebKit/537.36 (KHTML, like Gecko; compatible; bingbot/2.0; +http://www.bing.com/bingbot.htm) Chrome/116.0.1938.76 Safari/537.36"
52.167.144.146 - - [04/Feb/2026:05:22:03 -0500] "GET /wp-admin/ HTTP/1.0" 406 300 "-" "Mozilla/5.0 AppleWebKit/537.36 (KHTML, like Gecko; compatible; bingbot/2.0; +http://www.bing.com/bingbot.htm) Chrome/116.0.1938.76 Safari/537.36"
173.231.242.79 - - [04/Feb/2026:05:24:31 -0500] "POST /wp-cron.php?doing_wp_cron=1770200671.6312599182128906250000 HTTP/1.0" 200 - "-" "WordPress/6.9.1; https://www.kamilletv.net"
104.244.72.189 - - [04/Feb/2026:05:24:29 -0500] "GET / HTTP/1.0" 301 - "https://mail.kamilletv.net/wp-login.php" "Mozilla/5.0 (X11; Linux x86_64) AppleWebKit/537.36 (KHTML, like Gecko) Chrome/120.0.0.0 Safari/537.36"
173.231.242.79 - - [04/Feb/2026:05:26:42 -0500] "POST /wp-cron.php?doing_wp_cron=1770200802.7539970874786376953125 HTTP/1.0" 200 - "-" "WordPress/6.9.1; https://www.kamilletv.net"
104.244.72.189 - - [04/Feb/2026:05:26:41 -0500] "GET /wp-login.php HTTP/1.0" 200 6435 "https://mail.kamilletv.net/wp-login.php" "Mozilla/5.0 (X11; Linux x86_64) AppleWebKit/537.36 (KHTML, like Gecko) Chrome/120.0.0.0 Safari/537.36"
43.156.109.53 - - [04/Feb/2026:05:26:55 -0500] "GET / HTTP/1.0" 301 - "-" "Mozilla/5.0 (iPhone; CPU iPhone OS 13_2_3 like Mac OS X) AppleWebKit/605.1.15 (KHTML, like Gecko) Version/13.0.3 Mobile/15E148 Safari/604.1"
173.231.242.79 - - [04/Feb/2026:05:28:19 -0500] "POST /wp-cron.php?doing_wp_cron=1770200898.9925329685211181640625 HTTP/1.0" 200 - "-" "WordPress/6.9.1; https://www.kamilletv.net"
104.244.72.189 - - [04/Feb/2026:05:28:17 -0500] "POST /wp-login.php HTTP/1.0" 200 6873 "https://mail.kamilletv.net/wp-login.php" "Mozilla/5.0 (X11; Linux x86_64) AppleWebKit/537.36 (KHTML, like Gecko) Chrome/120.0.0.0 Safari/537.36"
93.158.90.69 - - [04/Feb/2026:05:28:26 -0500] "GET / HTTP/1.0" 301 - "-" "Mozilla/5.0 (Linux; U; Android 13; sk-sk; Xiaomi 11T Pro Build/TKQ1.220829.002) AppleWebKit/537.36 (KHTML, like Gecko) Version/4.0 Chrome/112.0.5615.136 Mobile Safari/537.36 XiaoMi/MiuiBrowser/14.4.0-g"
173.231.242.79 - - [04/Feb/2026:05:28:30 -0500] "POST /wp-cron.php?doing_wp_cron=1770200910.3759191036224365234375 HTTP/1.0" 200 - "-" "WordPress/6.9.1; https://www.kamilletv.net"
93.158.90.70 - - [04/Feb/2026:05:28:29 -0500] "GET /cart-2/ HTTP/1.0" 200 249720 "-" "Mozilla/5.0 (Linux; U; Android 13; sk-sk; Xiaomi 11T Pro Build/TKQ1.220829.002) AppleWebKit/537.36 (KHTML, like Gecko) Version/4.0 Chrome/112.0.5615.136 Mobile Safari/537.36 XiaoMi/MiuiBrowser/14.4.0-g"
93.158.90.72 - - [04/Feb/2026:05:28:31 -0500] "GET /shop-2/ HTTP/1.0" 200 216987 "-" "Mozilla/5.0 (Linux; U; Android 13; sk-sk; Xiaomi 11T Pro Build/TKQ1.220829.002) AppleWebKit/537.36 (KHTML, like Gecko) Version/4.0 Chrome/112.0.5615.136 Mobile Safari/537.36 XiaoMi/MiuiBrowser/14.4.0-g"
93.158.90.74 - - [04/Feb/2026:05:28:32 -0500] "GET /product/benne-long-sleeve-shirt-black/ HTTP/1.0" 200 210403 "-" "Mozilla/5.0 (Linux; U; Android 13; sk-sk; Xiaomi 11T Pro Build/TKQ1.220829.002) AppleWebKit/537.36 (KHTML, like Gecko) Version/4.0 Chrome/112.0.5615.136 Mobile Safari/537.36 XiaoMi/MiuiBrowser/14.4.0-g"
173.231.242.79 - - [04/Feb/2026:05:51:26 -0500] "POST /wp-cron.php?doing_wp_cron=1770202286.5902400016784667968750 HTTP/1.0" 200 - "-" "WordPress/6.9.1; https://www.kamilletv.net"
173.231.242.79 - - [04/Feb/2026:05:51:26 -0500] "POST /wp-cron.php?doing_wp_cron=1770202286.6288011074066162109375 HTTP/1.0" 200 - "-" "WordPress/6.9.1; https://www.kamilletv.net"
46.228.199.158 - - [04/Feb/2026:05:51:24 -0500] "GET / HTTP/1.0" 301 - "-" "Mozilla/5.0 (Windows NT 10.0; Win64; x64) AppleWebKit/537.36 (KHTML, like Gecko) Chrome/91.0.4472.114 Safari/537.36 Edg/91.0.864.54"
173.231.242.79 - - [04/Feb/2026:06:23:03 -0500] "POST /wp-cron.php?doing_wp_cron=1770204183.8252398967742919921875 HTTP/1.0" 200 - "-" "WordPress/6.9.1; https://www.kamilletv.net"
36.77.26.148 - - [04/Feb/2026:06:23:00 -0500] "GET / HTTP/1.0" 301 - "-" "Mozilla/5.0 (Windows NT 10.0; Win64; x64) AppleWebKit/537.36 (KHTML, like Gecko) Chrome/58.0.3029.110 Safari/537.3"
36.77.26.148 - - [04/Feb/2026:06:23:06 -0500] "GET /phpinfo.php HTTP/1.0" 404 186938 "-" "Mozilla/5.0 (Windows NT 10.0; Win64; x64) AppleWebKit/537.36 (KHTML, like Gecko) Chrome/58.0.3029.110 Safari/537.3"
36.77.26.148 - - [04/Feb/2026:06:23:09 -0500] "GET /test.php HTTP/1.0" 404 186938 "-" "Mozilla/5.0 (Windows NT 10.0; Win64; x64) AppleWebKit/537.36 (KHTML, like Gecko) Chrome/58.0.3029.110 Safari/537.3"
36.77.26.148 - - [04/Feb/2026:06:23:11 -0500] "GET /_profiler/phpinfo HTTP/1.0" 404 186938 "-" "Mozilla/5.0 (Windows NT 10.0; Win64; x64) AppleWebKit/537.36 (KHTML, like Gecko) Chrome/58.0.3029.110 Safari/537.3"
36.77.26.148 - - [04/Feb/2026:06:23:12 -0500] "GET /.env/.env.bak HTTP/1.0" 404 186938 "-" "Mozilla/5.0 (Windows NT 10.0; Win64; x64) AppleWebKit/537.36 (KHTML, like Gecko) Chrome/58.0.3029.110 Safari/537.3"
36.77.26.148 - - [04/Feb/2026:06:23:14 -0500] "GET / HTTP/1.0" 301 - "-" "Mozilla/5.0 (Windows NT 10.0; Win64; x64) AppleWebKit/537.36 (KHTML, like Gecko) Chrome/58.0.3029.110 Safari/537.3"
36.77.26.148 - - [04/Feb/2026:06:23:17 -0500] "GET /index.php HTTP/1.0" 200 220545 "-" "Mozilla/5.0 (Windows NT 10.0; Win64; x64) AppleWebKit/537.36 (KHTML, like Gecko) Chrome/58.0.3029.110 Safari/537.3"
36.77.26.148 - - [04/Feb/2026:06:23:19 -0500] "GET /.aws/credentials HTTP/1.0" 404 186938 "-" "Mozilla/5.0 (Windows NT 10.0; Win64; x64) AppleWebKit/537.36 (KHTML, like Gecko) Chrome/58.0.3029.110 Safari/537.3"
173.231.242.79 - - [04/Feb/2026:06:24:38 -0500] "POST /wp-cron.php?doing_wp_cron=1770204278.9004120826721191406250 HTTP/1.0" 200 - "-" "WordPress/6.9.1; https://www.kamilletv.net"
103.155.118.145 - - [04/Feb/2026:06:24:37 -0500] "GET /ant.php HTTP/1.0" 301 - "-" "Mozilla/5.0 (Windows NT 10.0; Win64; x64; rv:148.0) Gecko/20100101 Firefox/148.0"
103.155.118.145 - - [04/Feb/2026:06:24:40 -0500] "GET / HTTP/1.0" 301 - "-" "Mozilla/5.0 (Windows NT 10.0; Win64; x64; rv:148.0) Gecko/20100101 Firefox/148.0"
103.155.118.145 - - [04/Feb/2026:06:24:42 -0500] "GET /ant.php HTTP/1.0" 404 186934 "-" "Mozilla/5.0 (Windows NT 10.0; Win64; x64; rv:148.0) Gecko/20100101 Firefox/148.0"
103.155.118.145 - - [04/Feb/2026:06:24:46 -0500] "GET /wp-content/themes/astra/assets/css/minified/main.min.css?ver=4.12.1 HTTP/1.0" 200 45749 "https://www.kamilletv.net/ant.php" "Mozilla/5.0 (Windows NT 10.0; Win64; x64; rv:148.0) Gecko/20100101 Firefox/148.0"
103.155.118.145 - - [04/Feb/2026:06:24:46 -0500] "GET /wp-content/plugins/header-footer-elementor/inc/widgets-css/frontend.css?ver=2.8.3 HTTP/1.0" 200 83015 "https://www.kamilletv.net/ant.php" "Mozilla/5.0 (Windows NT 10.0; Win64; x64; rv:148.0) Gecko/20100101 Firefox/148.0"
103.155.118.145 - - [04/Feb/2026:06:24:46 -0500] "GET /wp-content/plugins/header-footer-elementor/inc/widgets-css/woo-products.css?ver=2.8.3 HTTP/1.0" 200 4984 "https://www.kamilletv.net/ant.php" "Mozilla/5.0 (Windows NT 10.0; Win64; x64; rv:148.0) Gecko/20100101 Firefox/148.0"
103.155.118.145 - - [04/Feb/2026:06:24:46 -0500] "GET /wp-includes/css/dist/block-library/style.min.css?ver=6.9.1 HTTP/1.0" 200 119358 "https://www.kamilletv.net/ant.php" "Mozilla/5.0 (Windows NT 10.0; Win64; x64; rv:148.0) Gecko/20100101 Firefox/148.0"
103.155.118.145 - - [04/Feb/2026:06:24:46 -0500] "GET /wp-content/themes/astra/assets/css/minified/compatibility/woocommerce/woocommerce-layout-grid.min.css?ver=4.12.1 HTTP/1.0" 200 16313 "https://www.kamilletv.net/ant.php" "Mozilla/5.0 (Windows NT 10.0; Win64; x64; rv:148.0) Gecko/20100101 Firefox/148.0"
103.155.118.145 - - [04/Feb/2026:06:24:46 -0500] "GET /wp-content/plugins/header-footer-elementor/assets/css/header-footer-elementor.css?ver=2.8.3 HTTP/1.0" 200 776 "https://www.kamilletv.net/ant.php" "Mozilla/5.0 (Windows NT 10.0; Win64; x64; rv:148.0) Gecko/20100101 Firefox/148.0"
103.155.118.145 - - [04/Feb/2026:06:24:46 -0500] "GET /wp-content/themes/astra/assets/css/minified/compatibility/woocommerce/woocommerce-grid.min.css?ver=4.12.1 HTTP/1.0" 200 118180 "https://www.kamilletv.net/ant.php" "Mozilla/5.0 (Windows NT 10.0; Win64; x64; rv:148.0) Gecko/20100101 Firefox/148.0"
103.155.118.145 - - [04/Feb/2026:06:24:46 -0500] "GET /wp-content/plugins/elementor/assets/lib/eicons/css/elementor-icons.min.css?ver=5.47.0 HTTP/1.0" 200 21641 "https://www.kamilletv.net/ant.php" "Mozilla/5.0 (Windows NT 10.0; Win64; x64; rv:148.0) Gecko/20100101 Firefox/148.0"
103.155.118.145 - - [04/Feb/2026:06:24:46 -0500] "GET /wp-content/plugins/elementor/assets/css/frontend.min.css?ver=3.35.0 HTTP/1.0" 200 54666 "https://www.kamilletv.net/ant.php" "Mozilla/5.0 (Windows NT 10.0; Win64; x64; rv:148.0) Gecko/20100101 Firefox/148.0"
103.155.118.145 - - [04/Feb/2026:06:24:46 -0500] "GET /wp-content/plugins/elementor/assets/lib/eicons/css/elementor-icons.min.css?ver=5.34.0 HTTP/1.0" 200 21641 "https://www.kamilletv.net/ant.php" "Mozilla/5.0 (Windows NT 10.0; Win64; x64; rv:148.0) Gecko/20100101 Firefox/148.0"
103.155.118.145 - - [04/Feb/2026:06:24:46 -0500] "GET /wp-content/plugins/elementor/assets/css/widget-icon-list.min.css?ver=3.24.3 HTTP/1.0" 200 10255 "https://www.kamilletv.net/ant.php" "Mozilla/5.0 (Windows NT 10.0; Win64; x64; rv:148.0) Gecko/20100101 Firefox/148.0"
103.155.118.145 - - [04/Feb/2026:06:24:46 -0500] "GET /wp-content/plugins/elementor/assets/css/widget-social-icons.min.css?ver=3.24.0 HTTP/1.0" 200 5110 "https://www.kamilletv.net/ant.php" "Mozilla/5.0 (Windows NT 10.0; Win64; x64; rv:148.0) Gecko/20100101 Firefox/148.0"
103.155.118.145 - - [04/Feb/2026:06:24:46 -0500] "GET /wp-content/plugins/elementor/assets/lib/font-awesome/css/brands.css?ver=5.15.3 HTTP/1.0" 200 732 "https://www.kamilletv.net/ant.php" "Mozilla/5.0 (Windows NT 10.0; Win64; x64; rv:148.0) Gecko/20100101 Firefox/148.0"
103.155.118.145 - - [04/Feb/2026:06:24:46 -0500] "GET /wp-content/plugins/elementor/assets/lib/font-awesome/css/fontawesome.css?ver=5.15.3 HTTP/1.0" 200 72184 "https://www.kamilletv.net/ant.php" "Mozilla/5.0 (Windows NT 10.0; Win64; x64; rv:148.0) Gecko/20100101 Firefox/148.0"
103.155.118.145 - - [04/Feb/2026:06:24:46 -0500] "GET /wp-content/plugins/elementor/assets/lib/font-awesome/css/solid.css?ver=5.15.3 HTTP/1.0" 200 727 "https://www.kamilletv.net/ant.php" "Mozilla/5.0 (Windows NT 10.0; Win64; x64; rv:148.0) Gecko/20100101 Firefox/148.0"
103.155.118.145 - - [04/Feb/2026:06:24:46 -0500] "GET /wp-content/plugins/elementskit-lite/widgets/init/assets/css/widget-styles.css?ver=3.7.9 HTTP/1.0" 200 465966 "https://www.kamilletv.net/ant.php" "Mozilla/5.0 (Windows NT 10.0; Win64; x64; rv:148.0) Gecko/20100101 Firefox/148.0"
103.155.118.145 - - [04/Feb/2026:06:24:46 -0500] "GET /wp-content/plugins/elementskit-lite/widgets/init/assets/css/responsive.css?ver=3.7.9 HTTP/1.0" 200 30348 "https://www.kamilletv.net/ant.php" "Mozilla/5.0 (Windows NT 10.0; Win64; x64; rv:148.0) Gecko/20100101 Firefox/148.0"
103.155.118.145 - - [04/Feb/2026:06:24:46 -0500] "GET /wp-content/plugins/elementor/assets/lib/font-awesome/css/fontawesome.min.css?ver=5.15.3 HTTP/1.0" 200 58071 "https://www.kamilletv.net/ant.php" "Mozilla/5.0 (Windows NT 10.0; Win64; x64; rv:148.0) Gecko/20100101 Firefox/148.0"
103.155.118.145 - - [04/Feb/2026:06:24:46 -0500] "GET /wp-content/plugins/elementor/assets/lib/font-awesome/css/solid.min.css?ver=5.15.3 HTTP/1.0" 200 669 "https://www.kamilletv.net/ant.php" "Mozilla/5.0 (Windows NT 10.0; Win64; x64; rv:148.0) Gecko/20100101 Firefox/148.0"
103.155.118.145 - - [04/Feb/2026:06:24:46 -0500] "GET /wp-content/themes/astra/assets/js/minified/flexibility.min.js?ver=4.12.1 HTTP/1.0" 200 15525 "https://www.kamilletv.net/ant.php" "Mozilla/5.0 (Windows NT 10.0; Win64; x64; rv:148.0) Gecko/20100101 Firefox/148.0"
103.155.118.145 - - [04/Feb/2026:06:24:46 -0500] "GET /wp-includes/js/jquery/jquery.min.js?ver=3.7.1 HTTP/1.0" 200 87553 "https://www.kamilletv.net/ant.php" "Mozilla/5.0 (Windows NT 10.0; Win64; x64; rv:148.0) Gecko/20100101 Firefox/148.0"
103.155.118.145 - - [04/Feb/2026:06:24:46 -0500] "GET /wp-includes/js/jquery/jquery-migrate.min.js?ver=3.4.1 HTTP/1.0" 200 13577 "https://www.kamilletv.net/ant.php" "Mozilla/5.0 (Windows NT 10.0; Win64; x64; rv:148.0) Gecko/20100101 Firefox/148.0"
103.155.118.145 - - [04/Feb/2026:06:24:46 -0500] "GET /wp-content/plugins/woocommerce/assets/js/jquery-blockui/jquery.blockUI.min.js?ver=2.7.0-wc.10.4.3 HTTP/1.0" 200 9636 "https://www.kamilletv.net/ant.php" "Mozilla/5.0 (Windows NT 10.0; Win64; x64; rv:148.0) Gecko/20100101 Firefox/148.0"
103.155.118.145 - - [04/Feb/2026:06:24:46 -0500] "GET /wp-content/plugins/woocommerce/assets/js/js-cookie/js.cookie.min.js?ver=2.1.4-wc.10.4.3 HTTP/1.0" 200 1720 "https://www.kamilletv.net/ant.php" "Mozilla/5.0 (Windows NT 10.0; Win64; x64; rv:148.0) Gecko/20100101 Firefox/148.0"
103.155.118.145 - - [04/Feb/2026:06:24:46 -0500] "GET /wp-content/plugins/woocommerce/assets/js/frontend/woocommerce.min.js?ver=10.4.3 HTTP/1.0" 200 4131 "https://www.kamilletv.net/ant.php" "Mozilla/5.0 (Windows NT 10.0; Win64; x64; rv:148.0) Gecko/20100101 Firefox/148.0"
103.155.118.145 - - [04/Feb/2026:06:24:46 -0500] "GET /wp-content/plugins/woocommerce/assets/client/blocks/wc-blocks.css?ver=wc-10.4.3 HTTP/1.0" 200 14006 "https://www.kamilletv.net/ant.php" "Mozilla/5.0 (Windows NT 10.0; Win64; x64; rv:148.0) Gecko/20100101 Firefox/148.0"
103.155.118.145 - - [04/Feb/2026:06:24:46 -0500] "GET /wp-content/plugins/elementor/assets/css/widget-icon-box.min.css?ver=3.35.0 HTTP/1.0" 200 4726 "https://www.kamilletv.net/ant.php" "Mozilla/5.0 (Windows NT 10.0; Win64; x64; rv:148.0) Gecko/20100101 Firefox/148.0"
103.155.118.145 - - [04/Feb/2026:06:24:46 -0500] "GET /wp-content/plugins/elementor/assets/css/widget-heading.min.css?ver=3.35.0 HTTP/1.0" 200 560 "https://www.kamilletv.net/ant.php" "Mozilla/5.0 (Windows NT 10.0; Win64; x64; rv:148.0) Gecko/20100101 Firefox/148.0"
103.155.118.145 - - [04/Feb/2026:06:24:46 -0500] "GET /wp-content/plugins/elementskit-lite/modules/elementskit-icon-pack/assets/css/ekiticons.css?ver=3.7.9 HTTP/1.0" 200 82586 "https://www.kamilletv.net/ant.php" "Mozilla/5.0 (Windows NT 10.0; Win64; x64; rv:148.0) Gecko/20100101 Firefox/148.0"
103.155.118.145 - - [04/Feb/2026:06:24:46 -0500] "GET /wp-content/plugins/woocommerce/assets/js/frontend/add-to-cart.min.js?ver=10.4.3 HTTP/1.0" 200 4350 "https://www.kamilletv.net/ant.php" "Mozilla/5.0 (Windows NT 10.0; Win64; x64; rv:148.0) Gecko/20100101 Firefox/148.0"
103.155.118.145 - - [04/Feb/2026:06:24:46 -0500] "GET /wp-content/themes/astra/assets/js/minified/mobile-cart.min.js?ver=4.12.1 HTTP/1.0" 200 5503 "https://www.kamilletv.net/ant.php" "Mozilla/5.0 (Windows NT 10.0; Win64; x64; rv:148.0) Gecko/20100101 Firefox/148.0"
103.155.118.145 - - [04/Feb/2026:06:24:46 -0500] "GET /wp-includes/js/dist/dom-ready.min.js?ver=f77871ff7694fffea381 HTTP/1.0" 200 457 "https://www.kamilletv.net/ant.php" "Mozilla/5.0 (Windows NT 10.0; Win64; x64; rv:148.0) Gecko/20100101 Firefox/148.0"
103.155.118.145 - - [04/Feb/2026:06:24:46 -0500] "GET /wp-content/plugins/astra-sites/inc/lib/onboarding/assets/dist/template-preview/main.js?ver=09382f635556bec359b3 HTTP/1.0" 200 6587 "https://www.kamilletv.net/ant.php" "Mozilla/5.0 (Windows NT 10.0; Win64; x64; rv:148.0) Gecko/20100101 Firefox/148.0"
103.155.118.145 - - [04/Feb/2026:06:24:46 -0500] "GET /wp-content/plugins/elementskit-lite/libs/framework/assets/js/frontend-script.js?ver=3.7.9 HTTP/1.0" 200 40 "https://www.kamilletv.net/ant.php" "Mozilla/5.0 (Windows NT 10.0; Win64; x64; rv:148.0) Gecko/20100101 Firefox/148.0"
103.155.118.145 - - [04/Feb/2026:06:24:46 -0500] "GET /wp-content/plugins/elementskit-lite/widgets/init/assets/js/widget-scripts.js?ver=3.7.9 HTTP/1.0" 200 137522 "https://www.kamilletv.net/ant.php" "Mozilla/5.0 (Windows NT 10.0; Win64; x64; rv:148.0) Gecko/20100101 Firefox/148.0"
103.155.118.145 - - [04/Feb/2026:06:24:46 -0500] "GET /wp-content/plugins/woocommerce/assets/js/sourcebuster/sourcebuster.min.js?ver=10.4.3 HTTP/1.0" 200 15315 "https://www.kamilletv.net/ant.php" "Mozilla/5.0 (Windows NT 10.0; Win64; x64; rv:148.0) Gecko/20100101 Firefox/148.0"
103.155.118.145 - - [04/Feb/2026:06:24:46 -0500] "GET /wp-content/plugins/woocommerce/assets/js/frontend/order-attribution.min.js?ver=10.4.3 HTTP/1.0" 200 2346 "https://www.kamilletv.net/ant.php" "Mozilla/5.0 (Windows NT 10.0; Win64; x64; rv:148.0) Gecko/20100101 Firefox/148.0"
103.155.118.145 - - [04/Feb/2026:06:24:46 -0500] "GET /wp-content/plugins/woocommerce/assets/js/frontend/cart-fragments.min.js?ver=10.4.3 HTTP/1.0" 200 2939 "https://www.kamilletv.net/ant.php" "Mozilla/5.0 (Windows NT 10.0; Win64; x64; rv:148.0) Gecko/20100101 Firefox/148.0"
103.155.118.145 - - [04/Feb/2026:06:24:46 -0500] "GET /wp-content/themes/astra/assets/js/minified/frontend.min.js?ver=4.12.1 HTTP/1.0" 200 25965 "https://www.kamilletv.net/ant.php" "Mozilla/5.0 (Windows NT 10.0; Win64; x64; rv:148.0) Gecko/20100101 Firefox/148.0"
103.155.118.145 - - [04/Feb/2026:06:24:46 -0500] "GET /wp-content/plugins/elementor/assets/js/webpack.runtime.min.js?ver=3.35.0 HTTP/1.0" 200 5677 "https://www.kamilletv.net/ant.php" "Mozilla/5.0 (Windows NT 10.0; Win64; x64; rv:148.0) Gecko/20100101 Firefox/148.0"
103.155.118.145 - - [04/Feb/2026:06:24:46 -0500] "GET /wp-content/plugins/elementor/assets/js/frontend-modules.min.js?ver=3.35.0 HTTP/1.0" 200 50503 "https://www.kamilletv.net/ant.php" "Mozilla/5.0 (Windows NT 10.0; Win64; x64; rv:148.0) Gecko/20100101 Firefox/148.0"
103.155.118.145 - - [04/Feb/2026:06:24:46 -0500] "GET /wp-includes/js/jquery/ui/core.min.js?ver=1.13.3 HTTP/1.0" 200 21464 "https://www.kamilletv.net/ant.php" "Mozilla/5.0 (Windows NT 10.0; Win64; x64; rv:148.0) Gecko/20100101 Firefox/148.0"
103.155.118.145 - - [04/Feb/2026:06:24:46 -0500] "GET /wp-content/plugins/elementskit-lite/widgets/init/assets/js/animate-circle.min.js?ver=3.7.9 HTTP/1.0" 200 681 "https://www.kamilletv.net/ant.php" "Mozilla/5.0 (Windows NT 10.0; Win64; x64; rv:148.0) Gecko/20100101 Firefox/148.0"
103.155.118.145 - - [04/Feb/2026:06:24:46 -0500] "GET /wp-content/plugins/elementskit-lite/widgets/init/assets/js/elementor.js?ver=3.7.9 HTTP/1.0" 200 20773 "https://www.kamilletv.net/ant.php" "Mozilla/5.0 (Windows NT 10.0; Win64; x64; rv:148.0) Gecko/20100101 Firefox/148.0"
103.155.118.145 - - [04/Feb/2026:06:24:46 -0500] "GET /wp-content/plugins/elementor/assets/js/frontend.min.js?ver=3.35.0 HTTP/1.0" 200 31880 "https://www.kamilletv.net/ant.php" "Mozilla/5.0 (Windows NT 10.0; Win64; x64; rv:148.0) Gecko/20100101 Firefox/148.0"
103.155.118.145 - - [04/Feb/2026:06:24:49 -0500] "GET /wp-content/themes/astra/assets/css/minified/compatibility/woocommerce/woocommerce-smallscreen-grid.min.css?ver=4.12.1 HTTP/1.0" 200 6005 "https://www.kamilletv.net/ant.php" "Mozilla/5.0 (Windows NT 10.0; Win64; x64; rv:148.0) Gecko/20100101 Firefox/148.0"
103.155.118.145 - - [04/Feb/2026:06:24:50 -0500] "GET /wp-includes/js/wp-emoji-release.min.js?ver=6.9.1 HTTP/1.0" 200 22762 "https://www.kamilletv.net/ant.php" "Mozilla/5.0 (Windows NT 10.0; Win64; x64; rv:148.0) Gecko/20100101 Firefox/148.0"
103.155.118.145 - - [04/Feb/2026:06:24:50 -0500] "GET /wp-content/plugins/elementor/assets/js/section-frontend-handlers.d85ab872da118940910d.bundle.min.js HTTP/1.0" 200 449 "https://www.kamilletv.net/ant.php" "Mozilla/5.0 (Windows NT 10.0; Win64; x64; rv:148.0) Gecko/20100101 Firefox/148.0"
103.155.118.145 - - [04/Feb/2026:06:24:50 -0500] "GET /wp-content/plugins/elementor/assets/js/shared-frontend-handlers.03caa53373b56d3bab67.bundle.min.js HTTP/1.0" 200 8481 "https://www.kamilletv.net/ant.php" "Mozilla/5.0 (Windows NT 10.0; Win64; x64; rv:148.0) Gecko/20100101 Firefox/148.0"
103.155.118.145 - - [04/Feb/2026:06:24:50 -0500] "GET /wp-content/plugins/elementor/assets/lib/font-awesome/webfonts/fa-solid-900.woff2 HTTP/1.0" 200 78196 "https://www.kamilletv.net/wp-content/plugins/elementor/assets/lib/font-awesome/css/solid.min.css?ver=5.15.3" "Mozilla/5.0 (Windows NT 10.0; Win64; x64; rv:148.0) Gecko/20100101 Firefox/148.0"
103.155.118.145 - - [04/Feb/2026:06:24:49 -0500] "POST /?wc-ajax=get_refreshed_fragments HTTP/1.0" 200 3326 "https://www.kamilletv.net/ant.php" "Mozilla/5.0 (Windows NT 10.0; Win64; x64; rv:148.0) Gecko/20100101 Firefox/148.0"
103.155.118.145 - - [04/Feb/2026:06:24:49 -0500] "GET /?wc-ajax=get_refreshed_fragments HTTP/1.0" 200 3326 "https://www.kamilletv.net/ant.php" "Mozilla/5.0 (Windows NT 10.0; Win64; x64; rv:148.0) Gecko/20100101 Firefox/148.0"
173.231.242.79 - - [04/Feb/2026:06:42:27 -0500] "POST /wp-cron.php?doing_wp_cron=1770205347.1602189540863037109375 HTTP/1.0" 200 - "-" "WordPress/6.9.1; https://www.kamilletv.net"
194.165.60.27 - - [04/Feb/2026:06:42:24 -0500] "POST /xmlrpc.php HTTP/1.0" 200 403 "-" "Mozilla/5.0 (Windows NT 10.0; WOW64) AppleWebKit/537.43 (KHTML, like Gecko) Chrome/135.0.0.0 Safari/537.36 OPR/120.0.0.0"
173.231.242.79 - - [04/Feb/2026:07:30:53 -0500] "POST /wp-cron.php?doing_wp_cron=1770208253.8543860912322998046875 HTTP/1.0" 200 - "-" "WordPress/6.9.1; https://www.kamilletv.net"
47.82.118.63 - - [04/Feb/2026:07:30:51 -0500] "POST /xmlrpc.php HTTP/1.0" 200 403 "-" "Mozilla/5.0 (Windows NT 10.0; Win64; x64) AppleWebKit/537.36 (KHTML, like Gecko) Chrome/129.0.6668.42 Safari/537.36"
103.69.96.39 - - [04/Feb/2026:07:30:53 -0500] "POST /xmlrpc.php HTTP/1.0" 200 403 "-" "Mozilla/5.0 (Windows NT 10.0; Win64; x64) AppleWebKit/537.36 (KHTML, like Gecko) Chrome/129.0.6668.42 Safari/537.36"
81.0.107.76 - - [04/Feb/2026:07:31:01 -0500] "POST /xmlrpc.php HTTP/1.0" 200 403 "-" "Mozilla/5.0 (Windows NT 10.0; Win64; x64) AppleWebKit/537.36 (KHTML, like Gecko) Chrome/129.0.6668.50 Safari/537.36"
184.168.120.235 - - [04/Feb/2026:07:31:02 -0500] "POST /xmlrpc.php HTTP/1.0" 200 403 "-" "Mozilla/5.0 (Windows NT 11.0; Win64; x64) AppleWebKit/537.36 (KHTML, like Gecko) Chrome/130.0.6723.70 Safari/537.36"
184.168.120.235 - - [04/Feb/2026:07:31:06 -0500] "POST /xmlrpc.php HTTP/1.0" 406 300 "-" "Mozilla/5.0 (Windows NT 10.0; Win64; x64) AppleWebKit/537.36 (KHTML, like Gecko) Chrome/129.0.0.0 Safari/537.36"
47.236.10.255 - - [04/Feb/2026:07:31:11 -0500] "POST /xmlrpc.php HTTP/1.0" 200 403 "-" "Mozilla/5.0 (Windows NT 10.0; Win64; x64; rv:131.0) Gecko/20100101 Firefox/131.0"
34.89.56.14 - - [04/Feb/2026:07:31:19 -0500] "POST /xmlrpc.php HTTP/1.0" 200 403 "-" "Mozilla/5.0 (Macintosh; Intel Mac OS X 10_15_7) AppleWebKit/537.36 (KHTML, like Gecko) Chrome/129.0.6668.58 Safari/537.36"
200.45.208.164 - - [04/Feb/2026:07:31:20 -0500] "POST /xmlrpc.php HTTP/1.0" 200 403 "-" "Mozilla/5.0 (Windows NT 11.0; Win64; x64) AppleWebKit/537.36 (KHTML, like Gecko) Chrome/130.0.0.0 Safari/537.36"
185.73.130.137 - - [04/Feb/2026:07:31:24 -0500] "POST /xmlrpc.php HTTP/1.0" 200 403 "-" "Mozilla/5.0 (Windows NT 10.0; Win64; x64) AppleWebKit/537.36 (KHTML, like Gecko) Chrome/130.0.6723.69 Safari/537.36"
52.45.15.233 - - [04/Feb/2026:07:52:16 -0500] "GET /robots.txt HTTP/1.0" 403 228 "-" "Mozilla/5.0 AppleWebKit/537.36 (KHTML, like Gecko; compatible; Amazonbot/0.1; +https://developer.amazon.com/support/amazonbot) Chrome/119.0.6045.214 Safari/537.36"
52.207.47.227 - - [04/Feb/2026:07:52:21 -0500] "GET /product-category/footwear/ HTTP/1.0" 403 228 "-" "Mozilla/5.0 AppleWebKit/537.36 (KHTML, like Gecko; compatible; Amazonbot/0.1; +https://developer.amazon.com/support/amazonbot) Chrome/119.0.6045.214 Safari/537.36"
173.231.242.79 - - [04/Feb/2026:07:57:47 -0500] "POST /wp-cron.php?doing_wp_cron=1770209867.2778229713439941406250 HTTP/1.0" 200 - "-" "WordPress/6.9.1; https://www.kamilletv.net"
173.231.242.79 - - [04/Feb/2026:07:57:47 -0500] "POST /wp-cron.php?doing_wp_cron=1770209867.9021899700164794921875 HTTP/1.0" 200 - "-" "WordPress/6.9.1; https://www.kamilletv.net"
54.92.151.156 - - [04/Feb/2026:07:57:45 -0500] "GET /product-category/footwear/ HTTP/1.0" 200 190978 "-" "Mozilla/5.0 AppleWebKit/605.1.15 (KHTML, like Gecko) Chrome/139.0.0.0 Safari/605.1.15"
173.231.242.79 - - [04/Feb/2026:08:34:11 -0500] "POST /wp-cron.php?doing_wp_cron=1770212050.9382429122924804687500 HTTP/1.0" 200 - "-" "WordPress/6.9.1; https://www.kamilletv.net"
113.59.32.162 - - [04/Feb/2026:08:34:07 -0500] "GET /wp-json/wp/v2/posts HTTP/1.0" 200 4571 "-" "Mozilla/5.0 (Windows NT 10.0; Win64; x64) AppleWebKit/537.36 (KHTML, like Gecko) Chrome/120.0.0.0 Safari/537.36"
113.59.32.162 - - [04/Feb/2026:08:34:16 -0500] "POST /wp-comments-post.php HTTP/1.0" 302 - "-" "Mozilla/5.0 (Windows NT 10.0; Win64; x64) AppleWebKit/537.36 (KHTML, like Gecko) Chrome/120.0.0.0 Safari/537.36"
173.231.242.79 - - [04/Feb/2026:08:42:31 -0500] "POST /wp-cron.php?doing_wp_cron=1770212551.8923280239105224609375 HTTP/1.0" 200 - "-" "WordPress/6.9.1; https://www.kamilletv.net"
174.138.83.33 - - [04/Feb/2026:08:42:30 -0500] "GET / HTTP/1.0" 301 - "-" "Mozilla/5.0 (X11; Linux x86_64) AppleWebKit/537.36 (KHTML, like Gecko) Chrome/142.0.0.0 Safari/537.36"
174.138.83.33 - - [04/Feb/2026:08:42:31 -0500] "GET /favicon.ico HTTP/1.0" 302 - "http://mail.kamilletv.net/" "Mozilla/5.0 (X11; Linux x86_64) AppleWebKit/537.36 (KHTML, like Gecko) Chrome/142.0.0.0 Safari/537.36"
174.138.83.33 - - [04/Feb/2026:08:42:32 -0500] "GET / HTTP/1.0" 301 - "-" "Mozilla/5.0 (X11; Linux x86_64) AppleWebKit/537.36 (KHTML, like Gecko) Chrome/142.0.0.0 Safari/537.36"
174.138.83.33 - - [04/Feb/2026:08:42:33 -0500] "GET /favicon.ico HTTP/1.0" 302 - "https://mail.kamilletv.net/" "Mozilla/5.0 (X11; Linux x86_64) AppleWebKit/537.36 (KHTML, like Gecko) Chrome/142.0.0.0 Safari/537.36"
173.231.242.79 - - [04/Feb/2026:08:49:00 -0500] "POST /wp-cron.php?doing_wp_cron=1770212940.9378480911254882812500 HTTP/1.0" 200 - "-" "WordPress/6.9.1; https://www.kamilletv.net"
103.155.118.145 - - [04/Feb/2026:08:48:59 -0500] "GET /nf.php HTTP/1.0" 301 - "-" "Mozilla/5.0 (Windows NT 10.0; Win64; x64; rv:148.0) Gecko/20100101 Firefox/148.0"
103.155.118.145 - - [04/Feb/2026:08:49:00 -0500] "GET / HTTP/1.0" 301 - "-" "Mozilla/5.0 (Windows NT 10.0; Win64; x64; rv:148.0) Gecko/20100101 Firefox/148.0"
103.155.118.145 - - [04/Feb/2026:08:49:01 -0500] "GET /nf.php HTTP/1.0" 404 186934 "-" "Mozilla/5.0 (Windows NT 10.0; Win64; x64; rv:148.0) Gecko/20100101 Firefox/148.0"
103.155.118.145 - - [04/Feb/2026:08:49:02 -0500] "GET / HTTP/1.0" 200 220543 "-" "Mozilla/5.0 (Windows NT 10.0; Win64; x64; rv:148.0) Gecko/20100101 Firefox/148.0"
103.155.118.145 - - [04/Feb/2026:08:49:04 -0500] "GET /wp-content/themes/astra/assets/css/minified/main.min.css?ver=4.12.1 HTTP/1.0" 200 45749 "https://www.kamilletv.net/nf.php" "Mozilla/5.0 (Windows NT 10.0; Win64; x64; rv:148.0) Gecko/20100101 Firefox/148.0"
103.155.118.145 - - [04/Feb/2026:08:49:04 -0500] "GET /wp-content/plugins/header-footer-elementor/inc/widgets-css/frontend.css?ver=2.8.3 HTTP/1.0" 200 83015 "https://www.kamilletv.net/nf.php" "Mozilla/5.0 (Windows NT 10.0; Win64; x64; rv:148.0) Gecko/20100101 Firefox/148.0"
103.155.118.145 - - [04/Feb/2026:08:49:04 -0500] "GET /wp-content/plugins/header-footer-elementor/inc/widgets-css/woo-products.css?ver=2.8.3 HTTP/1.0" 200 4984 "https://www.kamilletv.net/nf.php" "Mozilla/5.0 (Windows NT 10.0; Win64; x64; rv:148.0) Gecko/20100101 Firefox/148.0"
103.155.118.145 - - [04/Feb/2026:08:49:04 -0500] "GET /wp-content/themes/astra/assets/css/minified/compatibility/woocommerce/woocommerce-layout-grid.min.css?ver=4.12.1 HTTP/1.0" 200 16313 "https://www.kamilletv.net/nf.php" "Mozilla/5.0 (Windows NT 10.0; Win64; x64; rv:148.0) Gecko/20100101 Firefox/148.0"
103.155.118.145 - - [04/Feb/2026:08:49:04 -0500] "GET /wp-includes/css/dist/block-library/style.min.css?ver=6.9.1 HTTP/1.0" 200 119358 "https://www.kamilletv.net/nf.php" "Mozilla/5.0 (Windows NT 10.0; Win64; x64; rv:148.0) Gecko/20100101 Firefox/148.0"
103.155.118.145 - - [04/Feb/2026:08:49:04 -0500] "GET /wp-content/plugins/header-footer-elementor/assets/css/header-footer-elementor.css?ver=2.8.3 HTTP/1.0" 200 776 "https://www.kamilletv.net/nf.php" "Mozilla/5.0 (Windows NT 10.0; Win64; x64; rv:148.0) Gecko/20100101 Firefox/148.0"
103.155.118.145 - - [04/Feb/2026:08:49:04 -0500] "GET /wp-content/themes/astra/assets/css/minified/compatibility/woocommerce/woocommerce-grid.min.css?ver=4.12.1 HTTP/1.0" 200 118180 "https://www.kamilletv.net/nf.php" "Mozilla/5.0 (Windows NT 10.0; Win64; x64; rv:148.0) Gecko/20100101 Firefox/148.0"
103.155.118.145 - - [04/Feb/2026:08:49:04 -0500] "GET /wp-content/plugins/elementor/assets/lib/eicons/css/elementor-icons.min.css?ver=5.47.0 HTTP/1.0" 200 21641 "https://www.kamilletv.net/nf.php" "Mozilla/5.0 (Windows NT 10.0; Win64; x64; rv:148.0) Gecko/20100101 Firefox/148.0"
103.155.118.145 - - [04/Feb/2026:08:49:04 -0500] "GET /wp-content/plugins/elementor/assets/css/widget-icon-list.min.css?ver=3.24.3 HTTP/1.0" 200 10255 "https://www.kamilletv.net/nf.php" "Mozilla/5.0 (Windows NT 10.0; Win64; x64; rv:148.0) Gecko/20100101 Firefox/148.0"
103.155.118.145 - - [04/Feb/2026:08:49:04 -0500] "GET /wp-content/plugins/elementor/assets/css/widget-social-icons.min.css?ver=3.24.0 HTTP/1.0" 200 5110 "https://www.kamilletv.net/nf.php" "Mozilla/5.0 (Windows NT 10.0; Win64; x64; rv:148.0) Gecko/20100101 Firefox/148.0"
103.155.118.145 - - [04/Feb/2026:08:49:04 -0500] "GET /wp-content/plugins/elementor/assets/css/frontend.min.css?ver=3.35.0 HTTP/1.0" 200 54666 "https://www.kamilletv.net/nf.php" "Mozilla/5.0 (Windows NT 10.0; Win64; x64; rv:148.0) Gecko/20100101 Firefox/148.0"
103.155.118.145 - - [04/Feb/2026:08:49:04 -0500] "GET /wp-content/plugins/elementor/assets/lib/font-awesome/css/brands.css?ver=5.15.3 HTTP/1.0" 200 732 "https://www.kamilletv.net/nf.php" "Mozilla/5.0 (Windows NT 10.0; Win64; x64; rv:148.0) Gecko/20100101 Firefox/148.0"
103.155.118.145 - - [04/Feb/2026:08:49:04 -0500] "GET /wp-content/plugins/elementor/assets/lib/eicons/css/elementor-icons.min.css?ver=5.34.0 HTTP/1.0" 200 21641 "https://www.kamilletv.net/nf.php" "Mozilla/5.0 (Windows NT 10.0; Win64; x64; rv:148.0) Gecko/20100101 Firefox/148.0"
103.155.118.145 - - [04/Feb/2026:08:49:04 -0500] "GET /wp-content/plugins/elementor/assets/lib/font-awesome/css/solid.css?ver=5.15.3 HTTP/1.0" 200 727 "https://www.kamilletv.net/nf.php" "Mozilla/5.0 (Windows NT 10.0; Win64; x64; rv:148.0) Gecko/20100101 Firefox/148.0"
103.155.118.145 - - [04/Feb/2026:08:49:04 -0500] "GET /wp-content/plugins/elementskit-lite/widgets/init/assets/css/responsive.css?ver=3.7.9 HTTP/1.0" 200 30348 "https://www.kamilletv.net/nf.php" "Mozilla/5.0 (Windows NT 10.0; Win64; x64; rv:148.0) Gecko/20100101 Firefox/148.0"
103.155.118.145 - - [04/Feb/2026:08:49:04 -0500] "GET /wp-content/plugins/elementor/assets/lib/font-awesome/css/fontawesome.css?ver=5.15.3 HTTP/1.0" 200 72184 "https://www.kamilletv.net/nf.php" "Mozilla/5.0 (Windows NT 10.0; Win64; x64; rv:148.0) Gecko/20100101 Firefox/148.0"
103.155.118.145 - - [04/Feb/2026:08:49:04 -0500] "GET /wp-content/plugins/elementor/assets/lib/font-awesome/css/fontawesome.min.css?ver=5.15.3 HTTP/1.0" 200 58071 "https://www.kamilletv.net/nf.php" "Mozilla/5.0 (Windows NT 10.0; Win64; x64; rv:148.0) Gecko/20100101 Firefox/148.0"
103.155.118.145 - - [04/Feb/2026:08:49:04 -0500] "GET /wp-content/plugins/elementskit-lite/widgets/init/assets/css/widget-styles.css?ver=3.7.9 HTTP/1.0" 200 465966 "https://www.kamilletv.net/nf.php" "Mozilla/5.0 (Windows NT 10.0; Win64; x64; rv:148.0) Gecko/20100101 Firefox/148.0"
103.155.118.145 - - [04/Feb/2026:08:49:04 -0500] "GET /wp-content/plugins/elementor/assets/lib/font-awesome/css/solid.min.css?ver=5.15.3 HTTP/1.0" 200 669 "https://www.kamilletv.net/nf.php" "Mozilla/5.0 (Windows NT 10.0; Win64; x64; rv:148.0) Gecko/20100101 Firefox/148.0"
103.155.118.145 - - [04/Feb/2026:08:49:04 -0500] "GET /wp-content/themes/astra/assets/js/minified/flexibility.min.js?ver=4.12.1 HTTP/1.0" 200 15525 "https://www.kamilletv.net/nf.php" "Mozilla/5.0 (Windows NT 10.0; Win64; x64; rv:148.0) Gecko/20100101 Firefox/148.0"
103.155.118.145 - - [04/Feb/2026:08:49:04 -0500] "GET /wp-includes/js/jquery/jquery-migrate.min.js?ver=3.4.1 HTTP/1.0" 200 13577 "https://www.kamilletv.net/nf.php" "Mozilla/5.0 (Windows NT 10.0; Win64; x64; rv:148.0) Gecko/20100101 Firefox/148.0"
103.155.118.145 - - [04/Feb/2026:08:49:04 -0500] "GET /wp-includes/js/jquery/jquery.min.js?ver=3.7.1 HTTP/1.0" 200 87553 "https://www.kamilletv.net/nf.php" "Mozilla/5.0 (Windows NT 10.0; Win64; x64; rv:148.0) Gecko/20100101 Firefox/148.0"
103.155.118.145 - - [04/Feb/2026:08:49:04 -0500] "GET /wp-content/plugins/woocommerce/assets/js/js-cookie/js.cookie.min.js?ver=2.1.4-wc.10.4.3 HTTP/1.0" 200 1720 "https://www.kamilletv.net/nf.php" "Mozilla/5.0 (Windows NT 10.0; Win64; x64; rv:148.0) Gecko/20100101 Firefox/148.0"
103.155.118.145 - - [04/Feb/2026:08:49:04 -0500] "GET /wp-content/plugins/woocommerce/assets/client/blocks/wc-blocks.css?ver=wc-10.4.3 HTTP/1.0" 200 14006 "https://www.kamilletv.net/nf.php" "Mozilla/5.0 (Windows NT 10.0; Win64; x64; rv:148.0) Gecko/20100101 Firefox/148.0"
103.155.118.145 - - [04/Feb/2026:08:49:04 -0500] "GET /wp-content/plugins/woocommerce/assets/js/jquery-blockui/jquery.blockUI.min.js?ver=2.7.0-wc.10.4.3 HTTP/1.0" 200 9636 "https://www.kamilletv.net/nf.php" "Mozilla/5.0 (Windows NT 10.0; Win64; x64; rv:148.0) Gecko/20100101 Firefox/148.0"
