HEX
Server: Apache
System: Linux ecngx285.inmotionhosting.com 4.18.0-553.79.1.lve.el8.x86_64 #1 SMP Wed Oct 15 17:59:35 UTC 2025 x86_64
User: zeusxp5 (3862)
PHP: 8.3.28
Disabled: NONE
Upload Files
File: /home/zeusxp5/access-logs/kamilletv.net.zeusxpressalongside.com
173.231.242.79 - - [03/Feb/2026:22:03:41 -0500] "POST /wp-cron.php?doing_wp_cron=1770174221.2344679832458496093750 HTTP/1.0" 200 - "-" "WordPress/6.9.1; https://www.kamilletv.net"
160.20.55.235 - - [03/Feb/2026:22:03:38 -0500] "GET /wp-json/wp/v2/posts HTTP/1.0" 200 4571 "-" "Mozilla/5.0 (Windows NT 10.0; Win64; x64) AppleWebKit/537.36 (KHTML, like Gecko) Chrome/120.0.0.0 Safari/537.36"
103.181.84.83 - - [03/Feb/2026:22:03:50 -0500] "POST /wp-comments-post.php HTTP/1.0" 302 - "-" "Mozilla/5.0 (Windows NT 10.0; Win64; x64) AppleWebKit/537.36 (KHTML, like Gecko) Chrome/120.0.0.0 Safari/537.36"
107.189.28.173 - - [03/Feb/2026:22:10:16 -0500] "GET /wp-login.php HTTP/1.0" 200 6435 "-" "Mozilla/5.0 (X11; Linux x86_64) AppleWebKit/537.36 (KHTML, like Gecko) Chrome/36.0.1985.143 Safari/537.36"
173.231.242.79 - - [03/Feb/2026:22:10:18 -0500] "POST /wp-cron.php?doing_wp_cron=1770174618.8949589729309082031250 HTTP/1.0" 200 - "-" "WordPress/6.9.1; https://www.kamilletv.net"
107.189.28.173 - - [03/Feb/2026:22:10:20 -0500] "POST /wp-login.php HTTP/1.0" 200 6851 "-" "Mozilla/5.0 (X11; Linux x86_64) AppleWebKit/537.36 (KHTML, like Gecko) Chrome/36.0.1985.143 Safari/537.36"
173.231.242.79 - - [03/Feb/2026:22:14:24 -0500] "POST /wp-cron.php?doing_wp_cron=1770174864.1422889232635498046875 HTTP/1.0" 200 - "-" "WordPress/6.9.1; https://www.kamilletv.net"
104.244.73.251 - - [03/Feb/2026:22:14:21 -0500] "GET /wp-login.php HTTP/1.0" 200 6435 "-" "Mozilla/5.0 (X11; Ubuntu; Linux i686; rv:31.0) Gecko/20100101 Firefox/31.0"
104.244.73.251 - - [03/Feb/2026:22:14:25 -0500] "POST /wp-login.php HTTP/1.0" 200 6847 "-" "Mozilla/5.0 (X11; Ubuntu; Linux i686; rv:31.0) Gecko/20100101 Firefox/31.0"
173.231.242.79 - - [03/Feb/2026:22:27:56 -0500] "POST /wp-cron.php?doing_wp_cron=1770175675.9763040542602539062500 HTTP/1.0" 200 - "-" "WordPress/6.9.1; https://www.kamilletv.net"
43.130.39.254 - - [03/Feb/2026:22:27:53 -0500] "GET / HTTP/1.0" 301 - "-" "Mozilla/5.0 (iPhone; CPU iPhone OS 13_2_3 like Mac OS X) AppleWebKit/605.1.15 (KHTML, like Gecko) Version/13.0.3 Mobile/15E148 Safari/604.1"
43.130.39.254 - - [03/Feb/2026:22:27:57 -0500] "GET / HTTP/1.0" 200 220554 "http://www.kamilletv.net" "Mozilla/5.0 (iPhone; CPU iPhone OS 13_2_3 like Mac OS X) AppleWebKit/605.1.15 (KHTML, like Gecko) Version/13.0.3 Mobile/15E148 Safari/604.1"
141.94.101.142 - - [03/Feb/2026:23:28:01 -0500] "GET /robots.txt HTTP/1.0" 403 228 "-" "Mozilla/5.0 (compatible; MJ12bot/v1.4.8; http://mj12bot.com/)"
173.231.242.79 - - [03/Feb/2026:23:29:59 -0500] "POST /wp-cron.php?doing_wp_cron=1770179399.4248700141906738281250 HTTP/1.0" 200 - "-" "WordPress/6.9.1; https://www.kamilletv.net"
45.61.187.77 - - [03/Feb/2026:23:29:57 -0500] "GET /wp-login.php HTTP/1.0" 200 6435 "-" "Mozilla/5.0 (Macintosh; Intel Mac OS X 10_9_3) AppleWebKit/537.76.4 (KHTML, like Gecko) Version/7.0.4 Safari/537.76.4"
141.94.101.142 - - [03/Feb/2026:23:31:05 -0500] "GET /robots.txt HTTP/1.0" 403 228 "-" "Mozilla/5.0 (compatible; MJ12bot/v1.4.8; http://mj12bot.com/)"
173.231.242.79 - - [03/Feb/2026:23:31:10 -0500] "POST /wp-cron.php?doing_wp_cron=1770179470.7273809909820556640625 HTTP/1.0" 200 - "-" "WordPress/6.9.1; https://www.kamilletv.net"
173.231.242.79 - - [03/Feb/2026:23:31:11 -0500] "POST /wp-cron.php?doing_wp_cron=1770179471.1817359924316406250000 HTTP/1.0" 200 - "-" "WordPress/6.9.1; https://www.kamilletv.net"
88.210.35.166 - - [03/Feb/2026:23:31:09 -0500] "GET /hello-world/ HTTP/1.0" 200 197355 "https://www.kamilletv.net/hello-world/" "Mozilla/5.0 (Windows NT 10.0; Win64; x64) AppleWebKit/537.36 (KHTML, like Gecko) Chrome/129.0.0.0 Safari/537.36"
88.210.35.166 - - [03/Feb/2026:23:31:12 -0500] "POST /wp-comments-post.php HTTP/1.0" 302 - "https://www.kamilletv.net/hello-world/" "Mozilla/5.0 (Windows NT 10.0; Win64; x64) AppleWebKit/537.36 (KHTML, like Gecko) Chrome/129.0.0.0 Safari/537.36"
141.94.101.142 - - [03/Feb/2026:23:33:29 -0500] "GET /robots.txt HTTP/1.0" 403 228 "-" "Mozilla/5.0 (compatible; MJ12bot/v1.4.8; http://mj12bot.com/)"
173.231.242.79 - - [03/Feb/2026:23:37:10 -0500] "POST /wp-cron.php?doing_wp_cron=1770179830.8768279552459716796875 HTTP/1.0" 200 - "-" "WordPress/6.9.1; https://www.kamilletv.net"
198.54.114.54 - - [03/Feb/2026:23:37:09 -0500] "POST /xmlrpc.php HTTP/1.0" 200 403 "-" "Mozilla/5.0 (Windows NT 11.0; Win64; x64) AppleWebKit/537.36 (KHTML, like Gecko) Chrome/130.0.0.0 Safari/537.36"
43.129.189.147 - - [03/Feb/2026:23:37:24 -0500] "POST /xmlrpc.php HTTP/1.0" 200 403 "-" "Mozilla/5.0 (Windows NT 10.0; Win64; x64) AppleWebKit/537.36 (KHTML, like Gecko) Chrome/129.0.6668.59 Safari/537.36"
173.231.242.79 - - [03/Feb/2026:23:37:34 -0500] "POST /wp-cron.php?doing_wp_cron=1770179854.2939059734344482421875 HTTP/1.0" 200 - "-" "WordPress/6.9.1; https://www.kamilletv.net"
203.162.234.20 - - [03/Feb/2026:23:37:33 -0500] "POST /xmlrpc.php HTTP/1.0" 200 403 "-" "Mozilla/5.0 (Windows NT 10.0; Win64; x64) AppleWebKit/537.36 (KHTML, like Gecko) Chrome/129.0.6668.59 Safari/537.36"
179.188.55.106 - - [03/Feb/2026:23:37:57 -0500] "POST /xmlrpc.php HTTP/1.0" 406 300 "-" "Mozilla/5.0 (Windows NT 10.0; Win64; x64) AppleWebKit/537.36 (KHTML, like Gecko) Chrome/129.0.0.0 Safari/537.36 OPR/113.0.0.0"
173.231.242.79 - - [03/Feb/2026:23:38:42 -0500] "POST /wp-cron.php?doing_wp_cron=1770179922.1831328868865966796875 HTTP/1.0" 200 - "-" "WordPress/6.9.1; https://www.kamilletv.net"
45.61.187.77 - - [03/Feb/2026:23:38:40 -0500] "POST /wp-login.php HTTP/1.0" 200 6869 "-" "Mozilla/5.0 (Macintosh; Intel Mac OS X 10_9_3) AppleWebKit/537.76.4 (KHTML, like Gecko) Version/7.0.4 Safari/537.76.4"
98.89.254.180 - - [03/Feb/2026:23:39:51 -0500] "GET /robots.txt HTTP/1.0" 200 67 "-" "Mozilla/5.0 (Macintosh; Intel Mac OS X 10_10_1) AppleWebKit/600.2.5 (KHTML, like Gecko) Version/8.0.2 Safari/600.2.5 (TestUserAgent)"
173.231.242.79 - - [04/Feb/2026:00:29:38 -0500] "POST /wp-cron.php?doing_wp_cron=1770182977.8425500392913818359375 HTTP/1.0" 200 - "-" "WordPress/6.9.1; https://www.kamilletv.net"
155.138.214.70 - - [04/Feb/2026:00:29:35 -0500] "POST /xmlrpc.php HTTP/1.0" 200 403 "-" "Mozilla/5.0 (Windows NT 10.0; Win64; x64) AppleWebKit/537.36 (KHTML, like Gecko) Chrome/137.0.0.0 Safari/537.36"
173.231.242.79 - - [04/Feb/2026:00:44:29 -0500] "POST /wp-cron.php?doing_wp_cron=1770183869.2651529312133789062500 HTTP/1.0" 200 - "-" "WordPress/6.9.1; https://www.kamilletv.net"
107.189.29.231 - - [04/Feb/2026:00:44:25 -0500] "GET /wp-login.php HTTP/1.0" 200 6435 "-" "Mozilla/5.0 (Macintosh; Intel Mac OS X 10_10) AppleWebKit/600.1.3 (KHTML, like Gecko) Version/8.0 Safari/600.1.3"
107.189.29.231 - - [04/Feb/2026:00:44:30 -0500] "POST /wp-login.php HTTP/1.0" 200 6851 "-" "Mozilla/5.0 (Macintosh; Intel Mac OS X 10_10) AppleWebKit/600.1.3 (KHTML, like Gecko) Version/8.0 Safari/600.1.3"
144.172.103.49 - - [04/Feb/2026:00:46:09 -0500] "GET /wp-content/plugins/catnip/all.php HTTP/1.0" 403 228 "-" "Mozilla/5.0 (X11; Linux i686; rv:1.9.7.20) Gecko/ Firefox/3.6.4"
173.231.242.79 - - [04/Feb/2026:00:47:12 -0500] "POST /wp-cron.php?doing_wp_cron=1770184032.1788969039916992187500 HTTP/1.0" 200 - "-" "WordPress/6.9.1; https://www.kamilletv.net"
198.98.60.195 - - [04/Feb/2026:00:47:11 -0500] "GET /wp-login.php HTTP/1.0" 200 6435 "-" "Mozilla/5.0 (Windows NT 6.1; rv:24.0) Gecko/20100101 Firefox/24.0"
198.98.60.195 - - [04/Feb/2026:00:47:12 -0500] "POST /wp-login.php HTTP/1.0" 200 6847 "-" "Mozilla/5.0 (Windows NT 6.1; rv:24.0) Gecko/20100101 Firefox/24.0"
173.231.242.79 - - [04/Feb/2026:00:51:55 -0500] "POST /wp-cron.php?doing_wp_cron=1770184315.0092880725860595703125 HTTP/1.0" 200 - "-" "WordPress/6.9.1; https://www.kamilletv.net"
173.231.242.79 - - [04/Feb/2026:00:51:55 -0500] "POST /wp-cron.php?doing_wp_cron=1770184315.1040210723876953125000 HTTP/1.0" 200 - "-" "WordPress/6.9.1; https://www.kamilletv.net"
145.220.91.19 - - [04/Feb/2026:00:51:53 -0500] "GET / HTTP/1.0" 301 - "-" "Mozilla/5.0 (Macintosh; Intel Mac OS X 10.15; rv:122.0) Gecko/20100101 Firefox/122.0"
173.231.242.79 - - [04/Feb/2026:01:01:28 -0500] "POST /wp-cron.php?doing_wp_cron=1770184888.4361219406127929687500 HTTP/1.0" 200 - "-" "WordPress/6.9.1; https://www.kamilletv.net"
107.189.29.24 - - [04/Feb/2026:01:01:26 -0500] "GET /wp-login.php HTTP/1.0" 200 6435 "-" "Mozilla/5.0 (X11; Linux x86_64) AppleWebKit/537.36 (KHTML, like Gecko) Ubuntu Chromium/34.0.1847.116 Chrome/34.0.1847.116 Safari/537.36"
107.189.29.24 - - [04/Feb/2026:01:01:29 -0500] "POST /wp-login.php HTTP/1.0" 200 6856 "-" "Mozilla/5.0 (X11; Linux x86_64) AppleWebKit/537.36 (KHTML, like Gecko) Ubuntu Chromium/34.0.1847.116 Chrome/34.0.1847.116 Safari/537.36"
74.7.175.189 - - [04/Feb/2026:01:32:21 -0500] "GET /robots.txt HTTP/1.0" 200 67 "-" "Mozilla/5.0 (Macintosh; Intel Mac OS X 10_15_7) AppleWebKit/537.36 (KHTML, like Gecko) Chrome/131.0.0.0 Safari/537.36; compatible; OAI-SearchBot/1.3; robots.txt; +https://openai.com/searchbot"
74.7.227.171 - - [04/Feb/2026:01:32:21 -0500] "GET /?sitemap.xml HTTP/1.0" 403 228 "-" "Mozilla/5.0 AppleWebKit/537.36 (KHTML, like Gecko; compatible; GPTBot/1.3; +https://openai.com/gptbot)"
173.231.242.79 - - [04/Feb/2026:01:48:07 -0500] "POST /wp-cron.php?doing_wp_cron=1770187687.0993309020996093750000 HTTP/1.0" 200 - "-" "WordPress/6.9.1; https://www.kamilletv.net"
104.244.77.51 - - [04/Feb/2026:01:48:04 -0500] "GET /wp-login.php HTTP/1.0" 200 6435 "-" "Mozilla/5.0 (Macintosh; Intel Mac OS X 10_8_5) AppleWebKit/537.77.4 (KHTML, like Gecko) Version/6.1.5 Safari/537.77.4"
104.244.77.51 - - [04/Feb/2026:01:48:08 -0500] "POST /wp-login.php HTTP/1.0" 200 6856 "-" "Mozilla/5.0 (Macintosh; Intel Mac OS X 10_8_5) AppleWebKit/537.77.4 (KHTML, like Gecko) Version/6.1.5 Safari/537.77.4"
173.231.242.79 - - [04/Feb/2026:01:48:09 -0500] "POST /wp-cron.php HTTP/1.0" 200 - "-" "WordPress/6.9.1; https://www.kamilletv.net"
173.231.242.79 - - [04/Feb/2026:01:48:09 -0500] "GET / HTTP/1.0" 200 220543 "-" "WordPress/6.9.1; https://www.kamilletv.net"
173.231.242.79 - - [04/Feb/2026:01:55:11 -0500] "POST /wp-cron.php?doing_wp_cron=1770188111.0603210926055908203125 HTTP/1.0" 200 - "-" "WordPress/6.9.1; https://www.kamilletv.net"
43.153.122.30 - - [04/Feb/2026:01:55:09 -0500] "GET / HTTP/1.0" 301 - "-" "Mozilla/5.0 (iPhone; CPU iPhone OS 13_2_3 like Mac OS X) AppleWebKit/605.1.15 (KHTML, like Gecko) Version/13.0.3 Mobile/15E148 Safari/604.1"
173.231.242.79 - - [04/Feb/2026:01:55:11 -0500] "POST /wp-cron.php?doing_wp_cron=1770188110.9063539505004882812500 HTTP/1.0" 200 - "-" "WordPress/6.9.1; https://www.kamilletv.net"
173.231.242.79 - - [04/Feb/2026:02:43:43 -0500] "POST /wp-cron.php?doing_wp_cron=1770191023.1181490421295166015625 HTTP/1.0" 200 - "-" "WordPress/6.9.1; https://www.kamilletv.net"
209.141.52.212 - - [04/Feb/2026:02:43:40 -0500] "GET /wp-login.php HTTP/1.0" 200 6435 "-" "Mozilla/5.0 (Windows NT 6.0) AppleWebKit/537.36 (KHTML, like Gecko) Chrome/36.0.1985.125 Safari/537.36"
209.141.52.212 - - [04/Feb/2026:02:43:44 -0500] "POST /wp-login.php HTTP/1.0" 200 6874 "-" "Mozilla/5.0 (Windows NT 6.0) AppleWebKit/537.36 (KHTML, like Gecko) Chrome/36.0.1985.125 Safari/537.36"
173.231.242.79 - - [04/Feb/2026:02:44:46 -0500] "POST /wp-cron.php?doing_wp_cron=1770191086.7619590759277343750000 HTTP/1.0" 200 - "-" "WordPress/6.9.1; https://www.kamilletv.net"
173.231.242.79 - - [04/Feb/2026:02:44:45 -0500] "GET /?wp_scrape_key=48dd041cdb0cb90e5cc0943414d2b620&wp_scrape_nonce=1770191083 HTTP/1.0" 200 220691 "-" "WordPress/6.9.1; https://www.kamilletv.net"
74.7.175.189 - - [04/Feb/2026:02:58:24 -0500] "GET /robots.txt HTTP/1.0" 200 67 "-" "Mozilla/5.0 (Macintosh; Intel Mac OS X 10_15_7) AppleWebKit/537.36 (KHTML, like Gecko) Chrome/131.0.0.0 Safari/537.36; compatible; OAI-SearchBot/1.3; robots.txt; +https://openai.com/searchbot"
74.7.230.8 - - [04/Feb/2026:02:58:24 -0500] "GET /robots.txt HTTP/1.0" 200 67 "-" "Mozilla/5.0 (Macintosh; Intel Mac OS X 10_15_7) AppleWebKit/537.36 (KHTML, like Gecko) Chrome/131.0.0.0 Safari/537.36; compatible; OAI-SearchBot/1.3; robots.txt; +https://openai.com/searchbot"
74.7.175.148 - - [04/Feb/2026:02:59:30 -0500] "GET /robots.txt HTTP/1.0" 200 67 "-" "Mozilla/5.0 (Macintosh; Intel Mac OS X 10_15_7) AppleWebKit/537.36 (KHTML, like Gecko) Chrome/131.0.0.0 Safari/537.36; compatible; OAI-SearchBot/1.3; robots.txt; +https://openai.com/searchbot"
173.231.242.79 - - [04/Feb/2026:03:19:17 -0500] "POST /wp-cron.php?doing_wp_cron=1770193157.3327291011810302734375 HTTP/1.0" 200 - "-" "WordPress/6.9.1; https://www.kamilletv.net"
173.231.242.79 - - [04/Feb/2026:03:19:17 -0500] "POST /wp-cron.php?doing_wp_cron=1770193157.3324940204620361328125 HTTP/1.0" 200 - "-" "WordPress/6.9.1; https://www.kamilletv.net"
184.168.120.235 - - [04/Feb/2026:03:19:15 -0500] "POST /xmlrpc.php HTTP/1.0" 200 403 "-" "Mozilla/5.0 (Macintosh; Intel Mac OS X 14_7) AppleWebKit/605.1.15 (KHTML, like Gecko) Version/17.6 Safari/605.1.15"
184.168.120.235 - - [04/Feb/2026:03:19:15 -0500] "POST /xmlrpc.php HTTP/1.0" 200 403 "-" "Mozilla/5.0 (Windows NT 10.0; Win64; x64) AppleWebKit/537.36 (KHTML, like Gecko) Chrome/129.0.0.0 Safari/537.36 Edg/129.0.2792.89"
103.172.239.79 - - [04/Feb/2026:03:19:21 -0500] "POST /xmlrpc.php HTTP/1.0" 200 403 "-" "Mozilla/5.0 (Macintosh; Intel Mac OS X 10_15_7) AppleWebKit/537.36 (KHTML, like Gecko) Chrome/129.0.6668.90 Safari/537.36"
173.231.242.79 - - [04/Feb/2026:03:19:39 -0500] "POST /wp-cron.php?doing_wp_cron=1770193179.1497230529785156250000 HTTP/1.0" 200 - "-" "WordPress/6.9.1; https://www.kamilletv.net"
47.94.14.136 - - [04/Feb/2026:03:19:38 -0500] "POST /xmlrpc.php HTTP/1.0" 200 403 "-" "Mozilla/5.0 (Macintosh; Intel Mac OS X 10_15_7) AppleWebKit/537.36 (KHTML, like Gecko) Chrome/129.0.0.0 Safari/537.36"
208.115.236.10 - - [04/Feb/2026:03:19:46 -0500] "POST /xmlrpc.php HTTP/1.0" 406 300 "-" "Mozilla/5.0 (Windows NT 10.0; Win64; x64) AppleWebKit/537.36 (KHTML, like Gecko) Chrome/130.0.0.0 Safari/537.36 Edg/130.0.0.0"
195.88.82.88 - - [04/Feb/2026:03:19:54 -0500] "POST /xmlrpc.php HTTP/1.0" 200 403 "-" "Mozilla/5.0 (Windows NT 10.0; Win64; x64) AppleWebKit/537.36 (KHTML, like Gecko) Chrome/130.0.6723.92 Safari/537.36"
198.54.114.55 - - [04/Feb/2026:03:20:04 -0500] "POST /xmlrpc.php HTTP/1.0" 200 403 "-" "Mozilla/5.0 (Windows NT 10.0; Win64; x64) AppleWebKit/537.36 (KHTML, like Gecko) Chrome/129.0.6668.100 Safari/537.36"
31.177.95.217 - - [04/Feb/2026:03:20:13 -0500] "POST /xmlrpc.php HTTP/1.0" 200 403 "-" "Mozilla/5.0 (Macintosh; Intel Mac OS X 10.15; rv:131.0) Gecko/20100101 Firefox/131.0"
173.231.242.79 - - [04/Feb/2026:03:20:36 -0500] "POST /wp-cron.php?doing_wp_cron=1770193236.0708360671997070312500 HTTP/1.0" 200 - "-" "WordPress/6.9.1; https://www.kamilletv.net"
45.61.188.177 - - [04/Feb/2026:03:20:34 -0500] "GET /wp-login.php HTTP/1.0" 200 6435 "-" "Mozilla/5.0 (X11; Linux x86_64; rv:31.0) Gecko/20100101 Firefox/31.0"
45.61.188.177 - - [04/Feb/2026:03:20:36 -0500] "POST /wp-login.php HTTP/1.0" 200 6856 "-" "Mozilla/5.0 (X11; Linux x86_64; rv:31.0) Gecko/20100101 Firefox/31.0"
173.231.242.79 - - [04/Feb/2026:03:35:52 -0500] "POST /wp-cron.php?doing_wp_cron=1770194152.1369869709014892578125 HTTP/1.0" 200 - "-" "WordPress/6.9.1; https://www.kamilletv.net"
173.231.242.79 - - [04/Feb/2026:03:35:52 -0500] "POST /wp-cron.php?doing_wp_cron=1770194152.2088890075683593750000 HTTP/1.0" 200 - "-" "WordPress/6.9.1; https://www.kamilletv.net"
212.2.251.26 - - [04/Feb/2026:03:35:50 -0500] "GET / HTTP/1.0" 301 - "-" "python-requests/2.32.5"
212.2.251.26 - - [04/Feb/2026:03:35:52 -0500] "GET /admin/pages/Upload/ HTTP/1.0" 301 - "-" "Mozilla/5.0 (Windows NT 10.0; Win64; x64) AppleWebKit/537.36 (KHTML, like Gecko) Chrome/89.0.4389.82 Safari/537.36"
212.2.251.26 - - [04/Feb/2026:03:35:54 -0500] "GET /admin/pages/Upload/ HTTP/1.0" 404 186990 "-" "Mozilla/5.0 (Windows NT 10.0; Win64; x64) AppleWebKit/537.36 (KHTML, like Gecko) Chrome/89.0.4389.82 Safari/537.36"
212.2.251.26 - - [04/Feb/2026:03:35:57 -0500] "GET /admin/assets/plugins/jquery-file-upload/ HTTP/1.0" 301 - "-" "Mozilla/5.0 (Windows NT 10.0; Win64; x64) AppleWebKit/537.36 (KHTML, like Gecko) Chrome/89.0.4389.82 Safari/537.36"
212.2.251.26 - - [04/Feb/2026:03:35:58 -0500] "GET /admin/assets/plugins/jquery-file-upload/ HTTP/1.0" 404 186990 "-" "Mozilla/5.0 (Windows NT 10.0; Win64; x64) AppleWebKit/537.36 (KHTML, like Gecko) Chrome/89.0.4389.82 Safari/537.36"
212.2.251.26 - - [04/Feb/2026:03:36:00 -0500] "GET /admin/assets/plugin/jquery-file-upload/ HTTP/1.0" 301 - "-" "Mozilla/5.0 (Windows NT 10.0; Win64; x64) AppleWebKit/537.36 (KHTML, like Gecko) Chrome/89.0.4389.82 Safari/537.36"
212.2.251.26 - - [04/Feb/2026:03:36:01 -0500] "GET /admin/assets/plugin/jquery-file-upload/ HTTP/1.0" 404 186990 "-" "Mozilla/5.0 (Windows NT 10.0; Win64; x64) AppleWebKit/537.36 (KHTML, like Gecko) Chrome/89.0.4389.82 Safari/537.36"
212.2.251.26 - - [04/Feb/2026:03:36:03 -0500] "GET /admin/asset/plugin/jquery-file-upload/ HTTP/1.0" 301 - "-" "Mozilla/5.0 (Windows NT 10.0; Win64; x64) AppleWebKit/537.36 (KHTML, like Gecko) Chrome/89.0.4389.82 Safari/537.36"
212.2.251.26 - - [04/Feb/2026:03:36:04 -0500] "GET /admin/asset/plugin/jquery-file-upload/ HTTP/1.0" 404 186990 "-" "Mozilla/5.0 (Windows NT 10.0; Win64; x64) AppleWebKit/537.36 (KHTML, like Gecko) Chrome/89.0.4389.82 Safari/537.36"
212.2.251.26 - - [04/Feb/2026:03:36:06 -0500] "GET /admin/asset/plugins/jquery-file-upload/ HTTP/1.0" 301 - "-" "Mozilla/5.0 (Windows NT 10.0; Win64; x64) AppleWebKit/537.36 (KHTML, like Gecko) Chrome/89.0.4389.82 Safari/537.36"
212.2.251.26 - - [04/Feb/2026:03:36:07 -0500] "GET /admin/asset/plugins/jquery-file-upload/ HTTP/1.0" 404 186990 "-" "Mozilla/5.0 (Windows NT 10.0; Win64; x64) AppleWebKit/537.36 (KHTML, like Gecko) Chrome/89.0.4389.82 Safari/537.36"
212.2.251.26 - - [04/Feb/2026:03:36:09 -0500] "GET /assets/plugins/jquery-file-upload/ HTTP/1.0" 301 - "-" "Mozilla/5.0 (Windows NT 10.0; Win64; x64) AppleWebKit/537.36 (KHTML, like Gecko) Chrome/89.0.4389.82 Safari/537.36"
212.2.251.26 - - [04/Feb/2026:03:36:10 -0500] "GET /assets/plugins/jquery-file-upload/ HTTP/1.0" 404 186990 "-" "Mozilla/5.0 (Windows NT 10.0; Win64; x64) AppleWebKit/537.36 (KHTML, like Gecko) Chrome/89.0.4389.82 Safari/537.36"
212.2.251.26 - - [04/Feb/2026:03:36:12 -0500] "GET /asset/plugins/jquery-file-upload/ HTTP/1.0" 301 - "-" "Mozilla/5.0 (Windows NT 10.0; Win64; x64) AppleWebKit/537.36 (KHTML, like Gecko) Chrome/89.0.4389.82 Safari/537.36"
212.2.251.26 - - [04/Feb/2026:03:36:14 -0500] "GET /asset/plugins/jquery-file-upload/ HTTP/1.0" 404 186990 "-" "Mozilla/5.0 (Windows NT 10.0; Win64; x64) AppleWebKit/537.36 (KHTML, like Gecko) Chrome/89.0.4389.82 Safari/537.36"
212.2.251.26 - - [04/Feb/2026:03:36:16 -0500] "GET /plugins/jquery-file-upload/ HTTP/1.0" 301 - "-" "Mozilla/5.0 (Windows NT 10.0; Win64; x64) AppleWebKit/537.36 (KHTML, like Gecko) Chrome/89.0.4389.82 Safari/537.36"
212.2.251.26 - - [04/Feb/2026:03:36:16 -0500] "GET /plugins/jquery-file-upload/ HTTP/1.0" 404 186883 "-" "Mozilla/5.0 (Windows NT 10.0; Win64; x64) AppleWebKit/537.36 (KHTML, like Gecko) Chrome/89.0.4389.82 Safari/537.36"
212.2.251.26 - - [04/Feb/2026:03:36:18 -0500] "GET /plugin/jquery-file-upload/ HTTP/1.0" 301 - "-" "Mozilla/5.0 (Windows NT 10.0; Win64; x64) AppleWebKit/537.36 (KHTML, like Gecko) Chrome/89.0.4389.82 Safari/537.36"
212.2.251.26 - - [04/Feb/2026:03:36:19 -0500] "GET /plugin/jquery-file-upload/ HTTP/1.0" 404 186883 "-" "Mozilla/5.0 (Windows NT 10.0; Win64; x64) AppleWebKit/537.36 (KHTML, like Gecko) Chrome/89.0.4389.82 Safari/537.36"
212.2.251.26 - - [04/Feb/2026:03:36:21 -0500] "GET /wp-content/plugins/work-the-flow-file-upload/public/assets/JQuery-File-Upload-9.5.0/server/php/ HTTP/1.0" 301 - "-" "Mozilla/5.0 (Windows NT 10.0; Win64; x64) AppleWebKit/537.36 (KHTML, like Gecko) Chrome/89.0.4389.82 Safari/537.36"
212.2.251.26 - - [04/Feb/2026:03:36:22 -0500] "GET /wp-content/plugins/work-the-flow-file-upload/public/assets/JQuery-File-Upload-9.5.0/server/php/ HTTP/1.0" 404 186990 "-" "Mozilla/5.0 (Windows NT 10.0; Win64; x64) AppleWebKit/537.36 (KHTML, like Gecko) Chrome/89.0.4389.82 Safari/537.36"
212.2.251.26 - - [04/Feb/2026:03:36:24 -0500] "GET /jQuery-File-Upload-9.22.0/server/php/ HTTP/1.0" 301 - "-" "Mozilla/5.0 (Windows NT 10.0; Win64; x64) AppleWebKit/537.36 (KHTML, like Gecko) Chrome/89.0.4389.82 Safari/537.36"
212.2.251.26 - - [04/Feb/2026:03:36:25 -0500] "GET /jQuery-File-Upload-9.22.0/server/php/ HTTP/1.0" 404 186990 "-" "Mozilla/5.0 (Windows NT 10.0; Win64; x64) AppleWebKit/537.36 (KHTML, like Gecko) Chrome/89.0.4389.82 Safari/537.36"
212.2.251.26 - - [04/Feb/2026:03:36:26 -0500] "GET /jquery-file-upload/server/php/ HTTP/1.0" 301 - "-" "Mozilla/5.0 (Windows NT 10.0; Win64; x64) AppleWebKit/537.36 (KHTML, like Gecko) Chrome/89.0.4389.82 Safari/537.36"
212.2.251.26 - - [04/Feb/2026:03:36:27 -0500] "GET /jquery-file-upload/server/php/ HTTP/1.0" 404 186990 "-" "Mozilla/5.0 (Windows NT 10.0; Win64; x64) AppleWebKit/537.36 (KHTML, like Gecko) Chrome/89.0.4389.82 Safari/537.36"
212.2.251.26 - - [04/Feb/2026:03:36:29 -0500] "GET /JQuery-File-Upload/server/php/ HTTP/1.0" 301 - "-" "Mozilla/5.0 (Windows NT 10.0; Win64; x64) AppleWebKit/537.36 (KHTML, like Gecko) Chrome/89.0.4389.82 Safari/537.36"
173.231.242.79 - - [04/Feb/2026:03:36:31 -0500] "POST /wp-cron.php?doing_wp_cron=1770194191.1728019714355468750000 HTTP/1.0" 200 - "-" "WordPress/6.9.1; https://www.kamilletv.net"
212.2.251.26 - - [04/Feb/2026:03:36:30 -0500] "GET /JQuery-File-Upload/server/php/ HTTP/1.0" 404 186990 "-" "Mozilla/5.0 (Windows NT 10.0; Win64; x64) AppleWebKit/537.36 (KHTML, like Gecko) Chrome/89.0.4389.82 Safari/537.36"
212.2.251.26 - - [04/Feb/2026:03:36:32 -0500] "GET /upload/server/php/ HTTP/1.0" 301 - "-" "Mozilla/5.0 (Windows NT 10.0; Win64; x64) AppleWebKit/537.36 (KHTML, like Gecko) Chrome/89.0.4389.82 Safari/537.36"
212.2.251.26 - - [04/Feb/2026:03:36:33 -0500] "GET /upload/server/php/ HTTP/1.0" 404 186990 "-" "Mozilla/5.0 (Windows NT 10.0; Win64; x64) AppleWebKit/537.36 (KHTML, like Gecko) Chrome/89.0.4389.82 Safari/537.36"
212.2.251.26 - - [04/Feb/2026:03:36:35 -0500] "GET /uploads/plugins/JQuery-File-Upload/server/php/ HTTP/1.0" 301 - "-" "Mozilla/5.0 (Windows NT 10.0; Win64; x64) AppleWebKit/537.36 (KHTML, like Gecko) Chrome/89.0.4389.82 Safari/537.36"
212.2.251.26 - - [04/Feb/2026:03:36:36 -0500] "GET /uploads/plugins/JQuery-File-Upload/server/php/ HTTP/1.0" 404 186990 "-" "Mozilla/5.0 (Windows NT 10.0; Win64; x64) AppleWebKit/537.36 (KHTML, like Gecko) Chrome/89.0.4389.82 Safari/537.36"
212.2.251.26 - - [04/Feb/2026:03:36:38 -0500] "GET /uploads/jquery-file-upload/server/php/ HTTP/1.0" 301 - "-" "Mozilla/5.0 (Windows NT 10.0; Win64; x64) AppleWebKit/537.36 (KHTML, like Gecko) Chrome/89.0.4389.82 Safari/537.36"
212.2.251.26 - - [04/Feb/2026:03:36:39 -0500] "GET /uploads/jquery-file-upload/server/php/ HTTP/1.0" 404 186990 "-" "Mozilla/5.0 (Windows NT 10.0; Win64; x64) AppleWebKit/537.36 (KHTML, like Gecko) Chrome/89.0.4389.82 Safari/537.36"
212.2.251.26 - - [04/Feb/2026:03:36:41 -0500] "GET /Uploads/JQuery-File-Upload/server/php/ HTTP/1.0" 301 - "-" "Mozilla/5.0 (Windows NT 10.0; Win64; x64) AppleWebKit/537.36 (KHTML, like Gecko) Chrome/89.0.4389.82 Safari/537.36"
212.2.251.26 - - [04/Feb/2026:03:36:42 -0500] "GET /Uploads/JQuery-File-Upload/server/php/ HTTP/1.0" 404 186990 "-" "Mozilla/5.0 (Windows NT 10.0; Win64; x64) AppleWebKit/537.36 (KHTML, like Gecko) Chrome/89.0.4389.82 Safari/537.36"
212.2.251.26 - - [04/Feb/2026:03:36:44 -0500] "GET /Upload/jquery-file-upload/server/php/ HTTP/1.0" 301 - "-" "Mozilla/5.0 (Windows NT 10.0; Win64; x64) AppleWebKit/537.36 (KHTML, like Gecko) Chrome/89.0.4389.82 Safari/537.36"
212.2.251.26 - - [04/Feb/2026:03:36:45 -0500] "GET /Upload/jquery-file-upload/server/php/ HTTP/1.0" 404 186990 "-" "Mozilla/5.0 (Windows NT 10.0; Win64; x64) AppleWebKit/537.36 (KHTML, like Gecko) Chrome/89.0.4389.82 Safari/537.36"
212.2.251.26 - - [04/Feb/2026:03:36:46 -0500] "GET /assets/global/plugins/server/php/ HTTP/1.0" 301 - "-" "Mozilla/5.0 (Windows NT 10.0; Win64; x64) AppleWebKit/537.36 (KHTML, like Gecko) Chrome/89.0.4389.82 Safari/537.36"
212.2.251.26 - - [04/Feb/2026:03:36:47 -0500] "GET /assets/global/plugins/server/php/ HTTP/1.0" 404 186990 "-" "Mozilla/5.0 (Windows NT 10.0; Win64; x64) AppleWebKit/537.36 (KHTML, like Gecko) Chrome/89.0.4389.82 Safari/537.36"
212.2.251.26 - - [04/Feb/2026:03:36:49 -0500] "GET /assets/global/plugins/JQuery-File-Upload/server/php/ HTTP/1.0" 301 - "-" "Mozilla/5.0 (Windows NT 10.0; Win64; x64) AppleWebKit/537.36 (KHTML, like Gecko) Chrome/89.0.4389.82 Safari/537.36"
212.2.251.26 - - [04/Feb/2026:03:36:50 -0500] "GET /assets/global/plugins/JQuery-File-Upload/server/php/ HTTP/1.0" 404 186990 "-" "Mozilla/5.0 (Windows NT 10.0; Win64; x64) AppleWebKit/537.36 (KHTML, like Gecko) Chrome/89.0.4389.82 Safari/537.36"
178.33.162.49 - - [04/Feb/2026:03:36:50 -0500] "POST /xmlrpc.php HTTP/1.0" 200 403 "-" "Mozilla/5.0 (Windows NT 10.0; Win64; x64) AppleWebKit/537.36 (KHTML, like Gecko) Chrome/139.0.0.0 Safari/537.36 Edg/139.0.0.0"
212.2.251.26 - - [04/Feb/2026:03:36:56 -0500] "GET /assets/global/plugins/jquery-file-upload/server/php/ HTTP/1.0" 301 - "-" "Mozilla/5.0 (Windows NT 10.0; Win64; x64) AppleWebKit/537.36 (KHTML, like Gecko) Chrome/89.0.4389.82 Safari/537.36"
212.2.251.26 - - [04/Feb/2026:03:36:57 -0500] "GET /assets/global/plugins/jquery-file-upload/server/php/ HTTP/1.0" 404 186990 "-" "Mozilla/5.0 (Windows NT 10.0; Win64; x64) AppleWebKit/537.36 (KHTML, like Gecko) Chrome/89.0.4389.82 Safari/537.36"
212.2.251.26 - - [04/Feb/2026:03:36:59 -0500] "GET /assets/plugins/JQuery-File-Upload/server/php/ HTTP/1.0" 301 - "-" "Mozilla/5.0 (Windows NT 10.0; Win64; x64) AppleWebKit/537.36 (KHTML, like Gecko) Chrome/89.0.4389.82 Safari/537.36"
212.2.251.26 - - [04/Feb/2026:03:37:00 -0500] "GET /assets/plugins/JQuery-File-Upload/server/php/ HTTP/1.0" 404 186990 "-" "Mozilla/5.0 (Windows NT 10.0; Win64; x64) AppleWebKit/537.36 (KHTML, like Gecko) Chrome/89.0.4389.82 Safari/537.36"
212.2.251.26 - - [04/Feb/2026:03:37:02 -0500] "GET /assets/plugins/jquery-file-upload/server/php/ HTTP/1.0" 301 - "-" "Mozilla/5.0 (Windows NT 10.0; Win64; x64) AppleWebKit/537.36 (KHTML, like Gecko) Chrome/89.0.4389.82 Safari/537.36"
212.2.251.26 - - [04/Feb/2026:03:37:03 -0500] "GET /assets/plugins/jquery-file-upload/server/php/ HTTP/1.0" 404 186990 "-" "Mozilla/5.0 (Windows NT 10.0; Win64; x64) AppleWebKit/537.36 (KHTML, like Gecko) Chrome/89.0.4389.82 Safari/537.36"
212.2.251.26 - - [04/Feb/2026:03:37:04 -0500] "GET /assets/backend/js/JQuery-File-Upload/server/php/ HTTP/1.0" 301 - "-" "Mozilla/5.0 (Windows NT 10.0; Win64; x64) AppleWebKit/537.36 (KHTML, like Gecko) Chrome/89.0.4389.82 Safari/537.36"
212.2.251.26 - - [04/Feb/2026:03:37:05 -0500] "GET /assets/backend/js/JQuery-File-Upload/server/php/ HTTP/1.0" 404 186990 "-" "Mozilla/5.0 (Windows NT 10.0; Win64; x64) AppleWebKit/537.36 (KHTML, like Gecko) Chrome/89.0.4389.82 Safari/537.36"
212.2.251.26 - - [04/Feb/2026:03:37:07 -0500] "GET /js/assets/global/plugins/jquery-file-upload/server/php/ HTTP/1.0" 301 - "-" "Mozilla/5.0 (Windows NT 10.0; Win64; x64) AppleWebKit/537.36 (KHTML, like Gecko) Chrome/89.0.4389.82 Safari/537.36"
212.2.251.26 - - [04/Feb/2026:03:37:08 -0500] "GET /js/assets/global/plugins/jquery-file-upload/server/php/ HTTP/1.0" 404 186990 "-" "Mozilla/5.0 (Windows NT 10.0; Win64; x64) AppleWebKit/537.36 (KHTML, like Gecko) Chrome/89.0.4389.82 Safari/537.36"
212.2.251.26 - - [04/Feb/2026:03:37:10 -0500] "GET /js/assets/plugins/JQuery-File-Upload/server/php/ HTTP/1.0" 301 - "-" "Mozilla/5.0 (Windows NT 10.0; Win64; x64) AppleWebKit/537.36 (KHTML, like Gecko) Chrome/89.0.4389.82 Safari/537.36"
212.2.251.26 - - [04/Feb/2026:03:37:11 -0500] "GET /js/assets/plugins/JQuery-File-Upload/server/php/ HTTP/1.0" 404 186990 "-" "Mozilla/5.0 (Windows NT 10.0; Win64; x64) AppleWebKit/537.36 (KHTML, like Gecko) Chrome/89.0.4389.82 Safari/537.36"
212.2.251.26 - - [04/Feb/2026:03:37:12 -0500] "GET /yonetim/assets/global/plugins/jquery-file-upload/server/php/ HTTP/1.0" 301 - "-" "Mozilla/5.0 (Windows NT 10.0; Win64; x64) AppleWebKit/537.36 (KHTML, like Gecko) Chrome/89.0.4389.82 Safari/537.36"
212.2.251.26 - - [04/Feb/2026:03:37:15 -0500] "GET /yonetim/assets/global/plugins/jquery-file-upload/server/php/ HTTP/1.0" 404 186990 "-" "Mozilla/5.0 (Windows NT 10.0; Win64; x64) AppleWebKit/537.36 (KHTML, like Gecko) Chrome/89.0.4389.82 Safari/537.36"
212.2.251.26 - - [04/Feb/2026:03:37:17 -0500] "GET /yonetim/assets/plugins/JQuery-File-Upload/server/php/ HTTP/1.0" 301 - "-" "Mozilla/5.0 (Windows NT 10.0; Win64; x64) AppleWebKit/537.36 (KHTML, like Gecko) Chrome/89.0.4389.82 Safari/537.36"
212.2.251.26 - - [04/Feb/2026:03:37:18 -0500] "GET /yonetim/assets/plugins/JQuery-File-Upload/server/php/ HTTP/1.0" 404 186990 "-" "Mozilla/5.0 (Windows NT 10.0; Win64; x64) AppleWebKit/537.36 (KHTML, like Gecko) Chrome/89.0.4389.82 Safari/537.36"
212.2.251.26 - - [04/Feb/2026:03:37:19 -0500] "GET /system/phpforms/plugins/jquery-file-upload/server/php/ HTTP/1.0" 301 - "-" "Mozilla/5.0 (Windows NT 10.0; Win64; x64) AppleWebKit/537.36 (KHTML, like Gecko) Chrome/89.0.4389.82 Safari/537.36"
212.2.251.26 - - [04/Feb/2026:03:37:21 -0500] "GET /system/phpforms/plugins/jquery-file-upload/server/php/ HTTP/1.0" 404 186990 "-" "Mozilla/5.0 (Windows NT 10.0; Win64; x64) AppleWebKit/537.36 (KHTML, like Gecko) Chrome/89.0.4389.82 Safari/537.36"
212.2.251.26 - - [04/Feb/2026:03:37:22 -0500] "GET /public/assets/global/plugins/JQuery-File-Upload/server/php/ HTTP/1.0" 301 - "-" "Mozilla/5.0 (Windows NT 10.0; Win64; x64) AppleWebKit/537.36 (KHTML, like Gecko) Chrome/89.0.4389.82 Safari/537.36"
212.2.251.26 - - [04/Feb/2026:03:37:23 -0500] "GET /public/assets/global/plugins/JQuery-File-Upload/server/php/ HTTP/1.0" 404 186990 "-" "Mozilla/5.0 (Windows NT 10.0; Win64; x64) AppleWebKit/537.36 (KHTML, like Gecko) Chrome/89.0.4389.82 Safari/537.36"
212.2.251.26 - - [04/Feb/2026:03:37:26 -0500] "GET /public/assets/plugins/jquery-file-upload/server/php/ HTTP/1.0" 301 - "-" "Mozilla/5.0 (Windows NT 10.0; Win64; x64) AppleWebKit/537.36 (KHTML, like Gecko) Chrome/89.0.4389.82 Safari/537.36"
212.2.251.26 - - [04/Feb/2026:03:37:27 -0500] "GET /public/assets/plugins/jquery-file-upload/server/php/ HTTP/1.0" 404 186990 "-" "Mozilla/5.0 (Windows NT 10.0; Win64; x64) AppleWebKit/537.36 (KHTML, like Gecko) Chrome/89.0.4389.82 Safari/537.36"
212.2.251.26 - - [04/Feb/2026:03:37:29 -0500] "GET /js/JQuery-File-Upload/server/php/ HTTP/1.0" 301 - "-" "Mozilla/5.0 (Windows NT 10.0; Win64; x64) AppleWebKit/537.36 (KHTML, like Gecko) Chrome/89.0.4389.82 Safari/537.36"
173.231.242.79 - - [04/Feb/2026:03:37:31 -0500] "POST /wp-cron.php?doing_wp_cron=1770194251.0417230129241943359375 HTTP/1.0" 200 - "-" "WordPress/6.9.1; https://www.kamilletv.net"
212.2.251.26 - - [04/Feb/2026:03:37:30 -0500] "GET /js/JQuery-File-Upload/server/php/ HTTP/1.0" 404 186990 "-" "Mozilla/5.0 (Windows NT 10.0; Win64; x64) AppleWebKit/537.36 (KHTML, like Gecko) Chrome/89.0.4389.82 Safari/537.36"
212.2.251.26 - - [04/Feb/2026:03:37:32 -0500] "GET /novo/admin/assets/jquery-file-upload/server/php/ HTTP/1.0" 301 - "-" "Mozilla/5.0 (Windows NT 10.0; Win64; x64) AppleWebKit/537.36 (KHTML, like Gecko) Chrome/89.0.4389.82 Safari/537.36"
212.2.251.26 - - [04/Feb/2026:03:37:33 -0500] "GET /novo/admin/assets/jquery-file-upload/server/php/ HTTP/1.0" 404 186990 "-" "Mozilla/5.0 (Windows NT 10.0; Win64; x64) AppleWebKit/537.36 (KHTML, like Gecko) Chrome/89.0.4389.82 Safari/537.36"
212.2.251.26 - - [04/Feb/2026:03:37:35 -0500] "GET /assets/js-admin/plugins/JQuery-File-Upload/server/php/ HTTP/1.0" 301 - "-" "Mozilla/5.0 (Windows NT 10.0; Win64; x64) AppleWebKit/537.36 (KHTML, like Gecko) Chrome/89.0.4389.82 Safari/537.36"
212.2.251.26 - - [04/Feb/2026:03:37:36 -0500] "GET /assets/js-admin/plugins/JQuery-File-Upload/server/php/ HTTP/1.0" 404 186990 "-" "Mozilla/5.0 (Windows NT 10.0; Win64; x64) AppleWebKit/537.36 (KHTML, like Gecko) Chrome/89.0.4389.82 Safari/537.36"
212.2.251.26 - - [04/Feb/2026:03:37:38 -0500] "GET /__MACOSX/assets/plugins/jquery-file-upload/server/php/ HTTP/1.0" 301 - "-" "Mozilla/5.0 (Windows NT 10.0; Win64; x64) AppleWebKit/537.36 (KHTML, like Gecko) Chrome/89.0.4389.82 Safari/537.36"
212.2.251.26 - - [04/Feb/2026:03:37:39 -0500] "GET /__MACOSX/assets/plugins/jquery-file-upload/server/php/ HTTP/1.0" 404 186990 "-" "Mozilla/5.0 (Windows NT 10.0; Win64; x64) AppleWebKit/537.36 (KHTML, like Gecko) Chrome/89.0.4389.82 Safari/537.36"
212.2.251.26 - - [04/Feb/2026:03:37:41 -0500] "GET /blog/category/js/JQuery-File-Upload/server/php/ HTTP/1.0" 301 - "-" "Mozilla/5.0 (Windows NT 10.0; Win64; x64) AppleWebKit/537.36 (KHTML, like Gecko) Chrome/89.0.4389.82 Safari/537.36"
212.2.251.26 - - [04/Feb/2026:03:37:42 -0500] "GET /blog/category/js/JQuery-File-Upload/server/php/ HTTP/1.0" 404 186990 "-" "Mozilla/5.0 (Windows NT 10.0; Win64; x64) AppleWebKit/537.36 (KHTML, like Gecko) Chrome/89.0.4389.82 Safari/537.36"
212.2.251.26 - - [04/Feb/2026:03:37:44 -0500] "GET /category/js/jquery-file-upload/server/php/ HTTP/1.0" 301 - "-" "Mozilla/5.0 (Windows NT 10.0; Win64; x64) AppleWebKit/537.36 (KHTML, like Gecko) Chrome/89.0.4389.82 Safari/537.36"
212.2.251.26 - - [04/Feb/2026:03:37:45 -0500] "GET /category/js/jquery-file-upload/server/php/ HTTP/1.0" 404 186883 "-" "Mozilla/5.0 (Windows NT 10.0; Win64; x64) AppleWebKit/537.36 (KHTML, like Gecko) Chrome/89.0.4389.82 Safari/537.36"
212.2.251.26 - - [04/Feb/2026:03:37:46 -0500] "GET /vendor/JQuery-File-Upload/server/php/ HTTP/1.0" 301 - "-" "Mozilla/5.0 (Windows NT 10.0; Win64; x64) AppleWebKit/537.36 (KHTML, like Gecko) Chrome/89.0.4389.82 Safari/537.36"
212.2.251.26 - - [04/Feb/2026:03:37:47 -0500] "GET /vendor/JQuery-File-Upload/server/php/ HTTP/1.0" 404 186990 "-" "Mozilla/5.0 (Windows NT 10.0; Win64; x64) AppleWebKit/537.36 (KHTML, like Gecko) Chrome/89.0.4389.82 Safari/537.36"
212.2.251.26 - - [04/Feb/2026:03:37:49 -0500] "GET /resources/theme/admin/plugins/jquery-file-upload/server/php/ HTTP/1.0" 301 - "-" "Mozilla/5.0 (Windows NT 10.0; Win64; x64) AppleWebKit/537.36 (KHTML, like Gecko) Chrome/89.0.4389.82 Safari/537.36"
212.2.251.26 - - [04/Feb/2026:03:37:50 -0500] "GET /resources/theme/admin/plugins/jquery-file-upload/server/php/ HTTP/1.0" 404 186990 "-" "Mozilla/5.0 (Windows NT 10.0; Win64; x64) AppleWebKit/537.36 (KHTML, like Gecko) Chrome/89.0.4389.82 Safari/537.36"
212.2.251.26 - - [04/Feb/2026:03:37:52 -0500] "GET /app/assets/global/plugins/JQuery-File-Upload/server/php/ HTTP/1.0" 301 - "-" "Mozilla/5.0 (Windows NT 10.0; Win64; x64) AppleWebKit/537.36 (KHTML, like Gecko) Chrome/89.0.4389.82 Safari/537.36"
212.2.251.26 - - [04/Feb/2026:03:37:53 -0500] "GET /app/assets/global/plugins/JQuery-File-Upload/server/php/ HTTP/1.0" 404 186990 "-" "Mozilla/5.0 (Windows NT 10.0; Win64; x64) AppleWebKit/537.36 (KHTML, like Gecko) Chrome/89.0.4389.82 Safari/537.36"
212.2.251.26 - - [04/Feb/2026:03:37:55 -0500] "GET /lib/jqueryplugins/jquery-file-upload/server/php/ HTTP/1.0" 301 - "-" "Mozilla/5.0 (Windows NT 10.0; Win64; x64) AppleWebKit/537.36 (KHTML, like Gecko) Chrome/89.0.4389.82 Safari/537.36"
212.2.251.26 - - [04/Feb/2026:03:37:56 -0500] "GET /lib/jqueryplugins/jquery-file-upload/server/php/ HTTP/1.0" 404 186990 "-" "Mozilla/5.0 (Windows NT 10.0; Win64; x64) AppleWebKit/537.36 (KHTML, like Gecko) Chrome/89.0.4389.82 Safari/537.36"
212.2.251.26 - - [04/Feb/2026:03:37:58 -0500] "GET /WebUI/assets/plugins/JQuery-File-Upload/server/php/ HTTP/1.0" 301 - "-" "Mozilla/5.0 (Windows NT 10.0; Win64; x64) AppleWebKit/537.36 (KHTML, like Gecko) Chrome/89.0.4389.82 Safari/537.36"
212.2.251.26 - - [04/Feb/2026:03:37:59 -0500] "GET /WebUI/assets/plugins/JQuery-File-Upload/server/php/ HTTP/1.0" 404 186990 "-" "Mozilla/5.0 (Windows NT 10.0; Win64; x64) AppleWebKit/537.36 (KHTML, like Gecko) Chrome/89.0.4389.82 Safari/537.36"
212.2.251.26 - - [04/Feb/2026:03:38:01 -0500] "GET /Public/lib/metronic/assets/global/plugins/jquery-file-upload/server/php/ HTTP/1.0" 301 - "-" "Mozilla/5.0 (Windows NT 10.0; Win64; x64) AppleWebKit/537.36 (KHTML, like Gecko) Chrome/89.0.4389.82 Safari/537.36"
212.2.251.26 - - [04/Feb/2026:03:38:02 -0500] "GET /Public/lib/metronic/assets/global/plugins/jquery-file-upload/server/php/ HTTP/1.0" 404 186990 "-" "Mozilla/5.0 (Windows NT 10.0; Win64; x64) AppleWebKit/537.36 (KHTML, like Gecko) Chrome/89.0.4389.82 Safari/537.36"
212.2.251.26 - - [04/Feb/2026:03:38:04 -0500] "GET /test/assets/plugins/JQuery-File-Upload/server/php/ HTTP/1.0" 301 - "-" "Mozilla/5.0 (Windows NT 10.0; Win64; x64) AppleWebKit/537.36 (KHTML, like Gecko) Chrome/89.0.4389.82 Safari/537.36"
212.2.251.26 - - [04/Feb/2026:03:38:05 -0500] "GET /test/assets/plugins/JQuery-File-Upload/server/php/ HTTP/1.0" 404 186990 "-" "Mozilla/5.0 (Windows NT 10.0; Win64; x64) AppleWebKit/537.36 (KHTML, like Gecko) Chrome/89.0.4389.82 Safari/537.36"
212.2.251.26 - - [04/Feb/2026:03:38:07 -0500] "GET /update/UserControl/assets/jquery-file-upload/server/php/ HTTP/1.0" 301 - "-" "Mozilla/5.0 (Windows NT 10.0; Win64; x64) AppleWebKit/537.36 (KHTML, like Gecko) Chrome/89.0.4389.82 Safari/537.36"
212.2.251.26 - - [04/Feb/2026:03:38:08 -0500] "GET /update/UserControl/assets/jquery-file-upload/server/php/ HTTP/1.0" 404 186990 "-" "Mozilla/5.0 (Windows NT 10.0; Win64; x64) AppleWebKit/537.36 (KHTML, like Gecko) Chrome/89.0.4389.82 Safari/537.36"
212.2.251.26 - - [04/Feb/2026:03:38:09 -0500] "GET /site/assets/global/plugins/JQuery-File-Upload/server/php/ HTTP/1.0" 301 - "-" "Mozilla/5.0 (Windows NT 10.0; Win64; x64) AppleWebKit/537.36 (KHTML, like Gecko) Chrome/89.0.4389.82 Safari/537.36"
212.2.251.26 - - [04/Feb/2026:03:38:10 -0500] "GET /site/assets/global/plugins/JQuery-File-Upload/server/php/ HTTP/1.0" 404 186990 "-" "Mozilla/5.0 (Windows NT 10.0; Win64; x64) AppleWebKit/537.36 (KHTML, like Gecko) Chrome/89.0.4389.82 Safari/537.36"
212.2.251.26 - - [04/Feb/2026:03:38:12 -0500] "GET /demo/assets/plugins/jquery-file-upload/server/php/ HTTP/1.0" 301 - "-" "Mozilla/5.0 (Windows NT 10.0; Win64; x64) AppleWebKit/537.36 (KHTML, like Gecko) Chrome/89.0.4389.82 Safari/537.36"
212.2.251.26 - - [04/Feb/2026:03:38:13 -0500] "GET /demo/assets/plugins/jquery-file-upload/server/php/ HTTP/1.0" 404 186990 "-" "Mozilla/5.0 (Windows NT 10.0; Win64; x64) AppleWebKit/537.36 (KHTML, like Gecko) Chrome/89.0.4389.82 Safari/537.36"
212.2.251.26 - - [04/Feb/2026:03:38:16 -0500] "GET /theme/assets/global/plugins/JQuery-File-Upload/server/php/ HTTP/1.0" 301 - "-" "Mozilla/5.0 (Windows NT 10.0; Win64; x64) AppleWebKit/537.36 (KHTML, like Gecko) Chrome/89.0.4389.82 Safari/537.36"
212.2.251.26 - - [04/Feb/2026:03:38:17 -0500] "GET /theme/assets/global/plugins/JQuery-File-Upload/server/php/ HTTP/1.0" 404 186990 "-" "Mozilla/5.0 (Windows NT 10.0; Win64; x64) AppleWebKit/537.36 (KHTML, like Gecko) Chrome/89.0.4389.82 Safari/537.36"
212.2.251.26 - - [04/Feb/2026:03:38:19 -0500] "GET /manager/assets/plugins/jquery-file-upload/server/php/ HTTP/1.0" 301 - "-" "Mozilla/5.0 (Windows NT 10.0; Win64; x64) AppleWebKit/537.36 (KHTML, like Gecko) Chrome/89.0.4389.82 Safari/537.36"
212.2.251.26 - - [04/Feb/2026:03:38:20 -0500] "GET /manager/assets/plugins/jquery-file-upload/server/php/ HTTP/1.0" 404 186990 "-" "Mozilla/5.0 (Windows NT 10.0; Win64; x64) AppleWebKit/537.36 (KHTML, like Gecko) Chrome/89.0.4389.82 Safari/537.36"
212.2.251.26 - - [04/Feb/2026:03:38:22 -0500] "GET /assets/super_admin/vendor/JQuery-File-Upload/server/php/ HTTP/1.0" 301 - "-" "Mozilla/5.0 (Windows NT 10.0; Win64; x64) AppleWebKit/537.36 (KHTML, like Gecko) Chrome/89.0.4389.82 Safari/537.36"
212.2.251.26 - - [04/Feb/2026:03:38:23 -0500] "GET /assets/super_admin/vendor/JQuery-File-Upload/server/php/ HTTP/1.0" 404 186990 "-" "Mozilla/5.0 (Windows NT 10.0; Win64; x64) AppleWebKit/537.36 (KHTML, like Gecko) Chrome/89.0.4389.82 Safari/537.36"
212.2.251.26 - - [04/Feb/2026:03:38:24 -0500] "GET /themes/dashboard/assets/plugins/jquery-file-upload/server/php/ HTTP/1.0" 301 - "-" "Mozilla/5.0 (Windows NT 10.0; Win64; x64) AppleWebKit/537.36 (KHTML, like Gecko) Chrome/89.0.4389.82 Safari/537.36"
212.2.251.26 - - [04/Feb/2026:03:38:25 -0500] "GET /themes/dashboard/assets/plugins/jquery-file-upload/server/php/ HTTP/1.0" 404 186990 "-" "Mozilla/5.0 (Windows NT 10.0; Win64; x64) AppleWebKit/537.36 (KHTML, like Gecko) Chrome/89.0.4389.82 Safari/537.36"
212.2.251.26 - - [04/Feb/2026:03:38:27 -0500] "GET /blueimp-JQuery-File-Upload/server/php/ HTTP/1.0" 301 - "-" "Mozilla/5.0 (Windows NT 10.0; Win64; x64) AppleWebKit/537.36 (KHTML, like Gecko) Chrome/89.0.4389.82 Safari/537.36"
212.2.251.26 - - [04/Feb/2026:03:38:29 -0500] "GET /blueimp-JQuery-File-Upload/server/php/ HTTP/1.0" 404 186990 "-" "Mozilla/5.0 (Windows NT 10.0; Win64; x64) AppleWebKit/537.36 (KHTML, like Gecko) Chrome/89.0.4389.82 Safari/537.36"
173.231.242.79 - - [04/Feb/2026:03:38:31 -0500] "POST /wp-cron.php?doing_wp_cron=1770194311.7345449924468994140625 HTTP/1.0" 200 - "-" "WordPress/6.9.1; https://www.kamilletv.net"
212.2.251.26 - - [04/Feb/2026:03:38:31 -0500] "GET /pixel/photobook/assets/jquery-file-upload/server/php/ HTTP/1.0" 301 - "-" "Mozilla/5.0 (Windows NT 10.0; Win64; x64) AppleWebKit/537.36 (KHTML, like Gecko) Chrome/89.0.4389.82 Safari/537.36"
212.2.251.26 - - [04/Feb/2026:03:38:32 -0500] "GET /pixel/photobook/assets/jquery-file-upload/server/php/ HTTP/1.0" 404 186990 "-" "Mozilla/5.0 (Windows NT 10.0; Win64; x64) AppleWebKit/537.36 (KHTML, like Gecko) Chrome/89.0.4389.82 Safari/537.36"
212.2.251.26 - - [04/Feb/2026:03:38:34 -0500] "GET /support/vendor/JQuery-File-Upload/server/php/ HTTP/1.0" 301 - "-" "Mozilla/5.0 (Windows NT 10.0; Win64; x64) AppleWebKit/537.36 (KHTML, like Gecko) Chrome/89.0.4389.82 Safari/537.36"
212.2.251.26 - - [04/Feb/2026:03:38:36 -0500] "GET /support/vendor/JQuery-File-Upload/server/php/ HTTP/1.0" 404 186990 "-" "Mozilla/5.0 (Windows NT 10.0; Win64; x64) AppleWebKit/537.36 (KHTML, like Gecko) Chrome/89.0.4389.82 Safari/537.36"
212.2.251.26 - - [04/Feb/2026:03:38:38 -0500] "GET /extranet/assets/js/vendor/jquery-file-upload/server/php/ HTTP/1.0" 301 - "-" "Mozilla/5.0 (Windows NT 10.0; Win64; x64) AppleWebKit/537.36 (KHTML, like Gecko) Chrome/89.0.4389.82 Safari/537.36"
212.2.251.26 - - [04/Feb/2026:03:38:39 -0500] "GET /extranet/assets/js/vendor/jquery-file-upload/server/php/ HTTP/1.0" 404 186990 "-" "Mozilla/5.0 (Windows NT 10.0; Win64; x64) AppleWebKit/537.36 (KHTML, like Gecko) Chrome/89.0.4389.82 Safari/537.36"
212.2.251.26 - - [04/Feb/2026:03:38:41 -0500] "GET /include/JQuery-File-Upload/server/php/ HTTP/1.0" 301 - "-" "Mozilla/5.0 (Windows NT 10.0; Win64; x64) AppleWebKit/537.36 (KHTML, like Gecko) Chrome/89.0.4389.82 Safari/537.36"
212.2.251.26 - - [04/Feb/2026:03:38:42 -0500] "GET /include/JQuery-File-Upload/server/php/ HTTP/1.0" 404 186990 "-" "Mozilla/5.0 (Windows NT 10.0; Win64; x64) AppleWebKit/537.36 (KHTML, like Gecko) Chrome/89.0.4389.82 Safari/537.36"
212.2.251.26 - - [04/Feb/2026:03:38:45 -0500] "GET /plugins/jquery-file-upload/server/php/ HTTP/1.0" 301 - "-" "Mozilla/5.0 (Windows NT 10.0; Win64; x64) AppleWebKit/537.36 (KHTML, like Gecko) Chrome/89.0.4389.82 Safari/537.36"
212.2.251.26 - - [04/Feb/2026:03:38:46 -0500] "GET /plugins/jquery-file-upload/server/php/ HTTP/1.0" 404 186990 "-" "Mozilla/5.0 (Windows NT 10.0; Win64; x64) AppleWebKit/537.36 (KHTML, like Gecko) Chrome/89.0.4389.82 Safari/537.36"
212.2.251.26 - - [04/Feb/2026:03:38:47 -0500] "GET /assets/frontend/plugins/JQuery-File-Upload/server/php/ HTTP/1.0" 301 - "-" "Mozilla/5.0 (Windows NT 10.0; Win64; x64) AppleWebKit/537.36 (KHTML, like Gecko) Chrome/89.0.4389.82 Safari/537.36"
212.2.251.26 - - [04/Feb/2026:03:38:49 -0500] "GET /assets/frontend/plugins/JQuery-File-Upload/server/php/ HTTP/1.0" 404 186990 "-" "Mozilla/5.0 (Windows NT 10.0; Win64; x64) AppleWebKit/537.36 (KHTML, like Gecko) Chrome/89.0.4389.82 Safari/537.36"
212.2.251.26 - - [04/Feb/2026:03:38:51 -0500] "GET /php/upload/server/php/ HTTP/1.0" 301 - "-" "Mozilla/5.0 (Windows NT 10.0; Win64; x64) AppleWebKit/537.36 (KHTML, like Gecko) Chrome/89.0.4389.82 Safari/537.36"
212.2.251.26 - - [04/Feb/2026:03:38:52 -0500] "GET /php/upload/server/php/ HTTP/1.0" 404 186990 "-" "Mozilla/5.0 (Windows NT 10.0; Win64; x64) AppleWebKit/537.36 (KHTML, like Gecko) Chrome/89.0.4389.82 Safari/537.36"
212.2.251.26 - - [04/Feb/2026:03:38:53 -0500] "GET /public/site/jquery-file-upload/server/php/ HTTP/1.0" 301 - "-" "Mozilla/5.0 (Windows NT 10.0; Win64; x64) AppleWebKit/537.36 (KHTML, like Gecko) Chrome/89.0.4389.82 Safari/537.36"
212.2.251.26 - - [04/Feb/2026:03:38:54 -0500] "GET /public/site/jquery-file-upload/server/php/ HTTP/1.0" 404 186990 "-" "Mozilla/5.0 (Windows NT 10.0; Win64; x64) AppleWebKit/537.36 (KHTML, like Gecko) Chrome/89.0.4389.82 Safari/537.36"
212.2.251.26 - - [04/Feb/2026:03:38:56 -0500] "GET /intranet/assets/global/plugins/JQuery-File-Upload/server/php/ HTTP/1.0" 301 - "-" "Mozilla/5.0 (Windows NT 10.0; Win64; x64) AppleWebKit/537.36 (KHTML, like Gecko) Chrome/89.0.4389.82 Safari/537.36"
212.2.251.26 - - [04/Feb/2026:03:38:57 -0500] "GET /intranet/assets/global/plugins/JQuery-File-Upload/server/php/ HTTP/1.0" 404 186990 "-" "Mozilla/5.0 (Windows NT 10.0; Win64; x64) AppleWebKit/537.36 (KHTML, like Gecko) Chrome/89.0.4389.82 Safari/537.36"
212.2.251.26 - - [04/Feb/2026:03:38:59 -0500] "GET /content/jquery-file-upload/server/php/ HTTP/1.0" 301 - "-" "Mozilla/5.0 (Windows NT 10.0; Win64; x64) AppleWebKit/537.36 (KHTML, like Gecko) Chrome/89.0.4389.82 Safari/537.36"
212.2.251.26 - - [04/Feb/2026:03:39:00 -0500] "GET /content/jquery-file-upload/server/php/ HTTP/1.0" 404 186990 "-" "Mozilla/5.0 (Windows NT 10.0; Win64; x64) AppleWebKit/537.36 (KHTML, like Gecko) Chrome/89.0.4389.82 Safari/537.36"
212.2.251.26 - - [04/Feb/2026:03:39:01 -0500] "GET /members/JQuery-File-Upload/server/php/ HTTP/1.0" 301 - "-" "Mozilla/5.0 (Windows NT 10.0; Win64; x64) AppleWebKit/537.36 (KHTML, like Gecko) Chrome/89.0.4389.82 Safari/537.36"
212.2.251.26 - - [04/Feb/2026:03:39:02 -0500] "GET /members/JQuery-File-Upload/server/php/ HTTP/1.0" 404 186990 "-" "Mozilla/5.0 (Windows NT 10.0; Win64; x64) AppleWebKit/537.36 (KHTML, like Gecko) Chrome/89.0.4389.82 Safari/537.36"
212.2.251.26 - - [04/Feb/2026:03:39:04 -0500] "GET /app/vendor/jquery-file-upload/server/php/ HTTP/1.0" 301 - "-" "Mozilla/5.0 (Windows NT 10.0; Win64; x64) AppleWebKit/537.36 (KHTML, like Gecko) Chrome/89.0.4389.82 Safari/537.36"
212.2.251.26 - - [04/Feb/2026:03:39:05 -0500] "GET /app/vendor/jquery-file-upload/server/php/ HTTP/1.0" 404 186990 "-" "Mozilla/5.0 (Windows NT 10.0; Win64; x64) AppleWebKit/537.36 (KHTML, like Gecko) Chrome/89.0.4389.82 Safari/537.36"
212.2.251.26 - - [04/Feb/2026:03:39:07 -0500] "GET /production/assets/plugins/JQuery-File-Upload/server/php/ HTTP/1.0" 301 - "-" "Mozilla/5.0 (Windows NT 10.0; Win64; x64) AppleWebKit/537.36 (KHTML, like Gecko) Chrome/89.0.4389.82 Safari/537.36"
212.2.251.26 - - [04/Feb/2026:03:39:08 -0500] "GET /production/assets/plugins/JQuery-File-Upload/server/php/ HTTP/1.0" 404 186990 "-" "Mozilla/5.0 (Windows NT 10.0; Win64; x64) AppleWebKit/537.36 (KHTML, like Gecko) Chrome/89.0.4389.82 Safari/537.36"
212.2.251.26 - - [04/Feb/2026:03:39:10 -0500] "GET /web-files/global/plugins/jquery-file-upload/server/php/ HTTP/1.0" 301 - "-" "Mozilla/5.0 (Windows NT 10.0; Win64; x64) AppleWebKit/537.36 (KHTML, like Gecko) Chrome/89.0.4389.82 Safari/537.36"
212.2.251.26 - - [04/Feb/2026:03:39:11 -0500] "GET /web-files/global/plugins/jquery-file-upload/server/php/ HTTP/1.0" 404 186990 "-" "Mozilla/5.0 (Windows NT 10.0; Win64; x64) AppleWebKit/537.36 (KHTML, like Gecko) Chrome/89.0.4389.82 Safari/537.36"
212.2.251.26 - - [04/Feb/2026:03:39:13 -0500] "GET /clip-one/assets/plugins/JQuery-File-Upload/server/php/ HTTP/1.0" 301 - "-" "Mozilla/5.0 (Windows NT 10.0; Win64; x64) AppleWebKit/537.36 (KHTML, like Gecko) Chrome/89.0.4389.82 Safari/537.36"
212.2.251.26 - - [04/Feb/2026:03:39:15 -0500] "GET /clip-one/assets/plugins/JQuery-File-Upload/server/php/ HTTP/1.0" 404 186990 "-" "Mozilla/5.0 (Windows NT 10.0; Win64; x64) AppleWebKit/537.36 (KHTML, like Gecko) Chrome/89.0.4389.82 Safari/537.36"
212.2.251.26 - - [04/Feb/2026:03:39:17 -0500] "GET /js/plugins/jquery-file-upload/server/php/ HTTP/1.0" 301 - "-" "Mozilla/5.0 (Windows NT 10.0; Win64; x64) AppleWebKit/537.36 (KHTML, like Gecko) Chrome/89.0.4389.82 Safari/537.36"
212.2.251.26 - - [04/Feb/2026:03:39:18 -0500] "GET /js/plugins/jquery-file-upload/server/php/ HTTP/1.0" 404 186990 "-" "Mozilla/5.0 (Windows NT 10.0; Win64; x64) AppleWebKit/537.36 (KHTML, like Gecko) Chrome/89.0.4389.82 Safari/537.36"
212.2.251.26 - - [04/Feb/2026:03:39:20 -0500] "GET /Public/JQuery-File-Upload/server/php/ HTTP/1.0" 301 - "-" "Mozilla/5.0 (Windows NT 10.0; Win64; x64) AppleWebKit/537.36 (KHTML, like Gecko) Chrome/89.0.4389.82 Safari/537.36"
212.2.251.26 - - [04/Feb/2026:03:39:21 -0500] "GET /Public/JQuery-File-Upload/server/php/ HTTP/1.0" 404 186990 "-" "Mozilla/5.0 (Windows NT 10.0; Win64; x64) AppleWebKit/537.36 (KHTML, like Gecko) Chrome/89.0.4389.82 Safari/537.36"
212.2.251.26 - - [04/Feb/2026:03:39:22 -0500] "GET /frontend/plugins/jquery-file-upload/server/php/ HTTP/1.0" 301 - "-" "Mozilla/5.0 (Windows NT 10.0; Win64; x64) AppleWebKit/537.36 (KHTML, like Gecko) Chrome/89.0.4389.82 Safari/537.36"
212.2.251.26 - - [04/Feb/2026:03:39:25 -0500] "GET /frontend/plugins/jquery-file-upload/server/php/ HTTP/1.0" 404 186990 "-" "Mozilla/5.0 (Windows NT 10.0; Win64; x64) AppleWebKit/537.36 (KHTML, like Gecko) Chrome/89.0.4389.82 Safari/537.36"
