74.7.241.28 - - [05/Feb/2026:00:44:53 -0500] "GET /detail/422049947 HTTP/1.0" 404 157592 "https://zenoxpressjobs.com" "Mozilla/5.0 AppleWebKit/537.36 (KHTML, like Gecko; compatible; GPTBot/1.3; +https://openai.com/gptbot)"
173.231.242.79 - - [05/Feb/2026:00:45:38 -0500] "POST /wp-cron.php?doing_wp_cron=1770270338.3641769886016845703125 HTTP/1.0" 200 - "-" "WordPress/6.9.1; https://www.zenoxpressjobs.com"
74.7.241.28 - - [05/Feb/2026:00:45:36 -0500] "GET /detail/149859009 HTTP/1.0" 404 157592 "https://zenoxpressjobs.com" "Mozilla/5.0 AppleWebKit/537.36 (KHTML, like Gecko; compatible; GPTBot/1.3; +https://openai.com/gptbot)"
66.249.73.172 - - [05/Feb/2026:00:46:09 -0500] "GET /?products/25712556/ HTTP/1.0" 301 - "-" "Mozilla/5.0 (Linux; Android 6.0.1; Nexus 5X Build/MMB29P) AppleWebKit/537.36 (KHTML, like Gecko) Chrome/144.0.7559.109 Mobile Safari/537.36 (compatible; Googlebot/2.1; +http://www.google.com/bot.html)"
66.249.73.171 - - [05/Feb/2026:00:46:11 -0500] "GET /?products%2F25712556%2F HTTP/1.0" 200 186888 "-" "Mozilla/5.0 (Linux; Android 6.0.1; Nexus 5X Build/MMB29P) AppleWebKit/537.36 (KHTML, like Gecko) Chrome/144.0.7559.109 Mobile Safari/537.36 (compatible; Googlebot/2.1; +http://www.google.com/bot.html)"
74.7.241.28 - - [05/Feb/2026:00:46:16 -0500] "GET /detail/509594075 HTTP/1.0" 404 157592 "https://zenoxpressjobs.com" "Mozilla/5.0 AppleWebKit/537.36 (KHTML, like Gecko; compatible; GPTBot/1.3; +https://openai.com/gptbot)"
173.231.242.79 - - [05/Feb/2026:00:47:00 -0500] "POST /wp-cron.php?doing_wp_cron=1770270420.0798399448394775390625 HTTP/1.0" 200 - "-" "WordPress/6.9.1; https://www.zenoxpressjobs.com"
74.7.241.28 - - [05/Feb/2026:00:46:58 -0500] "GET /detail/263862683 HTTP/1.0" 404 157592 "https://zenoxpressjobs.com" "Mozilla/5.0 AppleWebKit/537.36 (KHTML, like Gecko; compatible; GPTBot/1.3; +https://openai.com/gptbot)"
173.231.242.79 - - [05/Feb/2026:00:47:39 -0500] "POST /wp-cron.php?doing_wp_cron=1770270459.6998291015625000000000 HTTP/1.0" 200 - "-" "WordPress/6.9.1; https://www.zenoxpressjobs.com"
74.7.241.28 - - [05/Feb/2026:00:47:38 -0500] "GET /detail/410471957 HTTP/1.0" 404 157592 "https://zenoxpressjobs.com" "Mozilla/5.0 AppleWebKit/537.36 (KHTML, like Gecko; compatible; GPTBot/1.3; +https://openai.com/gptbot)"
74.7.241.28 - - [05/Feb/2026:00:48:19 -0500] "GET /detail/169062407 HTTP/1.0" 404 157484 "http://zenoxpressjobs.com" "Mozilla/5.0 AppleWebKit/537.36 (KHTML, like Gecko; compatible; GPTBot/1.3; +https://openai.com/gptbot)"
173.231.242.79 - - [05/Feb/2026:00:49:00 -0500] "POST /wp-cron.php?doing_wp_cron=1770270540.8493859767913818359375 HTTP/1.0" 200 - "-" "WordPress/6.9.1; https://www.zenoxpressjobs.com"
74.7.241.28 - - [05/Feb/2026:00:48:59 -0500] "GET /detail/159404377 HTTP/1.0" 404 157592 "https://zenoxpressjobs.com" "Mozilla/5.0 AppleWebKit/537.36 (KHTML, like Gecko; compatible; GPTBot/1.3; +https://openai.com/gptbot)"
66.249.73.172 - - [05/Feb/2026:00:49:10 -0500] "GET /detail/417436397 HTTP/1.0" 404 157603 "-" "Mozilla/5.0 (Linux; Android 6.0.1; Nexus 5X Build/MMB29P) AppleWebKit/537.36 (KHTML, like Gecko) Chrome/144.0.7559.109 Mobile Safari/537.36 (compatible; Googlebot/2.1; +http://www.google.com/bot.html)"
54.39.89.186 - - [05/Feb/2026:00:49:22 -0500] "GET /detail/143563078 HTTP/1.0" 301 - "-" "Mozilla/5.0 (compatible; AhrefsBot/7.0; +http://ahrefs.com/robot/)"
173.231.242.79 - - [05/Feb/2026:00:49:40 -0500] "POST /wp-cron.php?doing_wp_cron=1770270580.1998341083526611328125 HTTP/1.0" 200 - "-" "WordPress/6.9.1; https://www.zenoxpressjobs.com"
85.208.96.197 - - [05/Feb/2026:00:49:39 -0500] "GET /robots.txt HTTP/1.0" 200 272 "-" "Mozilla/5.0 (compatible; SemrushBot/7~bl; +http://www.semrush.com/bot.html)"
85.208.96.194 - - [05/Feb/2026:00:49:40 -0500] "GET /index.html/product/dnk-cross-tshirt/ HTTP/1.0" 404 157592 "-" "Mozilla/5.0 (compatible; SemrushBot/7~bl; +http://www.semrush.com/bot.html)"
74.7.241.28 - - [05/Feb/2026:00:49:41 -0500] "GET /detail/243041410 HTTP/1.0" 404 157592 "https://zenoxpressjobs.com" "Mozilla/5.0 AppleWebKit/537.36 (KHTML, like Gecko; compatible; GPTBot/1.3; +https://openai.com/gptbot)"
74.7.241.28 - - [05/Feb/2026:00:50:23 -0500] "GET /detail/575649693 HTTP/1.0" 404 157592 "https://zenoxpressjobs.com" "Mozilla/5.0 AppleWebKit/537.36 (KHTML, like Gecko; compatible; GPTBot/1.3; +https://openai.com/gptbot)"
173.231.242.79 - - [05/Feb/2026:00:51:05 -0500] "POST /wp-cron.php?doing_wp_cron=1770270665.4154589176177978515625 HTTP/1.0" 200 - "-" "WordPress/6.9.1; https://www.zenoxpressjobs.com"
74.7.241.28 - - [05/Feb/2026:00:51:03 -0500] "GET /detail/335128487 HTTP/1.0" 404 157592 "https://zenoxpressjobs.com" "Mozilla/5.0 AppleWebKit/537.36 (KHTML, like Gecko; compatible; GPTBot/1.3; +https://openai.com/gptbot)"
173.231.242.79 - - [05/Feb/2026:00:51:46 -0500] "POST /wp-cron.php?doing_wp_cron=1770270706.4292440414428710937500 HTTP/1.0" 200 - "-" "WordPress/6.9.1; https://www.zenoxpressjobs.com"
74.7.241.28 - - [05/Feb/2026:00:51:44 -0500] "GET /detail/250984090 HTTP/1.0" 404 157592 "https://zenoxpressjobs.com" "Mozilla/5.0 AppleWebKit/537.36 (KHTML, like Gecko; compatible; GPTBot/1.3; +https://openai.com/gptbot)"
74.7.241.28 - - [05/Feb/2026:00:52:25 -0500] "GET /detail/505375643 HTTP/1.0" 404 157592 "https://zenoxpressjobs.com" "Mozilla/5.0 AppleWebKit/537.36 (KHTML, like Gecko; compatible; GPTBot/1.3; +https://openai.com/gptbot)"
173.231.242.79 - - [05/Feb/2026:00:53:08 -0500] "POST /wp-cron.php?doing_wp_cron=1770270788.5546491146087646484375 HTTP/1.0" 200 - "-" "WordPress/6.9.1; https://www.zenoxpressjobs.com"
74.7.241.28 - - [05/Feb/2026:00:53:06 -0500] "GET /detail/269059445 HTTP/1.0" 404 157592 "https://zenoxpressjobs.com" "Mozilla/5.0 AppleWebKit/537.36 (KHTML, like Gecko; compatible; GPTBot/1.3; +https://openai.com/gptbot)"
173.231.242.79 - - [05/Feb/2026:00:53:43 -0500] "POST /wp-cron.php?doing_wp_cron=1770270823.8874061107635498046875 HTTP/1.0" 200 - "-" "WordPress/6.9.1; https://www.zenoxpressjobs.com"
66.249.73.171 - - [05/Feb/2026:00:53:42 -0500] "GET /detail/513615936 HTTP/1.0" 404 157592 "-" "Mozilla/5.0 (compatible; Googlebot/2.1; +http://www.google.com/bot.html)"
74.7.241.28 - - [05/Feb/2026:00:53:46 -0500] "GET /detail/133725639 HTTP/1.0" 404 157592 "https://zenoxpressjobs.com" "Mozilla/5.0 AppleWebKit/537.36 (KHTML, like Gecko; compatible; GPTBot/1.3; +https://openai.com/gptbot)"
66.249.73.172 - - [05/Feb/2026:00:54:01 -0500] "GET /detail/564547367 HTTP/1.0" 404 157603 "-" "Mozilla/5.0 (Linux; Android 6.0.1; Nexus 5X Build/MMB29P) AppleWebKit/537.36 (KHTML, like Gecko) Chrome/144.0.7559.109 Mobile Safari/537.36 (compatible; Googlebot/2.1; +http://www.google.com/bot.html)"
51.161.65.178 - - [05/Feb/2026:00:54:09 -0500] "GET /detail/128910702 HTTP/1.0" 301 - "-" "Mozilla/5.0 (compatible; AhrefsBot/7.0; +http://ahrefs.com/robot/)"
74.7.241.28 - - [05/Feb/2026:00:54:28 -0500] "GET /detail/337723889 HTTP/1.0" 404 157592 "https://zenoxpressjobs.com" "Mozilla/5.0 AppleWebKit/537.36 (KHTML, like Gecko; compatible; GPTBot/1.3; +https://openai.com/gptbot)"
173.231.242.79 - - [05/Feb/2026:00:55:10 -0500] "POST /wp-cron.php?doing_wp_cron=1770270910.7014329433441162109375 HTTP/1.0" 200 - "-" "WordPress/6.9.1; https://www.zenoxpressjobs.com"
74.7.241.28 - - [05/Feb/2026:00:55:09 -0500] "GET /detail/309116079 HTTP/1.0" 404 157592 "https://zenoxpressjobs.com" "Mozilla/5.0 AppleWebKit/537.36 (KHTML, like Gecko; compatible; GPTBot/1.3; +https://openai.com/gptbot)"
173.231.242.79 - - [05/Feb/2026:00:55:53 -0500] "POST /wp-cron.php?doing_wp_cron=1770270953.5386118888854980468750 HTTP/1.0" 200 - "-" "WordPress/6.9.1; https://www.zenoxpressjobs.com"
74.7.241.28 - - [05/Feb/2026:00:55:52 -0500] "GET /detail/426689909 HTTP/1.0" 404 157592 "https://zenoxpressjobs.com" "Mozilla/5.0 AppleWebKit/537.36 (KHTML, like Gecko; compatible; GPTBot/1.3; +https://openai.com/gptbot)"
173.231.242.79 - - [05/Feb/2026:00:56:37 -0500] "POST /wp-cron.php?doing_wp_cron=1770270997.5251491069793701171875 HTTP/1.0" 200 - "-" "WordPress/6.9.1; https://www.zenoxpressjobs.com"
74.7.241.28 - - [05/Feb/2026:00:56:34 -0500] "GET /detail/255652583 HTTP/1.0" 404 157592 "https://zenoxpressjobs.com" "Mozilla/5.0 AppleWebKit/537.36 (KHTML, like Gecko; compatible; GPTBot/1.3; +https://openai.com/gptbot)"
66.249.73.172 - - [05/Feb/2026:00:56:44 -0500] "GET /detail/62296259 HTTP/1.0" 404 157592 "-" "Mozilla/5.0 (compatible; Googlebot/2.1; +http://www.google.com/bot.html)"
74.7.241.28 - - [05/Feb/2026:00:57:16 -0500] "GET /detail/348727493 HTTP/1.0" 404 157592 "https://zenoxpressjobs.com" "Mozilla/5.0 AppleWebKit/537.36 (KHTML, like Gecko; compatible; GPTBot/1.3; +https://openai.com/gptbot)"
173.231.242.79 - - [05/Feb/2026:00:57:59 -0500] "POST /wp-cron.php?doing_wp_cron=1770271079.0131809711456298828125 HTTP/1.0" 200 - "-" "WordPress/6.9.1; https://www.zenoxpressjobs.com"
74.7.241.28 - - [05/Feb/2026:00:57:57 -0500] "GET /detail/134833143 HTTP/1.0" 404 157592 "https://zenoxpressjobs.com" "Mozilla/5.0 AppleWebKit/537.36 (KHTML, like Gecko; compatible; GPTBot/1.3; +https://openai.com/gptbot)"
173.231.242.79 - - [05/Feb/2026:00:57:59 -0500] "POST /wp-cron.php?doing_wp_cron=1770271079.6864430904388427734375 HTTP/1.0" 200 - "-" "WordPress/6.9.1; https://www.zenoxpressjobs.com"
66.249.73.171 - - [05/Feb/2026:00:57:58 -0500] "GET /detail/143772387 HTTP/1.0" 404 157592 "-" "Mozilla/5.0 (compatible; Googlebot/2.1; +http://www.google.com/bot.html)"
74.7.241.28 - - [05/Feb/2026:00:58:40 -0500] "GET /detail/566068266 HTTP/1.0" 404 157592 "https://zenoxpressjobs.com" "Mozilla/5.0 AppleWebKit/537.36 (KHTML, like Gecko; compatible; GPTBot/1.3; +https://openai.com/gptbot)"
173.231.242.79 - - [05/Feb/2026:00:59:21 -0500] "POST /wp-cron.php?doing_wp_cron=1770271161.4873359203338623046875 HTTP/1.0" 200 - "-" "WordPress/6.9.1; https://www.zenoxpressjobs.com"
74.7.241.28 - - [05/Feb/2026:00:59:19 -0500] "GET /detail/396401773 HTTP/1.0" 404 157592 "https://zenoxpressjobs.com" "Mozilla/5.0 AppleWebKit/537.36 (KHTML, like Gecko; compatible; GPTBot/1.3; +https://openai.com/gptbot)"
142.44.225.216 - - [05/Feb/2026:00:59:23 -0500] "GET /detail/128895070 HTTP/1.0" 301 - "-" "Mozilla/5.0 (compatible; AhrefsBot/7.0; +http://ahrefs.com/robot/)"
173.231.242.79 - - [05/Feb/2026:01:00:02 -0500] "POST /wp-cron.php?doing_wp_cron=1770271202.5219640731811523437500 HTTP/1.0" 200 - "-" "WordPress/6.9.1; https://www.zenoxpressjobs.com"
74.7.241.28 - - [05/Feb/2026:01:00:00 -0500] "GET /detail/354945871 HTTP/1.0" 404 157592 "https://zenoxpressjobs.com" "Mozilla/5.0 AppleWebKit/537.36 (KHTML, like Gecko; compatible; GPTBot/1.3; +https://openai.com/gptbot)"
173.231.242.79 - - [05/Feb/2026:01:00:43 -0500] "POST /wp-cron.php?doing_wp_cron=1770271243.4423639774322509765625 HTTP/1.0" 200 - "-" "WordPress/6.9.1; https://www.zenoxpressjobs.com"
74.7.241.28 - - [05/Feb/2026:01:00:41 -0500] "GET /detail/528832319 HTTP/1.0" 404 157592 "https://zenoxpressjobs.com" "Mozilla/5.0 AppleWebKit/537.36 (KHTML, like Gecko; compatible; GPTBot/1.3; +https://openai.com/gptbot)"
212.23.222.6 - - [05/Feb/2026:01:01:20 -0500] "GET /index.html/zeus-xpress-alongside-corporate-blog/ HTTP/1.0" 301 - "https://www.zenoxpressjobs.com/" "Mozilla/5.0 (Macintosh; Intel Mac OS X 12_5) AppleWebKit/537.36 (KHTML, like Gecko) Chrome/114.0.0.0 YaBrowser/22.7.0 Yowser/2.5 Safari/537.36"
212.23.222.6 - - [05/Feb/2026:01:01:22 -0500] "GET /zeus-xpress-alongside-corporate-blog/ HTTP/1.0" 200 159326 "https://www.zenoxpressjobs.com/index.html/zeus-xpress-alongside-corporate-blog/" "Mozilla/5.0 (Macintosh; Intel Mac OS X 12_5) AppleWebKit/537.36 (KHTML, like Gecko) Chrome/114.0.0.0 YaBrowser/22.7.0 Yowser/2.5 Safari/537.36"
74.7.241.28 - - [05/Feb/2026:01:01:24 -0500] "GET /detail/456090981 HTTP/1.0" 404 157592 "https://zenoxpressjobs.com" "Mozilla/5.0 AppleWebKit/537.36 (KHTML, like Gecko; compatible; GPTBot/1.3; +https://openai.com/gptbot)"
212.23.222.6 - - [05/Feb/2026:01:01:28 -0500] "GET /wp-content/themes/astra/assets/css/minified/style.min.css?ver=4.11.7 HTTP/1.0" 200 75654 "https://www.zenoxpressjobs.com/zeus-xpress-alongside-corporate-blog/" "Mozilla/5.0 (Windows NT 10.0; Win64; x64) AppleWebKit/537.36 (KHTML, like Gecko) Chrome/143.0.0.0 Safari/537.36"
212.23.222.6 - - [05/Feb/2026:01:01:29 -0500] "GET /wp-content/themes/astra/assets/css/minified/menu-animation.min.css?ver=4.11.7 HTTP/1.0" 200 3501 "https://www.zenoxpressjobs.com/zeus-xpress-alongside-corporate-blog/" "Mozilla/5.0 (Windows NT 10.0; Win64; x64) AppleWebKit/537.36 (KHTML, like Gecko) Chrome/143.0.0.0 Safari/537.36"
212.23.222.6 - - [05/Feb/2026:01:01:30 -0500] "GET /wp-content/plugins/header-footer-elementor/inc/widgets-css/frontend.css?ver=2.4.4 HTTP/1.0" 200 79733 "https://www.zenoxpressjobs.com/zeus-xpress-alongside-corporate-blog/" "Mozilla/5.0 (Windows NT 10.0; Win64; x64) AppleWebKit/537.36 (KHTML, like Gecko) Chrome/143.0.0.0 Safari/537.36"
212.23.222.6 - - [05/Feb/2026:01:01:31 -0500] "GET /wp-content/plugins/premium-addons-for-elementor/assets/frontend/min-css/premium-addons.min.css?ver=4.11.20 HTTP/1.0" 200 441675 "https://www.zenoxpressjobs.com/zeus-xpress-alongside-corporate-blog/" "Mozilla/5.0 (Windows NT 10.0; Win64; x64) AppleWebKit/537.36 (KHTML, like Gecko) Chrome/143.0.0.0 Safari/537.36"
212.23.222.6 - - [05/Feb/2026:01:01:32 -0500] "GET /wp-content/plugins/shopengine/assets/css/shopengine-public.css?ver=4.8.0 HTTP/1.0" 200 21012 "https://www.zenoxpressjobs.com/zeus-xpress-alongside-corporate-blog/" "Mozilla/5.0 (Windows NT 10.0; Win64; x64) AppleWebKit/537.36 (KHTML, like Gecko) Chrome/143.0.0.0 Safari/537.36"
212.23.222.6 - - [05/Feb/2026:01:01:33 -0500] "GET /wp-content/plugins/shopengine/widgets/init/assets/css/widget-frontend.css?ver=4.8.0 HTTP/1.0" 200 302993 "https://www.zenoxpressjobs.com/zeus-xpress-alongside-corporate-blog/" "Mozilla/5.0 (Windows NT 10.0; Win64; x64) AppleWebKit/537.36 (KHTML, like Gecko) Chrome/143.0.0.0 Safari/537.36"
212.23.222.6 - - [05/Feb/2026:01:01:33 -0500] "GET /wp-content/plugins/elementor/assets/lib/font-awesome/css/all.css?ver=4.8.0 HTTP/1.0" 200 73625 "https://www.zenoxpressjobs.com/zeus-xpress-alongside-corporate-blog/" "Mozilla/5.0 (Windows NT 10.0; Win64; x64) AppleWebKit/537.36 (KHTML, like Gecko) Chrome/143.0.0.0 Safari/537.36"
212.23.222.6 - - [05/Feb/2026:01:01:34 -0500] "GET /wp-content/plugins/woocommerce/assets/client/blocks/wc-blocks.css?ver=wc-10.0.5 HTTP/1.0" 200 13882 "https://www.zenoxpressjobs.com/zeus-xpress-alongside-corporate-blog/" "Mozilla/5.0 (Windows NT 10.0; Win64; x64) AppleWebKit/537.36 (KHTML, like Gecko) Chrome/143.0.0.0 Safari/537.36"
212.23.222.6 - - [05/Feb/2026:01:01:35 -0500] "GET /wp-content/plugins/gutenkit-blocks-addon/build/gutenkit/frontend-common.css?ver=a28538744097629e283d HTTP/1.0" 200 1241 "https://www.zenoxpressjobs.com/zeus-xpress-alongside-corporate-blog/" "Mozilla/5.0 (Windows NT 10.0; Win64; x64) AppleWebKit/537.36 (KHTML, like Gecko) Chrome/143.0.0.0 Safari/537.36"
212.23.222.6 - - [05/Feb/2026:01:01:36 -0500] "GET /wp-content/plugins/popup-builder-block/build/popup/global.css?ver=2.0.6 HTTP/1.0" 200 482 "https://www.zenoxpressjobs.com/zeus-xpress-alongside-corporate-blog/" "Mozilla/5.0 (Windows NT 10.0; Win64; x64) AppleWebKit/537.36 (KHTML, like Gecko) Chrome/143.0.0.0 Safari/537.36"
212.23.222.6 - - [05/Feb/2026:01:01:37 -0500] "GET /wp-content/themes/astra/assets/css/minified/compatibility/woocommerce/woocommerce-layout.min.css?ver=4.11.7 HTTP/1.0" 200 18081 "https://www.zenoxpressjobs.com/zeus-xpress-alongside-corporate-blog/" "Mozilla/5.0 (Windows NT 10.0; Win64; x64) AppleWebKit/537.36 (KHTML, like Gecko) Chrome/143.0.0.0 Safari/537.36"
212.23.222.6 - - [05/Feb/2026:01:01:37 -0500] "GET /wp-content/themes/astra/assets/css/minified/compatibility/woocommerce/woocommerce-smallscreen.min.css?ver=4.11.7 HTTP/1.0" 200 6262 "https://www.zenoxpressjobs.com/zeus-xpress-alongside-corporate-blog/" "Mozilla/5.0 (Windows NT 10.0; Win64; x64) AppleWebKit/537.36 (KHTML, like Gecko) Chrome/143.0.0.0 Safari/537.36"
212.23.222.6 - - [05/Feb/2026:01:01:38 -0500] "GET /wp-content/themes/astra/assets/css/minified/compatibility/woocommerce/woocommerce.min.css?ver=4.11.7 HTTP/1.0" 200 118676 "https://www.zenoxpressjobs.com/zeus-xpress-alongside-corporate-blog/" "Mozilla/5.0 (Windows NT 10.0; Win64; x64) AppleWebKit/537.36 (KHTML, like Gecko) Chrome/143.0.0.0 Safari/537.36"
212.23.222.6 - - [05/Feb/2026:01:01:39 -0500] "GET /wp-content/plugins/wp-social/assets/css/frontend.css?ver=3.1.2 HTTP/1.0" 200 67439 "https://www.zenoxpressjobs.com/zeus-xpress-alongside-corporate-blog/" "Mozilla/5.0 (Windows NT 10.0; Win64; x64) AppleWebKit/537.36 (KHTML, like Gecko) Chrome/143.0.0.0 Safari/537.36"
212.23.222.6 - - [05/Feb/2026:01:01:40 -0500] "GET /wp-content/plugins/wp-social/assets/css/font-icon.css?ver=3.1.2 HTTP/1.0" 200 43696 "https://www.zenoxpressjobs.com/zeus-xpress-alongside-corporate-blog/" "Mozilla/5.0 (Windows NT 10.0; Win64; x64) AppleWebKit/537.36 (KHTML, like Gecko) Chrome/143.0.0.0 Safari/537.36"
212.23.222.6 - - [05/Feb/2026:01:01:40 -0500] "GET /wp-content/plugins/header-footer-elementor/assets/css/header-footer-elementor.css?ver=2.4.4 HTTP/1.0" 200 776 "https://www.zenoxpressjobs.com/zeus-xpress-alongside-corporate-blog/" "Mozilla/5.0 (Windows NT 10.0; Win64; x64) AppleWebKit/537.36 (KHTML, like Gecko) Chrome/143.0.0.0 Safari/537.36"
212.23.222.6 - - [05/Feb/2026:01:01:41 -0500] "GET /wp-content/plugins/elementor/assets/lib/eicons/css/elementor-icons.min.css?ver=5.43.0 HTTP/1.0" 200 21218 "https://www.zenoxpressjobs.com/zeus-xpress-alongside-corporate-blog/" "Mozilla/5.0 (Windows NT 10.0; Win64; x64) AppleWebKit/537.36 (KHTML, like Gecko) Chrome/143.0.0.0 Safari/537.36"
212.23.222.6 - - [05/Feb/2026:01:01:42 -0500] "GET /wp-content/plugins/elementor/assets/css/frontend.min.css?ver=3.30.2 HTTP/1.0" 200 53422 "https://www.zenoxpressjobs.com/zeus-xpress-alongside-corporate-blog/" "Mozilla/5.0 (Windows NT 10.0; Win64; x64) AppleWebKit/537.36 (KHTML, like Gecko) Chrome/143.0.0.0 Safari/537.36"
212.23.222.6 - - [05/Feb/2026:01:01:43 -0500] "GET /wp-content/uploads/elementor/css/post-1390.css?ver=1769709941 HTTP/1.0" 200 1296 "https://www.zenoxpressjobs.com/zeus-xpress-alongside-corporate-blog/" "Mozilla/5.0 (Windows NT 10.0; Win64; x64) AppleWebKit/537.36 (KHTML, like Gecko) Chrome/143.0.0.0 Safari/537.36"
212.23.222.6 - - [05/Feb/2026:01:01:43 -0500] "GET /wp-content/plugins/wpforms-lite/assets/css/frontend/classic/wpforms-base.min.css?ver=1.9.6.2 HTTP/1.0" 200 57784 "https://www.zenoxpressjobs.com/zeus-xpress-alongside-corporate-blog/" "Mozilla/5.0 (Windows NT 10.0; Win64; x64) AppleWebKit/537.36 (KHTML, like Gecko) Chrome/143.0.0.0 Safari/537.36"
212.23.222.6 - - [05/Feb/2026:01:01:44 -0500] "GET /wp-content/plugins/addons-for-elementor/assets/css/lib/animate.css?ver=8.8 HTTP/1.0" 200 212357 "https://www.zenoxpressjobs.com/zeus-xpress-alongside-corporate-blog/" "Mozilla/5.0 (Windows NT 10.0; Win64; x64) AppleWebKit/537.36 (KHTML, like Gecko) Chrome/143.0.0.0 Safari/537.36"
212.23.222.6 - - [05/Feb/2026:01:01:45 -0500] "GET /wp-content/plugins/addons-for-elementor/assets/css/lib/sliders.min.css?ver=8.8 HTTP/1.0" 200 4058 "https://www.zenoxpressjobs.com/zeus-xpress-alongside-corporate-blog/" "Mozilla/5.0 (Windows NT 10.0; Win64; x64) AppleWebKit/537.36 (KHTML, like Gecko) Chrome/143.0.0.0 Safari/537.36"
212.23.222.6 - - [05/Feb/2026:01:01:46 -0500] "GET /wp-content/plugins/addons-for-elementor/assets/css/icomoon.css?ver=8.8 HTTP/1.0" 200 17453 "https://www.zenoxpressjobs.com/zeus-xpress-alongside-corporate-blog/" "Mozilla/5.0 (Windows NT 10.0; Win64; x64) AppleWebKit/537.36 (KHTML, like Gecko) Chrome/143.0.0.0 Safari/537.36"
212.23.222.6 - - [05/Feb/2026:01:01:46 -0500] "GET /wp-content/plugins/addons-for-elementor/assets/css/lae-frontend.css?ver=8.8 HTTP/1.0" 200 16035 "https://www.zenoxpressjobs.com/zeus-xpress-alongside-corporate-blog/" "Mozilla/5.0 (Windows NT 10.0; Win64; x64) AppleWebKit/537.36 (KHTML, like Gecko) Chrome/143.0.0.0 Safari/537.36"
212.23.222.6 - - [05/Feb/2026:01:01:47 -0500] "GET /wp-content/plugins/addons-for-elementor/assets/css/lae-grid.css?ver=8.8 HTTP/1.0" 200 16662 "https://www.zenoxpressjobs.com/zeus-xpress-alongside-corporate-blog/" "Mozilla/5.0 (Windows NT 10.0; Win64; x64) AppleWebKit/537.36 (KHTML, like Gecko) Chrome/143.0.0.0 Safari/537.36"
212.23.222.6 - - [05/Feb/2026:01:01:48 -0500] "GET /wp-content/plugins/addons-for-elementor/assets/css/widgets/lae-widgets.min.css?ver=8.8 HTTP/1.0" 200 127560 "https://www.zenoxpressjobs.com/zeus-xpress-alongside-corporate-blog/" "Mozilla/5.0 (Windows NT 10.0; Win64; x64) AppleWebKit/537.36 (KHTML, like Gecko) Chrome/143.0.0.0 Safari/537.36"
212.23.222.6 - - [05/Feb/2026:01:01:49 -0500] "GET /wp-content/plugins/elementor/assets/lib/font-awesome/css/all.min.css?ver=4.11.20 HTTP/1.0" 200 59344 "https://www.zenoxpressjobs.com/zeus-xpress-alongside-corporate-blog/" "Mozilla/5.0 (Windows NT 10.0; Win64; x64) AppleWebKit/537.36 (KHTML, like Gecko) Chrome/143.0.0.0 Safari/537.36"
212.23.222.6 - - [05/Feb/2026:01:01:50 -0500] "GET /wp-content/plugins/elementor/assets/lib/font-awesome/css/v4-shims.min.css?ver=3.30.2 HTTP/1.0" 200 26702 "https://www.zenoxpressjobs.com/zeus-xpress-alongside-corporate-blog/" "Mozilla/5.0 (Windows NT 10.0; Win64; x64) AppleWebKit/537.36 (KHTML, like Gecko) Chrome/143.0.0.0 Safari/537.36"
212.23.222.6 - - [05/Feb/2026:01:01:50 -0500] "GET /wp-content/uploads/elementor/css/post-1165.css?ver=1769709941 HTTP/1.0" 200 7136 "https://www.zenoxpressjobs.com/zeus-xpress-alongside-corporate-blog/" "Mozilla/5.0 (Windows NT 10.0; Win64; x64) AppleWebKit/537.36 (KHTML, like Gecko) Chrome/143.0.0.0 Safari/537.36"
212.23.222.6 - - [05/Feb/2026:01:01:51 -0500] "GET /wp-content/plugins/woocommerce/assets/css/brands.css?ver=10.0.5 HTTP/1.0" 200 2279 "https://www.zenoxpressjobs.com/zeus-xpress-alongside-corporate-blog/" "Mozilla/5.0 (Windows NT 10.0; Win64; x64) AppleWebKit/537.36 (KHTML, like Gecko) Chrome/143.0.0.0 Safari/537.36"
212.23.222.6 - - [05/Feb/2026:01:01:52 -0500] "GET /wp-content/plugins/metform/public/assets/lib/cute-alert/style.css?ver=4.0.2 HTTP/1.0" 200 4719 "https://www.zenoxpressjobs.com/zeus-xpress-alongside-corporate-blog/" "Mozilla/5.0 (Windows NT 10.0; Win64; x64) AppleWebKit/537.36 (KHTML, like Gecko) Chrome/143.0.0.0 Safari/537.36"
212.23.222.6 - - [05/Feb/2026:01:01:53 -0500] "GET /wp-content/plugins/metform/public/assets/css/text-editor.css?ver=4.0.2 HTTP/1.0" 200 22474 "https://www.zenoxpressjobs.com/zeus-xpress-alongside-corporate-blog/" "Mozilla/5.0 (Windows NT 10.0; Win64; x64) AppleWebKit/537.36 (KHTML, like Gecko) Chrome/143.0.0.0 Safari/537.36"
212.23.222.6 - - [05/Feb/2026:01:01:53 -0500] "GET /wp-content/plugins/wp-ultimate-review/assets/public/css/content-page.css?ver=2.3.6 HTTP/1.0" 200 25507 "https://www.zenoxpressjobs.com/zeus-xpress-alongside-corporate-blog/" "Mozilla/5.0 (Windows NT 10.0; Win64; x64) AppleWebKit/537.36 (KHTML, like Gecko) Chrome/143.0.0.0 Safari/537.36"
212.23.222.6 - - [05/Feb/2026:01:01:54 -0500] "GET /wp-includes/css/dashicons.min.css?ver=6.9.1 HTTP/1.0" 200 59004 "https://www.zenoxpressjobs.com/zeus-xpress-alongside-corporate-blog/" "Mozilla/5.0 (Windows NT 10.0; Win64; x64) AppleWebKit/537.36 (KHTML, like Gecko) Chrome/143.0.0.0 Safari/537.36"
212.23.222.6 - - [05/Feb/2026:01:01:55 -0500] "GET /wp-content/plugins/shopengine/assets/css/shopengine-modal.css?ver=4.8.0 HTTP/1.0" 200 3900 "https://www.zenoxpressjobs.com/zeus-xpress-alongside-corporate-blog/" "Mozilla/5.0 (Windows NT 10.0; Win64; x64) AppleWebKit/537.36 (KHTML, like Gecko) Chrome/143.0.0.0 Safari/537.36"
212.23.222.6 - - [05/Feb/2026:01:01:56 -0500] "GET /wp-admin/css/color-picker.min.css?ver=6.9.1 HTTP/1.0" 200 3063 "https://www.zenoxpressjobs.com/zeus-xpress-alongside-corporate-blog/" "Mozilla/5.0 (Windows NT 10.0; Win64; x64) AppleWebKit/537.36 (KHTML, like Gecko) Chrome/143.0.0.0 Safari/537.36"
212.23.222.6 - - [05/Feb/2026:01:01:56 -0500] "GET /wp-content/plugins/shopengine/modules/swatches/loop-product-support/assets/swatches.css?ver=1770271282 HTTP/1.0" 200 - "https://www.zenoxpressjobs.com/zeus-xpress-alongside-corporate-blog/" "Mozilla/5.0 (Windows NT 10.0; Win64; x64) AppleWebKit/537.36 (KHTML, like Gecko) Chrome/143.0.0.0 Safari/537.36"
212.23.222.6 - - [05/Feb/2026:01:01:57 -0500] "GET /wp-content/plugins/shopengine/modules/wishlist/assets/css/wishlist.css?ver=4.8.0 HTTP/1.0" 200 2083 "https://www.zenoxpressjobs.com/zeus-xpress-alongside-corporate-blog/" "Mozilla/5.0 (Windows NT 10.0; Win64; x64) AppleWebKit/537.36 (KHTML, like Gecko) Chrome/143.0.0.0 Safari/537.36"
212.23.222.6 - - [05/Feb/2026:01:01:58 -0500] "GET /wp-content/plugins/shopengine/modules/comparison/assets/css/comparison.css?ver=6.9.1 HTTP/1.0" 200 8648 "https://www.zenoxpressjobs.com/zeus-xpress-alongside-corporate-blog/" "Mozilla/5.0 (Windows NT 10.0; Win64; x64) AppleWebKit/537.36 (KHTML, like Gecko) Chrome/143.0.0.0 Safari/537.36"
212.23.222.6 - - [05/Feb/2026:01:01:59 -0500] "GET /wp-content/plugins/shopengine/modules/swatches/assets/css/frontend.css?ver=4.8.0 HTTP/1.0" 200 4366 "https://www.zenoxpressjobs.com/zeus-xpress-alongside-corporate-blog/" "Mozilla/5.0 (Windows NT 10.0; Win64; x64) AppleWebKit/537.36 (KHTML, like Gecko) Chrome/143.0.0.0 Safari/537.36"
212.23.222.6 - - [05/Feb/2026:01:01:59 -0500] "GET /wp-content/plugins/elementor/assets/lib/eicons/css/elementor-icons.min.css?ver=5.34.0 HTTP/1.0" 200 21218 "https://www.zenoxpressjobs.com/zeus-xpress-alongside-corporate-blog/" "Mozilla/5.0 (Windows NT 10.0; Win64; x64) AppleWebKit/537.36 (KHTML, like Gecko) Chrome/143.0.0.0 Safari/537.36"
212.23.222.6 - - [05/Feb/2026:01:02:00 -0500] "GET /wp-content/plugins/elementor/assets/css/widget-icon-list.min.css?ver=3.24.3 HTTP/1.0" 200 10310 "https://www.zenoxpressjobs.com/zeus-xpress-alongside-corporate-blog/" "Mozilla/5.0 (Windows NT 10.0; Win64; x64) AppleWebKit/537.36 (KHTML, like Gecko) Chrome/143.0.0.0 Safari/537.36"
212.23.222.6 - - [05/Feb/2026:01:02:01 -0500] "GET /wp-content/plugins/elementor/assets/css/widget-social-icons.min.css?ver=3.24.0 HTTP/1.0" 200 5150 "https://www.zenoxpressjobs.com/zeus-xpress-alongside-corporate-blog/" "Mozilla/5.0 (Windows NT 10.0; Win64; x64) AppleWebKit/537.36 (KHTML, like Gecko) Chrome/143.0.0.0 Safari/537.36"
212.23.222.6 - - [05/Feb/2026:01:02:02 -0500] "GET /wp-content/plugins/elementor/assets/lib/font-awesome/css/brands.css?ver=5.15.3 HTTP/1.0" 200 732 "https://www.zenoxpressjobs.com/zeus-xpress-alongside-corporate-blog/" "Mozilla/5.0 (Windows NT 10.0; Win64; x64) AppleWebKit/537.36 (KHTML, like Gecko) Chrome/143.0.0.0 Safari/537.36"
212.23.222.6 - - [05/Feb/2026:01:02:02 -0500] "GET /wp-content/plugins/elementor/assets/lib/font-awesome/css/fontawesome.css?ver=5.15.3 HTTP/1.0" 200 72184 "https://www.zenoxpressjobs.com/zeus-xpress-alongside-corporate-blog/" "Mozilla/5.0 (Windows NT 10.0; Win64; x64) AppleWebKit/537.36 (KHTML, like Gecko) Chrome/143.0.0.0 Safari/537.36"
212.23.222.6 - - [05/Feb/2026:01:02:03 -0500] "GET /wp-content/plugins/elementor/assets/lib/font-awesome/css/solid.css?ver=5.15.3 HTTP/1.0" 200 727 "https://www.zenoxpressjobs.com/zeus-xpress-alongside-corporate-blog/" "Mozilla/5.0 (Windows NT 10.0; Win64; x64) AppleWebKit/537.36 (KHTML, like Gecko) Chrome/143.0.0.0 Safari/537.36"
212.23.222.6 - - [05/Feb/2026:01:02:04 -0500] "GET /wp-content/plugins/elementskit-lite/widgets/init/assets/css/widget-styles.css?ver=3.5.5 HTTP/1.0" 200 461982 "https://www.zenoxpressjobs.com/zeus-xpress-alongside-corporate-blog/" "Mozilla/5.0 (Windows NT 10.0; Win64; x64) AppleWebKit/537.36 (KHTML, like Gecko) Chrome/143.0.0.0 Safari/537.36"
212.23.222.6 - - [05/Feb/2026:01:02:05 -0500] "GET /wp-content/plugins/elementskit-lite/widgets/init/assets/css/responsive.css?ver=3.5.5 HTTP/1.0" 200 30347 "https://www.zenoxpressjobs.com/zeus-xpress-alongside-corporate-blog/" "Mozilla/5.0 (Windows NT 10.0; Win64; x64) AppleWebKit/537.36 (KHTML, like Gecko) Chrome/143.0.0.0 Safari/537.36"
212.23.222.6 - - [05/Feb/2026:01:02:06 -0500] "GET /wp-content/plugins/essential-addons-for-elementor-lite/assets/front-end/css/view/general.min.css?ver=6.2.1 HTTP/1.0" 200 7418 "https://www.zenoxpressjobs.com/zeus-xpress-alongside-corporate-blog/" "Mozilla/5.0 (Windows NT 10.0; Win64; x64) AppleWebKit/537.36 (KHTML, like Gecko) Chrome/143.0.0.0 Safari/537.36"
212.23.222.6 - - [05/Feb/2026:01:02:06 -0500] "GET /wp-content/uploads/elementor/google-fonts/css/roboto.css?ver=1752011100 HTTP/1.0" 200 105624 "https://www.zenoxpressjobs.com/zeus-xpress-alongside-corporate-blog/" "Mozilla/5.0 (Windows NT 10.0; Win64; x64) AppleWebKit/537.36 (KHTML, like Gecko) Chrome/143.0.0.0 Safari/537.36"
212.23.222.6 - - [05/Feb/2026:01:02:07 -0500] "GET /wp-content/uploads/elementor/google-fonts/css/robotoslab.css?ver=1752011101 HTTP/1.0" 200 24255 "https://www.zenoxpressjobs.com/zeus-xpress-alongside-corporate-blog/" "Mozilla/5.0 (Windows NT 10.0; Win64; x64) AppleWebKit/537.36 (KHTML, like Gecko) Chrome/143.0.0.0 Safari/537.36"
212.23.222.6 - - [05/Feb/2026:01:02:08 -0500] "GET /wp-content/plugins/elementor/assets/lib/font-awesome/css/fontawesome.min.css?ver=5.15.3 HTTP/1.0" 200 58071 "https://www.zenoxpressjobs.com/zeus-xpress-alongside-corporate-blog/" "Mozilla/5.0 (Windows NT 10.0; Win64; x64) AppleWebKit/537.36 (KHTML, like Gecko) Chrome/143.0.0.0 Safari/537.36"
212.23.222.6 - - [05/Feb/2026:01:02:09 -0500] "GET /wp-content/plugins/elementor/assets/lib/font-awesome/css/brands.min.css?ver=5.15.3 HTTP/1.0" 200 675 "https://www.zenoxpressjobs.com/zeus-xpress-alongside-corporate-blog/" "Mozilla/5.0 (Windows NT 10.0; Win64; x64) AppleWebKit/537.36 (KHTML, like Gecko) Chrome/143.0.0.0 Safari/537.36"
173.231.242.79 - - [05/Feb/2026:01:02:09 -0500] "POST /wp-cron.php?doing_wp_cron=1770271329.7639648914337158203125 HTTP/1.0" 200 - "-" "WordPress/6.9.1; https://www.zenoxpressjobs.com"
74.7.241.28 - - [05/Feb/2026:01:02:07 -0500] "GET /detail/155291648 HTTP/1.0" 404 157592 "https://zenoxpressjobs.com" "Mozilla/5.0 AppleWebKit/537.36 (KHTML, like Gecko; compatible; GPTBot/1.3; +https://openai.com/gptbot)"
212.23.222.6 - - [05/Feb/2026:01:02:10 -0500] "GET /wp-content/plugins/elementor/assets/css/widget-spacer.min.css?ver=3.30.2 HTTP/1.0" 200 1833 "https://www.zenoxpressjobs.com/zeus-xpress-alongside-corporate-blog/" "Mozilla/5.0 (Windows NT 10.0; Win64; x64) AppleWebKit/537.36 (KHTML, like Gecko) Chrome/143.0.0.0 Safari/537.36"
212.23.222.6 - - [05/Feb/2026:01:02:10 -0500] "GET /wp-content/plugins/elementor/assets/css/widget-heading.min.css?ver=3.30.2 HTTP/1.0" 200 600 "https://www.zenoxpressjobs.com/zeus-xpress-alongside-corporate-blog/" "Mozilla/5.0 (Windows NT 10.0; Win64; x64) AppleWebKit/537.36 (KHTML, like Gecko) Chrome/143.0.0.0 Safari/537.36"
212.23.222.6 - - [05/Feb/2026:01:02:11 -0500] "GET /wp-content/plugins/elementor/assets/css/widget-social-icons.min.css?ver=3.30.2 HTTP/1.0" 200 5150 "https://www.zenoxpressjobs.com/zeus-xpress-alongside-corporate-blog/" "Mozilla/5.0 (Windows NT 10.0; Win64; x64) AppleWebKit/537.36 (KHTML, like Gecko) Chrome/143.0.0.0 Safari/537.36"
212.23.222.6 - - [05/Feb/2026:01:02:12 -0500] "GET /wp-content/plugins/elementor/assets/css/conditionals/apple-webkit.min.css?ver=3.30.2 HTTP/1.0" 200 7025 "https://www.zenoxpressjobs.com/zeus-xpress-alongside-corporate-blog/" "Mozilla/5.0 (Windows NT 10.0; Win64; x64) AppleWebKit/537.36 (KHTML, like Gecko) Chrome/143.0.0.0 Safari/537.36"
212.23.222.6 - - [05/Feb/2026:01:02:12 -0500] "GET /wp-content/plugins/elementskit-lite/modules/elementskit-icon-pack/assets/css/ekiticons.css?ver=3.5.5 HTTP/1.0" 200 124992 "https://www.zenoxpressjobs.com/zeus-xpress-alongside-corporate-blog/" "Mozilla/5.0 (Windows NT 10.0; Win64; x64) AppleWebKit/537.36 (KHTML, like Gecko) Chrome/143.0.0.0 Safari/537.36"
212.23.222.6 - - [05/Feb/2026:01:02:13 -0500] "GET /wp-content/plugins/woocommerce/assets/css/photoswipe/photoswipe.min.css?ver=10.0.5 HTTP/1.0" 200 3287 "https://www.zenoxpressjobs.com/zeus-xpress-alongside-corporate-blog/" "Mozilla/5.0 (Windows NT 10.0; Win64; x64) AppleWebKit/537.36 (KHTML, like Gecko) Chrome/143.0.0.0 Safari/537.36"
212.23.222.6 - - [05/Feb/2026:01:02:14 -0500] "GET /wp-content/plugins/woocommerce/assets/css/photoswipe/default-skin/default-skin.min.css?ver=10.0.5 HTTP/1.0" 200 7947 "https://www.zenoxpressjobs.com/zeus-xpress-alongside-corporate-blog/" "Mozilla/5.0 (Windows NT 10.0; Win64; x64) AppleWebKit/537.36 (KHTML, like Gecko) Chrome/143.0.0.0 Safari/537.36"
212.23.222.6 - - [05/Feb/2026:01:02:15 -0500] "GET /zeus-xpress-alongside-corporate-blog/ HTTP/1.0" 200 159326 "https://www.zenoxpressjobs.com/zeus-xpress-alongside-corporate-blog/" "Mozilla/5.0 (Macintosh; Intel Mac OS X 12_5) AppleWebKit/537.36 (KHTML, like Gecko) Chrome/114.0.0.0 YaBrowser/22.7.0 Yowser/2.5 Safari/537.36"
212.23.222.6 - - [05/Feb/2026:01:02:17 -0500] "GET /wp-content/plugins/shopengine/modules/swatches/loop-product-support/assets/swatches.css?ver=1770271336 HTTP/1.0" 200 - "https://www.zenoxpressjobs.com/zeus-xpress-alongside-corporate-blog/" "Mozilla/5.0 (Windows NT 10.0; Win64; x64) AppleWebKit/537.36 (KHTML, like Gecko) Chrome/143.0.0.0 Safari/537.36"
212.23.222.6 - - [05/Feb/2026:01:02:18 -0500] "GET /wp-admin/admin-ajax.php HTTP/1.0" 400 1 "https://www.zenoxpressjobs.com/zeus-xpress-alongside-corporate-blog/" "Mozilla/5.0 (Windows NT 6.3; Win64; x64) AppleWebKit/537.36 (KHTML, like Gecko) Chrome/103.0.0.0 Safari/537.36"
212.23.222.6 - - [05/Feb/2026:01:02:19 -0500] "GET /wp-admin/admin-ajax.php?action=register HTTP/1.0" 400 1 "https://www.zenoxpressjobs.com/wp-admin/admin-ajax.php" "Mozilla/5.0 (Windows NT 6.3; Win64; x64) AppleWebKit/537.36 (KHTML, like Gecko) Chrome/103.0.0.0 Safari/537.36"
173.231.242.79 - - [05/Feb/2026:01:02:48 -0500] "POST /wp-cron.php?doing_wp_cron=1770271368.9268260002136230468750 HTTP/1.0" 200 - "-" "WordPress/6.9.1; https://www.zenoxpressjobs.com"
74.7.241.28 - - [05/Feb/2026:01:02:47 -0500] "GET /detail/366773588 HTTP/1.0" 404 157592 "https://zenoxpressjobs.com" "Mozilla/5.0 AppleWebKit/537.36 (KHTML, like Gecko; compatible; GPTBot/1.3; +https://openai.com/gptbot)"
74.7.241.28 - - [05/Feb/2026:01:03:29 -0500] "GET /detail/574062257 HTTP/1.0" 404 157592 "https://zenoxpressjobs.com" "Mozilla/5.0 AppleWebKit/537.36 (KHTML, like Gecko; compatible; GPTBot/1.3; +https://openai.com/gptbot)"
173.231.242.79 - - [05/Feb/2026:01:04:13 -0500] "POST /wp-cron.php?doing_wp_cron=1770271453.1434218883514404296875 HTTP/1.0" 200 - "-" "WordPress/6.9.1; https://www.zenoxpressjobs.com"
74.7.241.28 - - [05/Feb/2026:01:04:11 -0500] "GET /detail/493864674 HTTP/1.0" 404 157484 "http://zenoxpressjobs.com" "Mozilla/5.0 AppleWebKit/537.36 (KHTML, like Gecko; compatible; GPTBot/1.3; +https://openai.com/gptbot)"
148.113.130.215 - - [05/Feb/2026:01:04:15 -0500] "GET /detail/112341809 HTTP/1.0" 301 - "-" "Mozilla/5.0 (compatible; AhrefsBot/7.0; +http://ahrefs.com/robot/)"
66.249.73.171 - - [05/Feb/2026:01:04:29 -0500] "GET /detail/142350972 HTTP/1.0" 404 157603 "-" "Mozilla/5.0 (Linux; Android 6.0.1; Nexus 5X Build/MMB29P) AppleWebKit/537.36 (KHTML, like Gecko) Chrome/144.0.7559.109 Mobile Safari/537.36 (compatible; Googlebot/2.1; +http://www.google.com/bot.html)"
173.231.242.79 - - [05/Feb/2026:01:04:53 -0500] "POST /wp-cron.php?doing_wp_cron=1770271493.3463039398193359375000 HTTP/1.0" 200 - "-" "WordPress/6.9.1; https://www.zenoxpressjobs.com"
74.7.241.28 - - [05/Feb/2026:01:04:51 -0500] "GET /detail/205656730 HTTP/1.0" 404 157592 "https://zenoxpressjobs.com" "Mozilla/5.0 AppleWebKit/537.36 (KHTML, like Gecko; compatible; GPTBot/1.3; +https://openai.com/gptbot)"
173.231.242.79 - - [05/Feb/2026:01:05:35 -0500] "POST /wp-cron.php?doing_wp_cron=1770271535.7331180572509765625000 HTTP/1.0" 200 - "-" "WordPress/6.9.1; https://www.zenoxpressjobs.com"
74.7.241.28 - - [05/Feb/2026:01:05:33 -0500] "GET /detail/127300512 HTTP/1.0" 404 157592 "https://zenoxpressjobs.com" "Mozilla/5.0 AppleWebKit/537.36 (KHTML, like Gecko; compatible; GPTBot/1.3; +https://openai.com/gptbot)"
74.7.241.28 - - [05/Feb/2026:01:06:12 -0500] "GET /detail/553243156 HTTP/1.0" 404 157592 "https://zenoxpressjobs.com" "Mozilla/5.0 AppleWebKit/537.36 (KHTML, like Gecko; compatible; GPTBot/1.3; +https://openai.com/gptbot)"
173.231.242.79 - - [05/Feb/2026:01:06:57 -0500] "POST /wp-cron.php?doing_wp_cron=1770271617.5547630786895751953125 HTTP/1.0" 200 - "-" "WordPress/6.9.1; https://www.zenoxpressjobs.com"
74.7.241.28 - - [05/Feb/2026:01:06:55 -0500] "GET /detail/283288121 HTTP/1.0" 404 157592 "https://zenoxpressjobs.com" "Mozilla/5.0 AppleWebKit/537.36 (KHTML, like Gecko; compatible; GPTBot/1.3; +https://openai.com/gptbot)"
173.231.242.79 - - [05/Feb/2026:01:07:40 -0500] "POST /wp-cron.php?doing_wp_cron=1770271660.7201240062713623046875 HTTP/1.0" 200 - "-" "WordPress/6.9.1; https://www.zenoxpressjobs.com"
74.7.241.28 - - [05/Feb/2026:01:07:38 -0500] "GET /detail/515580936 HTTP/1.0" 404 157592 "https://zenoxpressjobs.com" "Mozilla/5.0 AppleWebKit/537.36 (KHTML, like Gecko; compatible; GPTBot/1.3; +https://openai.com/gptbot)"
74.7.241.28 - - [05/Feb/2026:01:08:18 -0500] "GET /detail/559812271 HTTP/1.0" 404 157592 "https://zenoxpressjobs.com" "Mozilla/5.0 AppleWebKit/537.36 (KHTML, like Gecko; compatible; GPTBot/1.3; +https://openai.com/gptbot)"
173.231.242.79 - - [05/Feb/2026:01:08:50 -0500] "POST /wp-cron.php?doing_wp_cron=1770271730.0091450214385986328125 HTTP/1.0" 200 - "-" "WordPress/6.9.1; https://www.zenoxpressjobs.com"
66.249.73.172 - - [05/Feb/2026:01:08:48 -0500] "GET /ctg/search/similarImageSearchResultView/?ctgItemCd=30242348 HTTP/1.0" 404 157603 "-" "Mozilla/5.0 (Linux; Android 6.0.1; Nexus 5X Build/MMB29P) AppleWebKit/537.36 (KHTML, like Gecko) Chrome/144.0.7559.109 Mobile Safari/537.36 (compatible; Googlebot/2.1; +http://www.google.com/bot.html)"
74.7.241.28 - - [05/Feb/2026:01:09:01 -0500] "GET /detail/212859303 HTTP/1.0" 404 157592 "https://zenoxpressjobs.com" "Mozilla/5.0 AppleWebKit/537.36 (KHTML, like Gecko; compatible; GPTBot/1.3; +https://openai.com/gptbot)"
51.161.65.147 - - [05/Feb/2026:01:09:06 -0500] "GET /detail/111481868 HTTP/1.0" 301 - "-" "Mozilla/5.0 (compatible; AhrefsBot/7.0; +http://ahrefs.com/robot/)"
66.249.73.160 - - [05/Feb/2026:01:09:23 -0500] "GET /detail/576746473 HTTP/1.0" 404 157603 "-" "Mozilla/5.0 (Linux; Android 6.0.1; Nexus 5X Build/MMB29P) AppleWebKit/537.36 (KHTML, like Gecko) Chrome/144.0.7559.109 Mobile Safari/537.36 (compatible; Googlebot/2.1; +http://www.google.com/bot.html)"
66.249.73.172 - - [05/Feb/2026:01:09:27 -0500] "GET /detail/539884656 HTTP/1.0" 404 157603 "-" "Mozilla/5.0 (Linux; Android 6.0.1; Nexus 5X Build/MMB29P) AppleWebKit/537.36 (KHTML, like Gecko) Chrome/144.0.7559.109 Mobile Safari/537.36 (compatible; Googlebot/2.1; +http://www.google.com/bot.html)"
173.231.242.79 - - [05/Feb/2026:01:09:45 -0500] "POST /wp-cron.php?doing_wp_cron=1770271785.6157310009002685546875 HTTP/1.0" 200 - "-" "WordPress/6.9.1; https://www.zenoxpressjobs.com"
74.7.241.28 - - [05/Feb/2026:01:09:44 -0500] "GET /detail/499522603 HTTP/1.0" 404 157592 "https://zenoxpressjobs.com" "Mozilla/5.0 AppleWebKit/537.36 (KHTML, like Gecko; compatible; GPTBot/1.3; +https://openai.com/gptbot)"
66.249.73.171 - - [05/Feb/2026:01:09:54 -0500] "GET /detail/507107113 HTTP/1.0" 404 157603 "-" "Mozilla/5.0 (Linux; Android 6.0.1; Nexus 5X Build/MMB29P) AppleWebKit/537.36 (KHTML, like Gecko) Chrome/144.0.7559.109 Mobile Safari/537.36 (compatible; Googlebot/2.1; +http://www.google.com/bot.html)"
66.249.73.171 - - [05/Feb/2026:01:09:55 -0500] "GET /ctg/search/similarImageSearchResultView/?ctgItemCd=28043569 HTTP/1.0" 404 157603 "-" "Mozilla/5.0 (Linux; Android 6.0.1; Nexus 5X Build/MMB29P) AppleWebKit/537.36 (KHTML, like Gecko) Chrome/144.0.7559.109 Mobile Safari/537.36 (compatible; Googlebot/2.1; +http://www.google.com/bot.html)"
66.249.73.171 - - [05/Feb/2026:01:09:57 -0500] "GET /ctg/search/similarImageSearchResultView/?ctgItemCd=28043569 HTTP/1.0" 404 157592 "-" "Mozilla/5.0 (compatible; Googlebot/2.1; +http://www.google.com/bot.html)"
74.7.241.28 - - [05/Feb/2026:01:10:24 -0500] "GET /detail/576057997 HTTP/1.0" 404 157592 "https://zenoxpressjobs.com" "Mozilla/5.0 AppleWebKit/537.36 (KHTML, like Gecko; compatible; GPTBot/1.3; +https://openai.com/gptbot)"
173.231.242.79 - - [05/Feb/2026:01:10:56 -0500] "POST /wp-cron.php?doing_wp_cron=1770271856.9156289100646972656250 HTTP/1.0" 200 - "-" "WordPress/6.9.1; https://www.zenoxpressjobs.com"
66.249.73.172 - - [05/Feb/2026:01:10:54 -0500] "GET /detail/7721801 HTTP/1.0" 404 157603 "-" "Mozilla/5.0 (Linux; Android 6.0.1; Nexus 5X Build/MMB29P) AppleWebKit/537.36 (KHTML, like Gecko) Chrome/144.0.7559.109 Mobile Safari/537.36 (compatible; Googlebot/2.1; +http://www.google.com/bot.html)"
66.249.73.171 - - [05/Feb/2026:01:11:00 -0500] "GET /detail/572301651 HTTP/1.0" 404 157603 "-" "Mozilla/5.0 (Linux; Android 6.0.1; Nexus 5X Build/MMB29P) AppleWebKit/537.36 (KHTML, like Gecko) Chrome/144.0.7559.109 Mobile Safari/537.36 (compatible; Googlebot/2.1; +http://www.google.com/bot.html)"
74.7.241.28 - - [05/Feb/2026:01:11:06 -0500] "GET /detail/326034062 HTTP/1.0" 404 157592 "https://zenoxpressjobs.com" "Mozilla/5.0 AppleWebKit/537.36 (KHTML, like Gecko; compatible; GPTBot/1.3; +https://openai.com/gptbot)"
74.7.241.28 - - [05/Feb/2026:01:11:46 -0500] "GET /detail/208918952 HTTP/1.0" 404 157592 "https://zenoxpressjobs.com" "Mozilla/5.0 AppleWebKit/537.36 (KHTML, like Gecko; compatible; GPTBot/1.3; +https://openai.com/gptbot)"
173.231.242.79 - - [05/Feb/2026:01:11:47 -0500] "POST /wp-cron.php?doing_wp_cron=1770271907.7483448982238769531250 HTTP/1.0" 200 - "-" "WordPress/6.9.1; https://www.zenoxpressjobs.com"
66.249.73.171 - - [05/Feb/2026:01:11:51 -0500] "GET /detail/475181671 HTTP/1.0" 404 157603 "-" "Mozilla/5.0 (Linux; Android 6.0.1; Nexus 5X Build/MMB29P) AppleWebKit/537.36 (KHTML, like Gecko) Chrome/144.0.7559.109 Mobile Safari/537.36 (compatible; Googlebot/2.1; +http://www.google.com/bot.html)"
74.7.241.28 - - [05/Feb/2026:01:12:29 -0500] "GET /detail/443316811 HTTP/1.0" 404 157592 "https://zenoxpressjobs.com" "Mozilla/5.0 AppleWebKit/537.36 (KHTML, like Gecko; compatible; GPTBot/1.3; +https://openai.com/gptbot)"
173.231.242.79 - - [05/Feb/2026:01:13:11 -0500] "POST /wp-cron.php?doing_wp_cron=1770271991.7495670318603515625000 HTTP/1.0" 200 - "-" "WordPress/6.9.1; https://www.zenoxpressjobs.com"
74.7.241.28 - - [05/Feb/2026:01:13:09 -0500] "GET /detail/164059012 HTTP/1.0" 404 157592 "https://zenoxpressjobs.com" "Mozilla/5.0 AppleWebKit/537.36 (KHTML, like Gecko; compatible; GPTBot/1.3; +https://openai.com/gptbot)"
173.231.242.79 - - [05/Feb/2026:01:13:34 -0500] "POST /wp-cron.php?doing_wp_cron=1770272014.1583569049835205078125 HTTP/1.0" 200 - "-" "WordPress/6.9.1; https://www.zenoxpressjobs.com"
66.249.73.172 - - [05/Feb/2026:01:13:32 -0500] "GET /detail/444474249 HTTP/1.0" 404 157603 "-" "Mozilla/5.0 (Linux; Android 6.0.1; Nexus 5X Build/MMB29P) AppleWebKit/537.36 (KHTML, like Gecko) Chrome/144.0.7559.109 Mobile Safari/537.36 (compatible; Googlebot/2.1; +http://www.google.com/bot.html)"
15.235.98.90 - - [05/Feb/2026:01:13:35 -0500] "GET /detail/109979955 HTTP/1.0" 301 - "-" "Mozilla/5.0 (compatible; AhrefsBot/7.0; +http://ahrefs.com/robot/)"
74.7.241.28 - - [05/Feb/2026:01:13:50 -0500] "GET /detail/219782387 HTTP/1.0" 404 157484 "http://zenoxpressjobs.com" "Mozilla/5.0 AppleWebKit/537.36 (KHTML, like Gecko; compatible; GPTBot/1.3; +https://openai.com/gptbot)"
66.249.73.171 - - [05/Feb/2026:01:14:04 -0500] "GET /detail/381882498 HTTP/1.0" 404 157603 "-" "Mozilla/5.0 (Linux; Android 6.0.1; Nexus 5X Build/MMB29P) AppleWebKit/537.36 (KHTML, like Gecko) Chrome/144.0.7559.109 Mobile Safari/537.36 (compatible; Googlebot/2.1; +http://www.google.com/bot.html)"
173.231.242.79 - - [05/Feb/2026:01:14:34 -0500] "POST /wp-cron.php?doing_wp_cron=1770272074.7665901184082031250000 HTTP/1.0" 200 - "-" "WordPress/6.9.1; https://www.zenoxpressjobs.com"
74.7.241.28 - - [05/Feb/2026:01:14:32 -0500] "GET /detail/281881349 HTTP/1.0" 404 157592 "https://zenoxpressjobs.com" "Mozilla/5.0 AppleWebKit/537.36 (KHTML, like Gecko; compatible; GPTBot/1.3; +https://openai.com/gptbot)"
74.7.241.28 - - [05/Feb/2026:01:15:15 -0500] "GET /detail/575768680 HTTP/1.0" 404 157592 "https://zenoxpressjobs.com" "Mozilla/5.0 AppleWebKit/537.36 (KHTML, like Gecko; compatible; GPTBot/1.3; +https://openai.com/gptbot)"
173.231.242.79 - - [05/Feb/2026:01:16:00 -0500] "POST /wp-cron.php?doing_wp_cron=1770272160.1589629650115966796875 HTTP/1.0" 200 - "-" "WordPress/6.9.1; https://www.zenoxpressjobs.com"
74.7.241.28 - - [05/Feb/2026:01:15:58 -0500] "GET /detail/205280566 HTTP/1.0" 404 157592 "https://zenoxpressjobs.com" "Mozilla/5.0 AppleWebKit/537.36 (KHTML, like Gecko; compatible; GPTBot/1.3; +https://openai.com/gptbot)"
173.231.242.79 - - [05/Feb/2026:01:16:39 -0500] "POST /wp-cron.php?doing_wp_cron=1770272199.9341518878936767578125 HTTP/1.0" 200 - "-" "WordPress/6.9.1; https://www.zenoxpressjobs.com"
74.7.241.28 - - [05/Feb/2026:01:16:37 -0500] "GET /detail/279155327 HTTP/1.0" 404 157592 "https://zenoxpressjobs.com" "Mozilla/5.0 AppleWebKit/537.36 (KHTML, like Gecko; compatible; GPTBot/1.3; +https://openai.com/gptbot)"
66.249.73.160 - - [05/Feb/2026:01:16:50 -0500] "GET /detail/382762677 HTTP/1.0" 404 157603 "-" "Mozilla/5.0 (Linux; Android 6.0.1; Nexus 5X Build/MMB29P) AppleWebKit/537.36 (KHTML, like Gecko) Chrome/144.0.7559.109 Mobile Safari/537.36 (compatible; Googlebot/2.1; +http://www.google.com/bot.html)"
15.235.98.13 - - [05/Feb/2026:01:17:01 -0500] "GET /detail/299331925 HTTP/1.0" 301 - "-" "Mozilla/5.0 (compatible; AhrefsBot/7.0; +http://ahrefs.com/robot/)"
74.7.241.28 - - [05/Feb/2026:01:17:19 -0500] "GET /detail/525382255 HTTP/1.0" 404 157592 "https://zenoxpressjobs.com" "Mozilla/5.0 AppleWebKit/537.36 (KHTML, like Gecko; compatible; GPTBot/1.3; +https://openai.com/gptbot)"
173.231.242.79 - - [05/Feb/2026:01:17:42 -0500] "POST /wp-cron.php?doing_wp_cron=1770272262.0848820209503173828125 HTTP/1.0" 200 - "-" "WordPress/6.9.1; https://www.zenoxpressjobs.com"
66.249.73.171 - - [05/Feb/2026:01:17:40 -0500] "GET /detail/540601275 HTTP/1.0" 404 157592 "-" "Mozilla/5.0 (compatible; Googlebot/2.1; +http://www.google.com/bot.html)"
74.7.241.28 - - [05/Feb/2026:01:18:00 -0500] "GET /detail/452213588 HTTP/1.0" 404 157592 "https://zenoxpressjobs.com" "Mozilla/5.0 AppleWebKit/537.36 (KHTML, like Gecko; compatible; GPTBot/1.3; +https://openai.com/gptbot)"
173.231.242.79 - - [05/Feb/2026:01:18:45 -0500] "POST /wp-cron.php?doing_wp_cron=1770272325.4840090274810791015625 HTTP/1.0" 200 - "-" "WordPress/6.9.1; https://www.zenoxpressjobs.com"
74.7.241.28 - - [05/Feb/2026:01:18:43 -0500] "GET /detail/259225818 HTTP/1.0" 404 157592 "https://zenoxpressjobs.com" "Mozilla/5.0 AppleWebKit/537.36 (KHTML, like Gecko; compatible; GPTBot/1.3; +https://openai.com/gptbot)"
74.7.241.28 - - [05/Feb/2026:01:19:23 -0500] "GET /detail/294163656 HTTP/1.0" 404 157592 "https://zenoxpressjobs.com" "Mozilla/5.0 AppleWebKit/537.36 (KHTML, like Gecko; compatible; GPTBot/1.3; +https://openai.com/gptbot)"
173.231.242.79 - - [05/Feb/2026:01:19:41 -0500] "POST /wp-cron.php?doing_wp_cron=1770272381.8106451034545898437500 HTTP/1.0" 200 - "-" "WordPress/6.9.1; https://www.zenoxpressjobs.com"
173.231.242.79 - - [05/Feb/2026:01:19:40 -0500] "GET / HTTP/1.0" 301 - "-" "python-requests/2.9.1"
173.231.242.79 - - [05/Feb/2026:01:19:41 -0500] "GET / HTTP/1.0" 200 186877 "-" "python-requests/2.9.1"
167.114.139.166 - - [05/Feb/2026:01:20:01 -0500] "GET /detail/271834865 HTTP/1.0" 301 - "-" "Mozilla/5.0 (compatible; AhrefsBot/7.0; +http://ahrefs.com/robot/)"
74.7.241.28 - - [05/Feb/2026:01:20:03 -0500] "GET /detail/536890494 HTTP/1.0" 404 157592 "https://zenoxpressjobs.com" "Mozilla/5.0 AppleWebKit/537.36 (KHTML, like Gecko; compatible; GPTBot/1.3; +https://openai.com/gptbot)"
173.231.242.79 - - [05/Feb/2026:01:20:48 -0500] "POST /wp-cron.php?doing_wp_cron=1770272448.0411810874938964843750 HTTP/1.0" 200 - "-" "WordPress/6.9.1; https://www.zenoxpressjobs.com"
74.7.241.28 - - [05/Feb/2026:01:20:45 -0500] "GET /detail/451488121 HTTP/1.0" 404 157592 "https://zenoxpressjobs.com" "Mozilla/5.0 AppleWebKit/537.36 (KHTML, like Gecko; compatible; GPTBot/1.3; +https://openai.com/gptbot)"
173.231.242.79 - - [05/Feb/2026:01:21:32 -0500] "POST /wp-cron.php?doing_wp_cron=1770272492.3699350357055664062500 HTTP/1.0" 200 - "-" "WordPress/6.9.1; https://www.zenoxpressjobs.com"
74.7.241.28 - - [05/Feb/2026:01:21:29 -0500] "GET /detail/351018879 HTTP/1.0" 404 157592 "https://zenoxpressjobs.com" "Mozilla/5.0 AppleWebKit/537.36 (KHTML, like Gecko; compatible; GPTBot/1.3; +https://openai.com/gptbot)"
74.7.241.28 - - [05/Feb/2026:01:22:11 -0500] "GET /detail/565470502 HTTP/1.0" 404 157592 "https://zenoxpressjobs.com" "Mozilla/5.0 AppleWebKit/537.36 (KHTML, like Gecko; compatible; GPTBot/1.3; +https://openai.com/gptbot)"
173.231.242.79 - - [05/Feb/2026:01:22:38 -0500] "POST /wp-cron.php?doing_wp_cron=1770272558.2108581066131591796875 HTTP/1.0" 200 - "-" "WordPress/6.9.1; https://www.zenoxpressjobs.com"
66.249.73.172 - - [05/Feb/2026:01:22:36 -0500] "GET /detail/353523459 HTTP/1.0" 404 157603 "-" "Mozilla/5.0 (Linux; Android 6.0.1; Nexus 5X Build/MMB29P) AppleWebKit/537.36 (KHTML, like Gecko) Chrome/144.0.7559.109 Mobile Safari/537.36 (compatible; Googlebot/2.1; +http://www.google.com/bot.html)"
173.231.242.79 - - [05/Feb/2026:01:22:57 -0500] "POST /wp-cron.php?doing_wp_cron=1770272577.0154531002044677734375 HTTP/1.0" 200 - "-" "WordPress/6.9.1; https://www.zenoxpressjobs.com"
74.7.241.28 - - [05/Feb/2026:01:22:55 -0500] "GET /detail/383537141 HTTP/1.0" 404 157592 "https://zenoxpressjobs.com" "Mozilla/5.0 AppleWebKit/537.36 (KHTML, like Gecko; compatible; GPTBot/1.3; +https://openai.com/gptbot)"
