74.7.241.28 - - [05/Feb/2026:04:34:52 -0500] "GET /detail/353823497 HTTP/1.0" 404 157592 "https://zenoxpressjobs.com" "Mozilla/5.0 AppleWebKit/537.36 (KHTML, like Gecko; compatible; GPTBot/1.3; +https://openai.com/gptbot)"
5.9.120.220 - - [05/Feb/2026:04:34:54 -0500] "GET /detail/478499244 HTTP/1.0" 301 - "-" "Mozilla/5.0 (compatible; SERankingBacklinksBot/1.0; +https://seranking.com/backlinks-crawler)"
5.9.120.220 - - [05/Feb/2026:04:34:57 -0500] "GET /detail/478524722 HTTP/1.0" 301 - "-" "Mozilla/5.0 (compatible; SERankingBacklinksBot/1.0; +https://seranking.com/backlinks-crawler)"
5.9.120.220 - - [05/Feb/2026:04:35:01 -0500] "GET /detail/478528485 HTTP/1.0" 301 - "-" "Mozilla/5.0 (compatible; SERankingBacklinksBot/1.0; +https://seranking.com/backlinks-crawler)"
5.9.120.220 - - [05/Feb/2026:04:35:05 -0500] "GET /detail/478530090 HTTP/1.0" 301 - "-" "Mozilla/5.0 (compatible; SERankingBacklinksBot/1.0; +https://seranking.com/backlinks-crawler)"
5.9.120.220 - - [05/Feb/2026:04:35:09 -0500] "GET /detail/478550941 HTTP/1.0" 301 - "-" "Mozilla/5.0 (compatible; SERankingBacklinksBot/1.0; +https://seranking.com/backlinks-crawler)"
5.9.120.220 - - [05/Feb/2026:04:35:13 -0500] "GET /detail/478563634 HTTP/1.0" 301 - "-" "Mozilla/5.0 (compatible; SERankingBacklinksBot/1.0; +https://seranking.com/backlinks-crawler)"
5.9.120.220 - - [05/Feb/2026:04:35:17 -0500] "GET /detail/478567737 HTTP/1.0" 301 - "-" "Mozilla/5.0 (compatible; SERankingBacklinksBot/1.0; +https://seranking.com/backlinks-crawler)"
5.9.120.220 - - [05/Feb/2026:04:35:21 -0500] "GET /detail/478610784 HTTP/1.0" 301 - "-" "Mozilla/5.0 (compatible; SERankingBacklinksBot/1.0; +https://seranking.com/backlinks-crawler)"
5.9.120.220 - - [05/Feb/2026:04:35:25 -0500] "GET /detail/478612615 HTTP/1.0" 301 - "-" "Mozilla/5.0 (compatible; SERankingBacklinksBot/1.0; +https://seranking.com/backlinks-crawler)"
5.9.120.220 - - [05/Feb/2026:04:35:29 -0500] "GET /detail/478657697 HTTP/1.0" 301 - "-" "Mozilla/5.0 (compatible; SERankingBacklinksBot/1.0; +https://seranking.com/backlinks-crawler)"
173.231.242.79 - - [05/Feb/2026:04:35:33 -0500] "POST /wp-cron.php?doing_wp_cron=1770284133.0849480628967285156250 HTTP/1.0" 200 - "-" "WordPress/6.9.1; https://www.zenoxpressjobs.com"
142.44.233.94 - - [05/Feb/2026:04:35:32 -0500] "GET /detail/363214681 HTTP/1.0" 301 - "-" "Mozilla/5.0 (compatible; AhrefsBot/7.0; +http://ahrefs.com/robot/)"
5.9.120.220 - - [05/Feb/2026:04:35:33 -0500] "GET /detail/478766347 HTTP/1.0" 301 - "-" "Mozilla/5.0 (compatible; SERankingBacklinksBot/1.0; +https://seranking.com/backlinks-crawler)"
74.7.241.28 - - [05/Feb/2026:04:35:34 -0500] "GET /detail/385233141 HTTP/1.0" 404 157592 "https://zenoxpressjobs.com" "Mozilla/5.0 AppleWebKit/537.36 (KHTML, like Gecko; compatible; GPTBot/1.3; +https://openai.com/gptbot)"
5.9.120.220 - - [05/Feb/2026:04:35:37 -0500] "GET /detail/478770740 HTTP/1.0" 301 - "-" "Mozilla/5.0 (compatible; SERankingBacklinksBot/1.0; +https://seranking.com/backlinks-crawler)"
5.9.120.220 - - [05/Feb/2026:04:35:41 -0500] "GET /detail/478778924 HTTP/1.0" 301 - "-" "Mozilla/5.0 (compatible; SERankingBacklinksBot/1.0; +https://seranking.com/backlinks-crawler)"
5.9.120.220 - - [05/Feb/2026:04:35:45 -0500] "GET /detail/478780046 HTTP/1.0" 301 - "-" "Mozilla/5.0 (compatible; SERankingBacklinksBot/1.0; +https://seranking.com/backlinks-crawler)"
5.9.120.220 - - [05/Feb/2026:04:35:49 -0500] "GET /detail/478816707 HTTP/1.0" 301 - "-" "Mozilla/5.0 (compatible; SERankingBacklinksBot/1.0; +https://seranking.com/backlinks-crawler)"
5.9.120.220 - - [05/Feb/2026:04:35:55 -0500] "GET /detail/478839320 HTTP/1.0" 301 - "-" "Mozilla/5.0 (compatible; SERankingBacklinksBot/1.0; +https://seranking.com/backlinks-crawler)"
5.9.120.220 - - [05/Feb/2026:04:35:59 -0500] "GET /detail/478875761 HTTP/1.0" 301 - "-" "Mozilla/5.0 (compatible; SERankingBacklinksBot/1.0; +https://seranking.com/backlinks-crawler)"
5.9.120.220 - - [05/Feb/2026:04:36:03 -0500] "GET /detail/478880081 HTTP/1.0" 301 - "-" "Mozilla/5.0 (compatible; SERankingBacklinksBot/1.0; +https://seranking.com/backlinks-crawler)"
5.9.120.220 - - [05/Feb/2026:04:36:07 -0500] "GET /detail/478889170 HTTP/1.0" 301 - "-" "Mozilla/5.0 (compatible; SERankingBacklinksBot/1.0; +https://seranking.com/backlinks-crawler)"
5.9.120.220 - - [05/Feb/2026:04:36:11 -0500] "GET /detail/478913493 HTTP/1.0" 301 - "-" "Mozilla/5.0 (compatible; SERankingBacklinksBot/1.0; +https://seranking.com/backlinks-crawler)"
5.9.120.220 - - [05/Feb/2026:04:36:15 -0500] "GET /detail/478918860 HTTP/1.0" 301 - "-" "Mozilla/5.0 (compatible; SERankingBacklinksBot/1.0; +https://seranking.com/backlinks-crawler)"
74.7.241.28 - - [05/Feb/2026:04:36:14 -0500] "GET /detail/407569700 HTTP/1.0" 404 157592 "https://zenoxpressjobs.com" "Mozilla/5.0 AppleWebKit/537.36 (KHTML, like Gecko; compatible; GPTBot/1.3; +https://openai.com/gptbot)"
5.9.120.220 - - [05/Feb/2026:04:36:19 -0500] "GET /detail/478934015 HTTP/1.0" 301 - "-" "Mozilla/5.0 (compatible; SERankingBacklinksBot/1.0; +https://seranking.com/backlinks-crawler)"
5.9.120.220 - - [05/Feb/2026:04:36:23 -0500] "GET /detail/478986022 HTTP/1.0" 301 - "-" "Mozilla/5.0 (compatible; SERankingBacklinksBot/1.0; +https://seranking.com/backlinks-crawler)"
5.9.120.220 - - [05/Feb/2026:04:36:27 -0500] "GET /detail/478986667 HTTP/1.0" 301 - "-" "Mozilla/5.0 (compatible; SERankingBacklinksBot/1.0; +https://seranking.com/backlinks-crawler)"
5.9.120.220 - - [05/Feb/2026:04:36:31 -0500] "GET /detail/478992365 HTTP/1.0" 301 - "-" "Mozilla/5.0 (compatible; SERankingBacklinksBot/1.0; +https://seranking.com/backlinks-crawler)"
173.231.242.79 - - [05/Feb/2026:04:36:35 -0500] "POST /wp-cron.php?doing_wp_cron=1770284195.5268630981445312500000 HTTP/1.0" 200 - "-" "WordPress/6.9.1; https://www.zenoxpressjobs.com"
5.9.120.220 - - [05/Feb/2026:04:36:35 -0500] "GET /detail/478996873 HTTP/1.0" 301 - "-" "Mozilla/5.0 (compatible; SERankingBacklinksBot/1.0; +https://seranking.com/backlinks-crawler)"
5.9.120.220 - - [05/Feb/2026:04:36:39 -0500] "GET /detail/478997139 HTTP/1.0" 301 - "-" "Mozilla/5.0 (compatible; SERankingBacklinksBot/1.0; +https://seranking.com/backlinks-crawler)"
5.9.120.220 - - [05/Feb/2026:04:36:43 -0500] "GET /detail/479020685 HTTP/1.0" 301 - "-" "Mozilla/5.0 (compatible; SERankingBacklinksBot/1.0; +https://seranking.com/backlinks-crawler)"
5.9.120.220 - - [05/Feb/2026:04:36:47 -0500] "GET /detail/479080625 HTTP/1.0" 301 - "-" "Mozilla/5.0 (compatible; SERankingBacklinksBot/1.0; +https://seranking.com/backlinks-crawler)"
5.9.120.220 - - [05/Feb/2026:04:36:51 -0500] "GET /detail/479100928 HTTP/1.0" 301 - "-" "Mozilla/5.0 (compatible; SERankingBacklinksBot/1.0; +https://seranking.com/backlinks-crawler)"
5.9.120.220 - - [05/Feb/2026:04:36:55 -0500] "GET /detail/479141245 HTTP/1.0" 301 - "-" "Mozilla/5.0 (compatible; SERankingBacklinksBot/1.0; +https://seranking.com/backlinks-crawler)"
74.7.241.28 - - [05/Feb/2026:04:36:55 -0500] "GET /detail/205540327 HTTP/1.0" 404 157592 "https://zenoxpressjobs.com" "Mozilla/5.0 AppleWebKit/537.36 (KHTML, like Gecko; compatible; GPTBot/1.3; +https://openai.com/gptbot)"
5.9.120.220 - - [05/Feb/2026:04:36:59 -0500] "GET /detail/479185147 HTTP/1.0" 301 - "-" "Mozilla/5.0 (compatible; SERankingBacklinksBot/1.0; +https://seranking.com/backlinks-crawler)"
5.9.120.220 - - [05/Feb/2026:04:37:03 -0500] "GET /detail/479252978 HTTP/1.0" 301 - "-" "Mozilla/5.0 (compatible; SERankingBacklinksBot/1.0; +https://seranking.com/backlinks-crawler)"
5.9.120.220 - - [05/Feb/2026:04:37:07 -0500] "GET /detail/479283952 HTTP/1.0" 301 - "-" "Mozilla/5.0 (compatible; SERankingBacklinksBot/1.0; +https://seranking.com/backlinks-crawler)"
5.9.120.220 - - [05/Feb/2026:04:37:11 -0500] "GET /detail/479287061 HTTP/1.0" 301 - "-" "Mozilla/5.0 (compatible; SERankingBacklinksBot/1.0; +https://seranking.com/backlinks-crawler)"
5.9.120.220 - - [05/Feb/2026:04:37:15 -0500] "GET /detail/479305716 HTTP/1.0" 301 - "-" "Mozilla/5.0 (compatible; SERankingBacklinksBot/1.0; +https://seranking.com/backlinks-crawler)"
5.9.120.220 - - [05/Feb/2026:04:37:19 -0500] "GET /detail/479396877 HTTP/1.0" 301 - "-" "Mozilla/5.0 (compatible; SERankingBacklinksBot/1.0; +https://seranking.com/backlinks-crawler)"
5.9.120.220 - - [05/Feb/2026:04:37:23 -0500] "GET /detail/479443860 HTTP/1.0" 301 - "-" "Mozilla/5.0 (compatible; SERankingBacklinksBot/1.0; +https://seranking.com/backlinks-crawler)"
5.9.120.220 - - [05/Feb/2026:04:37:27 -0500] "GET /detail/479467475 HTTP/1.0" 301 - "-" "Mozilla/5.0 (compatible; SERankingBacklinksBot/1.0; +https://seranking.com/backlinks-crawler)"
5.9.120.220 - - [05/Feb/2026:04:37:31 -0500] "GET /detail/479477417 HTTP/1.0" 301 - "-" "Mozilla/5.0 (compatible; SERankingBacklinksBot/1.0; +https://seranking.com/backlinks-crawler)"
173.231.242.79 - - [05/Feb/2026:04:37:35 -0500] "POST /wp-cron.php?doing_wp_cron=1770284255.5227460861206054687500 HTTP/1.0" 200 - "-" "WordPress/6.9.1; https://www.zenoxpressjobs.com"
5.9.120.220 - - [05/Feb/2026:04:37:35 -0500] "GET /detail/479535176 HTTP/1.0" 301 - "-" "Mozilla/5.0 (compatible; SERankingBacklinksBot/1.0; +https://seranking.com/backlinks-crawler)"
74.7.241.28 - - [05/Feb/2026:04:37:35 -0500] "GET /detail/405570292 HTTP/1.0" 404 157592 "https://zenoxpressjobs.com" "Mozilla/5.0 AppleWebKit/537.36 (KHTML, like Gecko; compatible; GPTBot/1.3; +https://openai.com/gptbot)"
5.9.120.220 - - [05/Feb/2026:04:37:39 -0500] "GET /detail/479562560 HTTP/1.0" 301 - "-" "Mozilla/5.0 (compatible; SERankingBacklinksBot/1.0; +https://seranking.com/backlinks-crawler)"
5.9.120.220 - - [05/Feb/2026:04:37:43 -0500] "GET /detail/479638555 HTTP/1.0" 301 - "-" "Mozilla/5.0 (compatible; SERankingBacklinksBot/1.0; +https://seranking.com/backlinks-crawler)"
5.9.120.220 - - [05/Feb/2026:04:37:47 -0500] "GET /detail/479706364 HTTP/1.0" 301 - "-" "Mozilla/5.0 (compatible; SERankingBacklinksBot/1.0; +https://seranking.com/backlinks-crawler)"
5.9.120.220 - - [05/Feb/2026:04:37:51 -0500] "GET /detail/479750534 HTTP/1.0" 301 - "-" "Mozilla/5.0 (compatible; SERankingBacklinksBot/1.0; +https://seranking.com/backlinks-crawler)"
5.9.120.220 - - [05/Feb/2026:04:37:55 -0500] "GET /detail/479756114 HTTP/1.0" 301 - "-" "Mozilla/5.0 (compatible; SERankingBacklinksBot/1.0; +https://seranking.com/backlinks-crawler)"
5.9.120.220 - - [05/Feb/2026:04:37:59 -0500] "GET /detail/479756312 HTTP/1.0" 301 - "-" "Mozilla/5.0 (compatible; SERankingBacklinksBot/1.0; +https://seranking.com/backlinks-crawler)"
5.9.120.220 - - [05/Feb/2026:04:38:03 -0500] "GET /detail/479784025 HTTP/1.0" 301 - "-" "Mozilla/5.0 (compatible; SERankingBacklinksBot/1.0; +https://seranking.com/backlinks-crawler)"
5.9.120.220 - - [05/Feb/2026:04:38:07 -0500] "GET /detail/479807349 HTTP/1.0" 301 - "-" "Mozilla/5.0 (compatible; SERankingBacklinksBot/1.0; +https://seranking.com/backlinks-crawler)"
5.9.120.220 - - [05/Feb/2026:04:38:11 -0500] "GET /detail/479880569 HTTP/1.0" 301 - "-" "Mozilla/5.0 (compatible; SERankingBacklinksBot/1.0; +https://seranking.com/backlinks-crawler)"
66.249.73.172 - - [05/Feb/2026:04:38:11 -0500] "GET /detail/219655508 HTTP/1.0" 404 157603 "-" "Mozilla/5.0 (Linux; Android 6.0.1; Nexus 5X Build/MMB29P) AppleWebKit/537.36 (KHTML, like Gecko) Chrome/144.0.7559.109 Mobile Safari/537.36 (compatible; Googlebot/2.1; +http://www.google.com/bot.html)"
5.9.120.220 - - [05/Feb/2026:04:38:15 -0500] "GET /detail/479936463 HTTP/1.0" 301 - "-" "Mozilla/5.0 (compatible; SERankingBacklinksBot/1.0; +https://seranking.com/backlinks-crawler)"
74.7.241.28 - - [05/Feb/2026:04:38:16 -0500] "GET /detail/344800428 HTTP/1.0" 404 157592 "https://zenoxpressjobs.com" "Mozilla/5.0 AppleWebKit/537.36 (KHTML, like Gecko; compatible; GPTBot/1.3; +https://openai.com/gptbot)"
5.9.120.220 - - [05/Feb/2026:04:38:19 -0500] "GET /detail/479958287 HTTP/1.0" 301 - "-" "Mozilla/5.0 (compatible; SERankingBacklinksBot/1.0; +https://seranking.com/backlinks-crawler)"
66.249.73.172 - - [05/Feb/2026:04:38:20 -0500] "GET /?products/18688667/ HTTP/1.0" 301 - "-" "Mozilla/5.0 (Linux; Android 6.0.1; Nexus 5X Build/MMB29P) AppleWebKit/537.36 (KHTML, like Gecko) Chrome/144.0.7559.109 Mobile Safari/537.36 (compatible; Googlebot/2.1; +http://www.google.com/bot.html)"
66.249.73.172 - - [05/Feb/2026:04:38:21 -0500] "GET /?products%2F18688667%2F HTTP/1.0" 200 186888 "-" "Mozilla/5.0 (Linux; Android 6.0.1; Nexus 5X Build/MMB29P) AppleWebKit/537.36 (KHTML, like Gecko) Chrome/144.0.7559.109 Mobile Safari/537.36 (compatible; Googlebot/2.1; +http://www.google.com/bot.html)"
66.249.73.172 - - [05/Feb/2026:04:38:22 -0500] "GET /?products/14972790/ HTTP/1.0" 301 - "-" "Mozilla/5.0 (Linux; Android 6.0.1; Nexus 5X Build/MMB29P) AppleWebKit/537.36 (KHTML, like Gecko) Chrome/144.0.7559.109 Mobile Safari/537.36 (compatible; Googlebot/2.1; +http://www.google.com/bot.html)"
5.9.120.220 - - [05/Feb/2026:04:38:22 -0500] "GET /detail/479974771 HTTP/1.0" 301 - "-" "Mozilla/5.0 (compatible; SERankingBacklinksBot/1.0; +https://seranking.com/backlinks-crawler)"
66.249.73.171 - - [05/Feb/2026:04:38:24 -0500] "GET /wp-content/plugins/wp-social/assets/css/frontend.css?ver=3.1.2 HTTP/1.0" 200 67439 "https://www.zenoxpressjobs.com/?products%2F18688667%2F" "Mozilla/5.0 (Linux; Android 6.0.1; Nexus 5X Build/MMB29P) AppleWebKit/537.36 (KHTML, like Gecko) Chrome/143.0.7499.192 Mobile Safari/537.36 (compatible; Googlebot/2.1; +http://www.google.com/bot.html)"
66.249.73.171 - - [05/Feb/2026:04:38:24 -0500] "GET /?products/16794989/ HTTP/1.0" 301 - "-" "Mozilla/5.0 (Linux; Android 6.0.1; Nexus 5X Build/MMB29P) AppleWebKit/537.36 (KHTML, like Gecko) Chrome/144.0.7559.109 Mobile Safari/537.36 (compatible; Googlebot/2.1; +http://www.google.com/bot.html)"
66.249.73.171 - - [05/Feb/2026:04:38:23 -0500] "GET /?products%2F14972790%2F HTTP/1.0" 200 186888 "-" "Mozilla/5.0 (Linux; Android 6.0.1; Nexus 5X Build/MMB29P) AppleWebKit/537.36 (KHTML, like Gecko) Chrome/144.0.7559.109 Mobile Safari/537.36 (compatible; Googlebot/2.1; +http://www.google.com/bot.html)"
5.9.120.220 - - [05/Feb/2026:04:38:26 -0500] "GET /detail/480002488 HTTP/1.0" 301 - "-" "Mozilla/5.0 (compatible; SERankingBacklinksBot/1.0; +https://seranking.com/backlinks-crawler)"
66.249.73.171 - - [05/Feb/2026:04:38:30 -0500] "GET /wp-content/themes/astra/assets/css/minified/compatibility/woocommerce/woocommerce.min.css?ver=4.11.7 HTTP/1.0" 200 118676 "https://www.zenoxpressjobs.com/?products%2F14972790%2F" "Mozilla/5.0 (Linux; Android 6.0.1; Nexus 5X Build/MMB29P) AppleWebKit/537.36 (KHTML, like Gecko) Chrome/144.0.7559.109 Mobile Safari/537.36 (compatible; Googlebot/2.1; +http://www.google.com/bot.html)"
66.249.73.171 - - [05/Feb/2026:04:38:31 -0500] "GET /wp-content/plugins/shopengine/widgets/init/assets/js/widgets.js?ver=4.8.0 HTTP/1.0" 200 24021 "https://www.zenoxpressjobs.com/?products%2F14972790%2F" "Mozilla/5.0 (Linux; Android 6.0.1; Nexus 5X Build/MMB29P) AppleWebKit/537.36 (KHTML, like Gecko) Chrome/144.0.7559.109 Mobile Safari/537.36 (compatible; Googlebot/2.1; +http://www.google.com/bot.html)"
5.9.120.220 - - [05/Feb/2026:04:38:30 -0500] "GET /detail/480010584 HTTP/1.0" 301 - "-" "Mozilla/5.0 (compatible; SERankingBacklinksBot/1.0; +https://seranking.com/backlinks-crawler)"
173.231.242.79 - - [05/Feb/2026:04:38:33 -0500] "POST /wp-cron.php?doing_wp_cron=1770284313.3747630119323730468750 HTTP/1.0" 200 - "-" "WordPress/6.9.1; https://www.zenoxpressjobs.com"
66.249.73.171 - - [05/Feb/2026:04:38:32 -0500] "GET /?products%2F16794989%2F HTTP/1.0" 200 186888 "-" "Mozilla/5.0 (Linux; Android 6.0.1; Nexus 5X Build/MMB29P) AppleWebKit/537.36 (KHTML, like Gecko) Chrome/144.0.7559.109 Mobile Safari/537.36 (compatible; Googlebot/2.1; +http://www.google.com/bot.html)"
5.9.120.220 - - [05/Feb/2026:04:38:34 -0500] "GET /detail/480032062 HTTP/1.0" 301 - "-" "Mozilla/5.0 (compatible; SERankingBacklinksBot/1.0; +https://seranking.com/backlinks-crawler)"
66.249.73.171 - - [05/Feb/2026:04:38:37 -0500] "GET /?products/2891012/ HTTP/1.0" 301 - "-" "Mozilla/5.0 (Linux; Android 6.0.1; Nexus 5X Build/MMB29P) AppleWebKit/537.36 (KHTML, like Gecko) Chrome/144.0.7559.109 Mobile Safari/537.36 (compatible; Googlebot/2.1; +http://www.google.com/bot.html)"
5.9.120.220 - - [05/Feb/2026:04:38:38 -0500] "GET /detail/480047270 HTTP/1.0" 301 - "-" "Mozilla/5.0 (compatible; SERankingBacklinksBot/1.0; +https://seranking.com/backlinks-crawler)"
5.9.120.220 - - [05/Feb/2026:04:38:42 -0500] "GET /detail/480057113 HTTP/1.0" 301 - "-" "Mozilla/5.0 (compatible; SERankingBacklinksBot/1.0; +https://seranking.com/backlinks-crawler)"
66.249.73.171 - - [05/Feb/2026:04:38:42 -0500] "GET /?products/6990712 HTTP/1.0" 301 - "-" "Mozilla/5.0 (Linux; Android 6.0.1; Nexus 5X Build/MMB29P) AppleWebKit/537.36 (KHTML, like Gecko) Chrome/144.0.7559.109 Mobile Safari/537.36 (compatible; Googlebot/2.1; +http://www.google.com/bot.html)"
66.249.73.171 - - [05/Feb/2026:04:38:43 -0500] "GET /?products%2F2891012%2F HTTP/1.0" 200 186888 "-" "Mozilla/5.0 (Linux; Android 6.0.1; Nexus 5X Build/MMB29P) AppleWebKit/537.36 (KHTML, like Gecko) Chrome/144.0.7559.109 Mobile Safari/537.36 (compatible; Googlebot/2.1; +http://www.google.com/bot.html)"
5.9.120.220 - - [05/Feb/2026:04:38:46 -0500] "GET /detail/480066270 HTTP/1.0" 301 - "-" "Mozilla/5.0 (compatible; SERankingBacklinksBot/1.0; +https://seranking.com/backlinks-crawler)"
66.249.73.171 - - [05/Feb/2026:04:38:49 -0500] "GET /?products%2F6990712 HTTP/1.0" 200 186888 "-" "Mozilla/5.0 (Linux; Android 6.0.1; Nexus 5X Build/MMB29P) AppleWebKit/537.36 (KHTML, like Gecko) Chrome/144.0.7559.109 Mobile Safari/537.36 (compatible; Googlebot/2.1; +http://www.google.com/bot.html)"
5.9.120.220 - - [05/Feb/2026:04:38:50 -0500] "GET /detail/480115725 HTTP/1.0" 301 - "-" "Mozilla/5.0 (compatible; SERankingBacklinksBot/1.0; +https://seranking.com/backlinks-crawler)"
66.249.73.171 - - [05/Feb/2026:04:38:54 -0500] "GET /?products/9849789/ HTTP/1.0" 301 - "-" "Mozilla/5.0 (Linux; Android 6.0.1; Nexus 5X Build/MMB29P) AppleWebKit/537.36 (KHTML, like Gecko) Chrome/144.0.7559.109 Mobile Safari/537.36 (compatible; Googlebot/2.1; +http://www.google.com/bot.html)"
5.9.120.220 - - [05/Feb/2026:04:38:54 -0500] "GET /detail/480166879 HTTP/1.0" 301 - "-" "Mozilla/5.0 (compatible; SERankingBacklinksBot/1.0; +https://seranking.com/backlinks-crawler)"
74.7.241.28 - - [05/Feb/2026:04:38:56 -0500] "GET /detail/448602822 HTTP/1.0" 404 157592 "https://zenoxpressjobs.com" "Mozilla/5.0 AppleWebKit/537.36 (KHTML, like Gecko; compatible; GPTBot/1.3; +https://openai.com/gptbot)"
5.9.120.220 - - [05/Feb/2026:04:38:58 -0500] "GET /detail/480226712 HTTP/1.0" 301 - "-" "Mozilla/5.0 (compatible; SERankingBacklinksBot/1.0; +https://seranking.com/backlinks-crawler)"
66.249.73.160 - - [05/Feb/2026:04:39:01 -0500] "GET /?products%2F9849789%2F HTTP/1.0" 200 186888 "-" "Mozilla/5.0 (Linux; Android 6.0.1; Nexus 5X Build/MMB29P) AppleWebKit/537.36 (KHTML, like Gecko) Chrome/144.0.7559.109 Mobile Safari/537.36 (compatible; Googlebot/2.1; +http://www.google.com/bot.html)"
5.9.120.220 - - [05/Feb/2026:04:39:02 -0500] "GET /detail/480230454 HTTP/1.0" 301 - "-" "Mozilla/5.0 (compatible; SERankingBacklinksBot/1.0; +https://seranking.com/backlinks-crawler)"
5.9.120.220 - - [05/Feb/2026:04:39:06 -0500] "GET /detail/480253887 HTTP/1.0" 301 - "-" "Mozilla/5.0 (compatible; SERankingBacklinksBot/1.0; +https://seranking.com/backlinks-crawler)"
5.9.120.220 - - [05/Feb/2026:04:39:10 -0500] "GET /detail/480280604 HTTP/1.0" 301 - "-" "Mozilla/5.0 (compatible; SERankingBacklinksBot/1.0; +https://seranking.com/backlinks-crawler)"
5.9.120.220 - - [05/Feb/2026:04:39:14 -0500] "GET /detail/480298110 HTTP/1.0" 301 - "-" "Mozilla/5.0 (compatible; SERankingBacklinksBot/1.0; +https://seranking.com/backlinks-crawler)"
5.9.120.220 - - [05/Feb/2026:04:39:18 -0500] "GET /detail/480315856 HTTP/1.0" 301 - "-" "Mozilla/5.0 (compatible; SERankingBacklinksBot/1.0; +https://seranking.com/backlinks-crawler)"
5.9.120.220 - - [05/Feb/2026:04:39:22 -0500] "GET /detail/480316337 HTTP/1.0" 301 - "-" "Mozilla/5.0 (compatible; SERankingBacklinksBot/1.0; +https://seranking.com/backlinks-crawler)"
5.9.120.220 - - [05/Feb/2026:04:39:25 -0500] "GET /detail/480342890 HTTP/1.0" 301 - "-" "Mozilla/5.0 (compatible; SERankingBacklinksBot/1.0; +https://seranking.com/backlinks-crawler)"
5.9.120.220 - - [05/Feb/2026:04:39:29 -0500] "GET /detail/480351568 HTTP/1.0" 301 - "-" "Mozilla/5.0 (compatible; SERankingBacklinksBot/1.0; +https://seranking.com/backlinks-crawler)"
173.231.242.79 - - [05/Feb/2026:04:39:34 -0500] "POST /wp-cron.php?doing_wp_cron=1770284374.1270558834075927734375 HTTP/1.0" 200 - "-" "WordPress/6.9.1; https://www.zenoxpressjobs.com"
5.9.120.220 - - [05/Feb/2026:04:39:33 -0500] "GET /detail/480404418 HTTP/1.0" 301 - "-" "Mozilla/5.0 (compatible; SERankingBacklinksBot/1.0; +https://seranking.com/backlinks-crawler)"
5.9.120.220 - - [05/Feb/2026:04:39:37 -0500] "GET /detail/480459881 HTTP/1.0" 301 - "-" "Mozilla/5.0 (compatible; SERankingBacklinksBot/1.0; +https://seranking.com/backlinks-crawler)"
74.7.241.28 - - [05/Feb/2026:04:39:38 -0500] "GET /detail/338725368 HTTP/1.0" 404 157484 "http://zenoxpressjobs.com" "Mozilla/5.0 AppleWebKit/537.36 (KHTML, like Gecko; compatible; GPTBot/1.3; +https://openai.com/gptbot)"
5.9.120.220 - - [05/Feb/2026:04:39:41 -0500] "GET /detail/480544663 HTTP/1.0" 301 - "-" "Mozilla/5.0 (compatible; SERankingBacklinksBot/1.0; +https://seranking.com/backlinks-crawler)"
5.9.120.220 - - [05/Feb/2026:04:39:47 -0500] "GET /detail/480554184 HTTP/1.0" 301 - "-" "Mozilla/5.0 (compatible; SERankingBacklinksBot/1.0; +https://seranking.com/backlinks-crawler)"
5.9.120.220 - - [05/Feb/2026:04:39:51 -0500] "GET /detail/480556882 HTTP/1.0" 301 - "-" "Mozilla/5.0 (compatible; SERankingBacklinksBot/1.0; +https://seranking.com/backlinks-crawler)"
5.9.120.220 - - [05/Feb/2026:04:39:55 -0500] "GET /detail/480578288 HTTP/1.0" 301 - "-" "Mozilla/5.0 (compatible; SERankingBacklinksBot/1.0; +https://seranking.com/backlinks-crawler)"
5.9.120.220 - - [05/Feb/2026:04:39:58 -0500] "GET /detail/480647114 HTTP/1.0" 301 - "-" "Mozilla/5.0 (compatible; SERankingBacklinksBot/1.0; +https://seranking.com/backlinks-crawler)"
5.9.120.220 - - [05/Feb/2026:04:40:03 -0500] "GET /detail/480681076 HTTP/1.0" 301 - "-" "Mozilla/5.0 (compatible; SERankingBacklinksBot/1.0; +https://seranking.com/backlinks-crawler)"
66.249.73.172 - - [05/Feb/2026:04:40:04 -0500] "GET /detail/552969557 HTTP/1.0" 404 157603 "-" "Mozilla/5.0 (Linux; Android 6.0.1; Nexus 5X Build/MMB29P) AppleWebKit/537.36 (KHTML, like Gecko) Chrome/144.0.7559.109 Mobile Safari/537.36 (compatible; Googlebot/2.1; +http://www.google.com/bot.html)"
15.235.27.228 - - [05/Feb/2026:04:40:06 -0500] "GET /detail/324877311 HTTP/1.0" 301 - "-" "Mozilla/5.0 (compatible; AhrefsBot/7.0; +http://ahrefs.com/robot/)"
5.9.120.220 - - [05/Feb/2026:04:40:07 -0500] "GET /detail/480695532 HTTP/1.0" 301 - "-" "Mozilla/5.0 (compatible; SERankingBacklinksBot/1.0; +https://seranking.com/backlinks-crawler)"
5.9.120.220 - - [05/Feb/2026:04:40:11 -0500] "GET /detail/480708808 HTTP/1.0" 301 - "-" "Mozilla/5.0 (compatible; SERankingBacklinksBot/1.0; +https://seranking.com/backlinks-crawler)"
5.9.120.220 - - [05/Feb/2026:04:40:14 -0500] "GET /detail/480712006 HTTP/1.0" 301 - "-" "Mozilla/5.0 (compatible; SERankingBacklinksBot/1.0; +https://seranking.com/backlinks-crawler)"
5.9.120.220 - - [05/Feb/2026:04:40:18 -0500] "GET /detail/480741023 HTTP/1.0" 301 - "-" "Mozilla/5.0 (compatible; SERankingBacklinksBot/1.0; +https://seranking.com/backlinks-crawler)"
74.7.241.28 - - [05/Feb/2026:04:40:19 -0500] "GET /detail/330938401 HTTP/1.0" 404 157592 "https://zenoxpressjobs.com" "Mozilla/5.0 AppleWebKit/537.36 (KHTML, like Gecko; compatible; GPTBot/1.3; +https://openai.com/gptbot)"
5.9.120.220 - - [05/Feb/2026:04:40:22 -0500] "GET /detail/480745406 HTTP/1.0" 301 - "-" "Mozilla/5.0 (compatible; SERankingBacklinksBot/1.0; +https://seranking.com/backlinks-crawler)"
5.9.120.220 - - [05/Feb/2026:04:40:26 -0500] "GET /detail/480750345 HTTP/1.0" 301 - "-" "Mozilla/5.0 (compatible; SERankingBacklinksBot/1.0; +https://seranking.com/backlinks-crawler)"
66.249.73.171 - - [05/Feb/2026:04:40:28 -0500] "GET /?products/4160956/ HTTP/1.0" 301 - "-" "Mozilla/5.0 (Linux; Android 6.0.1; Nexus 5X Build/MMB29P) AppleWebKit/537.36 (KHTML, like Gecko) Chrome/144.0.7559.109 Mobile Safari/537.36 (compatible; Googlebot/2.1; +http://www.google.com/bot.html)"
5.9.120.220 - - [05/Feb/2026:04:40:30 -0500] "GET /detail/480770624 HTTP/1.0" 301 - "-" "Mozilla/5.0 (compatible; SERankingBacklinksBot/1.0; +https://seranking.com/backlinks-crawler)"
173.231.242.79 - - [05/Feb/2026:04:40:34 -0500] "POST /wp-cron.php?doing_wp_cron=1770284434.3912789821624755859375 HTTP/1.0" 200 - "-" "WordPress/6.9.1; https://www.zenoxpressjobs.com"
66.249.73.171 - - [05/Feb/2026:04:40:33 -0500] "GET /?products%2F4160956%2F HTTP/1.0" 200 186888 "-" "Mozilla/5.0 (Linux; Android 6.0.1; Nexus 5X Build/MMB29P) AppleWebKit/537.36 (KHTML, like Gecko) Chrome/144.0.7559.109 Mobile Safari/537.36 (compatible; Googlebot/2.1; +http://www.google.com/bot.html)"
5.9.120.220 - - [05/Feb/2026:04:40:34 -0500] "GET /detail/480817232 HTTP/1.0" 301 - "-" "Mozilla/5.0 (compatible; SERankingBacklinksBot/1.0; +https://seranking.com/backlinks-crawler)"
66.249.73.171 - - [05/Feb/2026:04:40:38 -0500] "GET /?products/8023912/ HTTP/1.0" 301 - "-" "Mozilla/5.0 (Linux; Android 6.0.1; Nexus 5X Build/MMB29P) AppleWebKit/537.36 (KHTML, like Gecko) Chrome/144.0.7559.109 Mobile Safari/537.36 (compatible; Googlebot/2.1; +http://www.google.com/bot.html)"
5.9.120.220 - - [05/Feb/2026:04:40:38 -0500] "GET /detail/480821899 HTTP/1.0" 301 - "-" "Mozilla/5.0 (compatible; SERankingBacklinksBot/1.0; +https://seranking.com/backlinks-crawler)"
66.249.73.171 - - [05/Feb/2026:04:40:41 -0500] "GET /detail/328304995 HTTP/1.0" 404 157603 "-" "Mozilla/5.0 (Linux; Android 6.0.1; Nexus 5X Build/MMB29P) AppleWebKit/537.36 (KHTML, like Gecko) Chrome/144.0.7559.109 Mobile Safari/537.36 (compatible; Googlebot/2.1; +http://www.google.com/bot.html)"
5.9.120.220 - - [05/Feb/2026:04:40:42 -0500] "GET /detail/480822520 HTTP/1.0" 301 - "-" "Mozilla/5.0 (compatible; SERankingBacklinksBot/1.0; +https://seranking.com/backlinks-crawler)"
66.249.73.171 - - [05/Feb/2026:04:40:43 -0500] "GET /?products%2F8023912%2F HTTP/1.0" 200 186888 "-" "Mozilla/5.0 (Linux; Android 6.0.1; Nexus 5X Build/MMB29P) AppleWebKit/537.36 (KHTML, like Gecko) Chrome/144.0.7559.109 Mobile Safari/537.36 (compatible; Googlebot/2.1; +http://www.google.com/bot.html)"
5.9.120.220 - - [05/Feb/2026:04:40:46 -0500] "GET /detail/480834094 HTTP/1.0" 301 - "-" "Mozilla/5.0 (compatible; SERankingBacklinksBot/1.0; +https://seranking.com/backlinks-crawler)"
5.9.120.220 - - [05/Feb/2026:04:40:50 -0500] "GET /detail/480887703 HTTP/1.0" 301 - "-" "Mozilla/5.0 (compatible; SERankingBacklinksBot/1.0; +https://seranking.com/backlinks-crawler)"
66.249.73.171 - - [05/Feb/2026:04:40:52 -0500] "GET /detail/374701758 HTTP/1.0" 404 157592 "-" "Mozilla/5.0 (compatible; Googlebot/2.1; +http://www.google.com/bot.html)"
5.9.120.220 - - [05/Feb/2026:04:40:54 -0500] "GET /detail/480952904 HTTP/1.0" 301 - "-" "Mozilla/5.0 (compatible; SERankingBacklinksBot/1.0; +https://seranking.com/backlinks-crawler)"
5.9.120.220 - - [05/Feb/2026:04:40:58 -0500] "GET /detail/481049212 HTTP/1.0" 301 - "-" "Mozilla/5.0 (compatible; SERankingBacklinksBot/1.0; +https://seranking.com/backlinks-crawler)"
74.7.241.28 - - [05/Feb/2026:04:41:00 -0500] "GET /detail/266443274 HTTP/1.0" 404 157592 "https://zenoxpressjobs.com" "Mozilla/5.0 AppleWebKit/537.36 (KHTML, like Gecko; compatible; GPTBot/1.3; +https://openai.com/gptbot)"
5.9.120.220 - - [05/Feb/2026:04:41:02 -0500] "GET /detail/481070665 HTTP/1.0" 301 - "-" "Mozilla/5.0 (compatible; SERankingBacklinksBot/1.0; +https://seranking.com/backlinks-crawler)"
5.9.120.220 - - [05/Feb/2026:04:41:06 -0500] "GET /detail/481076730 HTTP/1.0" 301 - "-" "Mozilla/5.0 (compatible; SERankingBacklinksBot/1.0; +https://seranking.com/backlinks-crawler)"
5.9.120.220 - - [05/Feb/2026:04:41:10 -0500] "GET /detail/481122053 HTTP/1.0" 301 - "-" "Mozilla/5.0 (compatible; SERankingBacklinksBot/1.0; +https://seranking.com/backlinks-crawler)"
66.249.73.171 - - [05/Feb/2026:04:41:12 -0500] "GET /?products/4230090/ HTTP/1.0" 301 - "-" "Mozilla/5.0 (Linux; Android 6.0.1; Nexus 5X Build/MMB29P) AppleWebKit/537.36 (KHTML, like Gecko) Chrome/144.0.7559.109 Mobile Safari/537.36 (compatible; Googlebot/2.1; +http://www.google.com/bot.html)"
5.9.120.220 - - [05/Feb/2026:04:41:14 -0500] "GET /detail/481150533 HTTP/1.0" 301 - "-" "Mozilla/5.0 (compatible; SERankingBacklinksBot/1.0; +https://seranking.com/backlinks-crawler)"
66.249.73.171 - - [05/Feb/2026:04:41:15 -0500] "GET /?products%2F4230090%2F HTTP/1.0" 200 186888 "-" "Mozilla/5.0 (Linux; Android 6.0.1; Nexus 5X Build/MMB29P) AppleWebKit/537.36 (KHTML, like Gecko) Chrome/144.0.7559.109 Mobile Safari/537.36 (compatible; Googlebot/2.1; +http://www.google.com/bot.html)"
5.9.120.220 - - [05/Feb/2026:04:41:18 -0500] "GET /detail/481206287 HTTP/1.0" 301 - "-" "Mozilla/5.0 (compatible; SERankingBacklinksBot/1.0; +https://seranking.com/backlinks-crawler)"
66.249.73.172 - - [05/Feb/2026:04:41:21 -0500] "GET /detail/230310784 HTTP/1.0" 404 157603 "-" "Mozilla/5.0 (Linux; Android 6.0.1; Nexus 5X Build/MMB29P) AppleWebKit/537.36 (KHTML, like Gecko) Chrome/144.0.7559.109 Mobile Safari/537.36 (compatible; Googlebot/2.1; +http://www.google.com/bot.html)"
5.9.120.220 - - [05/Feb/2026:04:41:23 -0500] "GET /detail/481212565 HTTP/1.0" 301 - "-" "Mozilla/5.0 (compatible; SERankingBacklinksBot/1.0; +https://seranking.com/backlinks-crawler)"
5.9.120.220 - - [05/Feb/2026:04:41:26 -0500] "GET /detail/481224609 HTTP/1.0" 301 - "-" "Mozilla/5.0 (compatible; SERankingBacklinksBot/1.0; +https://seranking.com/backlinks-crawler)"
66.249.73.171 - - [05/Feb/2026:04:41:28 -0500] "GET /?products/24828278/ HTTP/1.0" 301 - "-" "Mozilla/5.0 (Linux; Android 6.0.1; Nexus 5X Build/MMB29P) AppleWebKit/537.36 (KHTML, like Gecko) Chrome/144.0.7559.109 Mobile Safari/537.36 (compatible; Googlebot/2.1; +http://www.google.com/bot.html)"
5.9.120.220 - - [05/Feb/2026:04:41:30 -0500] "GET /detail/481252574 HTTP/1.0" 301 - "-" "Mozilla/5.0 (compatible; SERankingBacklinksBot/1.0; +https://seranking.com/backlinks-crawler)"
173.231.242.79 - - [05/Feb/2026:04:41:35 -0500] "POST /wp-cron.php?doing_wp_cron=1770284495.2411830425262451171875 HTTP/1.0" 200 - "-" "WordPress/6.9.1; https://www.zenoxpressjobs.com"
5.9.120.220 - - [05/Feb/2026:04:41:34 -0500] "GET /detail/481273820 HTTP/1.0" 301 - "-" "Mozilla/5.0 (compatible; SERankingBacklinksBot/1.0; +https://seranking.com/backlinks-crawler)"
66.249.73.171 - - [05/Feb/2026:04:41:35 -0500] "GET /?products/10657123/ HTTP/1.0" 301 - "-" "Mozilla/5.0 (Linux; Android 6.0.1; Nexus 5X Build/MMB29P) AppleWebKit/537.36 (KHTML, like Gecko) Chrome/144.0.7559.109 Mobile Safari/537.36 (compatible; Googlebot/2.1; +http://www.google.com/bot.html)"
5.9.120.220 - - [05/Feb/2026:04:41:38 -0500] "GET /detail/481318490 HTTP/1.0" 301 - "-" "Mozilla/5.0 (compatible; SERankingBacklinksBot/1.0; +https://seranking.com/backlinks-crawler)"
66.249.73.171 - - [05/Feb/2026:04:41:40 -0500] "GET /?products%2F24828278%2F HTTP/1.0" 200 186888 "-" "Mozilla/5.0 (Linux; Android 6.0.1; Nexus 5X Build/MMB29P) AppleWebKit/537.36 (KHTML, like Gecko) Chrome/144.0.7559.109 Mobile Safari/537.36 (compatible; Googlebot/2.1; +http://www.google.com/bot.html)"
74.7.241.28 - - [05/Feb/2026:04:41:41 -0500] "GET /detail/503977665 HTTP/1.0" 404 157592 "https://zenoxpressjobs.com" "Mozilla/5.0 AppleWebKit/537.36 (KHTML, like Gecko; compatible; GPTBot/1.3; +https://openai.com/gptbot)"
5.9.120.220 - - [05/Feb/2026:04:41:43 -0500] "GET /detail/481349785 HTTP/1.0" 301 - "-" "Mozilla/5.0 (compatible; SERankingBacklinksBot/1.0; +https://seranking.com/backlinks-crawler)"
5.9.120.220 - - [05/Feb/2026:04:41:47 -0500] "GET /detail/481359582 HTTP/1.0" 301 - "-" "Mozilla/5.0 (compatible; SERankingBacklinksBot/1.0; +https://seranking.com/backlinks-crawler)"
5.9.120.220 - - [05/Feb/2026:04:41:51 -0500] "GET /detail/481374874 HTTP/1.0" 301 - "-" "Mozilla/5.0 (compatible; SERankingBacklinksBot/1.0; +https://seranking.com/backlinks-crawler)"
66.249.73.171 - - [05/Feb/2026:04:41:53 -0500] "GET /?products%2F10657123%2F HTTP/1.0" 200 186888 "-" "Mozilla/5.0 (Linux; Android 6.0.1; Nexus 5X Build/MMB29P) AppleWebKit/537.36 (KHTML, like Gecko) Chrome/144.0.7559.109 Mobile Safari/537.36 (compatible; Googlebot/2.1; +http://www.google.com/bot.html)"
5.9.120.220 - - [05/Feb/2026:04:41:55 -0500] "GET /detail/481461007 HTTP/1.0" 301 - "-" "Mozilla/5.0 (compatible; SERankingBacklinksBot/1.0; +https://seranking.com/backlinks-crawler)"
5.9.120.220 - - [05/Feb/2026:04:41:59 -0500] "GET /detail/481464092 HTTP/1.0" 301 - "-" "Mozilla/5.0 (compatible; SERankingBacklinksBot/1.0; +https://seranking.com/backlinks-crawler)"
5.9.120.220 - - [05/Feb/2026:04:42:03 -0500] "GET /detail/481478435 HTTP/1.0" 301 - "-" "Mozilla/5.0 (compatible; SERankingBacklinksBot/1.0; +https://seranking.com/backlinks-crawler)"
5.9.120.220 - - [05/Feb/2026:04:42:07 -0500] "GET /detail/481587801 HTTP/1.0" 301 - "-" "Mozilla/5.0 (compatible; SERankingBacklinksBot/1.0; +https://seranking.com/backlinks-crawler)"
66.249.73.172 - - [05/Feb/2026:04:42:09 -0500] "GET /?products/1422912/ HTTP/1.0" 301 - "-" "Mozilla/5.0 (Linux; Android 6.0.1; Nexus 5X Build/MMB29P) AppleWebKit/537.36 (KHTML, like Gecko) Chrome/144.0.7559.109 Mobile Safari/537.36 (compatible; Googlebot/2.1; +http://www.google.com/bot.html)"
5.9.120.220 - - [05/Feb/2026:04:42:11 -0500] "GET /detail/481603651 HTTP/1.0" 301 - "-" "Mozilla/5.0 (compatible; SERankingBacklinksBot/1.0; +https://seranking.com/backlinks-crawler)"
66.249.73.160 - - [05/Feb/2026:04:42:11 -0500] "GET /?products/10170167/ HTTP/1.0" 301 - "-" "Mozilla/5.0 (Linux; Android 6.0.1; Nexus 5X Build/MMB29P) AppleWebKit/537.36 (KHTML, like Gecko) Chrome/144.0.7559.109 Mobile Safari/537.36 (compatible; Googlebot/2.1; +http://www.google.com/bot.html)"
66.249.73.172 - - [05/Feb/2026:04:42:12 -0500] "GET /?products/7438289/ HTTP/1.0" 301 - "-" "Mozilla/5.0 (Linux; Android 6.0.1; Nexus 5X Build/MMB29P) AppleWebKit/537.36 (KHTML, like Gecko) Chrome/144.0.7559.109 Mobile Safari/537.36 (compatible; Googlebot/2.1; +http://www.google.com/bot.html)"
5.9.120.220 - - [05/Feb/2026:04:42:15 -0500] "GET /detail/481606015 HTTP/1.0" 301 - "-" "Mozilla/5.0 (compatible; SERankingBacklinksBot/1.0; +https://seranking.com/backlinks-crawler)"
5.9.120.220 - - [05/Feb/2026:04:42:18 -0500] "GET /detail/481622588 HTTP/1.0" 301 - "-" "Mozilla/5.0 (compatible; SERankingBacklinksBot/1.0; +https://seranking.com/backlinks-crawler)"
5.9.120.220 - - [05/Feb/2026:04:42:23 -0500] "GET /detail/481713493 HTTP/1.0" 301 - "-" "Mozilla/5.0 (compatible; SERankingBacklinksBot/1.0; +https://seranking.com/backlinks-crawler)"
74.7.241.28 - - [05/Feb/2026:04:42:24 -0500] "GET /detail/396036965 HTTP/1.0" 404 157484 "http://zenoxpressjobs.com" "Mozilla/5.0 AppleWebKit/537.36 (KHTML, like Gecko; compatible; GPTBot/1.3; +https://openai.com/gptbot)"
5.9.120.220 - - [05/Feb/2026:04:42:27 -0500] "GET /detail/481750580 HTTP/1.0" 301 - "-" "Mozilla/5.0 (compatible; SERankingBacklinksBot/1.0; +https://seranking.com/backlinks-crawler)"
66.249.73.171 - - [05/Feb/2026:04:42:28 -0500] "GET /?products/13233601/ HTTP/1.0" 301 - "-" "Mozilla/5.0 (Linux; Android 6.0.1; Nexus 5X Build/MMB29P) AppleWebKit/537.36 (KHTML, like Gecko) Chrome/144.0.7559.109 Mobile Safari/537.36 (compatible; Googlebot/2.1; +http://www.google.com/bot.html)"
66.249.73.171 - - [05/Feb/2026:04:42:29 -0500] "GET /?products%2F1422912%2F HTTP/1.0" 200 186888 "-" "Mozilla/5.0 (Linux; Android 6.0.1; Nexus 5X Build/MMB29P) AppleWebKit/537.36 (KHTML, like Gecko) Chrome/144.0.7559.109 Mobile Safari/537.36 (compatible; Googlebot/2.1; +http://www.google.com/bot.html)"
5.9.120.220 - - [05/Feb/2026:04:42:31 -0500] "GET /detail/481767838 HTTP/1.0" 301 - "-" "Mozilla/5.0 (compatible; SERankingBacklinksBot/1.0; +https://seranking.com/backlinks-crawler)"
173.231.242.79 - - [05/Feb/2026:04:42:35 -0500] "POST /wp-cron.php?doing_wp_cron=1770284554.9926209449768066406250 HTTP/1.0" 200 - "-" "WordPress/6.9.1; https://www.zenoxpressjobs.com"
66.249.73.171 - - [05/Feb/2026:04:42:34 -0500] "GET /?products%2F10170167%2F HTTP/1.0" 200 186888 "-" "Mozilla/5.0 (Linux; Android 6.0.1; Nexus 5X Build/MMB29P) AppleWebKit/537.36 (KHTML, like Gecko) Chrome/144.0.7559.109 Mobile Safari/537.36 (compatible; Googlebot/2.1; +http://www.google.com/bot.html)"
5.9.120.220 - - [05/Feb/2026:04:42:34 -0500] "GET /detail/481795409 HTTP/1.0" 301 - "-" "Mozilla/5.0 (compatible; SERankingBacklinksBot/1.0; +https://seranking.com/backlinks-crawler)"
66.249.73.171 - - [05/Feb/2026:04:42:36 -0500] "GET /?products%2F7438289%2F HTTP/1.0" 200 186888 "-" "Mozilla/5.0 (Linux; Android 6.0.1; Nexus 5X Build/MMB29P) AppleWebKit/537.36 (KHTML, like Gecko) Chrome/144.0.7559.109 Mobile Safari/537.36 (compatible; Googlebot/2.1; +http://www.google.com/bot.html)"
5.9.120.220 - - [05/Feb/2026:04:42:39 -0500] "GET /detail/481822320 HTTP/1.0" 301 - "-" "Mozilla/5.0 (compatible; SERankingBacklinksBot/1.0; +https://seranking.com/backlinks-crawler)"
5.9.120.220 - - [05/Feb/2026:04:42:42 -0500] "GET /detail/481918223 HTTP/1.0" 301 - "-" "Mozilla/5.0 (compatible; SERankingBacklinksBot/1.0; +https://seranking.com/backlinks-crawler)"
5.9.120.220 - - [05/Feb/2026:04:42:46 -0500] "GET /detail/481926519 HTTP/1.0" 301 - "-" "Mozilla/5.0 (compatible; SERankingBacklinksBot/1.0; +https://seranking.com/backlinks-crawler)"
5.9.120.220 - - [05/Feb/2026:04:42:50 -0500] "GET /detail/481945569 HTTP/1.0" 301 - "-" "Mozilla/5.0 (compatible; SERankingBacklinksBot/1.0; +https://seranking.com/backlinks-crawler)"
66.249.73.171 - - [05/Feb/2026:04:42:52 -0500] "GET /?products%2F13233601%2F HTTP/1.0" 200 186888 "-" "Mozilla/5.0 (Linux; Android 6.0.1; Nexus 5X Build/MMB29P) AppleWebKit/537.36 (KHTML, like Gecko) Chrome/144.0.7559.109 Mobile Safari/537.36 (compatible; Googlebot/2.1; +http://www.google.com/bot.html)"
5.9.120.220 - - [05/Feb/2026:04:42:54 -0500] "GET /detail/481953241 HTTP/1.0" 301 - "-" "Mozilla/5.0 (compatible; SERankingBacklinksBot/1.0; +https://seranking.com/backlinks-crawler)"
5.9.120.220 - - [05/Feb/2026:04:43:00 -0500] "GET /detail/482013647 HTTP/1.0" 301 - "-" "Mozilla/5.0 (compatible; SERankingBacklinksBot/1.0; +https://seranking.com/backlinks-crawler)"
5.9.120.220 - - [05/Feb/2026:04:43:04 -0500] "GET /detail/482019816 HTTP/1.0" 301 - "-" "Mozilla/5.0 (compatible; SERankingBacklinksBot/1.0; +https://seranking.com/backlinks-crawler)"
74.7.241.28 - - [05/Feb/2026:04:43:07 -0500] "GET /detail/163414192 HTTP/1.0" 404 157592 "https://zenoxpressjobs.com" "Mozilla/5.0 AppleWebKit/537.36 (KHTML, like Gecko; compatible; GPTBot/1.3; +https://openai.com/gptbot)"
5.9.120.220 - - [05/Feb/2026:04:43:08 -0500] "GET /detail/482061774 HTTP/1.0" 301 - "-" "Mozilla/5.0 (compatible; SERankingBacklinksBot/1.0; +https://seranking.com/backlinks-crawler)"
5.9.120.220 - - [05/Feb/2026:04:43:12 -0500] "GET /detail/482136197 HTTP/1.0" 301 - "-" "Mozilla/5.0 (compatible; SERankingBacklinksBot/1.0; +https://seranking.com/backlinks-crawler)"
5.9.120.220 - - [05/Feb/2026:04:43:16 -0500] "GET /detail/482182042 HTTP/1.0" 301 - "-" "Mozilla/5.0 (compatible; SERankingBacklinksBot/1.0; +https://seranking.com/backlinks-crawler)"
5.9.120.220 - - [05/Feb/2026:04:43:20 -0500] "GET /detail/482190982 HTTP/1.0" 301 - "-" "Mozilla/5.0 (compatible; SERankingBacklinksBot/1.0; +https://seranking.com/backlinks-crawler)"
5.9.120.220 - - [05/Feb/2026:04:43:23 -0500] "GET /detail/482238714 HTTP/1.0" 301 - "-" "Mozilla/5.0 (compatible; SERankingBacklinksBot/1.0; +https://seranking.com/backlinks-crawler)"
5.9.120.220 - - [05/Feb/2026:04:43:27 -0500] "GET /detail/482267968 HTTP/1.0" 301 - "-" "Mozilla/5.0 (compatible; SERankingBacklinksBot/1.0; +https://seranking.com/backlinks-crawler)"
173.231.242.79 - - [05/Feb/2026:04:43:32 -0500] "POST /wp-cron.php?doing_wp_cron=1770284612.0190269947052001953125 HTTP/1.0" 200 - "-" "WordPress/6.9.1; https://www.zenoxpressjobs.com"
5.9.120.220 - - [05/Feb/2026:04:43:31 -0500] "GET /detail/482282411 HTTP/1.0" 301 - "-" "Mozilla/5.0 (compatible; SERankingBacklinksBot/1.0; +https://seranking.com/backlinks-crawler)"
5.9.120.220 - - [05/Feb/2026:04:43:35 -0500] "GET /detail/482298021 HTTP/1.0" 301 - "-" "Mozilla/5.0 (compatible; SERankingBacklinksBot/1.0; +https://seranking.com/backlinks-crawler)"
5.9.120.220 - - [05/Feb/2026:04:43:39 -0500] "GET /detail/482340737 HTTP/1.0" 301 - "-" "Mozilla/5.0 (compatible; SERankingBacklinksBot/1.0; +https://seranking.com/backlinks-crawler)"
5.9.120.220 - - [05/Feb/2026:04:43:43 -0500] "GET /detail/482360844 HTTP/1.0" 301 - "-" "Mozilla/5.0 (compatible; SERankingBacklinksBot/1.0; +https://seranking.com/backlinks-crawler)"
5.9.120.220 - - [05/Feb/2026:04:43:47 -0500] "GET /detail/482422900 HTTP/1.0" 301 - "-" "Mozilla/5.0 (compatible; SERankingBacklinksBot/1.0; +https://seranking.com/backlinks-crawler)"
74.7.241.28 - - [05/Feb/2026:04:43:49 -0500] "GET /detail/396797397 HTTP/1.0" 404 157592 "https://zenoxpressjobs.com" "Mozilla/5.0 AppleWebKit/537.36 (KHTML, like Gecko; compatible; GPTBot/1.3; +https://openai.com/gptbot)"
5.9.120.220 - - [05/Feb/2026:04:43:51 -0500] "GET /detail/482454502 HTTP/1.0" 301 - "-" "Mozilla/5.0 (compatible; SERankingBacklinksBot/1.0; +https://seranking.com/backlinks-crawler)"
5.9.120.220 - - [05/Feb/2026:04:43:56 -0500] "GET /detail/482497878 HTTP/1.0" 301 - "-" "Mozilla/5.0 (compatible; SERankingBacklinksBot/1.0; +https://seranking.com/backlinks-crawler)"
5.9.120.220 - - [05/Feb/2026:04:44:00 -0500] "GET /detail/482505431 HTTP/1.0" 301 - "-" "Mozilla/5.0 (compatible; SERankingBacklinksBot/1.0; +https://seranking.com/backlinks-crawler)"
5.9.120.220 - - [05/Feb/2026:04:44:04 -0500] "GET /detail/482527042 HTTP/1.0" 301 - "-" "Mozilla/5.0 (compatible; SERankingBacklinksBot/1.0; +https://seranking.com/backlinks-crawler)"
173.231.242.79 - - [05/Feb/2026:04:44:08 -0500] "POST /wp-cron.php?doing_wp_cron=1770284648.0715200901031494140625 HTTP/1.0" 200 - "-" "WordPress/6.9.1; https://www.zenoxpressjobs.com"
5.9.120.220 - - [05/Feb/2026:04:44:07 -0500] "GET /detail/482537191 HTTP/1.0" 301 - "-" "Mozilla/5.0 (compatible; SERankingBacklinksBot/1.0; +https://seranking.com/backlinks-crawler)"
5.9.120.220 - - [05/Feb/2026:04:44:11 -0500] "GET /detail/482581238 HTTP/1.0" 301 - "-" "Mozilla/5.0 (compatible; SERankingBacklinksBot/1.0; +https://seranking.com/backlinks-crawler)"
5.9.120.220 - - [05/Feb/2026:04:44:15 -0500] "GET /detail/482582693 HTTP/1.0" 301 - "-" "Mozilla/5.0 (compatible; SERankingBacklinksBot/1.0; +https://seranking.com/backlinks-crawler)"
5.9.120.220 - - [05/Feb/2026:04:44:19 -0500] "GET /detail/482583002 HTTP/1.0" 301 - "-" "Mozilla/5.0 (compatible; SERankingBacklinksBot/1.0; +https://seranking.com/backlinks-crawler)"
5.9.120.220 - - [05/Feb/2026:04:44:23 -0500] "GET /detail/482618624 HTTP/1.0" 301 - "-" "Mozilla/5.0 (compatible; SERankingBacklinksBot/1.0; +https://seranking.com/backlinks-crawler)"
5.9.120.220 - - [05/Feb/2026:04:44:27 -0500] "GET /detail/482639998 HTTP/1.0" 301 - "-" "Mozilla/5.0 (compatible; SERankingBacklinksBot/1.0; +https://seranking.com/backlinks-crawler)"
74.7.241.28 - - [05/Feb/2026:04:44:30 -0500] "GET /detail/170919284 HTTP/1.0" 404 157592 "https://zenoxpressjobs.com" "Mozilla/5.0 AppleWebKit/537.36 (KHTML, like Gecko; compatible; GPTBot/1.3; +https://openai.com/gptbot)"
5.9.120.220 - - [05/Feb/2026:04:44:31 -0500] "GET /detail/482642820 HTTP/1.0" 301 - "-" "Mozilla/5.0 (compatible; SERankingBacklinksBot/1.0; +https://seranking.com/backlinks-crawler)"
173.231.242.79 - - [05/Feb/2026:04:44:35 -0500] "POST /wp-cron.php?doing_wp_cron=1770284675.6685600280761718750000 HTTP/1.0" 200 - "-" "WordPress/6.9.1; https://www.zenoxpressjobs.com"
5.9.120.220 - - [05/Feb/2026:04:44:35 -0500] "GET /detail/482765812 HTTP/1.0" 301 - "-" "Mozilla/5.0 (compatible; SERankingBacklinksBot/1.0; +https://seranking.com/backlinks-crawler)"
5.9.120.220 - - [05/Feb/2026:04:44:39 -0500] "GET /detail/482811001 HTTP/1.0" 301 - "-" "Mozilla/5.0 (compatible; SERankingBacklinksBot/1.0; +https://seranking.com/backlinks-crawler)"
5.9.120.220 - - [05/Feb/2026:04:44:43 -0500] "GET /detail/482827981 HTTP/1.0" 301 - "-" "Mozilla/5.0 (compatible; SERankingBacklinksBot/1.0; +https://seranking.com/backlinks-crawler)"
5.9.120.220 - - [05/Feb/2026:04:44:47 -0500] "GET /detail/482837177 HTTP/1.0" 301 - "-" "Mozilla/5.0 (compatible; SERankingBacklinksBot/1.0; +https://seranking.com/backlinks-crawler)"
167.114.139.202 - - [05/Feb/2026:04:44:51 -0500] "GET /detail/324282977 HTTP/1.0" 301 - "-" "Mozilla/5.0 (compatible; AhrefsBot/7.0; +http://ahrefs.com/robot/)"
5.9.120.220 - - [05/Feb/2026:04:44:50 -0500] "GET /detail/482852326 HTTP/1.0" 301 - "-" "Mozilla/5.0 (compatible; SERankingBacklinksBot/1.0; +https://seranking.com/backlinks-crawler)"
5.9.120.220 - - [05/Feb/2026:04:44:55 -0500] "GET /detail/482905909 HTTP/1.0" 301 - "-" "Mozilla/5.0 (compatible; SERankingBacklinksBot/1.0; +https://seranking.com/backlinks-crawler)"
66.249.73.160 - - [05/Feb/2026:04:44:56 -0500] "GET /?products/3288934/ HTTP/1.0" 301 - "-" "Mozilla/5.0 (Linux; Android 6.0.1; Nexus 5X Build/MMB29P) AppleWebKit/537.36 (KHTML, like Gecko) Chrome/144.0.7559.109 Mobile Safari/537.36 (compatible; Googlebot/2.1; +http://www.google.com/bot.html)"
5.9.120.220 - - [05/Feb/2026:04:44:59 -0500] "GET /detail/482951447 HTTP/1.0" 301 - "-" "Mozilla/5.0 (compatible; SERankingBacklinksBot/1.0; +https://seranking.com/backlinks-crawler)"
5.9.120.220 - - [05/Feb/2026:04:45:03 -0500] "GET /detail/482960820 HTTP/1.0" 301 - "-" "Mozilla/5.0 (compatible; SERankingBacklinksBot/1.0; +https://seranking.com/backlinks-crawler)"
5.9.120.220 - - [05/Feb/2026:04:45:07 -0500] "GET /detail/482994538 HTTP/1.0" 301 - "-" "Mozilla/5.0 (compatible; SERankingBacklinksBot/1.0; +https://seranking.com/backlinks-crawler)"
5.9.120.220 - - [05/Feb/2026:04:45:11 -0500] "GET /detail/483019199 HTTP/1.0" 301 - "-" "Mozilla/5.0 (compatible; SERankingBacklinksBot/1.0; +https://seranking.com/backlinks-crawler)"
74.7.241.28 - - [05/Feb/2026:04:45:11 -0500] "GET /detail/463699186 HTTP/1.0" 404 157592 "https://zenoxpressjobs.com" "Mozilla/5.0 AppleWebKit/537.36 (KHTML, like Gecko; compatible; GPTBot/1.3; +https://openai.com/gptbot)"
66.249.73.160 - - [05/Feb/2026:04:45:12 -0500] "GET /?products%2F3288934%2F HTTP/1.0" 200 186888 "-" "Mozilla/5.0 (Linux; Android 6.0.1; Nexus 5X Build/MMB29P) AppleWebKit/537.36 (KHTML, like Gecko) Chrome/144.0.7559.109 Mobile Safari/537.36 (compatible; Googlebot/2.1; +http://www.google.com/bot.html)"
5.9.120.220 - - [05/Feb/2026:04:45:15 -0500] "GET /detail/483124200 HTTP/1.0" 301 - "-" "Mozilla/5.0 (compatible; SERankingBacklinksBot/1.0; +https://seranking.com/backlinks-crawler)"
5.9.120.220 - - [05/Feb/2026:04:45:19 -0500] "GET /detail/483128055 HTTP/1.0" 301 - "-" "Mozilla/5.0 (compatible; SERankingBacklinksBot/1.0; +https://seranking.com/backlinks-crawler)"
5.9.120.220 - - [05/Feb/2026:04:45:23 -0500] "GET /detail/483141450 HTTP/1.0" 301 - "-" "Mozilla/5.0 (compatible; SERankingBacklinksBot/1.0; +https://seranking.com/backlinks-crawler)"
5.9.120.220 - - [05/Feb/2026:04:45:27 -0500] "GET /detail/483153491 HTTP/1.0" 301 - "-" "Mozilla/5.0 (compatible; SERankingBacklinksBot/1.0; +https://seranking.com/backlinks-crawler)"
5.9.120.220 - - [05/Feb/2026:04:45:31 -0500] "GET /detail/483175295 HTTP/1.0" 301 - "-" "Mozilla/5.0 (compatible; SERankingBacklinksBot/1.0; +https://seranking.com/backlinks-crawler)"
173.231.242.79 - - [05/Feb/2026:04:45:35 -0500] "POST /wp-cron.php?doing_wp_cron=1770284735.6385049819946289062500 HTTP/1.0" 200 - "-" "WordPress/6.9.1; https://www.zenoxpressjobs.com"
5.9.120.220 - - [05/Feb/2026:04:45:35 -0500] "GET /detail/483185235 HTTP/1.0" 301 - "-" "Mozilla/5.0 (compatible; SERankingBacklinksBot/1.0; +https://seranking.com/backlinks-crawler)"
5.9.120.220 - - [05/Feb/2026:04:45:39 -0500] "GET /detail/483251147 HTTP/1.0" 301 - "-" "Mozilla/5.0 (compatible; SERankingBacklinksBot/1.0; +https://seranking.com/backlinks-crawler)"
5.9.120.220 - - [05/Feb/2026:04:45:43 -0500] "GET /detail/483265939 HTTP/1.0" 301 - "-" "Mozilla/5.0 (compatible; SERankingBacklinksBot/1.0; +https://seranking.com/backlinks-crawler)"
5.9.120.220 - - [05/Feb/2026:04:45:47 -0500] "GET /detail/483283674 HTTP/1.0" 301 - "-" "Mozilla/5.0 (compatible; SERankingBacklinksBot/1.0; +https://seranking.com/backlinks-crawler)"
5.9.120.220 - - [05/Feb/2026:04:45:50 -0500] "GET /detail/483290358 HTTP/1.0" 301 - "-" "Mozilla/5.0 (compatible; SERankingBacklinksBot/1.0; +https://seranking.com/backlinks-crawler)"
74.7.241.28 - - [05/Feb/2026:04:45:51 -0500] "GET /detail/436982453 HTTP/1.0" 404 157592 "https://zenoxpressjobs.com" "Mozilla/5.0 AppleWebKit/537.36 (KHTML, like Gecko; compatible; GPTBot/1.3; +https://openai.com/gptbot)"
5.9.120.220 - - [05/Feb/2026:04:45:54 -0500] "GET /detail/483309045 HTTP/1.0" 301 - "-" "Mozilla/5.0 (compatible; SERankingBacklinksBot/1.0; +https://seranking.com/backlinks-crawler)"
5.9.120.220 - - [05/Feb/2026:04:45:58 -0500] "GET /detail/483309175 HTTP/1.0" 301 - "-" "Mozilla/5.0 (compatible; SERankingBacklinksBot/1.0; +https://seranking.com/backlinks-crawler)"
5.9.120.220 - - [05/Feb/2026:04:46:02 -0500] "GET /detail/483353129 HTTP/1.0" 301 - "-" "Mozilla/5.0 (compatible; SERankingBacklinksBot/1.0; +https://seranking.com/backlinks-crawler)"
5.9.120.220 - - [05/Feb/2026:04:46:06 -0500] "GET /detail/483361925 HTTP/1.0" 301 - "-" "Mozilla/5.0 (compatible; SERankingBacklinksBot/1.0; +https://seranking.com/backlinks-crawler)"
5.9.120.220 - - [05/Feb/2026:04:46:10 -0500] "GET /detail/483396377 HTTP/1.0" 301 - "-" "Mozilla/5.0 (compatible; SERankingBacklinksBot/1.0; +https://seranking.com/backlinks-crawler)"
