51.161.37.0 - - [05/Feb/2026:01:22:57 -0500] "GET / HTTP/1.0" 200 186877 "-" "Mozilla/5.0 (compatible; AhrefsBot/7.0; +http://ahrefs.com/robot/)"
142.44.233.110 - - [05/Feb/2026:01:23:13 -0500] "GET /wp-content/plugins/shopengine/modules/swatches/loop-product-support/assets/swatches.css?ver=1770272577 HTTP/1.0" 200 - "-" "Mozilla/5.0 (compatible; AhrefsBot/7.0; +http://ahrefs.com/robot/)"
173.231.242.79 - - [05/Feb/2026:01:23:37 -0500] "POST /wp-cron.php?doing_wp_cron=1770272617.7123320102691650390625 HTTP/1.0" 200 - "-" "WordPress/6.9.1; https://www.zenoxpressjobs.com"
74.7.241.28 - - [05/Feb/2026:01:23:35 -0500] "GET /detail/434990570 HTTP/1.0" 404 157592 "https://zenoxpressjobs.com" "Mozilla/5.0 AppleWebKit/537.36 (KHTML, like Gecko; compatible; GPTBot/1.3; +https://openai.com/gptbot)"
173.231.242.79 - - [05/Feb/2026:01:24:18 -0500] "POST /wp-cron.php?doing_wp_cron=1770272658.1791539192199707031250 HTTP/1.0" 200 - "-" "WordPress/6.9.1; https://www.zenoxpressjobs.com"
74.7.241.28 - - [05/Feb/2026:01:24:16 -0500] "GET /detail/142817629 HTTP/1.0" 404 157592 "https://zenoxpressjobs.com" "Mozilla/5.0 AppleWebKit/537.36 (KHTML, like Gecko; compatible; GPTBot/1.3; +https://openai.com/gptbot)"
173.231.242.79 - - [05/Feb/2026:01:24:59 -0500] "POST /wp-cron.php?doing_wp_cron=1770272699.6061890125274658203125 HTTP/1.0" 200 - "-" "WordPress/6.9.1; https://www.zenoxpressjobs.com"
74.7.241.28 - - [05/Feb/2026:01:24:58 -0500] "GET /detail/163766805 HTTP/1.0" 404 157592 "https://zenoxpressjobs.com" "Mozilla/5.0 AppleWebKit/537.36 (KHTML, like Gecko; compatible; GPTBot/1.3; +https://openai.com/gptbot)"
173.231.242.79 - - [05/Feb/2026:01:25:42 -0500] "POST /wp-cron.php?doing_wp_cron=1770272742.6273899078369140625000 HTTP/1.0" 200 - "-" "WordPress/6.9.1; https://www.zenoxpressjobs.com"
74.7.241.28 - - [05/Feb/2026:01:25:41 -0500] "GET /detail/239602495 HTTP/1.0" 404 157592 "https://zenoxpressjobs.com" "Mozilla/5.0 AppleWebKit/537.36 (KHTML, like Gecko; compatible; GPTBot/1.3; +https://openai.com/gptbot)"
5.9.120.220 - - [05/Feb/2026:01:26:21 -0500] "GET /robots.txt HTTP/1.0" 301 - "-" "Mozilla/5.0 (compatible; SERankingBacklinksBot/1.0; +https://seranking.com/backlinks-crawler)"
74.7.241.28 - - [05/Feb/2026:01:26:22 -0500] "GET /detail/522481990 HTTP/1.0" 404 157484 "http://zenoxpressjobs.com" "Mozilla/5.0 AppleWebKit/537.36 (KHTML, like Gecko; compatible; GPTBot/1.3; +https://openai.com/gptbot)"
5.9.120.220 - - [05/Feb/2026:01:26:23 -0500] "GET /robots.txt HTTP/1.0" 200 272 "-" "Mozilla/5.0 (compatible; SERankingBacklinksBot/1.0; +https://seranking.com/backlinks-crawler)"
5.9.120.220 - - [05/Feb/2026:01:26:24 -0500] "GET /detail/454426858 HTTP/1.0" 301 - "-" "Mozilla/5.0 (compatible; SERankingBacklinksBot/1.0; +https://seranking.com/backlinks-crawler)"
5.9.120.220 - - [05/Feb/2026:01:26:24 -0500] "GET /robots.txt HTTP/1.0" 200 272 "-" "Mozilla/5.0 (compatible; SERankingBacklinksBot/1.0; +https://seranking.com/backlinks-crawler)"
5.9.120.220 - - [05/Feb/2026:01:26:25 -0500] "GET /robots.txt HTTP/1.0" 200 272 "-" "Mozilla/5.0 (compatible; SERankingBacklinksBot/1.0; +https://seranking.com/backlinks-crawler)"
5.9.120.220 - - [05/Feb/2026:01:26:25 -0500] "GET /robots.txt HTTP/1.0" 200 272 "-" "Mozilla/5.0 (compatible; SERankingBacklinksBot/1.0; +https://seranking.com/backlinks-crawler)"
5.9.120.220 - - [05/Feb/2026:01:26:26 -0500] "GET /robots.txt HTTP/1.0" 200 272 "-" "Mozilla/5.0 (compatible; SERankingBacklinksBot/1.0; +https://seranking.com/backlinks-crawler)"
5.9.120.220 - - [05/Feb/2026:01:26:26 -0500] "GET /robots.txt HTTP/1.0" 200 272 "-" "Mozilla/5.0 (compatible; SERankingBacklinksBot/1.0; +https://seranking.com/backlinks-crawler)"
5.9.120.220 - - [05/Feb/2026:01:26:27 -0500] "GET /robots.txt HTTP/1.0" 200 272 "-" "Mozilla/5.0 (compatible; SERankingBacklinksBot/1.0; +https://seranking.com/backlinks-crawler)"
173.231.242.79 - - [05/Feb/2026:01:26:33 -0500] "POST /wp-cron.php?doing_wp_cron=1770272793.7760210037231445312500 HTTP/1.0" 200 - "-" "WordPress/6.9.1; https://www.zenoxpressjobs.com"
5.9.120.220 - - [05/Feb/2026:01:26:33 -0500] "GET /detail/454426858 HTTP/1.0" 404 157592 "-" "Mozilla/5.0 (compatible; SERankingBacklinksBot/1.0; +https://seranking.com/backlinks-crawler)"
74.7.241.28 - - [05/Feb/2026:01:27:05 -0500] "GET /detail/138552509 HTTP/1.0" 404 157592 "https://zenoxpressjobs.com" "Mozilla/5.0 AppleWebKit/537.36 (KHTML, like Gecko; compatible; GPTBot/1.3; +https://openai.com/gptbot)"
173.231.242.79 - - [05/Feb/2026:01:27:46 -0500] "POST /wp-cron.php?doing_wp_cron=1770272866.1856629848480224609375 HTTP/1.0" 200 - "-" "WordPress/6.9.1; https://www.zenoxpressjobs.com"
74.7.241.28 - - [05/Feb/2026:01:27:44 -0500] "GET /detail/268927809 HTTP/1.0" 404 157592 "https://zenoxpressjobs.com" "Mozilla/5.0 AppleWebKit/537.36 (KHTML, like Gecko; compatible; GPTBot/1.3; +https://openai.com/gptbot)"
74.7.241.28 - - [05/Feb/2026:01:28:25 -0500] "GET /detail/455208700 HTTP/1.0" 404 157592 "https://zenoxpressjobs.com" "Mozilla/5.0 AppleWebKit/537.36 (KHTML, like Gecko; compatible; GPTBot/1.3; +https://openai.com/gptbot)"
173.231.242.79 - - [05/Feb/2026:01:28:33 -0500] "POST /wp-cron.php?doing_wp_cron=1770272913.1435759067535400390625 HTTP/1.0" 200 - "-" "WordPress/6.9.1; https://www.zenoxpressjobs.com"
54.39.6.252 - - [05/Feb/2026:01:28:32 -0500] "GET /wp-sitemap.xml HTTP/1.0" 200 876 "-" "Mozilla/5.0 (compatible; AhrefsBot/7.0; +http://ahrefs.com/robot/)"
54.39.89.62 - - [05/Feb/2026:01:28:36 -0500] "GET /wp-sitemap-posts-page-1.xml HTTP/1.0" 200 4585 "-" "Mozilla/5.0 (compatible; AhrefsBot/7.0; +http://ahrefs.com/robot/)"
54.39.6.176 - - [05/Feb/2026:01:28:40 -0500] "GET /wp-sitemap-posts-elementskit_template-1.xml HTTP/1.0" 200 323 "-" "Mozilla/5.0 (compatible; AhrefsBot/7.0; +http://ahrefs.com/robot/)"
15.235.27.92 - - [05/Feb/2026:01:28:43 -0500] "GET /wp-sitemap-posts-product-1.xml HTTP/1.0" 200 4002 "-" "Mozilla/5.0 (compatible; AhrefsBot/7.0; +http://ahrefs.com/robot/)"
54.39.0.211 - - [05/Feb/2026:01:28:47 -0500] "GET /wp-sitemap-posts-elementor-hf-1.xml HTTP/1.0" 200 315 "-" "Mozilla/5.0 (compatible; AhrefsBot/7.0; +http://ahrefs.com/robot/)"
54.39.210.124 - - [05/Feb/2026:01:28:52 -0500] "GET /wp-sitemap-posts-cartflows_step-1.xml HTTP/1.0" 200 421 "-" "Mozilla/5.0 (compatible; AhrefsBot/7.0; +http://ahrefs.com/robot/)"
51.161.37.224 - - [05/Feb/2026:01:28:55 -0500] "GET /wp-sitemap-taxonomies-product_cat-1.xml HTTP/1.0" 200 430 "-" "Mozilla/5.0 (compatible; AhrefsBot/7.0; +http://ahrefs.com/robot/)"
54.39.6.118 - - [05/Feb/2026:01:28:59 -0500] "GET /wp-sitemap-users-1.xml HTTP/1.0" 200 278 "-" "Mozilla/5.0 (compatible; AhrefsBot/7.0; +http://ahrefs.com/robot/)"
74.7.241.28 - - [05/Feb/2026:01:29:07 -0500] "GET /detail/317073288 HTTP/1.0" 404 157592 "https://zenoxpressjobs.com" "Mozilla/5.0 AppleWebKit/537.36 (KHTML, like Gecko; compatible; GPTBot/1.3; +https://openai.com/gptbot)"
173.231.242.79 - - [05/Feb/2026:01:29:48 -0500] "POST /wp-cron.php?doing_wp_cron=1770272988.9116909503936767578125 HTTP/1.0" 200 - "-" "WordPress/6.9.1; https://www.zenoxpressjobs.com"
74.7.241.28 - - [05/Feb/2026:01:29:47 -0500] "GET /detail/558823227 HTTP/1.0" 404 157592 "https://zenoxpressjobs.com" "Mozilla/5.0 AppleWebKit/537.36 (KHTML, like Gecko; compatible; GPTBot/1.3; +https://openai.com/gptbot)"
74.7.241.28 - - [05/Feb/2026:01:30:27 -0500] "GET /detail/512041323 HTTP/1.0" 404 157484 "http://zenoxpressjobs.com" "Mozilla/5.0 AppleWebKit/537.36 (KHTML, like Gecko; compatible; GPTBot/1.3; +https://openai.com/gptbot)"
173.231.242.79 - - [05/Feb/2026:01:31:11 -0500] "POST /wp-cron.php?doing_wp_cron=1770273071.3682429790496826171875 HTTP/1.0" 200 - "-" "WordPress/6.9.1; https://www.zenoxpressjobs.com"
74.7.241.28 - - [05/Feb/2026:01:31:09 -0500] "GET /detail/537438773 HTTP/1.0" 404 157592 "https://zenoxpressjobs.com" "Mozilla/5.0 AppleWebKit/537.36 (KHTML, like Gecko; compatible; GPTBot/1.3; +https://openai.com/gptbot)"
173.231.242.79 - - [05/Feb/2026:01:31:52 -0500] "POST /wp-cron.php?doing_wp_cron=1770273112.8643848896026611328125 HTTP/1.0" 200 - "-" "WordPress/6.9.1; https://www.zenoxpressjobs.com"
74.7.241.28 - - [05/Feb/2026:01:31:51 -0500] "GET /detail/345623592 HTTP/1.0" 404 157592 "https://zenoxpressjobs.com" "Mozilla/5.0 AppleWebKit/537.36 (KHTML, like Gecko; compatible; GPTBot/1.3; +https://openai.com/gptbot)"
173.231.242.79 - - [05/Feb/2026:01:32:33 -0500] "POST /wp-cron.php?doing_wp_cron=1770273153.6693599224090576171875 HTTP/1.0" 200 - "-" "WordPress/6.9.1; https://www.zenoxpressjobs.com"
74.7.241.28 - - [05/Feb/2026:01:32:31 -0500] "GET /detail/374412109 HTTP/1.0" 404 157592 "https://zenoxpressjobs.com" "Mozilla/5.0 AppleWebKit/537.36 (KHTML, like Gecko; compatible; GPTBot/1.3; +https://openai.com/gptbot)"
74.7.241.28 - - [05/Feb/2026:01:33:13 -0500] "GET /detail/516261882 HTTP/1.0" 404 157592 "https://zenoxpressjobs.com" "Mozilla/5.0 AppleWebKit/537.36 (KHTML, like Gecko; compatible; GPTBot/1.3; +https://openai.com/gptbot)"
167.114.139.34 - - [05/Feb/2026:01:33:17 -0500] "GET /detail/6193582 HTTP/1.0" 301 - "-" "Mozilla/5.0 (compatible; AhrefsBot/7.0; +http://ahrefs.com/robot/)"
173.231.242.79 - - [05/Feb/2026:01:33:54 -0500] "POST /wp-cron.php?doing_wp_cron=1770273234.8692829608917236328125 HTTP/1.0" 200 - "-" "WordPress/6.9.1; https://www.zenoxpressjobs.com"
74.7.241.28 - - [05/Feb/2026:01:33:53 -0500] "GET /detail/240525387 HTTP/1.0" 404 157592 "https://zenoxpressjobs.com" "Mozilla/5.0 AppleWebKit/537.36 (KHTML, like Gecko; compatible; GPTBot/1.3; +https://openai.com/gptbot)"
209.85.238.128 - - [05/Feb/2026:01:34:13 -0500] "GET /?products/4750523/ HTTP/1.0" 301 - "-" "Mozilla/5.0 (X11; Linux x86_64) AppleWebKit/537.36 (KHTML, like Gecko) Chrome/143.0.7499.192 Safari/537.36"
209.85.238.139 - - [05/Feb/2026:01:34:14 -0500] "GET /?products%2F4750523%2F HTTP/1.0" 200 186877 "-" "Mozilla/5.0 (X11; Linux x86_64) AppleWebKit/537.36 (KHTML, like Gecko) Chrome/143.0.7499.192 Safari/537.36"
209.85.238.140 - - [05/Feb/2026:01:34:15 -0500] "GET /wp-content/themes/astra/assets/css/minified/style.min.css?ver=4.11.7 HTTP/1.0" 200 75654 "https://www.zenoxpressjobs.com/?products%2F4750523%2F" "Mozilla/5.0 (X11; Linux x86_64) AppleWebKit/537.36 (KHTML, like Gecko) Chrome/143.0.7499.192 Safari/537.36"
209.85.238.140 - - [05/Feb/2026:01:34:15 -0500] "GET /wp-content/plugins/header-footer-elementor/inc/widgets-css/frontend.css?ver=2.4.4 HTTP/1.0" 200 79733 "https://www.zenoxpressjobs.com/?products%2F4750523%2F" "Mozilla/5.0 (X11; Linux x86_64) AppleWebKit/537.36 (KHTML, like Gecko) Chrome/143.0.7499.192 Safari/537.36"
209.85.238.139 - - [05/Feb/2026:01:34:16 -0500] "GET /wp-content/plugins/premium-addons-for-elementor/assets/frontend/min-css/premium-addons.min.css?ver=4.11.20 HTTP/1.0" 200 441675 "https://www.zenoxpressjobs.com/?products%2F4750523%2F" "Mozilla/5.0 (X11; Linux x86_64) AppleWebKit/537.36 (KHTML, like Gecko) Chrome/143.0.7499.192 Safari/537.36"
209.85.238.139 - - [05/Feb/2026:01:34:17 -0500] "GET /wp-content/plugins/shopengine/assets/css/shopengine-public.css?ver=4.8.0 HTTP/1.0" 200 21012 "https://www.zenoxpressjobs.com/?products%2F4750523%2F" "Mozilla/5.0 (X11; Linux x86_64) AppleWebKit/537.36 (KHTML, like Gecko) Chrome/143.0.7499.192 Safari/537.36"
209.85.238.139 - - [05/Feb/2026:01:34:17 -0500] "GET /wp-content/themes/astra/assets/css/minified/compatibility/woocommerce/woocommerce-layout.min.css?ver=4.11.7 HTTP/1.0" 200 18081 "https://www.zenoxpressjobs.com/?products%2F4750523%2F" "Mozilla/5.0 (X11; Linux x86_64) AppleWebKit/537.36 (KHTML, like Gecko) Chrome/143.0.7499.192 Safari/537.36"
209.85.238.140 - - [05/Feb/2026:01:34:18 -0500] "GET /wp-content/plugins/gutenkit-blocks-addon/build/gutenkit/frontend-common.css?ver=a28538744097629e283d HTTP/1.0" 200 1241 "https://www.zenoxpressjobs.com/?products%2F4750523%2F" "Mozilla/5.0 (X11; Linux x86_64) AppleWebKit/537.36 (KHTML, like Gecko) Chrome/143.0.7499.192 Safari/537.36"
209.85.238.140 - - [05/Feb/2026:01:34:18 -0500] "GET /wp-content/themes/astra/assets/css/minified/menu-animation.min.css?ver=4.11.7 HTTP/1.0" 200 3501 "https://www.zenoxpressjobs.com/?products%2F4750523%2F" "Mozilla/5.0 (X11; Linux x86_64) AppleWebKit/537.36 (KHTML, like Gecko) Chrome/143.0.7499.192 Safari/537.36"
209.85.238.140 - - [05/Feb/2026:01:34:19 -0500] "GET /wp-content/plugins/elementor/assets/lib/font-awesome/css/all.css?ver=4.8.0 HTTP/1.0" 200 73625 "https://www.zenoxpressjobs.com/?products%2F4750523%2F" "Mozilla/5.0 (X11; Linux x86_64) AppleWebKit/537.36 (KHTML, like Gecko) Chrome/143.0.7499.192 Safari/537.36"
209.85.238.140 - - [05/Feb/2026:01:34:20 -0500] "GET /wp-content/plugins/popup-builder-block/build/popup/global.css?ver=2.0.6 HTTP/1.0" 200 482 "https://www.zenoxpressjobs.com/?products%2F4750523%2F" "Mozilla/5.0 (X11; Linux x86_64) AppleWebKit/537.36 (KHTML, like Gecko) Chrome/143.0.7499.192 Safari/537.36"
209.85.238.139 - - [05/Feb/2026:01:34:20 -0500] "GET /wp-content/plugins/shopengine/widgets/init/assets/css/widget-frontend.css?ver=4.8.0 HTTP/1.0" 200 302993 "https://www.zenoxpressjobs.com/?products%2F4750523%2F" "Mozilla/5.0 (X11; Linux x86_64) AppleWebKit/537.36 (KHTML, like Gecko) Chrome/143.0.7499.192 Safari/537.36"
209.85.238.139 - - [05/Feb/2026:01:34:21 -0500] "GET /wp-content/themes/astra/assets/css/minified/compatibility/woocommerce/woocommerce.min.css?ver=4.11.7 HTTP/1.0" 200 118676 "https://www.zenoxpressjobs.com/?products%2F4750523%2F" "Mozilla/5.0 (X11; Linux x86_64) AppleWebKit/537.36 (KHTML, like Gecko) Chrome/143.0.7499.192 Safari/537.36"
209.85.238.139 - - [05/Feb/2026:01:34:23 -0500] "GET /wp-content/plugins/wp-social/assets/css/frontend.css?ver=3.1.2 HTTP/1.0" 200 67439 "https://www.zenoxpressjobs.com/?products%2F4750523%2F" "Mozilla/5.0 (X11; Linux x86_64) AppleWebKit/537.36 (KHTML, like Gecko) Chrome/143.0.7499.192 Safari/537.36"
209.85.238.139 - - [05/Feb/2026:01:34:23 -0500] "GET /wp-content/plugins/woocommerce/assets/client/blocks/wc-blocks.css?ver=wc-10.0.5 HTTP/1.0" 200 13882 "https://www.zenoxpressjobs.com/?products%2F4750523%2F" "Mozilla/5.0 (X11; Linux x86_64) AppleWebKit/537.36 (KHTML, like Gecko) Chrome/143.0.7499.192 Safari/537.36"
209.85.238.139 - - [05/Feb/2026:01:34:23 -0500] "GET /wp-content/plugins/header-footer-elementor/assets/css/header-footer-elementor.css?ver=2.4.4 HTTP/1.0" 200 776 "https://www.zenoxpressjobs.com/?products%2F4750523%2F" "Mozilla/5.0 (X11; Linux x86_64) AppleWebKit/537.36 (KHTML, like Gecko) Chrome/143.0.7499.192 Safari/537.36"
209.85.238.139 - - [05/Feb/2026:01:34:24 -0500] "GET /wp-content/plugins/elementor/assets/css/frontend.min.css?ver=3.30.2 HTTP/1.0" 200 53422 "https://www.zenoxpressjobs.com/?products%2F4750523%2F" "Mozilla/5.0 (X11; Linux x86_64) AppleWebKit/537.36 (KHTML, like Gecko) Chrome/143.0.7499.192 Safari/537.36"
209.85.238.139 - - [05/Feb/2026:01:34:25 -0500] "GET /wp-content/plugins/wp-social/assets/css/font-icon.css?ver=3.1.2 HTTP/1.0" 200 43696 "https://www.zenoxpressjobs.com/?products%2F4750523%2F" "Mozilla/5.0 (X11; Linux x86_64) AppleWebKit/537.36 (KHTML, like Gecko) Chrome/143.0.7499.192 Safari/537.36"
209.85.238.139 - - [05/Feb/2026:01:34:25 -0500] "GET /wp-content/uploads/elementor/css/post-1390.css?ver=1769709941 HTTP/1.0" 200 1296 "https://www.zenoxpressjobs.com/?products%2F4750523%2F" "Mozilla/5.0 (X11; Linux x86_64) AppleWebKit/537.36 (KHTML, like Gecko) Chrome/143.0.7499.192 Safari/537.36"
209.85.238.139 - - [05/Feb/2026:01:34:26 -0500] "GET /wp-content/plugins/elementor/assets/lib/eicons/css/elementor-icons.min.css?ver=5.43.0 HTTP/1.0" 200 21218 "https://www.zenoxpressjobs.com/?products%2F4750523%2F" "Mozilla/5.0 (X11; Linux x86_64) AppleWebKit/537.36 (KHTML, like Gecko) Chrome/143.0.7499.192 Safari/537.36"
209.85.238.139 - - [05/Feb/2026:01:34:27 -0500] "GET /wp-content/plugins/addons-for-elementor/assets/css/lib/animate.css?ver=8.8 HTTP/1.0" 200 212357 "https://www.zenoxpressjobs.com/?products%2F4750523%2F" "Mozilla/5.0 (X11; Linux x86_64) AppleWebKit/537.36 (KHTML, like Gecko) Chrome/143.0.7499.192 Safari/537.36"
209.85.238.139 - - [05/Feb/2026:01:34:29 -0500] "GET /wp-content/plugins/wpforms-lite/assets/css/frontend/classic/wpforms-base.min.css?ver=1.9.6.2 HTTP/1.0" 200 57784 "https://www.zenoxpressjobs.com/?products%2F4750523%2F" "Mozilla/5.0 (X11; Linux x86_64) AppleWebKit/537.36 (KHTML, like Gecko) Chrome/143.0.7499.192 Safari/537.36"
209.85.238.140 - - [05/Feb/2026:01:34:31 -0500] "GET /wp-content/plugins/addons-for-elementor/assets/css/lae-grid.css?ver=8.8 HTTP/1.0" 200 16662 "https://www.zenoxpressjobs.com/?products%2F4750523%2F" "Mozilla/5.0 (X11; Linux x86_64) AppleWebKit/537.36 (KHTML, like Gecko) Chrome/143.0.7499.192 Safari/537.36"
209.85.238.139 - - [05/Feb/2026:01:34:33 -0500] "GET /wp-content/plugins/addons-for-elementor/assets/css/lib/sliders.min.css?ver=8.8 HTTP/1.0" 200 4058 "https://www.zenoxpressjobs.com/?products%2F4750523%2F" "Mozilla/5.0 (X11; Linux x86_64) AppleWebKit/537.36 (KHTML, like Gecko) Chrome/143.0.7499.192 Safari/537.36"
209.85.238.140 - - [05/Feb/2026:01:34:34 -0500] "GET /wp-content/plugins/addons-for-elementor/assets/css/lae-frontend.css?ver=8.8 HTTP/1.0" 200 16035 "https://www.zenoxpressjobs.com/?products%2F4750523%2F" "Mozilla/5.0 (X11; Linux x86_64) AppleWebKit/537.36 (KHTML, like Gecko) Chrome/143.0.7499.192 Safari/537.36"
209.85.238.140 - - [05/Feb/2026:01:34:35 -0500] "GET /wp-content/plugins/addons-for-elementor/assets/css/icomoon.css?ver=8.8 HTTP/1.0" 200 17453 "https://www.zenoxpressjobs.com/?products%2F4750523%2F" "Mozilla/5.0 (X11; Linux x86_64) AppleWebKit/537.36 (KHTML, like Gecko) Chrome/143.0.7499.192 Safari/537.36"
173.231.242.79 - - [05/Feb/2026:01:34:35 -0500] "POST /wp-cron.php?doing_wp_cron=1770273275.7064158916473388671875 HTTP/1.0" 200 - "-" "WordPress/6.9.1; https://www.zenoxpressjobs.com"
74.7.241.28 - - [05/Feb/2026:01:34:35 -0500] "GET /detail/115396441 HTTP/1.0" 404 157592 "https://zenoxpressjobs.com" "Mozilla/5.0 AppleWebKit/537.36 (KHTML, like Gecko; compatible; GPTBot/1.3; +https://openai.com/gptbot)"
209.85.238.140 - - [05/Feb/2026:01:34:36 -0500] "GET /wp-content/plugins/elementor/assets/lib/font-awesome/css/all.min.css?ver=4.11.20 HTTP/1.0" 200 59344 "https://www.zenoxpressjobs.com/?products%2F4750523%2F" "Mozilla/5.0 (X11; Linux x86_64) AppleWebKit/537.36 (KHTML, like Gecko) Chrome/143.0.7499.192 Safari/537.36"
209.85.238.139 - - [05/Feb/2026:01:34:37 -0500] "GET /wp-content/plugins/elementor/assets/lib/font-awesome/css/v4-shims.min.css?ver=3.30.2 HTTP/1.0" 200 26702 "https://www.zenoxpressjobs.com/?products%2F4750523%2F" "Mozilla/5.0 (X11; Linux x86_64) AppleWebKit/537.36 (KHTML, like Gecko) Chrome/143.0.7499.192 Safari/537.36"
209.85.238.139 - - [05/Feb/2026:01:34:37 -0500] "GET /wp-content/plugins/elementor/assets/css/widget-heading.min.css?ver=3.30.2 HTTP/1.0" 200 600 "https://www.zenoxpressjobs.com/?products%2F4750523%2F" "Mozilla/5.0 (X11; Linux x86_64) AppleWebKit/537.36 (KHTML, like Gecko) Chrome/143.0.7499.192 Safari/537.36"
209.85.238.139 - - [05/Feb/2026:01:34:37 -0500] "GET /wp-content/plugins/elementor/assets/css/widget-image.min.css?ver=3.30.2 HTTP/1.0" 200 254 "https://www.zenoxpressjobs.com/?products%2F4750523%2F" "Mozilla/5.0 (X11; Linux x86_64) AppleWebKit/537.36 (KHTML, like Gecko) Chrome/143.0.7499.192 Safari/537.36"
209.85.238.139 - - [05/Feb/2026:01:34:38 -0500] "GET /wp-content/plugins/metform/public/assets/lib/cute-alert/style.css?ver=4.0.2 HTTP/1.0" 200 4719 "https://www.zenoxpressjobs.com/?products%2F4750523%2F" "Mozilla/5.0 (X11; Linux x86_64) AppleWebKit/537.36 (KHTML, like Gecko) Chrome/143.0.7499.192 Safari/537.36"
209.85.238.140 - - [05/Feb/2026:01:34:40 -0500] "GET /wp-content/plugins/woocommerce/assets/css/brands.css?ver=10.0.5 HTTP/1.0" 200 2279 "https://www.zenoxpressjobs.com/?products%2F4750523%2F" "Mozilla/5.0 (X11; Linux x86_64) AppleWebKit/537.36 (KHTML, like Gecko) Chrome/143.0.7499.192 Safari/537.36"
209.85.238.139 - - [05/Feb/2026:01:34:41 -0500] "GET /wp-includes/css/dashicons.min.css?ver=6.9.1 HTTP/1.0" 200 59004 "https://www.zenoxpressjobs.com/?products%2F4750523%2F" "Mozilla/5.0 (X11; Linux x86_64) AppleWebKit/537.36 (KHTML, like Gecko) Chrome/143.0.7499.192 Safari/537.36"
209.85.238.139 - - [05/Feb/2026:01:34:42 -0500] "GET /wp-admin/css/color-picker.min.css?ver=6.9.1 HTTP/1.0" 200 3063 "https://www.zenoxpressjobs.com/?products%2F4750523%2F" "Mozilla/5.0 (X11; Linux x86_64) AppleWebKit/537.36 (KHTML, like Gecko) Chrome/143.0.7499.192 Safari/537.36"
209.85.238.139 - - [05/Feb/2026:01:34:43 -0500] "GET /wp-content/plugins/shopengine/modules/comparison/assets/css/comparison.css?ver=6.9.1 HTTP/1.0" 200 8648 "https://www.zenoxpressjobs.com/?products%2F4750523%2F" "Mozilla/5.0 (X11; Linux x86_64) AppleWebKit/537.36 (KHTML, like Gecko) Chrome/143.0.7499.192 Safari/537.36"
209.85.238.140 - - [05/Feb/2026:01:34:43 -0500] "GET /wp-content/uploads/elementor/css/post-1165.css?ver=1769709941 HTTP/1.0" 200 7136 "https://www.zenoxpressjobs.com/?products%2F4750523%2F" "Mozilla/5.0 (X11; Linux x86_64) AppleWebKit/537.36 (KHTML, like Gecko) Chrome/143.0.7499.192 Safari/537.36"
209.85.238.139 - - [05/Feb/2026:01:34:45 -0500] "GET /wp-content/plugins/shopengine/modules/wishlist/assets/css/wishlist.css?ver=4.8.0 HTTP/1.0" 200 2083 "https://www.zenoxpressjobs.com/?products%2F4750523%2F" "Mozilla/5.0 (X11; Linux x86_64) AppleWebKit/537.36 (KHTML, like Gecko) Chrome/143.0.7499.192 Safari/537.36"
209.85.238.140 - - [05/Feb/2026:01:34:46 -0500] "GET /wp-content/plugins/metform/public/assets/css/text-editor.css?ver=4.0.2 HTTP/1.0" 200 22474 "https://www.zenoxpressjobs.com/?products%2F4750523%2F" "Mozilla/5.0 (X11; Linux x86_64) AppleWebKit/537.36 (KHTML, like Gecko) Chrome/143.0.7499.192 Safari/537.36"
209.85.238.140 - - [05/Feb/2026:01:34:46 -0500] "GET /wp-content/plugins/shopengine/modules/swatches/assets/css/frontend.css?ver=4.8.0 HTTP/1.0" 200 4366 "https://www.zenoxpressjobs.com/?products%2F4750523%2F" "Mozilla/5.0 (X11; Linux x86_64) AppleWebKit/537.36 (KHTML, like Gecko) Chrome/143.0.7499.192 Safari/537.36"
209.85.238.140 - - [05/Feb/2026:01:34:47 -0500] "GET /wp-content/uploads/elementor/google-fonts/css/robotocondensed.css?ver=1769710059 HTTP/1.0" 200 50094 "https://www.zenoxpressjobs.com/?products%2F4750523%2F" "Mozilla/5.0 (X11; Linux x86_64) AppleWebKit/537.36 (KHTML, like Gecko) Chrome/143.0.7499.192 Safari/537.36"
209.85.238.139 - - [05/Feb/2026:01:34:48 -0500] "GET /wp-content/plugins/elementor/assets/css/widget-icon-list.min.css?ver=3.24.3 HTTP/1.0" 200 10310 "https://www.zenoxpressjobs.com/?products%2F4750523%2F" "Mozilla/5.0 (X11; Linux x86_64) AppleWebKit/537.36 (KHTML, like Gecko) Chrome/143.0.7499.192 Safari/537.36"
209.85.238.139 - - [05/Feb/2026:01:34:48 -0500] "GET /wp-content/plugins/shopengine/assets/css/shopengine-modal.css?ver=4.8.0 HTTP/1.0" 200 3900 "https://www.zenoxpressjobs.com/?products%2F4750523%2F" "Mozilla/5.0 (X11; Linux x86_64) AppleWebKit/537.36 (KHTML, like Gecko) Chrome/143.0.7499.192 Safari/537.36"
209.85.238.140 - - [05/Feb/2026:01:34:50 -0500] "GET /wp-content/plugins/elementor/assets/lib/eicons/css/elementor-icons.min.css?ver=5.34.0 HTTP/1.0" 200 21218 "https://www.zenoxpressjobs.com/?products%2F4750523%2F" "Mozilla/5.0 (X11; Linux x86_64) AppleWebKit/537.36 (KHTML, like Gecko) Chrome/143.0.7499.192 Safari/537.36"
209.85.238.140 - - [05/Feb/2026:01:34:50 -0500] "GET /wp-content/plugins/wp-ultimate-review/assets/public/css/content-page.css?ver=2.3.6 HTTP/1.0" 200 25507 "https://www.zenoxpressjobs.com/?products%2F4750523%2F" "Mozilla/5.0 (X11; Linux x86_64) AppleWebKit/537.36 (KHTML, like Gecko) Chrome/143.0.7499.192 Safari/537.36"
209.85.238.140 - - [05/Feb/2026:01:34:50 -0500] "GET /wp-content/uploads/elementor/google-fonts/css/robotoslab.css?ver=1752011101 HTTP/1.0" 200 24255 "https://www.zenoxpressjobs.com/?products%2F4750523%2F" "Mozilla/5.0 (X11; Linux x86_64) AppleWebKit/537.36 (KHTML, like Gecko) Chrome/143.0.7499.192 Safari/537.36"
209.85.238.140 - - [05/Feb/2026:01:34:51 -0500] "GET /wp-content/uploads/elementor/google-fonts/css/roboto.css?ver=1752011100 HTTP/1.0" 200 105624 "https://www.zenoxpressjobs.com/?products%2F4750523%2F" "Mozilla/5.0 (X11; Linux x86_64) AppleWebKit/537.36 (KHTML, like Gecko) Chrome/143.0.7499.192 Safari/537.36"
209.85.238.140 - - [05/Feb/2026:01:34:52 -0500] "GET /wp-content/plugins/elementor/assets/css/widget-social-icons.min.css?ver=3.24.0 HTTP/1.0" 200 5150 "https://www.zenoxpressjobs.com/?products%2F4750523%2F" "Mozilla/5.0 (X11; Linux x86_64) AppleWebKit/537.36 (KHTML, like Gecko) Chrome/143.0.7499.192 Safari/537.36"
209.85.238.140 - - [05/Feb/2026:01:34:54 -0500] "GET /wp-content/plugins/essential-addons-for-elementor-lite/assets/front-end/css/view/general.min.css?ver=6.2.1 HTTP/1.0" 200 7418 "https://www.zenoxpressjobs.com/?products%2F4750523%2F" "Mozilla/5.0 (X11; Linux x86_64) AppleWebKit/537.36 (KHTML, like Gecko) Chrome/143.0.7499.192 Safari/537.36"
209.85.238.139 - - [05/Feb/2026:01:34:55 -0500] "GET /wp-content/plugins/elementskit-lite/widgets/init/assets/css/responsive.css?ver=3.5.5 HTTP/1.0" 200 30347 "https://www.zenoxpressjobs.com/?products%2F4750523%2F" "Mozilla/5.0 (X11; Linux x86_64) AppleWebKit/537.36 (KHTML, like Gecko) Chrome/143.0.7499.192 Safari/537.36"
209.85.238.140 - - [05/Feb/2026:01:34:56 -0500] "GET /wp-content/uploads/elementor/google-fonts/css/heebo.css?ver=1769728899 HTTP/1.0" 200 36909 "https://www.zenoxpressjobs.com/?products%2F4750523%2F" "Mozilla/5.0 (X11; Linux x86_64) AppleWebKit/537.36 (KHTML, like Gecko) Chrome/143.0.7499.192 Safari/537.36"
209.85.238.140 - - [05/Feb/2026:01:34:58 -0500] "GET /wp-content/plugins/elementor/assets/lib/font-awesome/css/fontawesome.css?ver=5.15.3 HTTP/1.0" 200 72184 "https://www.zenoxpressjobs.com/?products%2F4750523%2F" "Mozilla/5.0 (X11; Linux x86_64) AppleWebKit/537.36 (KHTML, like Gecko) Chrome/143.0.7499.192 Safari/537.36"
209.85.238.139 - - [05/Feb/2026:01:35:00 -0500] "GET /wp-content/plugins/elementor/assets/lib/font-awesome/css/brands.min.css?ver=5.15.3 HTTP/1.0" 200 675 "https://www.zenoxpressjobs.com/?products%2F4750523%2F" "Mozilla/5.0 (X11; Linux x86_64) AppleWebKit/537.36 (KHTML, like Gecko) Chrome/143.0.7499.192 Safari/537.36"
209.85.238.140 - - [05/Feb/2026:01:35:03 -0500] "GET /wp-content/plugins/elementor/assets/lib/font-awesome/css/brands.css?ver=5.15.3 HTTP/1.0" 200 732 "https://www.zenoxpressjobs.com/?products%2F4750523%2F" "Mozilla/5.0 (X11; Linux x86_64) AppleWebKit/537.36 (KHTML, like Gecko) Chrome/143.0.7499.192 Safari/537.36"
209.85.238.139 - - [05/Feb/2026:01:35:03 -0500] "GET /wp-content/plugins/elementor/assets/lib/font-awesome/css/solid.css?ver=5.15.3 HTTP/1.0" 200 727 "https://www.zenoxpressjobs.com/?products%2F4750523%2F" "Mozilla/5.0 (X11; Linux x86_64) AppleWebKit/537.36 (KHTML, like Gecko) Chrome/143.0.7499.192 Safari/537.36"
209.85.238.140 - - [05/Feb/2026:01:35:04 -0500] "GET /wp-content/plugins/elementskit-lite/widgets/init/assets/css/widget-styles.css?ver=3.5.5 HTTP/1.0" 200 461982 "https://www.zenoxpressjobs.com/?products%2F4750523%2F" "Mozilla/5.0 (X11; Linux x86_64) AppleWebKit/537.36 (KHTML, like Gecko) Chrome/143.0.7499.192 Safari/537.36"
209.85.238.140 - - [05/Feb/2026:01:35:05 -0500] "GET /wp-content/plugins/elementor/assets/lib/animations/styles/fadeIn.min.css?ver=3.30.2 HTTP/1.0" 200 77 "https://www.zenoxpressjobs.com/?products%2F4750523%2F" "Mozilla/5.0 (X11; Linux x86_64) AppleWebKit/537.36 (KHTML, like Gecko) Chrome/143.0.7499.192 Safari/537.36"
209.85.238.139 - - [05/Feb/2026:01:35:05 -0500] "GET /wp-content/uploads/elementor/css/post-1407.css?ver=1769748951 HTTP/1.0" 200 20972 "https://www.zenoxpressjobs.com/?products%2F4750523%2F" "Mozilla/5.0 (X11; Linux x86_64) AppleWebKit/537.36 (KHTML, like Gecko) Chrome/143.0.7499.192 Safari/537.36"
209.85.238.140 - - [05/Feb/2026:01:35:06 -0500] "GET /wp-content/plugins/elementor/assets/lib/font-awesome/js/v4-shims.min.js?ver=3.30.2 HTTP/1.0" 200 15073 "https://www.zenoxpressjobs.com/?products%2F4750523%2F" "Mozilla/5.0 (X11; Linux x86_64) AppleWebKit/537.36 (KHTML, like Gecko) Chrome/143.0.7499.192 Safari/537.36"
209.85.238.139 - - [05/Feb/2026:01:35:06 -0500] "GET /wp-content/plugins/wp-social/assets/js/front-main.js?ver=3.1.2 HTTP/1.0" 200 2341 "https://www.zenoxpressjobs.com/?products%2F4750523%2F" "Mozilla/5.0 (X11; Linux x86_64) AppleWebKit/537.36 (KHTML, like Gecko) Chrome/143.0.7499.192 Safari/537.36"
209.85.238.140 - - [05/Feb/2026:01:35:07 -0500] "GET /wp-includes/js/jquery/jquery.min.js?ver=3.7.1 HTTP/1.0" 200 87553 "https://www.zenoxpressjobs.com/?products%2F4750523%2F" "Mozilla/5.0 (X11; Linux x86_64) AppleWebKit/537.36 (KHTML, like Gecko) Chrome/143.0.7499.192 Safari/537.36"
209.85.238.140 - - [05/Feb/2026:01:35:08 -0500] "GET /wp-content/plugins/elementor/assets/lib/font-awesome/css/fontawesome.min.css?ver=5.15.3 HTTP/1.0" 200 58071 "https://www.zenoxpressjobs.com/?products%2F4750523%2F" "Mozilla/5.0 (X11; Linux x86_64) AppleWebKit/537.36 (KHTML, like Gecko) Chrome/143.0.7499.192 Safari/537.36"
209.85.238.139 - - [05/Feb/2026:01:35:08 -0500] "GET /wp-content/plugins/shopengine/modules/quick-view/assets/js/script.js?ver=6.9.1 HTTP/1.0" 200 492 "https://www.zenoxpressjobs.com/?products%2F4750523%2F" "Mozilla/5.0 (X11; Linux x86_64) AppleWebKit/537.36 (KHTML, like Gecko) Chrome/143.0.7499.192 Safari/537.36"
209.85.238.140 - - [05/Feb/2026:01:35:09 -0500] "GET /wp-content/plugins/shopengine/modules/wishlist/assets/js/wishlist.js?ver=6.9.1 HTTP/1.0" 200 1893 "https://www.zenoxpressjobs.com/?products%2F4750523%2F" "Mozilla/5.0 (X11; Linux x86_64) AppleWebKit/537.36 (KHTML, like Gecko) Chrome/143.0.7499.192 Safari/537.36"
209.85.238.139 - - [05/Feb/2026:01:35:10 -0500] "GET /wp-content/uploads/elementor/google-fonts/css/lato.css?ver=1752057682 HTTP/1.0" 200 8864 "https://www.zenoxpressjobs.com/?products%2F4750523%2F" "Mozilla/5.0 (X11; Linux x86_64) AppleWebKit/537.36 (KHTML, like Gecko) Chrome/143.0.7499.192 Safari/537.36"
209.85.238.139 - - [05/Feb/2026:01:35:10 -0500] "GET /wp-includes/js/jquery/jquery-migrate.min.js?ver=3.4.1 HTTP/1.0" 200 13577 "https://www.zenoxpressjobs.com/?products%2F4750523%2F" "Mozilla/5.0 (X11; Linux x86_64) AppleWebKit/537.36 (KHTML, like Gecko) Chrome/143.0.7499.192 Safari/537.36"
209.85.238.139 - - [05/Feb/2026:01:35:11 -0500] "GET /wp-content/plugins/wp-social/assets/js/social-front.js?ver=6.9.1 HTTP/1.0" 200 459 "https://www.zenoxpressjobs.com/?products%2F4750523%2F" "Mozilla/5.0 (X11; Linux x86_64) AppleWebKit/537.36 (KHTML, like Gecko) Chrome/143.0.7499.192 Safari/537.36"
209.85.238.139 - - [05/Feb/2026:01:35:11 -0500] "GET /wp-content/plugins/wp-ultimate-review/assets/public/script/content-page.js?ver=2.3.6 HTTP/1.0" 200 3962 "https://www.zenoxpressjobs.com/?products%2F4750523%2F" "Mozilla/5.0 (X11; Linux x86_64) AppleWebKit/537.36 (KHTML, like Gecko) Chrome/143.0.7499.192 Safari/537.36"
209.85.238.139 - - [05/Feb/2026:01:35:12 -0500] "GET /wp-content/plugins/elementor/assets/css/widget-social-icons.min.css?ver=3.30.2 HTTP/1.0" 200 5150 "https://www.zenoxpressjobs.com/?products%2F4750523%2F" "Mozilla/5.0 (X11; Linux x86_64) AppleWebKit/537.36 (KHTML, like Gecko) Chrome/143.0.7499.192 Safari/537.36"
209.85.238.139 - - [05/Feb/2026:01:35:12 -0500] "GET /wp-content/uploads/2020/08/imageedit_1_2370783157.png HTTP/1.0" 200 49784 "https://www.zenoxpressjobs.com/?products%2F4750523%2F" "Mozilla/5.0 (X11; Linux x86_64) AppleWebKit/537.36 (KHTML, like Gecko) Chrome/143.0.7499.192 Safari/537.36"
209.85.238.139 - - [05/Feb/2026:01:35:13 -0500] "GET /wp-content/plugins/elementskit-lite/modules/elementskit-icon-pack/assets/css/ekiticons.css?ver=3.5.5 HTTP/1.0" 200 124992 "https://www.zenoxpressjobs.com/?products%2F4750523%2F" "Mozilla/5.0 (X11; Linux x86_64) AppleWebKit/537.36 (KHTML, like Gecko) Chrome/143.0.7499.192 Safari/537.36"
209.85.238.139 - - [05/Feb/2026:01:35:14 -0500] "GET /wp-content/uploads/2026/01/Awards3.png HTTP/1.0" 200 13015 "https://www.zenoxpressjobs.com/?products%2F4750523%2F" "Mozilla/5.0 (X11; Linux x86_64) AppleWebKit/537.36 (KHTML, like Gecko) Chrome/143.0.7499.192 Safari/537.36"
209.85.238.139 - - [05/Feb/2026:01:35:14 -0500] "GET /wp-content/plugins/shopengine/assets/js/shopengine-modal.js?ver=4.8.0 HTTP/1.0" 200 5439 "https://www.zenoxpressjobs.com/?products%2F4750523%2F" "Mozilla/5.0 (X11; Linux x86_64) AppleWebKit/537.36 (KHTML, like Gecko) Chrome/143.0.7499.192 Safari/537.36"
209.85.238.139 - - [05/Feb/2026:01:35:15 -0500] "GET /wp-content/plugins/addons-for-elementor/assets/css/widgets/lae-widgets.min.css?ver=8.8 HTTP/1.0" 200 127560 "https://www.zenoxpressjobs.com/?products%2F4750523%2F" "Mozilla/5.0 (X11; Linux x86_64) AppleWebKit/537.36 (KHTML, like Gecko) Chrome/143.0.7499.192 Safari/537.36"
209.85.238.139 - - [05/Feb/2026:01:35:17 -0500] "GET /wp-content/plugins/woocommerce/assets/css/photoswipe/photoswipe.min.css?ver=10.0.5 HTTP/1.0" 200 3287 "https://www.zenoxpressjobs.com/?products%2F4750523%2F" "Mozilla/5.0 (X11; Linux x86_64) AppleWebKit/537.36 (KHTML, like Gecko) Chrome/143.0.7499.192 Safari/537.36"
74.7.241.28 - - [05/Feb/2026:01:35:17 -0500] "GET /detail/453858274 HTTP/1.0" 404 157592 "https://zenoxpressjobs.com" "Mozilla/5.0 AppleWebKit/537.36 (KHTML, like Gecko; compatible; GPTBot/1.3; +https://openai.com/gptbot)"
209.85.238.139 - - [05/Feb/2026:01:35:19 -0500] "GET /wp-content/plugins/shopengine/modules/swatches/loop-product-support/assets/swatches.css?ver=1770273254 HTTP/1.0" 200 - "https://www.zenoxpressjobs.com/?products%2F4750523%2F" "Mozilla/5.0 (X11; Linux x86_64) AppleWebKit/537.36 (KHTML, like Gecko) Chrome/143.0.7499.192 Safari/537.36"
209.85.238.139 - - [05/Feb/2026:01:35:20 -0500] "GET /wp-content/plugins/woocommerce/assets/css/photoswipe/default-skin/default-skin.min.css?ver=10.0.5 HTTP/1.0" 200 7947 "https://www.zenoxpressjobs.com/?products%2F4750523%2F" "Mozilla/5.0 (X11; Linux x86_64) AppleWebKit/537.36 (KHTML, like Gecko) Chrome/143.0.7499.192 Safari/537.36"
209.85.238.139 - - [05/Feb/2026:01:35:20 -0500] "GET /wp-content/plugins/elementor/assets/css/conditionals/apple-webkit.min.css?ver=3.30.2 HTTP/1.0" 200 7025 "https://www.zenoxpressjobs.com/?products%2F4750523%2F" "Mozilla/5.0 (X11; Linux x86_64) AppleWebKit/537.36 (KHTML, like Gecko) Chrome/143.0.7499.192 Safari/537.36"
209.85.238.139 - - [05/Feb/2026:01:35:22 -0500] "GET /wp-content/plugins/elementor/assets/css/widget-spacer.min.css?ver=3.30.2 HTTP/1.0" 200 1833 "https://www.zenoxpressjobs.com/?products%2F4750523%2F" "Mozilla/5.0 (X11; Linux x86_64) AppleWebKit/537.36 (KHTML, like Gecko) Chrome/143.0.7499.192 Safari/537.36"
209.85.238.139 - - [05/Feb/2026:01:35:24 -0500] "GET /wp-content/themes/astra/assets/js/minified/style.min.js?ver=4.11.7 HTTP/1.0" 200 13056 "https://www.zenoxpressjobs.com/?products%2F4750523%2F" "Mozilla/5.0 (X11; Linux x86_64) AppleWebKit/537.36 (KHTML, like Gecko) Chrome/143.0.7499.192 Safari/537.36"
209.85.238.139 - - [05/Feb/2026:01:35:25 -0500] "GET /wp-includes/js/dist/dom-ready.min.js?ver=f77871ff7694fffea381 HTTP/1.0" 200 457 "https://www.zenoxpressjobs.com/?products%2F4750523%2F" "Mozilla/5.0 (X11; Linux x86_64) AppleWebKit/537.36 (KHTML, like Gecko) Chrome/143.0.7499.192 Safari/537.36"
209.85.238.139 - - [05/Feb/2026:01:35:26 -0500] "GET /wp-content/plugins/astra-sites/inc/lib/onboarding/assets/dist/template-preview/main.js?ver=06758d4d807d9d22c6ea HTTP/1.0" 200 6581 "https://www.zenoxpressjobs.com/?products%2F4750523%2F" "Mozilla/5.0 (X11; Linux x86_64) AppleWebKit/537.36 (KHTML, like Gecko) Chrome/143.0.7499.192 Safari/537.36"
209.85.238.139 - - [05/Feb/2026:01:35:27 -0500] "GET /wp-includes/js/jquery/ui/core.min.js?ver=1.13.3 HTTP/1.0" 200 21464 "https://www.zenoxpressjobs.com/?products%2F4750523%2F" "Mozilla/5.0 (X11; Linux x86_64) AppleWebKit/537.36 (KHTML, like Gecko) Chrome/143.0.7499.192 Safari/537.36"
209.85.238.139 - - [05/Feb/2026:01:35:28 -0500] "GET /wp-content/plugins/elementor/assets/js/frontend-modules.min.js?ver=3.30.2 HTTP/1.0" 200 48393 "https://www.zenoxpressjobs.com/?products%2F4750523%2F" "Mozilla/5.0 (X11; Linux x86_64) AppleWebKit/537.36 (KHTML, like Gecko) Chrome/143.0.7499.192 Safari/537.36"
209.85.238.139 - - [05/Feb/2026:01:35:30 -0500] "GET /wp-content/plugins/elementor/assets/js/webpack.runtime.min.js?ver=3.30.2 HTTP/1.0" 200 5700 "https://www.zenoxpressjobs.com/?products%2F4750523%2F" "Mozilla/5.0 (X11; Linux x86_64) AppleWebKit/537.36 (KHTML, like Gecko) Chrome/143.0.7499.192 Safari/537.36"
209.85.238.139 - - [05/Feb/2026:01:35:31 -0500] "GET /wp-content/plugins/elementor/assets/js/frontend.min.js?ver=3.30.2 HTTP/1.0" 200 32876 "https://www.zenoxpressjobs.com/?products%2F4750523%2F" "Mozilla/5.0 (X11; Linux x86_64) AppleWebKit/537.36 (KHTML, like Gecko) Chrome/143.0.7499.192 Safari/537.36"
209.85.238.139 - - [05/Feb/2026:01:35:32 -0500] "GET /wp-content/plugins/elementskit-lite/libs/framework/assets/js/frontend-script.js?ver=3.5.5 HTTP/1.0" 200 40 "https://www.zenoxpressjobs.com/?products%2F4750523%2F" "Mozilla/5.0 (X11; Linux x86_64) AppleWebKit/537.36 (KHTML, like Gecko) Chrome/143.0.7499.192 Safari/537.36"
209.85.238.139 - - [05/Feb/2026:01:35:33 -0500] "GET /wp-content/plugins/shopengine/assets/js/filter.js?ver=4.8.0 HTTP/1.0" 200 1139 "https://www.zenoxpressjobs.com/?products%2F4750523%2F" "Mozilla/5.0 (X11; Linux x86_64) AppleWebKit/537.36 (KHTML, like Gecko) Chrome/143.0.7499.192 Safari/537.36"
209.85.238.139 - - [05/Feb/2026:01:35:33 -0500] "GET /wp-content/plugins/shopengine/assets/js/simple-scrollbar.js?ver=4.8.0 HTTP/1.0" 200 2919 "https://www.zenoxpressjobs.com/?products%2F4750523%2F" "Mozilla/5.0 (X11; Linux x86_64) AppleWebKit/537.36 (KHTML, like Gecko) Chrome/143.0.7499.192 Safari/537.36"
209.85.238.139 - - [05/Feb/2026:01:35:34 -0500] "GET /wp-content/plugins/metform/public/assets/lib/cute-alert/cute-alert.js?ver=4.0.2 HTTP/1.0" 200 3516 "https://www.zenoxpressjobs.com/?products%2F4750523%2F" "Mozilla/5.0 (X11; Linux x86_64) AppleWebKit/537.36 (KHTML, like Gecko) Chrome/143.0.7499.192 Safari/537.36"
209.85.238.139 - - [05/Feb/2026:01:35:35 -0500] "GET /wp-content/plugins/shopengine/assets/js/public.js?ver=4.8.0 HTTP/1.0" 200 276 "https://www.zenoxpressjobs.com/?products%2F4750523%2F" "Mozilla/5.0 (X11; Linux x86_64) AppleWebKit/537.36 (KHTML, like Gecko) Chrome/143.0.7499.192 Safari/537.36"
209.85.238.139 - - [05/Feb/2026:01:35:36 -0500] "GET /wp-content/plugins/shopengine/modules/comparison/assets/js/comparison.js?ver=4.8.0 HTTP/1.0" 200 5123 "https://www.zenoxpressjobs.com/?products%2F4750523%2F" "Mozilla/5.0 (X11; Linux x86_64) AppleWebKit/537.36 (KHTML, like Gecko) Chrome/143.0.7499.192 Safari/537.36"
209.85.238.139 - - [05/Feb/2026:01:35:36 -0500] "GET /wp-content/plugins/elementskit-lite/widgets/init/assets/js/widget-scripts.js?ver=3.5.5 HTTP/1.0" 200 137522 "https://www.zenoxpressjobs.com/?products%2F4750523%2F" "Mozilla/5.0 (X11; Linux x86_64) AppleWebKit/537.36 (KHTML, like Gecko) Chrome/143.0.7499.192 Safari/537.36"
209.85.238.139 - - [05/Feb/2026:01:35:37 -0500] "GET /wp-content/plugins/shopengine/modules/swatches/loop-product-support/assets/swatches.js?ver=1515155 HTTP/1.0" 200 513 "https://www.zenoxpressjobs.com/?products%2F4750523%2F" "Mozilla/5.0 (X11; Linux x86_64) AppleWebKit/537.36 (KHTML, like Gecko) Chrome/143.0.7499.192 Safari/537.36"
209.85.238.139 - - [05/Feb/2026:01:35:39 -0500] "GET /wp-content/plugins/elementskit-lite/widgets/init/assets/js/elementor.js?ver=3.5.5 HTTP/1.0" 200 19254 "https://www.zenoxpressjobs.com/?products%2F4750523%2F" "Mozilla/5.0 (X11; Linux x86_64) AppleWebKit/537.36 (KHTML, like Gecko) Chrome/143.0.7499.192 Safari/537.36"
209.85.238.139 - - [05/Feb/2026:01:35:40 -0500] "GET /wp-content/plugins/elementskit-lite/widgets/init/assets/js/animate-circle.min.js?ver=3.5.5 HTTP/1.0" 200 681 "https://www.zenoxpressjobs.com/?products%2F4750523%2F" "Mozilla/5.0 (X11; Linux x86_64) AppleWebKit/537.36 (KHTML, like Gecko) Chrome/143.0.7499.192 Safari/537.36"
209.85.238.139 - - [05/Feb/2026:01:35:41 -0500] "GET /wp-includes/js/wp-util.min.js?ver=6.9.1 HTTP/1.0" 200 1426 "https://www.zenoxpressjobs.com/?products%2F4750523%2F" "Mozilla/5.0 (X11; Linux x86_64) AppleWebKit/537.36 (KHTML, like Gecko) Chrome/143.0.7499.192 Safari/537.36"
209.85.238.139 - - [05/Feb/2026:01:35:41 -0500] "GET /wp-includes/js/underscore.min.js?ver=1.13.7 HTTP/1.0" 200 18905 "https://www.zenoxpressjobs.com/?products%2F4750523%2F" "Mozilla/5.0 (X11; Linux x86_64) AppleWebKit/537.36 (KHTML, like Gecko) Chrome/143.0.7499.192 Safari/537.36"
209.85.238.139 - - [05/Feb/2026:01:35:43 -0500] "GET /wp-content/plugins/woocommerce/assets/js/frontend/add-to-cart.min.js?ver=10.0.5 HTTP/1.0" 200 4213 "https://www.zenoxpressjobs.com/?products%2F4750523%2F" "Mozilla/5.0 (X11; Linux x86_64) AppleWebKit/537.36 (KHTML, like Gecko) Chrome/143.0.7499.192 Safari/537.36"
209.85.238.139 - - [05/Feb/2026:01:35:44 -0500] "GET /wp-content/plugins/woocommerce/assets/js/photoswipe/photoswipe.min.js?ver=4.1.1-wc.10.0.5 HTTP/1.0" 200 31626 "https://www.zenoxpressjobs.com/?products%2F4750523%2F" "Mozilla/5.0 (X11; Linux x86_64) AppleWebKit/537.36 (KHTML, like Gecko) Chrome/143.0.7499.192 Safari/537.36"
209.85.238.139 - - [05/Feb/2026:01:35:45 -0500] "GET /wp-content/plugins/woocommerce/assets/js/sourcebuster/sourcebuster.min.js?ver=10.0.5 HTTP/1.0" 200 15315 "https://www.zenoxpressjobs.com/?products%2F4750523%2F" "Mozilla/5.0 (X11; Linux x86_64) AppleWebKit/537.36 (KHTML, like Gecko) Chrome/143.0.7499.192 Safari/537.36"
209.85.238.139 - - [05/Feb/2026:01:35:45 -0500] "GET /wp-content/plugins/woocommerce/assets/js/jquery-blockui/jquery.blockUI.min.js?ver=2.7.0-wc.10.0.5 HTTP/1.0" 200 9636 "https://www.zenoxpressjobs.com/?products%2F4750523%2F" "Mozilla/5.0 (X11; Linux x86_64) AppleWebKit/537.36 (KHTML, like Gecko) Chrome/143.0.7499.192 Safari/537.36"
209.85.238.139 - - [05/Feb/2026:01:35:46 -0500] "GET /wp-content/plugins/woocommerce/assets/js/js-cookie/js.cookie.min.js?ver=2.1.4-wc.10.0.5 HTTP/1.0" 200 1720 "https://www.zenoxpressjobs.com/?products%2F4750523%2F" "Mozilla/5.0 (X11; Linux x86_64) AppleWebKit/537.36 (KHTML, like Gecko) Chrome/143.0.7499.192 Safari/537.36"
209.85.238.139 - - [05/Feb/2026:01:35:47 -0500] "GET /wp-content/plugins/woocommerce/assets/js/frontend/cart-fragments.min.js?ver=10.0.5 HTTP/1.0" 200 2939 "https://www.zenoxpressjobs.com/?products%2F4750523%2F" "Mozilla/5.0 (X11; Linux x86_64) AppleWebKit/537.36 (KHTML, like Gecko) Chrome/143.0.7499.192 Safari/537.36"
209.85.238.139 - - [05/Feb/2026:01:35:47 -0500] "GET /wp-content/plugins/woocommerce/assets/js/zoom/jquery.zoom.min.js?ver=1.7.21-wc.10.0.5 HTTP/1.0" 200 2673 "https://www.zenoxpressjobs.com/?products%2F4750523%2F" "Mozilla/5.0 (X11; Linux x86_64) AppleWebKit/537.36 (KHTML, like Gecko) Chrome/143.0.7499.192 Safari/537.36"
209.85.238.139 - - [05/Feb/2026:01:35:48 -0500] "GET /wp-content/plugins/woocommerce/assets/js/frontend/single-product.min.js?ver=10.0.5 HTTP/1.0" 200 9649 "https://www.zenoxpressjobs.com/?products%2F4750523%2F" "Mozilla/5.0 (X11; Linux x86_64) AppleWebKit/537.36 (KHTML, like Gecko) Chrome/143.0.7499.192 Safari/537.36"
209.85.238.139 - - [05/Feb/2026:01:35:49 -0500] "GET /wp-content/plugins/woocommerce/assets/js/frontend/add-to-cart-variation.min.js?ver=10.0.5 HTTP/1.0" 200 14751 "https://www.zenoxpressjobs.com/?products%2F4750523%2F" "Mozilla/5.0 (X11; Linux x86_64) AppleWebKit/537.36 (KHTML, like Gecko) Chrome/143.0.7499.192 Safari/537.36"
209.85.238.139 - - [05/Feb/2026:01:35:51 -0500] "GET /wp-content/themes/astra/assets/css/minified/compatibility/woocommerce/woocommerce-smallscreen.min.css?ver=4.11.7 HTTP/1.0" 200 6262 "https://www.zenoxpressjobs.com/?products%2F4750523%2F" "Mozilla/5.0 (X11; Linux x86_64) AppleWebKit/537.36 (KHTML, like Gecko) Chrome/143.0.7499.192 Safari/537.36"
209.85.238.139 - - [05/Feb/2026:01:35:51 -0500] "GET /wp-content/plugins/woocommerce/assets/js/frontend/woocommerce.min.js?ver=10.0.5 HTTP/1.0" 200 4131 "https://www.zenoxpressjobs.com/?products%2F4750523%2F" "Mozilla/5.0 (X11; Linux x86_64) AppleWebKit/537.36 (KHTML, like Gecko) Chrome/143.0.7499.192 Safari/537.36"
209.85.238.139 - - [05/Feb/2026:01:35:52 -0500] "GET /wp-content/plugins/woocommerce/assets/js/photoswipe/photoswipe-ui-default.min.js?ver=4.1.1-wc.10.0.5 HTTP/1.0" 200 9749 "https://www.zenoxpressjobs.com/?products%2F4750523%2F" "Mozilla/5.0 (X11; Linux x86_64) AppleWebKit/537.36 (KHTML, like Gecko) Chrome/143.0.7499.192 Safari/537.36"
209.85.238.139 - - [05/Feb/2026:01:35:52 -0500] "GET /wp-content/plugins/shopengine/widgets/init/assets/js/widgets.js?ver=4.8.0 HTTP/1.0" 200 24021 "https://www.zenoxpressjobs.com/?products%2F4750523%2F" "Mozilla/5.0 (X11; Linux x86_64) AppleWebKit/537.36 (KHTML, like Gecko) Chrome/143.0.7499.192 Safari/537.36"
209.85.238.139 - - [05/Feb/2026:01:35:53 -0500] "GET /wp-content/plugins/woocommerce/assets/js/flexslider/jquery.flexslider.min.js?ver=2.7.2-wc.10.0.5 HTTP/1.0" 200 21555 "https://www.zenoxpressjobs.com/?products%2F4750523%2F" "Mozilla/5.0 (X11; Linux x86_64) AppleWebKit/537.36 (KHTML, like Gecko) Chrome/143.0.7499.192 Safari/537.36"
209.85.238.139 - - [05/Feb/2026:01:35:54 -0500] "GET /wp-content/plugins/woocommerce/assets/js/frontend/order-attribution.min.js?ver=10.0.5 HTTP/1.0" 200 2346 "https://www.zenoxpressjobs.com/?products%2F4750523%2F" "Mozilla/5.0 (X11; Linux x86_64) AppleWebKit/537.36 (KHTML, like Gecko) Chrome/143.0.7499.192 Safari/537.36"
209.85.238.139 - - [05/Feb/2026:01:35:54 -0500] "GET /wp-content/plugins/shopengine/modules/swatches/assets/js/frontend.js?ver=4.8.0 HTTP/1.0" 200 3942 "https://www.zenoxpressjobs.com/?products%2F4750523%2F" "Mozilla/5.0 (X11; Linux x86_64) AppleWebKit/537.36 (KHTML, like Gecko) Chrome/143.0.7499.192 Safari/537.36"
209.85.238.139 - - [05/Feb/2026:01:35:55 -0500] "GET /wp-content/plugins/essential-addons-for-elementor-lite/assets/front-end/js/view/general.min.js?ver=6.2.1 HTTP/1.0" 200 11619 "https://www.zenoxpressjobs.com/?products%2F4750523%2F" "Mozilla/5.0 (X11; Linux x86_64) AppleWebKit/537.36 (KHTML, like Gecko) Chrome/143.0.7499.192 Safari/537.36"
209.85.238.139 - - [05/Feb/2026:01:35:55 -0500] "GET /wp-content/uploads/2020/08/SlideHive3-1024x607-1.jpg HTTP/1.0" 200 29158 "https://www.zenoxpressjobs.com/wp-content/uploads/elementor/css/post-1407.css?ver=1769748951" "Mozilla/5.0 (X11; Linux x86_64) AppleWebKit/537.36 (KHTML, like Gecko) Chrome/143.0.7499.192 Safari/537.36"
209.85.238.139 - - [05/Feb/2026:01:35:56 -0500] "GET /wp-content/uploads/2026/01/S3.jpg HTTP/1.0" 200 152993 "https://www.zenoxpressjobs.com/wp-content/uploads/elementor/css/post-1407.css?ver=1769748951" "Mozilla/5.0 (X11; Linux x86_64) AppleWebKit/537.36 (KHTML, like Gecko) Chrome/143.0.7499.192 Safari/537.36"
209.85.238.139 - - [05/Feb/2026:01:35:57 -0500] "GET /wp-content/uploads/elementor/google-fonts/fonts/robotocondensed-ievl2zhzi2ecn5jzbjeets9weq8-19k7dq.woff2 HTTP/1.0" 200 51412 "https://www.zenoxpressjobs.com/wp-content/uploads/elementor/google-fonts/css/robotocondensed.css?ver=1769710059" "Mozilla/5.0 (X11; Linux x86_64) AppleWebKit/537.36 (KHTML, like Gecko) Chrome/143.0.7499.192 Safari/537.36"
209.85.238.139 - - [05/Feb/2026:01:35:57 -0500] "GET /wp-content/plugins/elementor/assets/lib/font-awesome/webfonts/fa-brands-400.woff2 HTTP/1.0" 200 81612 "https://www.zenoxpressjobs.com/wp-content/plugins/elementor/assets/lib/font-awesome/css/all.css?ver=4.8.0" "Mozilla/5.0 (X11; Linux x86_64) AppleWebKit/537.36 (KHTML, like Gecko) Chrome/143.0.7499.192 Safari/537.36"
209.85.238.139 - - [05/Feb/2026:01:35:58 -0500] "GET /wp-content/uploads/elementor/google-fonts/fonts/heebo-ngs6v5_nc0k9p9h2tbe.woff2 HTTP/1.0" 200 30116 "https://www.zenoxpressjobs.com/wp-content/uploads/elementor/google-fonts/css/heebo.css?ver=1769728899" "Mozilla/5.0 (X11; Linux x86_64) AppleWebKit/537.36 (KHTML, like Gecko) Chrome/143.0.7499.192 Safari/537.36"
209.85.238.139 - - [05/Feb/2026:01:35:58 -0500] "GET /wp-content/themes/astra/assets/fonts/astra.woff HTTP/1.0" 200 3304 "https://www.zenoxpressjobs.com/?products%2F4750523%2F" "Mozilla/5.0 (X11; Linux x86_64) AppleWebKit/537.36 (KHTML, like Gecko) Chrome/143.0.7499.192 Safari/537.36"
209.85.238.139 - - [05/Feb/2026:01:35:59 -0500] "GET /wp-content/plugins/elementor/assets/js/section-frontend-handlers.d85ab872da118940910d.bundle.min.js HTTP/1.0" 200 489 "https://www.zenoxpressjobs.com/?products%2F4750523%2F" "Mozilla/5.0 (X11; Linux x86_64) AppleWebKit/537.36 (KHTML, like Gecko) Chrome/143.0.7499.192 Safari/537.36"
173.231.242.79 - - [05/Feb/2026:01:36:00 -0500] "POST /wp-cron.php?doing_wp_cron=1770273360.8307759761810302734375 HTTP/1.0" 200 - "-" "WordPress/6.9.1; https://www.zenoxpressjobs.com"
209.85.238.139 - - [05/Feb/2026:01:35:59 -0500] "POST /?wc-ajax=get_refreshed_fragments HTTP/1.0" 200 1674 "https://www.zenoxpressjobs.com/?products%2F4750523%2F" "Mozilla/5.0 (X11; Linux x86_64) AppleWebKit/537.36 (KHTML, like Gecko) Chrome/143.0.7499.192 Safari/537.36"
209.85.238.139 - - [05/Feb/2026:01:36:00 -0500] "GET /wp-content/plugins/elementor/assets/js/shared-frontend-handlers.30dc2f9c080845a413a6.bundle.min.js HTTP/1.0" 200 8541 "https://www.zenoxpressjobs.com/?products%2F4750523%2F" "Mozilla/5.0 (X11; Linux x86_64) AppleWebKit/537.36 (KHTML, like Gecko) Chrome/143.0.7499.192 Safari/537.36"
74.7.241.28 - - [05/Feb/2026:01:36:00 -0500] "GET /detail/572482110 HTTP/1.0" 404 157592 "https://zenoxpressjobs.com" "Mozilla/5.0 AppleWebKit/537.36 (KHTML, like Gecko; compatible; GPTBot/1.3; +https://openai.com/gptbot)"
209.85.238.139 - - [05/Feb/2026:01:36:03 -0500] "GET /wp-content/plugins/elementor/assets/js/text-editor.c084ef86600b6f11690d.bundle.min.js HTTP/1.0" 200 1394 "https://www.zenoxpressjobs.com/?products%2F4750523%2F" "Mozilla/5.0 (X11; Linux x86_64) AppleWebKit/537.36 (KHTML, like Gecko) Chrome/143.0.7499.192 Safari/537.36"
