66.249.73.171 - - [05/Feb/2026:00:21:45 -0500] "GET /detail/333068703 HTTP/1.0" 404 157603 "-" "Mozilla/5.0 (Linux; Android 6.0.1; Nexus 5X Build/MMB29P) AppleWebKit/537.36 (KHTML, like Gecko) Chrome/144.0.7559.109 Mobile Safari/537.36 (compatible; Googlebot/2.1; +http://www.google.com/bot.html)"
74.7.241.28 - - [05/Feb/2026:00:22:04 -0500] "GET /detail/336477059 HTTP/1.0" 404 157592 "https://zenoxpressjobs.com" "Mozilla/5.0 AppleWebKit/537.36 (KHTML, like Gecko; compatible; GPTBot/1.3; +https://openai.com/gptbot)"
173.231.242.79 - - [05/Feb/2026:00:22:46 -0500] "POST /wp-cron.php?doing_wp_cron=1770268966.4882171154022216796875 HTTP/1.0" 200 - "-" "WordPress/6.9.1; https://www.zenoxpressjobs.com"
74.7.241.28 - - [05/Feb/2026:00:22:44 -0500] "GET /detail/568773577 HTTP/1.0" 404 157592 "https://zenoxpressjobs.com" "Mozilla/5.0 AppleWebKit/537.36 (KHTML, like Gecko; compatible; GPTBot/1.3; +https://openai.com/gptbot)"
74.7.241.28 - - [05/Feb/2026:00:23:26 -0500] "GET /detail/344711305 HTTP/1.0" 404 157592 "https://zenoxpressjobs.com" "Mozilla/5.0 AppleWebKit/537.36 (KHTML, like Gecko; compatible; GPTBot/1.3; +https://openai.com/gptbot)"
173.231.242.79 - - [05/Feb/2026:00:23:57 -0500] "POST /wp-cron.php?doing_wp_cron=1770269037.6327800750732421875000 HTTP/1.0" 200 - "-" "WordPress/6.9.1; https://www.zenoxpressjobs.com"
54.39.6.171 - - [05/Feb/2026:00:23:56 -0500] "GET /detail/264653068 HTTP/1.0" 301 - "-" "Mozilla/5.0 (compatible; AhrefsBot/7.0; +http://ahrefs.com/robot/)"
66.249.73.171 - - [05/Feb/2026:00:23:57 -0500] "GET /detail/234127796 HTTP/1.0" 404 157603 "-" "Mozilla/5.0 (Linux; Android 6.0.1; Nexus 5X Build/MMB29P) AppleWebKit/537.36 (KHTML, like Gecko) Chrome/144.0.7559.109 Mobile Safari/537.36 (compatible; Googlebot/2.1; +http://www.google.com/bot.html)"
173.231.242.79 - - [05/Feb/2026:00:24:09 -0500] "POST /wp-cron.php?doing_wp_cron=1770269049.3442409038543701171875 HTTP/1.0" 200 - "-" "WordPress/6.9.1; https://www.zenoxpressjobs.com"
74.7.241.28 - - [05/Feb/2026:00:24:07 -0500] "GET /detail/257180114 HTTP/1.0" 404 157592 "https://zenoxpressjobs.com" "Mozilla/5.0 AppleWebKit/537.36 (KHTML, like Gecko; compatible; GPTBot/1.3; +https://openai.com/gptbot)"
18.97.9.100 - - [05/Feb/2026:00:24:30 -0500] "GET /robots.txt HTTP/1.0" 200 272 "-" "Mozilla/5.0 AppleWebKit/537.36 (KHTML, like Gecko; compatible; PerplexityBot/1.0; +https://perplexity.ai/perplexitybot)"
173.231.242.79 - - [05/Feb/2026:00:24:33 -0500] "POST /wp-cron.php?doing_wp_cron=1770269072.9781079292297363281250 HTTP/1.0" 200 - "-" "WordPress/6.9.1; https://www.zenoxpressjobs.com"
18.97.9.97 - - [05/Feb/2026:00:24:31 -0500] "GET /?products/25223823/ HTTP/1.0" 301 - "-" "Mozilla/5.0 AppleWebKit/537.36 (KHTML, like Gecko; compatible; PerplexityBot/1.0; +https://perplexity.ai/perplexitybot)"
74.7.241.28 - - [05/Feb/2026:00:24:48 -0500] "GET /detail/375513600 HTTP/1.0" 404 157592 "https://zenoxpressjobs.com" "Mozilla/5.0 AppleWebKit/537.36 (KHTML, like Gecko; compatible; GPTBot/1.3; +https://openai.com/gptbot)"
66.249.73.172 - - [05/Feb/2026:00:24:52 -0500] "GET /detail/226051558 HTTP/1.0" 404 157603 "-" "Mozilla/5.0 (Linux; Android 6.0.1; Nexus 5X Build/MMB29P) AppleWebKit/537.36 (KHTML, like Gecko) Chrome/144.0.7559.109 Mobile Safari/537.36 (compatible; Googlebot/2.1; +http://www.google.com/bot.html)"
66.249.73.160 - - [05/Feb/2026:00:24:53 -0500] "GET /detail/226051558 HTTP/1.0" 404 157592 "-" "Mozilla/5.0 (compatible; Googlebot/2.1; +http://www.google.com/bot.html)"
173.231.242.79 - - [05/Feb/2026:00:25:33 -0500] "POST /wp-cron.php?doing_wp_cron=1770269133.7738590240478515625000 HTTP/1.0" 200 - "-" "WordPress/6.9.1; https://www.zenoxpressjobs.com"
74.7.241.28 - - [05/Feb/2026:00:25:32 -0500] "GET /detail/260264918 HTTP/1.0" 404 157592 "https://zenoxpressjobs.com" "Mozilla/5.0 AppleWebKit/537.36 (KHTML, like Gecko; compatible; GPTBot/1.3; +https://openai.com/gptbot)"
74.7.241.28 - - [05/Feb/2026:00:26:12 -0500] "GET /detail/127440793 HTTP/1.0" 404 157592 "https://zenoxpressjobs.com" "Mozilla/5.0 AppleWebKit/537.36 (KHTML, like Gecko; compatible; GPTBot/1.3; +https://openai.com/gptbot)"
173.231.242.79 - - [05/Feb/2026:00:26:56 -0500] "POST /wp-cron.php?doing_wp_cron=1770269216.4399399757385253906250 HTTP/1.0" 200 - "-" "WordPress/6.9.1; https://www.zenoxpressjobs.com"
74.7.241.28 - - [05/Feb/2026:00:26:54 -0500] "GET /detail/307766487 HTTP/1.0" 404 157592 "https://zenoxpressjobs.com" "Mozilla/5.0 AppleWebKit/537.36 (KHTML, like Gecko; compatible; GPTBot/1.3; +https://openai.com/gptbot)"
173.231.242.79 - - [05/Feb/2026:00:27:38 -0500] "POST /wp-cron.php?doing_wp_cron=1770269258.7193949222564697265625 HTTP/1.0" 200 - "-" "WordPress/6.9.1; https://www.zenoxpressjobs.com"
74.7.241.28 - - [05/Feb/2026:00:27:37 -0500] "GET /detail/474258552 HTTP/1.0" 404 157592 "https://zenoxpressjobs.com" "Mozilla/5.0 AppleWebKit/537.36 (KHTML, like Gecko; compatible; GPTBot/1.3; +https://openai.com/gptbot)"
66.249.73.172 - - [05/Feb/2026:00:28:03 -0500] "GET /detail/509929873 HTTP/1.0" 404 157592 "-" "Mozilla/5.0 (compatible; Googlebot/2.1; +http://www.google.com/bot.html)"
74.7.241.28 - - [05/Feb/2026:00:28:17 -0500] "GET /detail/172629967 HTTP/1.0" 404 157484 "http://zenoxpressjobs.com" "Mozilla/5.0 AppleWebKit/537.36 (KHTML, like Gecko; compatible; GPTBot/1.3; +https://openai.com/gptbot)"
173.231.242.79 - - [05/Feb/2026:00:28:34 -0500] "POST /wp-cron.php?doing_wp_cron=1770269314.6679599285125732421875 HTTP/1.0" 200 - "-" "WordPress/6.9.1; https://www.zenoxpressjobs.com"
148.113.128.210 - - [05/Feb/2026:00:28:34 -0500] "GET /detail/261582897 HTTP/1.0" 301 - "-" "Mozilla/5.0 (compatible; AhrefsBot/7.0; +http://ahrefs.com/robot/)"
74.7.241.28 - - [05/Feb/2026:00:28:59 -0500] "GET /detail/268964279 HTTP/1.0" 404 157592 "https://zenoxpressjobs.com" "Mozilla/5.0 AppleWebKit/537.36 (KHTML, like Gecko; compatible; GPTBot/1.3; +https://openai.com/gptbot)"
173.231.242.79 - - [05/Feb/2026:00:29:44 -0500] "POST /wp-cron.php?doing_wp_cron=1770269384.5348649024963378906250 HTTP/1.0" 200 - "-" "WordPress/6.9.1; https://www.zenoxpressjobs.com"
74.7.241.28 - - [05/Feb/2026:00:29:42 -0500] "GET /detail/300525174 HTTP/1.0" 404 157592 "https://zenoxpressjobs.com" "Mozilla/5.0 AppleWebKit/537.36 (KHTML, like Gecko; compatible; GPTBot/1.3; +https://openai.com/gptbot)"
74.7.241.28 - - [05/Feb/2026:00:30:23 -0500] "GET /detail/463631042 HTTP/1.0" 404 157592 "https://zenoxpressjobs.com" "Mozilla/5.0 AppleWebKit/537.36 (KHTML, like Gecko; compatible; GPTBot/1.3; +https://openai.com/gptbot)"
173.231.242.79 - - [05/Feb/2026:00:31:05 -0500] "POST /wp-cron.php?doing_wp_cron=1770269465.3727009296417236328125 HTTP/1.0" 200 - "-" "WordPress/6.9.1; https://www.zenoxpressjobs.com"
74.7.241.28 - - [05/Feb/2026:00:31:03 -0500] "GET /detail/256692664 HTTP/1.0" 404 157592 "https://zenoxpressjobs.com" "Mozilla/5.0 AppleWebKit/537.36 (KHTML, like Gecko; compatible; GPTBot/1.3; +https://openai.com/gptbot)"
5.9.120.220 - - [05/Feb/2026:00:31:19 -0500] "GET /detail/445323886 HTTP/1.0" 301 - "-" "Mozilla/5.0 (compatible; SERankingBacklinksBot/1.0; +https://seranking.com/backlinks-crawler)"
5.9.120.220 - - [05/Feb/2026:00:31:24 -0500] "GET /detail/445324774 HTTP/1.0" 301 - "-" "Mozilla/5.0 (compatible; SERankingBacklinksBot/1.0; +https://seranking.com/backlinks-crawler)"
5.9.120.220 - - [05/Feb/2026:00:31:28 -0500] "GET /detail/445350982 HTTP/1.0" 301 - "-" "Mozilla/5.0 (compatible; SERankingBacklinksBot/1.0; +https://seranking.com/backlinks-crawler)"
173.231.242.79 - - [05/Feb/2026:00:31:33 -0500] "POST /wp-cron.php?doing_wp_cron=1770269493.2246999740600585937500 HTTP/1.0" 200 - "-" "WordPress/6.9.1; https://www.zenoxpressjobs.com"
5.9.120.220 - - [05/Feb/2026:00:31:32 -0500] "GET /detail/445353051 HTTP/1.0" 301 - "-" "Mozilla/5.0 (compatible; SERankingBacklinksBot/1.0; +https://seranking.com/backlinks-crawler)"
5.9.120.220 - - [05/Feb/2026:00:31:36 -0500] "GET /detail/445411210 HTTP/1.0" 301 - "-" "Mozilla/5.0 (compatible; SERankingBacklinksBot/1.0; +https://seranking.com/backlinks-crawler)"
5.9.120.220 - - [05/Feb/2026:00:31:40 -0500] "GET /detail/445457416 HTTP/1.0" 301 - "-" "Mozilla/5.0 (compatible; SERankingBacklinksBot/1.0; +https://seranking.com/backlinks-crawler)"
74.7.241.28 - - [05/Feb/2026:00:31:43 -0500] "GET /detail/172335524 HTTP/1.0" 404 157592 "https://zenoxpressjobs.com" "Mozilla/5.0 AppleWebKit/537.36 (KHTML, like Gecko; compatible; GPTBot/1.3; +https://openai.com/gptbot)"
5.9.120.220 - - [05/Feb/2026:00:31:44 -0500] "GET /detail/445469111 HTTP/1.0" 301 - "-" "Mozilla/5.0 (compatible; SERankingBacklinksBot/1.0; +https://seranking.com/backlinks-crawler)"
5.9.120.220 - - [05/Feb/2026:00:31:48 -0500] "GET /detail/445494221 HTTP/1.0" 301 - "-" "Mozilla/5.0 (compatible; SERankingBacklinksBot/1.0; +https://seranking.com/backlinks-crawler)"
5.9.120.220 - - [05/Feb/2026:00:31:52 -0500] "GET /detail/445525528 HTTP/1.0" 301 - "-" "Mozilla/5.0 (compatible; SERankingBacklinksBot/1.0; +https://seranking.com/backlinks-crawler)"
5.9.120.220 - - [05/Feb/2026:00:31:57 -0500] "GET /detail/445535620 HTTP/1.0" 301 - "-" "Mozilla/5.0 (compatible; SERankingBacklinksBot/1.0; +https://seranking.com/backlinks-crawler)"
5.9.120.220 - - [05/Feb/2026:00:32:01 -0500] "GET /detail/445543632 HTTP/1.0" 301 - "-" "Mozilla/5.0 (compatible; SERankingBacklinksBot/1.0; +https://seranking.com/backlinks-crawler)"
5.9.120.220 - - [05/Feb/2026:00:32:05 -0500] "GET /detail/445574269 HTTP/1.0" 301 - "-" "Mozilla/5.0 (compatible; SERankingBacklinksBot/1.0; +https://seranking.com/backlinks-crawler)"
5.9.120.220 - - [05/Feb/2026:00:32:09 -0500] "GET /detail/445612935 HTTP/1.0" 301 - "-" "Mozilla/5.0 (compatible; SERankingBacklinksBot/1.0; +https://seranking.com/backlinks-crawler)"
5.9.120.220 - - [05/Feb/2026:00:32:12 -0500] "GET /detail/445659980 HTTP/1.0" 301 - "-" "Mozilla/5.0 (compatible; SERankingBacklinksBot/1.0; +https://seranking.com/backlinks-crawler)"
5.9.120.220 - - [05/Feb/2026:00:32:16 -0500] "GET /detail/445734284 HTTP/1.0" 301 - "-" "Mozilla/5.0 (compatible; SERankingBacklinksBot/1.0; +https://seranking.com/backlinks-crawler)"
5.9.120.220 - - [05/Feb/2026:00:32:20 -0500] "GET /detail/445746896 HTTP/1.0" 301 - "-" "Mozilla/5.0 (compatible; SERankingBacklinksBot/1.0; +https://seranking.com/backlinks-crawler)"
5.9.120.220 - - [05/Feb/2026:00:32:24 -0500] "GET /detail/445771800 HTTP/1.0" 301 - "-" "Mozilla/5.0 (compatible; SERankingBacklinksBot/1.0; +https://seranking.com/backlinks-crawler)"
74.7.241.28 - - [05/Feb/2026:00:32:24 -0500] "GET /detail/215890907 HTTP/1.0" 404 157592 "https://zenoxpressjobs.com" "Mozilla/5.0 AppleWebKit/537.36 (KHTML, like Gecko; compatible; GPTBot/1.3; +https://openai.com/gptbot)"
5.9.120.220 - - [05/Feb/2026:00:32:28 -0500] "GET /detail/445784740 HTTP/1.0" 301 - "-" "Mozilla/5.0 (compatible; SERankingBacklinksBot/1.0; +https://seranking.com/backlinks-crawler)"
173.231.242.79 - - [05/Feb/2026:00:32:33 -0500] "POST /wp-cron.php?doing_wp_cron=1770269552.9908010959625244140625 HTTP/1.0" 200 - "-" "WordPress/6.9.1; https://www.zenoxpressjobs.com"
5.9.120.220 - - [05/Feb/2026:00:32:32 -0500] "GET /detail/445788893 HTTP/1.0" 301 - "-" "Mozilla/5.0 (compatible; SERankingBacklinksBot/1.0; +https://seranking.com/backlinks-crawler)"
5.9.120.220 - - [05/Feb/2026:00:32:36 -0500] "GET /detail/445880269 HTTP/1.0" 301 - "-" "Mozilla/5.0 (compatible; SERankingBacklinksBot/1.0; +https://seranking.com/backlinks-crawler)"
5.9.120.220 - - [05/Feb/2026:00:32:40 -0500] "GET /detail/445926500 HTTP/1.0" 301 - "-" "Mozilla/5.0 (compatible; SERankingBacklinksBot/1.0; +https://seranking.com/backlinks-crawler)"
5.9.120.220 - - [05/Feb/2026:00:32:44 -0500] "GET /detail/445951455 HTTP/1.0" 301 - "-" "Mozilla/5.0 (compatible; SERankingBacklinksBot/1.0; +https://seranking.com/backlinks-crawler)"
66.249.73.172 - - [05/Feb/2026:00:32:44 -0500] "GET /detail/398812767 HTTP/1.0" 404 157603 "-" "Mozilla/5.0 (Linux; Android 6.0.1; Nexus 5X Build/MMB29P) AppleWebKit/537.36 (KHTML, like Gecko) Chrome/144.0.7559.109 Mobile Safari/537.36 (compatible; Googlebot/2.1; +http://www.google.com/bot.html)"
5.9.120.220 - - [05/Feb/2026:00:32:48 -0500] "GET /detail/445957836 HTTP/1.0" 301 - "-" "Mozilla/5.0 (compatible; SERankingBacklinksBot/1.0; +https://seranking.com/backlinks-crawler)"
5.9.120.220 - - [05/Feb/2026:00:32:52 -0500] "GET /detail/445958698 HTTP/1.0" 301 - "-" "Mozilla/5.0 (compatible; SERankingBacklinksBot/1.0; +https://seranking.com/backlinks-crawler)"
5.9.120.220 - - [05/Feb/2026:00:32:55 -0500] "GET /detail/446092891 HTTP/1.0" 301 - "-" "Mozilla/5.0 (compatible; SERankingBacklinksBot/1.0; +https://seranking.com/backlinks-crawler)"
5.9.120.220 - - [05/Feb/2026:00:32:59 -0500] "GET /detail/446114021 HTTP/1.0" 301 - "-" "Mozilla/5.0 (compatible; SERankingBacklinksBot/1.0; +https://seranking.com/backlinks-crawler)"
5.9.120.220 - - [05/Feb/2026:00:33:03 -0500] "GET /detail/446161569 HTTP/1.0" 301 - "-" "Mozilla/5.0 (compatible; SERankingBacklinksBot/1.0; +https://seranking.com/backlinks-crawler)"
74.7.241.28 - - [05/Feb/2026:00:33:04 -0500] "GET /detail/568924205 HTTP/1.0" 404 157592 "https://zenoxpressjobs.com" "Mozilla/5.0 AppleWebKit/537.36 (KHTML, like Gecko; compatible; GPTBot/1.3; +https://openai.com/gptbot)"
5.9.120.220 - - [05/Feb/2026:00:33:09 -0500] "GET /detail/446163948 HTTP/1.0" 301 - "-" "Mozilla/5.0 (compatible; SERankingBacklinksBot/1.0; +https://seranking.com/backlinks-crawler)"
5.9.120.220 - - [05/Feb/2026:00:33:13 -0500] "GET /detail/446164213 HTTP/1.0" 301 - "-" "Mozilla/5.0 (compatible; SERankingBacklinksBot/1.0; +https://seranking.com/backlinks-crawler)"
5.9.120.220 - - [05/Feb/2026:00:33:17 -0500] "GET /detail/446195933 HTTP/1.0" 301 - "-" "Mozilla/5.0 (compatible; SERankingBacklinksBot/1.0; +https://seranking.com/backlinks-crawler)"
142.44.228.133 - - [05/Feb/2026:00:33:20 -0500] "GET /detail/241534850 HTTP/1.0" 301 - "-" "Mozilla/5.0 (compatible; AhrefsBot/7.0; +http://ahrefs.com/robot/)"
5.9.120.220 - - [05/Feb/2026:00:33:21 -0500] "GET /detail/446217669 HTTP/1.0" 301 - "-" "Mozilla/5.0 (compatible; SERankingBacklinksBot/1.0; +https://seranking.com/backlinks-crawler)"
5.9.120.220 - - [05/Feb/2026:00:33:25 -0500] "GET /detail/446234075 HTTP/1.0" 301 - "-" "Mozilla/5.0 (compatible; SERankingBacklinksBot/1.0; +https://seranking.com/backlinks-crawler)"
5.9.120.220 - - [05/Feb/2026:00:33:30 -0500] "GET /detail/446241772 HTTP/1.0" 301 - "-" "Mozilla/5.0 (compatible; SERankingBacklinksBot/1.0; +https://seranking.com/backlinks-crawler)"
173.231.242.79 - - [05/Feb/2026:00:33:34 -0500] "POST /wp-cron.php?doing_wp_cron=1770269614.6825881004333496093750 HTTP/1.0" 200 - "-" "WordPress/6.9.1; https://www.zenoxpressjobs.com"
5.9.120.220 - - [05/Feb/2026:00:33:34 -0500] "GET /detail/446246926 HTTP/1.0" 301 - "-" "Mozilla/5.0 (compatible; SERankingBacklinksBot/1.0; +https://seranking.com/backlinks-crawler)"
5.9.120.220 - - [05/Feb/2026:00:33:38 -0500] "GET /detail/446251423 HTTP/1.0" 301 - "-" "Mozilla/5.0 (compatible; SERankingBacklinksBot/1.0; +https://seranking.com/backlinks-crawler)"
5.9.120.220 - - [05/Feb/2026:00:33:42 -0500] "GET /detail/446261827 HTTP/1.0" 301 - "-" "Mozilla/5.0 (compatible; SERankingBacklinksBot/1.0; +https://seranking.com/backlinks-crawler)"
74.7.241.28 - - [05/Feb/2026:00:33:44 -0500] "GET /detail/133490550 HTTP/1.0" 404 157592 "https://zenoxpressjobs.com" "Mozilla/5.0 AppleWebKit/537.36 (KHTML, like Gecko; compatible; GPTBot/1.3; +https://openai.com/gptbot)"
5.9.120.220 - - [05/Feb/2026:00:33:46 -0500] "GET /detail/446284034 HTTP/1.0" 301 - "-" "Mozilla/5.0 (compatible; SERankingBacklinksBot/1.0; +https://seranking.com/backlinks-crawler)"
5.9.120.220 - - [05/Feb/2026:00:33:49 -0500] "GET /detail/446285703 HTTP/1.0" 301 - "-" "Mozilla/5.0 (compatible; SERankingBacklinksBot/1.0; +https://seranking.com/backlinks-crawler)"
5.9.120.220 - - [05/Feb/2026:00:33:53 -0500] "GET /detail/446310593 HTTP/1.0" 301 - "-" "Mozilla/5.0 (compatible; SERankingBacklinksBot/1.0; +https://seranking.com/backlinks-crawler)"
5.9.120.220 - - [05/Feb/2026:00:33:57 -0500] "GET /detail/446323199 HTTP/1.0" 301 - "-" "Mozilla/5.0 (compatible; SERankingBacklinksBot/1.0; +https://seranking.com/backlinks-crawler)"
5.9.120.220 - - [05/Feb/2026:00:34:01 -0500] "GET /detail/446325886 HTTP/1.0" 301 - "-" "Mozilla/5.0 (compatible; SERankingBacklinksBot/1.0; +https://seranking.com/backlinks-crawler)"
5.9.120.220 - - [05/Feb/2026:00:34:05 -0500] "GET /detail/446327888 HTTP/1.0" 301 - "-" "Mozilla/5.0 (compatible; SERankingBacklinksBot/1.0; +https://seranking.com/backlinks-crawler)"
144.76.32.237 - - [05/Feb/2026:00:34:07 -0500] "GET /detail/308671554 HTTP/1.0" 404 157592 "-" "Mozilla/5.0 (compatible; SERankingBacklinksBot/1.0; +https://seranking.com/backlinks-crawler)"
5.9.120.220 - - [05/Feb/2026:00:34:09 -0500] "GET /detail/446348530 HTTP/1.0" 301 - "-" "Mozilla/5.0 (compatible; SERankingBacklinksBot/1.0; +https://seranking.com/backlinks-crawler)"
5.9.120.220 - - [05/Feb/2026:00:34:14 -0500] "GET /detail/446353224 HTTP/1.0" 301 - "-" "Mozilla/5.0 (compatible; SERankingBacklinksBot/1.0; +https://seranking.com/backlinks-crawler)"
5.9.120.220 - - [05/Feb/2026:00:34:18 -0500] "GET /detail/446387986 HTTP/1.0" 301 - "-" "Mozilla/5.0 (compatible; SERankingBacklinksBot/1.0; +https://seranking.com/backlinks-crawler)"
5.9.120.220 - - [05/Feb/2026:00:34:22 -0500] "GET /detail/446391628 HTTP/1.0" 301 - "-" "Mozilla/5.0 (compatible; SERankingBacklinksBot/1.0; +https://seranking.com/backlinks-crawler)"
74.7.241.28 - - [05/Feb/2026:00:34:26 -0500] "GET /detail/286831854 HTTP/1.0" 404 157592 "https://zenoxpressjobs.com" "Mozilla/5.0 AppleWebKit/537.36 (KHTML, like Gecko; compatible; GPTBot/1.3; +https://openai.com/gptbot)"
5.9.120.220 - - [05/Feb/2026:00:34:27 -0500] "GET /detail/446462988 HTTP/1.0" 301 - "-" "Mozilla/5.0 (compatible; SERankingBacklinksBot/1.0; +https://seranking.com/backlinks-crawler)"
5.9.120.220 - - [05/Feb/2026:00:34:31 -0500] "GET /detail/446576073 HTTP/1.0" 301 - "-" "Mozilla/5.0 (compatible; SERankingBacklinksBot/1.0; +https://seranking.com/backlinks-crawler)"
173.231.242.79 - - [05/Feb/2026:00:34:35 -0500] "POST /wp-cron.php?doing_wp_cron=1770269675.8777680397033691406250 HTTP/1.0" 200 - "-" "WordPress/6.9.1; https://www.zenoxpressjobs.com"
5.9.120.220 - - [05/Feb/2026:00:34:35 -0500] "GET /detail/446654381 HTTP/1.0" 301 - "-" "Mozilla/5.0 (compatible; SERankingBacklinksBot/1.0; +https://seranking.com/backlinks-crawler)"
5.9.120.220 - - [05/Feb/2026:00:34:39 -0500] "GET /detail/446677886 HTTP/1.0" 301 - "-" "Mozilla/5.0 (compatible; SERankingBacklinksBot/1.0; +https://seranking.com/backlinks-crawler)"
5.9.120.220 - - [05/Feb/2026:00:34:43 -0500] "GET /detail/446685847 HTTP/1.0" 301 - "-" "Mozilla/5.0 (compatible; SERankingBacklinksBot/1.0; +https://seranking.com/backlinks-crawler)"
5.9.120.220 - - [05/Feb/2026:00:34:47 -0500] "GET /detail/446689070 HTTP/1.0" 301 - "-" "Mozilla/5.0 (compatible; SERankingBacklinksBot/1.0; +https://seranking.com/backlinks-crawler)"
5.9.120.220 - - [05/Feb/2026:00:34:51 -0500] "GET /detail/446725495 HTTP/1.0" 301 - "-" "Mozilla/5.0 (compatible; SERankingBacklinksBot/1.0; +https://seranking.com/backlinks-crawler)"
5.9.120.220 - - [05/Feb/2026:00:34:55 -0500] "GET /detail/446727997 HTTP/1.0" 301 - "-" "Mozilla/5.0 (compatible; SERankingBacklinksBot/1.0; +https://seranking.com/backlinks-crawler)"
5.9.120.220 - - [05/Feb/2026:00:34:59 -0500] "GET /detail/446762032 HTTP/1.0" 301 - "-" "Mozilla/5.0 (compatible; SERankingBacklinksBot/1.0; +https://seranking.com/backlinks-crawler)"
5.9.120.220 - - [05/Feb/2026:00:35:02 -0500] "GET /detail/446769601 HTTP/1.0" 301 - "-" "Mozilla/5.0 (compatible; SERankingBacklinksBot/1.0; +https://seranking.com/backlinks-crawler)"
5.9.120.220 - - [05/Feb/2026:00:35:06 -0500] "GET /detail/446807478 HTTP/1.0" 301 - "-" "Mozilla/5.0 (compatible; SERankingBacklinksBot/1.0; +https://seranking.com/backlinks-crawler)"
74.7.241.28 - - [05/Feb/2026:00:35:09 -0500] "GET /detail/524607721 HTTP/1.0" 404 157592 "https://zenoxpressjobs.com" "Mozilla/5.0 AppleWebKit/537.36 (KHTML, like Gecko; compatible; GPTBot/1.3; +https://openai.com/gptbot)"
5.9.120.220 - - [05/Feb/2026:00:35:10 -0500] "GET /detail/446854339 HTTP/1.0" 301 - "-" "Mozilla/5.0 (compatible; SERankingBacklinksBot/1.0; +https://seranking.com/backlinks-crawler)"
5.9.120.220 - - [05/Feb/2026:00:35:14 -0500] "GET /detail/446860572 HTTP/1.0" 301 - "-" "Mozilla/5.0 (compatible; SERankingBacklinksBot/1.0; +https://seranking.com/backlinks-crawler)"
5.9.120.220 - - [05/Feb/2026:00:35:18 -0500] "GET /detail/446889686 HTTP/1.0" 301 - "-" "Mozilla/5.0 (compatible; SERankingBacklinksBot/1.0; +https://seranking.com/backlinks-crawler)"
5.9.120.220 - - [05/Feb/2026:00:35:22 -0500] "GET /detail/446904952 HTTP/1.0" 301 - "-" "Mozilla/5.0 (compatible; SERankingBacklinksBot/1.0; +https://seranking.com/backlinks-crawler)"
5.9.120.220 - - [05/Feb/2026:00:35:26 -0500] "GET /detail/446914150 HTTP/1.0" 301 - "-" "Mozilla/5.0 (compatible; SERankingBacklinksBot/1.0; +https://seranking.com/backlinks-crawler)"
5.9.120.220 - - [05/Feb/2026:00:35:30 -0500] "GET /detail/446930605 HTTP/1.0" 301 - "-" "Mozilla/5.0 (compatible; SERankingBacklinksBot/1.0; +https://seranking.com/backlinks-crawler)"
173.231.242.79 - - [05/Feb/2026:00:35:35 -0500] "POST /wp-cron.php?doing_wp_cron=1770269735.8155989646911621093750 HTTP/1.0" 200 - "-" "WordPress/6.9.1; https://www.zenoxpressjobs.com"
5.9.120.220 - - [05/Feb/2026:00:35:34 -0500] "GET /detail/446966630 HTTP/1.0" 301 - "-" "Mozilla/5.0 (compatible; SERankingBacklinksBot/1.0; +https://seranking.com/backlinks-crawler)"
5.9.120.220 - - [05/Feb/2026:00:35:39 -0500] "GET /detail/446990579 HTTP/1.0" 301 - "-" "Mozilla/5.0 (compatible; SERankingBacklinksBot/1.0; +https://seranking.com/backlinks-crawler)"
5.9.120.220 - - [05/Feb/2026:00:35:43 -0500] "GET /detail/447071876 HTTP/1.0" 301 - "-" "Mozilla/5.0 (compatible; SERankingBacklinksBot/1.0; +https://seranking.com/backlinks-crawler)"
5.9.120.220 - - [05/Feb/2026:00:35:46 -0500] "GET /detail/447075574 HTTP/1.0" 301 - "-" "Mozilla/5.0 (compatible; SERankingBacklinksBot/1.0; +https://seranking.com/backlinks-crawler)"
74.7.241.28 - - [05/Feb/2026:00:35:49 -0500] "GET /detail/210628821 HTTP/1.0" 404 157592 "https://zenoxpressjobs.com" "Mozilla/5.0 AppleWebKit/537.36 (KHTML, like Gecko; compatible; GPTBot/1.3; +https://openai.com/gptbot)"
5.9.120.220 - - [05/Feb/2026:00:35:51 -0500] "GET /detail/447107373 HTTP/1.0" 301 - "-" "Mozilla/5.0 (compatible; SERankingBacklinksBot/1.0; +https://seranking.com/backlinks-crawler)"
5.9.120.220 - - [05/Feb/2026:00:35:55 -0500] "GET /detail/447138514 HTTP/1.0" 301 - "-" "Mozilla/5.0 (compatible; SERankingBacklinksBot/1.0; +https://seranking.com/backlinks-crawler)"
5.9.120.220 - - [05/Feb/2026:00:35:59 -0500] "GET /detail/447147536 HTTP/1.0" 301 - "-" "Mozilla/5.0 (compatible; SERankingBacklinksBot/1.0; +https://seranking.com/backlinks-crawler)"
5.9.120.220 - - [05/Feb/2026:00:36:03 -0500] "GET /detail/447157482 HTTP/1.0" 301 - "-" "Mozilla/5.0 (compatible; SERankingBacklinksBot/1.0; +https://seranking.com/backlinks-crawler)"
5.9.120.220 - - [05/Feb/2026:00:36:07 -0500] "GET /detail/447167197 HTTP/1.0" 301 - "-" "Mozilla/5.0 (compatible; SERankingBacklinksBot/1.0; +https://seranking.com/backlinks-crawler)"
5.9.120.220 - - [05/Feb/2026:00:36:11 -0500] "GET /detail/447247747 HTTP/1.0" 301 - "-" "Mozilla/5.0 (compatible; SERankingBacklinksBot/1.0; +https://seranking.com/backlinks-crawler)"
5.9.120.220 - - [05/Feb/2026:00:36:15 -0500] "GET /detail/447324805 HTTP/1.0" 301 - "-" "Mozilla/5.0 (compatible; SERankingBacklinksBot/1.0; +https://seranking.com/backlinks-crawler)"
5.9.120.220 - - [05/Feb/2026:00:36:19 -0500] "GET /detail/447445108 HTTP/1.0" 301 - "-" "Mozilla/5.0 (compatible; SERankingBacklinksBot/1.0; +https://seranking.com/backlinks-crawler)"
5.9.120.220 - - [05/Feb/2026:00:36:24 -0500] "GET /detail/447457192 HTTP/1.0" 301 - "-" "Mozilla/5.0 (compatible; SERankingBacklinksBot/1.0; +https://seranking.com/backlinks-crawler)"
5.9.120.220 - - [05/Feb/2026:00:36:28 -0500] "GET /detail/447539212 HTTP/1.0" 301 - "-" "Mozilla/5.0 (compatible; SERankingBacklinksBot/1.0; +https://seranking.com/backlinks-crawler)"
74.7.241.28 - - [05/Feb/2026:00:36:31 -0500] "GET /detail/380386023 HTTP/1.0" 404 157592 "https://zenoxpressjobs.com" "Mozilla/5.0 AppleWebKit/537.36 (KHTML, like Gecko; compatible; GPTBot/1.3; +https://openai.com/gptbot)"
173.231.242.79 - - [05/Feb/2026:00:36:32 -0500] "POST /wp-cron.php?doing_wp_cron=1770269792.3991150856018066406250 HTTP/1.0" 200 - "-" "WordPress/6.9.1; https://www.zenoxpressjobs.com"
5.9.120.220 - - [05/Feb/2026:00:36:32 -0500] "GET /detail/447561656 HTTP/1.0" 301 - "-" "Mozilla/5.0 (compatible; SERankingBacklinksBot/1.0; +https://seranking.com/backlinks-crawler)"
5.9.120.220 - - [05/Feb/2026:00:36:35 -0500] "GET /detail/447562264 HTTP/1.0" 301 - "-" "Mozilla/5.0 (compatible; SERankingBacklinksBot/1.0; +https://seranking.com/backlinks-crawler)"
5.9.120.220 - - [05/Feb/2026:00:36:39 -0500] "GET /detail/447570152 HTTP/1.0" 301 - "-" "Mozilla/5.0 (compatible; SERankingBacklinksBot/1.0; +https://seranking.com/backlinks-crawler)"
5.9.120.220 - - [05/Feb/2026:00:36:43 -0500] "GET /detail/447601383 HTTP/1.0" 301 - "-" "Mozilla/5.0 (compatible; SERankingBacklinksBot/1.0; +https://seranking.com/backlinks-crawler)"
5.9.120.220 - - [05/Feb/2026:00:36:47 -0500] "GET /detail/447605551 HTTP/1.0" 301 - "-" "Mozilla/5.0 (compatible; SERankingBacklinksBot/1.0; +https://seranking.com/backlinks-crawler)"
5.9.120.220 - - [05/Feb/2026:00:36:51 -0500] "GET /detail/447611052 HTTP/1.0" 301 - "-" "Mozilla/5.0 (compatible; SERankingBacklinksBot/1.0; +https://seranking.com/backlinks-crawler)"
5.9.120.220 - - [05/Feb/2026:00:36:55 -0500] "GET /detail/447612809 HTTP/1.0" 301 - "-" "Mozilla/5.0 (compatible; SERankingBacklinksBot/1.0; +https://seranking.com/backlinks-crawler)"
5.9.120.220 - - [05/Feb/2026:00:36:59 -0500] "GET /detail/447614135 HTTP/1.0" 301 - "-" "Mozilla/5.0 (compatible; SERankingBacklinksBot/1.0; +https://seranking.com/backlinks-crawler)"
5.9.120.220 - - [05/Feb/2026:00:37:03 -0500] "GET /detail/447644246 HTTP/1.0" 301 - "-" "Mozilla/5.0 (compatible; SERankingBacklinksBot/1.0; +https://seranking.com/backlinks-crawler)"
5.9.120.220 - - [05/Feb/2026:00:37:07 -0500] "GET /detail/447708189 HTTP/1.0" 301 - "-" "Mozilla/5.0 (compatible; SERankingBacklinksBot/1.0; +https://seranking.com/backlinks-crawler)"
5.9.120.220 - - [05/Feb/2026:00:37:11 -0500] "GET /detail/447709942 HTTP/1.0" 301 - "-" "Mozilla/5.0 (compatible; SERankingBacklinksBot/1.0; +https://seranking.com/backlinks-crawler)"
74.7.241.28 - - [05/Feb/2026:00:37:12 -0500] "GET /detail/249182464 HTTP/1.0" 404 157592 "https://zenoxpressjobs.com" "Mozilla/5.0 AppleWebKit/537.36 (KHTML, like Gecko; compatible; GPTBot/1.3; +https://openai.com/gptbot)"
5.9.120.220 - - [05/Feb/2026:00:37:15 -0500] "GET /detail/447713257 HTTP/1.0" 301 - "-" "Mozilla/5.0 (compatible; SERankingBacklinksBot/1.0; +https://seranking.com/backlinks-crawler)"
5.9.120.220 - - [05/Feb/2026:00:37:19 -0500] "GET /detail/447783285 HTTP/1.0" 301 - "-" "Mozilla/5.0 (compatible; SERankingBacklinksBot/1.0; +https://seranking.com/backlinks-crawler)"
5.9.120.220 - - [05/Feb/2026:00:37:23 -0500] "GET /detail/447839581 HTTP/1.0" 301 - "-" "Mozilla/5.0 (compatible; SERankingBacklinksBot/1.0; +https://seranking.com/backlinks-crawler)"
5.9.120.220 - - [05/Feb/2026:00:37:27 -0500] "GET /detail/447845256 HTTP/1.0" 301 - "-" "Mozilla/5.0 (compatible; SERankingBacklinksBot/1.0; +https://seranking.com/backlinks-crawler)"
5.9.120.220 - - [05/Feb/2026:00:37:31 -0500] "GET /detail/447860912 HTTP/1.0" 301 - "-" "Mozilla/5.0 (compatible; SERankingBacklinksBot/1.0; +https://seranking.com/backlinks-crawler)"
173.231.242.79 - - [05/Feb/2026:00:37:35 -0500] "POST /wp-cron.php?doing_wp_cron=1770269855.5982110500335693359375 HTTP/1.0" 200 - "-" "WordPress/6.9.1; https://www.zenoxpressjobs.com"
5.9.120.220 - - [05/Feb/2026:00:37:35 -0500] "GET /detail/447890672 HTTP/1.0" 301 - "-" "Mozilla/5.0 (compatible; SERankingBacklinksBot/1.0; +https://seranking.com/backlinks-crawler)"
5.9.120.220 - - [05/Feb/2026:00:37:39 -0500] "GET /detail/447914063 HTTP/1.0" 301 - "-" "Mozilla/5.0 (compatible; SERankingBacklinksBot/1.0; +https://seranking.com/backlinks-crawler)"
5.9.120.220 - - [05/Feb/2026:00:37:43 -0500] "GET /detail/447955284 HTTP/1.0" 301 - "-" "Mozilla/5.0 (compatible; SERankingBacklinksBot/1.0; +https://seranking.com/backlinks-crawler)"
5.9.120.220 - - [05/Feb/2026:00:37:47 -0500] "GET /detail/447983629 HTTP/1.0" 301 - "-" "Mozilla/5.0 (compatible; SERankingBacklinksBot/1.0; +https://seranking.com/backlinks-crawler)"
5.9.120.220 - - [05/Feb/2026:00:37:51 -0500] "GET /detail/448072827 HTTP/1.0" 301 - "-" "Mozilla/5.0 (compatible; SERankingBacklinksBot/1.0; +https://seranking.com/backlinks-crawler)"
74.7.241.28 - - [05/Feb/2026:00:37:52 -0500] "GET /detail/494660067 HTTP/1.0" 404 157592 "https://zenoxpressjobs.com" "Mozilla/5.0 AppleWebKit/537.36 (KHTML, like Gecko; compatible; GPTBot/1.3; +https://openai.com/gptbot)"
5.9.120.220 - - [05/Feb/2026:00:37:55 -0500] "GET /detail/448072926 HTTP/1.0" 301 - "-" "Mozilla/5.0 (compatible; SERankingBacklinksBot/1.0; +https://seranking.com/backlinks-crawler)"
5.9.120.220 - - [05/Feb/2026:00:37:59 -0500] "GET /detail/448102778 HTTP/1.0" 301 - "-" "Mozilla/5.0 (compatible; SERankingBacklinksBot/1.0; +https://seranking.com/backlinks-crawler)"
5.9.120.220 - - [05/Feb/2026:00:38:02 -0500] "GET /detail/448113990 HTTP/1.0" 301 - "-" "Mozilla/5.0 (compatible; SERankingBacklinksBot/1.0; +https://seranking.com/backlinks-crawler)"
5.9.120.220 - - [05/Feb/2026:00:38:06 -0500] "GET /detail/448151720 HTTP/1.0" 301 - "-" "Mozilla/5.0 (compatible; SERankingBacklinksBot/1.0; +https://seranking.com/backlinks-crawler)"
5.9.120.220 - - [05/Feb/2026:00:38:10 -0500] "GET /detail/448244681 HTTP/1.0" 301 - "-" "Mozilla/5.0 (compatible; SERankingBacklinksBot/1.0; +https://seranking.com/backlinks-crawler)"
5.9.120.220 - - [05/Feb/2026:00:38:14 -0500] "GET /detail/448251410 HTTP/1.0" 301 - "-" "Mozilla/5.0 (compatible; SERankingBacklinksBot/1.0; +https://seranking.com/backlinks-crawler)"
5.9.120.220 - - [05/Feb/2026:00:38:20 -0500] "GET /detail/448295860 HTTP/1.0" 301 - "-" "Mozilla/5.0 (compatible; SERankingBacklinksBot/1.0; +https://seranking.com/backlinks-crawler)"
5.9.120.220 - - [05/Feb/2026:00:38:24 -0500] "GET /detail/448298102 HTTP/1.0" 301 - "-" "Mozilla/5.0 (compatible; SERankingBacklinksBot/1.0; +https://seranking.com/backlinks-crawler)"
66.249.73.160 - - [05/Feb/2026:00:38:26 -0500] "GET /?products/5312289/ HTTP/1.0" 301 - "-" "Mozilla/5.0 (Linux; Android 6.0.1; Nexus 5X Build/MMB29P) AppleWebKit/537.36 (KHTML, like Gecko) Chrome/144.0.7559.109 Mobile Safari/537.36 (compatible; Googlebot/2.1; +http://www.google.com/bot.html)"
5.9.120.220 - - [05/Feb/2026:00:38:27 -0500] "GET /detail/448308029 HTTP/1.0" 301 - "-" "Mozilla/5.0 (compatible; SERankingBacklinksBot/1.0; +https://seranking.com/backlinks-crawler)"
66.249.73.172 - - [05/Feb/2026:00:38:27 -0500] "GET /?products%2F5312289%2F HTTP/1.0" 200 186888 "-" "Mozilla/5.0 (Linux; Android 6.0.1; Nexus 5X Build/MMB29P) AppleWebKit/537.36 (KHTML, like Gecko) Chrome/144.0.7559.109 Mobile Safari/537.36 (compatible; Googlebot/2.1; +http://www.google.com/bot.html)"
66.249.73.171 - - [05/Feb/2026:00:38:31 -0500] "POST /?wc-ajax=get_refreshed_fragments HTTP/1.0" 200 1674 "https://www.zenoxpressjobs.com/?products%2F5312289%2F" "Mozilla/5.0 (Linux; Android 6.0.1; Nexus 5X Build/MMB29P) AppleWebKit/537.36 (KHTML, like Gecko) Chrome/144.0.7559.109 Mobile Safari/537.36 (compatible; Googlebot/2.1; +http://www.google.com/bot.html)"
173.231.242.79 - - [05/Feb/2026:00:38:32 -0500] "POST /wp-cron.php?doing_wp_cron=1770269912.2010939121246337890625 HTTP/1.0" 200 - "-" "WordPress/6.9.1; https://www.zenoxpressjobs.com"
5.9.120.220 - - [05/Feb/2026:00:38:31 -0500] "GET /detail/448317146 HTTP/1.0" 301 - "-" "Mozilla/5.0 (compatible; SERankingBacklinksBot/1.0; +https://seranking.com/backlinks-crawler)"
74.7.241.28 - - [05/Feb/2026:00:38:32 -0500] "GET /detail/207992258 HTTP/1.0" 404 157592 "https://zenoxpressjobs.com" "Mozilla/5.0 AppleWebKit/537.36 (KHTML, like Gecko; compatible; GPTBot/1.3; +https://openai.com/gptbot)"
5.9.120.220 - - [05/Feb/2026:00:38:35 -0500] "GET /detail/448387885 HTTP/1.0" 301 - "-" "Mozilla/5.0 (compatible; SERankingBacklinksBot/1.0; +https://seranking.com/backlinks-crawler)"
5.9.120.220 - - [05/Feb/2026:00:38:39 -0500] "GET /detail/448399317 HTTP/1.0" 301 - "-" "Mozilla/5.0 (compatible; SERankingBacklinksBot/1.0; +https://seranking.com/backlinks-crawler)"
5.9.120.220 - - [05/Feb/2026:00:38:43 -0500] "GET /detail/448450536 HTTP/1.0" 301 - "-" "Mozilla/5.0 (compatible; SERankingBacklinksBot/1.0; +https://seranking.com/backlinks-crawler)"
5.9.120.220 - - [05/Feb/2026:00:38:47 -0500] "GET /detail/448534306 HTTP/1.0" 301 - "-" "Mozilla/5.0 (compatible; SERankingBacklinksBot/1.0; +https://seranking.com/backlinks-crawler)"
5.9.120.220 - - [05/Feb/2026:00:38:51 -0500] "GET /detail/448545485 HTTP/1.0" 301 - "-" "Mozilla/5.0 (compatible; SERankingBacklinksBot/1.0; +https://seranking.com/backlinks-crawler)"
5.9.120.220 - - [05/Feb/2026:00:38:55 -0500] "GET /detail/448546165 HTTP/1.0" 301 - "-" "Mozilla/5.0 (compatible; SERankingBacklinksBot/1.0; +https://seranking.com/backlinks-crawler)"
66.249.73.171 - - [05/Feb/2026:00:38:58 -0500] "GET /?products/10452156/ HTTP/1.0" 301 - "-" "Mozilla/5.0 (Linux; Android 6.0.1; Nexus 5X Build/MMB29P) AppleWebKit/537.36 (KHTML, like Gecko) Chrome/144.0.7559.109 Mobile Safari/537.36 (compatible; Googlebot/2.1; +http://www.google.com/bot.html)"
66.249.73.171 - - [05/Feb/2026:00:38:59 -0500] "GET /?products%2F10452156%2F HTTP/1.0" 200 186888 "-" "Mozilla/5.0 (Linux; Android 6.0.1; Nexus 5X Build/MMB29P) AppleWebKit/537.36 (KHTML, like Gecko) Chrome/144.0.7559.109 Mobile Safari/537.36 (compatible; Googlebot/2.1; +http://www.google.com/bot.html)"
5.9.120.220 - - [05/Feb/2026:00:38:59 -0500] "GET /detail/448567049 HTTP/1.0" 301 - "-" "Mozilla/5.0 (compatible; SERankingBacklinksBot/1.0; +https://seranking.com/backlinks-crawler)"
66.249.73.171 - - [05/Feb/2026:00:39:02 -0500] "GET /?products/8429956/ HTTP/1.0" 301 - "-" "Mozilla/5.0 (Linux; Android 6.0.1; Nexus 5X Build/MMB29P) AppleWebKit/537.36 (KHTML, like Gecko) Chrome/144.0.7559.109 Mobile Safari/537.36 (compatible; Googlebot/2.1; +http://www.google.com/bot.html)"
66.249.73.171 - - [05/Feb/2026:00:39:03 -0500] "GET /?products%2F8429956%2F HTTP/1.0" 200 186888 "-" "Mozilla/5.0 (Linux; Android 6.0.1; Nexus 5X Build/MMB29P) AppleWebKit/537.36 (KHTML, like Gecko) Chrome/144.0.7559.109 Mobile Safari/537.36 (compatible; Googlebot/2.1; +http://www.google.com/bot.html)"
5.9.120.220 - - [05/Feb/2026:00:39:04 -0500] "GET /detail/448594168 HTTP/1.0" 301 - "-" "Mozilla/5.0 (compatible; SERankingBacklinksBot/1.0; +https://seranking.com/backlinks-crawler)"
5.9.120.220 - - [05/Feb/2026:00:39:08 -0500] "GET /detail/448612688 HTTP/1.0" 301 - "-" "Mozilla/5.0 (compatible; SERankingBacklinksBot/1.0; +https://seranking.com/backlinks-crawler)"
5.9.120.220 - - [05/Feb/2026:00:39:12 -0500] "GET /detail/448627306 HTTP/1.0" 301 - "-" "Mozilla/5.0 (compatible; SERankingBacklinksBot/1.0; +https://seranking.com/backlinks-crawler)"
66.249.73.171 - - [05/Feb/2026:00:39:12 -0500] "GET /detail/504441201 HTTP/1.0" 404 157592 "-" "Mozilla/5.0 (compatible; Googlebot/2.1; +http://www.google.com/bot.html)"
66.249.73.171 - - [05/Feb/2026:00:39:14 -0500] "GET /?products/5392612/ HTTP/1.0" 301 - "-" "Mozilla/5.0 (Linux; Android 6.0.1; Nexus 5X Build/MMB29P) AppleWebKit/537.36 (KHTML, like Gecko) Chrome/144.0.7559.109 Mobile Safari/537.36 (compatible; Googlebot/2.1; +http://www.google.com/bot.html)"
66.249.73.171 - - [05/Feb/2026:00:39:14 -0500] "GET /detail/504441201 HTTP/1.0" 404 157603 "-" "Mozilla/5.0 (Linux; Android 6.0.1; Nexus 5X Build/MMB29P) AppleWebKit/537.36 (KHTML, like Gecko) Chrome/144.0.7559.109 Mobile Safari/537.36 (compatible; Googlebot/2.1; +http://www.google.com/bot.html)"
57.141.0.31 - - [05/Feb/2026:00:39:14 -0500] "GET /ir-news/ HTTP/1.0" 200 159117 "-" "meta-externalagent/1.1 (+https://developers.facebook.com/docs/sharing/webmasters/crawler)"
74.7.241.28 - - [05/Feb/2026:00:39:15 -0500] "GET /detail/398250548 HTTP/1.0" 404 157592 "https://zenoxpressjobs.com" "Mozilla/5.0 AppleWebKit/537.36 (KHTML, like Gecko; compatible; GPTBot/1.3; +https://openai.com/gptbot)"
66.249.73.172 - - [05/Feb/2026:00:39:15 -0500] "GET /?products%2F5392612%2F HTTP/1.0" 200 186888 "-" "Mozilla/5.0 (Linux; Android 6.0.1; Nexus 5X Build/MMB29P) AppleWebKit/537.36 (KHTML, like Gecko) Chrome/144.0.7559.109 Mobile Safari/537.36 (compatible; Googlebot/2.1; +http://www.google.com/bot.html)"
5.9.120.220 - - [05/Feb/2026:00:39:16 -0500] "GET /detail/448628841 HTTP/1.0" 301 - "-" "Mozilla/5.0 (compatible; SERankingBacklinksBot/1.0; +https://seranking.com/backlinks-crawler)"
66.249.73.171 - - [05/Feb/2026:00:39:19 -0500] "GET /?products/11194989/ HTTP/1.0" 301 - "-" "Mozilla/5.0 (Linux; Android 6.0.1; Nexus 5X Build/MMB29P) AppleWebKit/537.36 (KHTML, like Gecko) Chrome/144.0.7559.109 Mobile Safari/537.36 (compatible; Googlebot/2.1; +http://www.google.com/bot.html)"
5.9.120.220 - - [05/Feb/2026:00:39:20 -0500] "GET /detail/448669576 HTTP/1.0" 301 - "-" "Mozilla/5.0 (compatible; SERankingBacklinksBot/1.0; +https://seranking.com/backlinks-crawler)"
66.249.73.171 - - [05/Feb/2026:00:39:20 -0500] "GET /?products%2F11194989%2F HTTP/1.0" 200 186888 "-" "Mozilla/5.0 (Linux; Android 6.0.1; Nexus 5X Build/MMB29P) AppleWebKit/537.36 (KHTML, like Gecko) Chrome/144.0.7559.109 Mobile Safari/537.36 (compatible; Googlebot/2.1; +http://www.google.com/bot.html)"
5.9.120.220 - - [05/Feb/2026:00:39:24 -0500] "GET /detail/448701845 HTTP/1.0" 301 - "-" "Mozilla/5.0 (compatible; SERankingBacklinksBot/1.0; +https://seranking.com/backlinks-crawler)"
5.9.120.220 - - [05/Feb/2026:00:39:28 -0500] "GET /detail/448760914 HTTP/1.0" 301 - "-" "Mozilla/5.0 (compatible; SERankingBacklinksBot/1.0; +https://seranking.com/backlinks-crawler)"
173.231.242.79 - - [05/Feb/2026:00:39:33 -0500] "POST /wp-cron.php?doing_wp_cron=1770269973.6729450225830078125000 HTTP/1.0" 200 - "-" "WordPress/6.9.1; https://www.zenoxpressjobs.com"
5.9.120.220 - - [05/Feb/2026:00:39:32 -0500] "GET /detail/448823482 HTTP/1.0" 301 - "-" "Mozilla/5.0 (compatible; SERankingBacklinksBot/1.0; +https://seranking.com/backlinks-crawler)"
5.9.120.220 - - [05/Feb/2026:00:39:37 -0500] "GET /detail/448949971 HTTP/1.0" 301 - "-" "Mozilla/5.0 (compatible; SERankingBacklinksBot/1.0; +https://seranking.com/backlinks-crawler)"
5.9.120.220 - - [05/Feb/2026:00:39:41 -0500] "GET /detail/448962587 HTTP/1.0" 301 - "-" "Mozilla/5.0 (compatible; SERankingBacklinksBot/1.0; +https://seranking.com/backlinks-crawler)"
66.249.73.171 - - [05/Feb/2026:00:39:43 -0500] "GET /?products/24433001/ HTTP/1.0" 301 - "-" "Mozilla/5.0 (Linux; Android 6.0.1; Nexus 5X Build/MMB29P) AppleWebKit/537.36 (KHTML, like Gecko) Chrome/144.0.7559.109 Mobile Safari/537.36 (compatible; Googlebot/2.1; +http://www.google.com/bot.html)"
66.249.73.171 - - [05/Feb/2026:00:39:44 -0500] "GET /?products%2F24433001%2F HTTP/1.0" 200 186888 "-" "Mozilla/5.0 (Linux; Android 6.0.1; Nexus 5X Build/MMB29P) AppleWebKit/537.36 (KHTML, like Gecko) Chrome/144.0.7559.109 Mobile Safari/537.36 (compatible; Googlebot/2.1; +http://www.google.com/bot.html)"
5.9.120.220 - - [05/Feb/2026:00:39:45 -0500] "GET /detail/449048449 HTTP/1.0" 301 - "-" "Mozilla/5.0 (compatible; SERankingBacklinksBot/1.0; +https://seranking.com/backlinks-crawler)"
5.9.120.220 - - [05/Feb/2026:00:39:49 -0500] "GET /detail/449069351 HTTP/1.0" 301 - "-" "Mozilla/5.0 (compatible; SERankingBacklinksBot/1.0; +https://seranking.com/backlinks-crawler)"
5.9.120.220 - - [05/Feb/2026:00:39:53 -0500] "GET /detail/449074966 HTTP/1.0" 301 - "-" "Mozilla/5.0 (compatible; SERankingBacklinksBot/1.0; +https://seranking.com/backlinks-crawler)"
5.9.120.220 - - [05/Feb/2026:00:39:57 -0500] "GET /detail/449171224 HTTP/1.0" 301 - "-" "Mozilla/5.0 (compatible; SERankingBacklinksBot/1.0; +https://seranking.com/backlinks-crawler)"
74.7.241.28 - - [05/Feb/2026:00:39:58 -0500] "GET /detail/497683764 HTTP/1.0" 404 157592 "https://zenoxpressjobs.com" "Mozilla/5.0 AppleWebKit/537.36 (KHTML, like Gecko; compatible; GPTBot/1.3; +https://openai.com/gptbot)"
66.249.73.160 - - [05/Feb/2026:00:40:00 -0500] "GET /?products/11041034/ HTTP/1.0" 301 - "-" "Mozilla/5.0 (Linux; Android 6.0.1; Nexus 5X Build/MMB29P) AppleWebKit/537.36 (KHTML, like Gecko) Chrome/144.0.7559.109 Mobile Safari/537.36 (compatible; Googlebot/2.1; +http://www.google.com/bot.html)"
5.9.120.220 - - [05/Feb/2026:00:40:01 -0500] "GET /detail/449246224 HTTP/1.0" 301 - "-" "Mozilla/5.0 (compatible; SERankingBacklinksBot/1.0; +https://seranking.com/backlinks-crawler)"
54.39.0.44 - - [05/Feb/2026:00:40:01 -0500] "GET /detail/209896696 HTTP/1.0" 301 - "-" "Mozilla/5.0 (compatible; AhrefsBot/7.0; +http://ahrefs.com/robot/)"
66.249.73.172 - - [05/Feb/2026:00:40:01 -0500] "GET /?products%2F11041034%2F HTTP/1.0" 200 186888 "-" "Mozilla/5.0 (Linux; Android 6.0.1; Nexus 5X Build/MMB29P) AppleWebKit/537.36 (KHTML, like Gecko) Chrome/144.0.7559.109 Mobile Safari/537.36 (compatible; Googlebot/2.1; +http://www.google.com/bot.html)"
5.9.120.220 - - [05/Feb/2026:00:40:05 -0500] "GET /detail/449274079 HTTP/1.0" 301 - "-" "Mozilla/5.0 (compatible; SERankingBacklinksBot/1.0; +https://seranking.com/backlinks-crawler)"
5.9.120.220 - - [05/Feb/2026:00:40:09 -0500] "GET /detail/449276409 HTTP/1.0" 301 - "-" "Mozilla/5.0 (compatible; SERankingBacklinksBot/1.0; +https://seranking.com/backlinks-crawler)"
5.9.120.220 - - [05/Feb/2026:00:40:13 -0500] "GET /detail/449279177 HTTP/1.0" 301 - "-" "Mozilla/5.0 (compatible; SERankingBacklinksBot/1.0; +https://seranking.com/backlinks-crawler)"
5.9.120.220 - - [05/Feb/2026:00:40:17 -0500] "GET /detail/449338848 HTTP/1.0" 301 - "-" "Mozilla/5.0 (compatible; SERankingBacklinksBot/1.0; +https://seranking.com/backlinks-crawler)"
5.9.120.220 - - [05/Feb/2026:00:40:21 -0500] "GET /detail/449355763 HTTP/1.0" 301 - "-" "Mozilla/5.0 (compatible; SERankingBacklinksBot/1.0; +https://seranking.com/backlinks-crawler)"
5.9.120.220 - - [05/Feb/2026:00:40:25 -0500] "GET /detail/449404464 HTTP/1.0" 301 - "-" "Mozilla/5.0 (compatible; SERankingBacklinksBot/1.0; +https://seranking.com/backlinks-crawler)"
5.9.120.220 - - [05/Feb/2026:00:40:29 -0500] "GET /detail/449487976 HTTP/1.0" 301 - "-" "Mozilla/5.0 (compatible; SERankingBacklinksBot/1.0; +https://seranking.com/backlinks-crawler)"
173.231.242.79 - - [05/Feb/2026:00:40:33 -0500] "POST /wp-cron.php?doing_wp_cron=1770270033.5335600376129150390625 HTTP/1.0" 200 - "-" "WordPress/6.9.1; https://www.zenoxpressjobs.com"
5.9.120.220 - - [05/Feb/2026:00:40:33 -0500] "GET /detail/449490259 HTTP/1.0" 301 - "-" "Mozilla/5.0 (compatible; SERankingBacklinksBot/1.0; +https://seranking.com/backlinks-crawler)"
5.9.120.220 - - [05/Feb/2026:00:40:37 -0500] "GET /detail/449490849 HTTP/1.0" 301 - "-" "Mozilla/5.0 (compatible; SERankingBacklinksBot/1.0; +https://seranking.com/backlinks-crawler)"
5.9.120.220 - - [05/Feb/2026:00:40:41 -0500] "GET /detail/449491068 HTTP/1.0" 301 - "-" "Mozilla/5.0 (compatible; SERankingBacklinksBot/1.0; +https://seranking.com/backlinks-crawler)"
74.7.241.28 - - [05/Feb/2026:00:40:41 -0500] "GET /detail/587966280 HTTP/1.0" 404 157592 "https://zenoxpressjobs.com" "Mozilla/5.0 AppleWebKit/537.36 (KHTML, like Gecko; compatible; GPTBot/1.3; +https://openai.com/gptbot)"
5.9.120.220 - - [05/Feb/2026:00:40:45 -0500] "GET /detail/449556372 HTTP/1.0" 301 - "-" "Mozilla/5.0 (compatible; SERankingBacklinksBot/1.0; +https://seranking.com/backlinks-crawler)"
66.249.73.171 - - [05/Feb/2026:00:40:46 -0500] "GET /detail/497008706 HTTP/1.0" 404 157592 "-" "Mozilla/5.0 (compatible; Googlebot/2.1; +http://www.google.com/bot.html)"
5.9.120.220 - - [05/Feb/2026:00:40:49 -0500] "GET /detail/449593254 HTTP/1.0" 301 - "-" "Mozilla/5.0 (compatible; SERankingBacklinksBot/1.0; +https://seranking.com/backlinks-crawler)"
5.9.120.220 - - [05/Feb/2026:00:40:53 -0500] "GET /detail/449603444 HTTP/1.0" 301 - "-" "Mozilla/5.0 (compatible; SERankingBacklinksBot/1.0; +https://seranking.com/backlinks-crawler)"
5.9.120.220 - - [05/Feb/2026:00:40:57 -0500] "GET /detail/449608266 HTTP/1.0" 301 - "-" "Mozilla/5.0 (compatible; SERankingBacklinksBot/1.0; +https://seranking.com/backlinks-crawler)"
5.9.120.220 - - [05/Feb/2026:00:41:01 -0500] "GET /detail/449659702 HTTP/1.0" 301 - "-" "Mozilla/5.0 (compatible; SERankingBacklinksBot/1.0; +https://seranking.com/backlinks-crawler)"
5.9.120.220 - - [05/Feb/2026:00:41:05 -0500] "GET /detail/449708129 HTTP/1.0" 301 - "-" "Mozilla/5.0 (compatible; SERankingBacklinksBot/1.0; +https://seranking.com/backlinks-crawler)"
5.9.120.220 - - [05/Feb/2026:00:41:09 -0500] "GET /detail/449763973 HTTP/1.0" 301 - "-" "Mozilla/5.0 (compatible; SERankingBacklinksBot/1.0; +https://seranking.com/backlinks-crawler)"
5.9.120.220 - - [05/Feb/2026:00:41:13 -0500] "GET /detail/449798833 HTTP/1.0" 301 - "-" "Mozilla/5.0 (compatible; SERankingBacklinksBot/1.0; +https://seranking.com/backlinks-crawler)"
5.9.120.220 - - [05/Feb/2026:00:41:17 -0500] "GET /detail/449813281 HTTP/1.0" 301 - "-" "Mozilla/5.0 (compatible; SERankingBacklinksBot/1.0; +https://seranking.com/backlinks-crawler)"
66.249.73.171 - - [05/Feb/2026:00:41:20 -0500] "GET /?products/6277090/ HTTP/1.0" 301 - "-" "Mozilla/5.0 (Linux; Android 6.0.1; Nexus 5X Build/MMB29P) AppleWebKit/537.36 (KHTML, like Gecko) Chrome/144.0.7559.109 Mobile Safari/537.36 (compatible; Googlebot/2.1; +http://www.google.com/bot.html)"
5.9.120.220 - - [05/Feb/2026:00:41:21 -0500] "GET /detail/449825400 HTTP/1.0" 301 - "-" "Mozilla/5.0 (compatible; SERankingBacklinksBot/1.0; +https://seranking.com/backlinks-crawler)"
66.249.73.160 - - [05/Feb/2026:00:41:21 -0500] "GET /?products%2F6277090%2F HTTP/1.0" 200 186888 "-" "Mozilla/5.0 (Linux; Android 6.0.1; Nexus 5X Build/MMB29P) AppleWebKit/537.36 (KHTML, like Gecko) Chrome/144.0.7559.109 Mobile Safari/537.36 (compatible; Googlebot/2.1; +http://www.google.com/bot.html)"
74.7.241.28 - - [05/Feb/2026:00:41:23 -0500] "GET /detail/368910509 HTTP/1.0" 404 157592 "https://zenoxpressjobs.com" "Mozilla/5.0 AppleWebKit/537.36 (KHTML, like Gecko; compatible; GPTBot/1.3; +https://openai.com/gptbot)"
5.9.120.220 - - [05/Feb/2026:00:41:25 -0500] "GET /detail/449839645 HTTP/1.0" 301 - "-" "Mozilla/5.0 (compatible; SERankingBacklinksBot/1.0; +https://seranking.com/backlinks-crawler)"
66.249.73.171 - - [05/Feb/2026:00:41:44 -0500] "GET /?products/7056601/ HTTP/1.0" 301 - "-" "Mozilla/5.0 (Linux; Android 6.0.1; Nexus 5X Build/MMB29P) AppleWebKit/537.36 (KHTML, like Gecko) Chrome/144.0.7559.109 Mobile Safari/537.36 (compatible; Googlebot/2.1; +http://www.google.com/bot.html)"
66.249.73.171 - - [05/Feb/2026:00:41:51 -0500] "GET /?products%2F7056601%2F HTTP/1.0" 200 186888 "-" "Mozilla/5.0 (Linux; Android 6.0.1; Nexus 5X Build/MMB29P) AppleWebKit/537.36 (KHTML, like Gecko) Chrome/144.0.7559.109 Mobile Safari/537.36 (compatible; Googlebot/2.1; +http://www.google.com/bot.html)"
66.249.73.172 - - [05/Feb/2026:00:42:00 -0500] "GET /wp-content/plugins/woocommerce/assets/js/frontend/add-to-cart-variation.min.js?ver=10.0.5 HTTP/1.0" 200 14751 "https://www.zenoxpressjobs.com/?products%2F7056601%2F" "Mozilla/5.0 (Linux; Android 6.0.1; Nexus 5X Build/MMB29P) AppleWebKit/537.36 (KHTML, like Gecko) Chrome/143.0.7499.192 Mobile Safari/537.36 (compatible; Googlebot/2.1; +http://www.google.com/bot.html)"
74.7.241.28 - - [05/Feb/2026:00:42:06 -0500] "GET /detail/364603019 HTTP/1.0" 404 157592 "https://zenoxpressjobs.com" "Mozilla/5.0 AppleWebKit/537.36 (KHTML, like Gecko; compatible; GPTBot/1.3; +https://openai.com/gptbot)"
173.231.242.79 - - [05/Feb/2026:00:42:49 -0500] "POST /wp-cron.php?doing_wp_cron=1770270169.0591800212860107421875 HTTP/1.0" 200 - "-" "WordPress/6.9.1; https://www.zenoxpressjobs.com"
74.7.241.28 - - [05/Feb/2026:00:42:47 -0500] "GET /detail/585719394 HTTP/1.0" 404 157592 "https://zenoxpressjobs.com" "Mozilla/5.0 AppleWebKit/537.36 (KHTML, like Gecko; compatible; GPTBot/1.3; +https://openai.com/gptbot)"
173.231.242.79 - - [05/Feb/2026:00:43:33 -0500] "POST /wp-cron.php?doing_wp_cron=1770270213.2325251102447509765625 HTTP/1.0" 200 - "-" "WordPress/6.9.1; https://www.zenoxpressjobs.com"
74.7.241.28 - - [05/Feb/2026:00:43:30 -0500] "GET /detail/211325568 HTTP/1.0" 404 157592 "https://zenoxpressjobs.com" "Mozilla/5.0 AppleWebKit/537.36 (KHTML, like Gecko; compatible; GPTBot/1.3; +https://openai.com/gptbot)"
173.231.242.79 - - [05/Feb/2026:00:44:11 -0500] "POST /wp-cron.php?doing_wp_cron=1770270251.5705070495605468750000 HTTP/1.0" 200 - "-" "WordPress/6.9.1; https://www.zenoxpressjobs.com"
66.249.73.172 - - [05/Feb/2026:00:44:08 -0500] "GET /detail/288655557 HTTP/1.0" 404 157592 "-" "Mozilla/5.0 (compatible; Googlebot/2.1; +http://www.google.com/bot.html)"
66.249.73.171 - - [05/Feb/2026:00:44:10 -0500] "GET /detail/288655557 HTTP/1.0" 404 157603 "-" "Mozilla/5.0 (Linux; Android 6.0.1; Nexus 5X Build/MMB29P) AppleWebKit/537.36 (KHTML, like Gecko) Chrome/144.0.7559.109 Mobile Safari/537.36 (compatible; Googlebot/2.1; +http://www.google.com/bot.html)"
74.7.241.28 - - [05/Feb/2026:00:44:11 -0500] "GET /detail/240102179 HTTP/1.0" 404 157592 "https://zenoxpressjobs.com" "Mozilla/5.0 AppleWebKit/537.36 (KHTML, like Gecko; compatible; GPTBot/1.3; +https://openai.com/gptbot)"
173.231.242.79 - - [05/Feb/2026:00:44:41 -0500] "POST /wp-cron.php?doing_wp_cron=1770270281.5502820014953613281250 HTTP/1.0" 200 - "-" "WordPress/6.9.1; https://www.zenoxpressjobs.com"
142.44.220.185 - - [05/Feb/2026:00:44:41 -0500] "GET /detail/150419281 HTTP/1.0" 301 - "-" "Mozilla/5.0 (compatible; AhrefsBot/7.0; +http://ahrefs.com/robot/)"
