148.113.128.8 - - [05/Feb/2026:07:57:42 -0500] "GET /wp-sitemap-posts-elementskit_template-1.xml HTTP/1.0" 200 323 "-" "Mozilla/5.0 (compatible; AhrefsBot/7.0; +http://ahrefs.com/robot/)"
54.39.203.31 - - [05/Feb/2026:07:57:45 -0500] "GET /wp-sitemap-posts-product-1.xml HTTP/1.0" 200 4002 "-" "Mozilla/5.0 (compatible; AhrefsBot/7.0; +http://ahrefs.com/robot/)"
142.44.225.230 - - [05/Feb/2026:07:57:49 -0500] "GET /wp-sitemap-posts-elementor-hf-1.xml HTTP/1.0" 200 315 "-" "Mozilla/5.0 (compatible; AhrefsBot/7.0; +http://ahrefs.com/robot/)"
15.235.98.202 - - [05/Feb/2026:07:57:52 -0500] "GET /wp-sitemap-posts-cartflows_step-1.xml HTTP/1.0" 200 421 "-" "Mozilla/5.0 (compatible; AhrefsBot/7.0; +http://ahrefs.com/robot/)"
51.222.168.53 - - [05/Feb/2026:07:57:56 -0500] "GET /wp-sitemap-taxonomies-product_cat-1.xml HTTP/1.0" 200 430 "-" "Mozilla/5.0 (compatible; AhrefsBot/7.0; +http://ahrefs.com/robot/)"
51.222.95.192 - - [05/Feb/2026:07:58:00 -0500] "GET /wp-sitemap-users-1.xml HTTP/1.0" 200 278 "-" "Mozilla/5.0 (compatible; AhrefsBot/7.0; +http://ahrefs.com/robot/)"
173.231.242.79 - - [05/Feb/2026:07:58:33 -0500] "POST /wp-cron.php?doing_wp_cron=1770296313.4478480815887451171875 HTTP/1.0" 200 - "-" "WordPress/6.9.1; https://www.zenoxpressjobs.com"
74.7.241.28 - - [05/Feb/2026:07:58:31 -0500] "GET /detail/508075994 HTTP/1.0" 404 157592 "https://zenoxpressjobs.com" "Mozilla/5.0 AppleWebKit/537.36 (KHTML, like Gecko; compatible; GPTBot/1.3; +https://openai.com/gptbot)"
66.249.73.160 - - [05/Feb/2026:07:59:14 -0500] "GET /detail/319871353 HTTP/1.0" 404 157603 "-" "Mozilla/5.0 (Linux; Android 6.0.1; Nexus 5X Build/MMB29P) AppleWebKit/537.36 (KHTML, like Gecko) Chrome/144.0.7559.109 Mobile Safari/537.36 (compatible; Googlebot/2.1; +http://www.google.com/bot.html)"
173.231.242.79 - - [05/Feb/2026:07:59:34 -0500] "POST /wp-cron.php?doing_wp_cron=1770296374.8426148891448974609375 HTTP/1.0" 200 - "-" "WordPress/6.9.1; https://www.zenoxpressjobs.com"
74.7.241.28 - - [05/Feb/2026:07:59:32 -0500] "GET /detail/168917401 HTTP/1.0" 404 157592 "https://zenoxpressjobs.com" "Mozilla/5.0 AppleWebKit/537.36 (KHTML, like Gecko; compatible; GPTBot/1.3; +https://openai.com/gptbot)"
173.231.242.79 - - [05/Feb/2026:08:00:37 -0500] "POST /wp-cron.php?doing_wp_cron=1770296437.6411149501800537109375 HTTP/1.0" 200 - "-" "WordPress/6.9.1; https://www.zenoxpressjobs.com"
74.7.241.28 - - [05/Feb/2026:08:00:35 -0500] "GET /detail/538583485 HTTP/1.0" 404 157592 "https://zenoxpressjobs.com" "Mozilla/5.0 AppleWebKit/537.36 (KHTML, like Gecko; compatible; GPTBot/1.3; +https://openai.com/gptbot)"
173.231.242.79 - - [05/Feb/2026:08:01:39 -0500] "POST /wp-cron.php?doing_wp_cron=1770296499.2981650829315185546875 HTTP/1.0" 200 - "-" "WordPress/6.9.1; https://www.zenoxpressjobs.com"
74.7.241.28 - - [05/Feb/2026:08:01:37 -0500] "GET /detail/219578508 HTTP/1.0" 404 157592 "https://zenoxpressjobs.com" "Mozilla/5.0 AppleWebKit/537.36 (KHTML, like Gecko; compatible; GPTBot/1.3; +https://openai.com/gptbot)"
173.231.242.79 - - [05/Feb/2026:08:02:43 -0500] "POST /wp-cron.php?doing_wp_cron=1770296563.8117749691009521484375 HTTP/1.0" 200 - "-" "WordPress/6.9.1; https://www.zenoxpressjobs.com"
74.7.241.28 - - [05/Feb/2026:08:02:42 -0500] "GET /detail/528565637 HTTP/1.0" 404 157592 "https://zenoxpressjobs.com" "Mozilla/5.0 AppleWebKit/537.36 (KHTML, like Gecko; compatible; GPTBot/1.3; +https://openai.com/gptbot)"
66.249.73.171 - - [05/Feb/2026:08:03:16 -0500] "GET /detail/221037780 HTTP/1.0" 404 157603 "-" "Mozilla/5.0 (Linux; Android 6.0.1; Nexus 5X Build/MMB29P) AppleWebKit/537.36 (KHTML, like Gecko) Chrome/144.0.7559.109 Mobile Safari/537.36 (compatible; Googlebot/2.1; +http://www.google.com/bot.html)"
173.231.242.79 - - [05/Feb/2026:08:03:46 -0500] "POST /wp-cron.php?doing_wp_cron=1770296626.6988599300384521484375 HTTP/1.0" 200 - "-" "WordPress/6.9.1; https://www.zenoxpressjobs.com"
74.7.241.28 - - [05/Feb/2026:08:03:45 -0500] "GET /detail/101310366 HTTP/1.0" 404 157592 "https://zenoxpressjobs.com" "Mozilla/5.0 AppleWebKit/537.36 (KHTML, like Gecko; compatible; GPTBot/1.3; +https://openai.com/gptbot)"
173.231.242.79 - - [05/Feb/2026:08:04:32 -0500] "POST /wp-cron.php?doing_wp_cron=1770296672.2619071006774902343750 HTTP/1.0" 200 - "-" "WordPress/6.9.1; https://www.zenoxpressjobs.com"
51.222.168.13 - - [05/Feb/2026:08:04:31 -0500] "GET /detail/97028261 HTTP/1.0" 301 - "-" "Mozilla/5.0 (compatible; AhrefsBot/7.0; +http://ahrefs.com/robot/)"
74.7.241.28 - - [05/Feb/2026:08:04:48 -0500] "GET /detail/467357746 HTTP/1.0" 404 157592 "https://zenoxpressjobs.com" "Mozilla/5.0 AppleWebKit/537.36 (KHTML, like Gecko; compatible; GPTBot/1.3; +https://openai.com/gptbot)"
173.231.242.79 - - [05/Feb/2026:08:05:52 -0500] "POST /wp-cron.php?doing_wp_cron=1770296752.2794399261474609375000 HTTP/1.0" 200 - "-" "WordPress/6.9.1; https://www.zenoxpressjobs.com"
74.7.241.28 - - [05/Feb/2026:08:05:50 -0500] "GET /detail/186078209 HTTP/1.0" 404 157592 "https://zenoxpressjobs.com" "Mozilla/5.0 AppleWebKit/537.36 (KHTML, like Gecko; compatible; GPTBot/1.3; +https://openai.com/gptbot)"
66.249.73.172 - - [05/Feb/2026:08:06:04 -0500] "GET /detail/354762125 HTTP/1.0" 404 157603 "-" "Mozilla/5.0 (Linux; Android 6.0.1; Nexus 5X Build/MMB29P) AppleWebKit/537.36 (KHTML, like Gecko) Chrome/144.0.7559.109 Mobile Safari/537.36 (compatible; Googlebot/2.1; +http://www.google.com/bot.html)"
66.249.73.172 - - [05/Feb/2026:08:06:04 -0500] "GET /detail/354762125 HTTP/1.0" 404 157592 "-" "Mozilla/5.0 (compatible; Googlebot/2.1; +http://www.google.com/bot.html)"
135.181.213.219 - - [05/Feb/2026:08:06:22 -0500] "GET /robots.txt HTTP/1.0" 200 272 "-" "Mozilla/5.0 (compatible; MJ12bot/v1.4.8; http://mj12bot.com/)"
135.181.213.219 - - [05/Feb/2026:08:06:24 -0500] "GET /investor-relations/ HTTP/1.0" 200 159194 "-" "Mozilla/5.0 (compatible; MJ12bot/v1.4.8; http://mj12bot.com/)"
185.191.171.6 - - [05/Feb/2026:08:06:27 -0500] "GET /index.html/product/black-over-the-shoulder-handbag/ HTTP/1.0" 404 157592 "-" "Mozilla/5.0 (compatible; SemrushBot/7~bl; +http://www.semrush.com/bot.html)"
173.231.242.79 - - [05/Feb/2026:08:06:40 -0500] "POST /wp-cron.php?doing_wp_cron=1770296800.2644140720367431640625 HTTP/1.0" 200 - "-" "WordPress/6.9.1; https://www.zenoxpressjobs.com"
66.249.73.172 - - [05/Feb/2026:08:06:39 -0500] "GET /detail/134871268 HTTP/1.0" 404 157592 "-" "Mozilla/5.0 (compatible; Googlebot/2.1; +http://www.google.com/bot.html)"
74.7.241.28 - - [05/Feb/2026:08:06:52 -0500] "GET /detail/290704345 HTTP/1.0" 404 157592 "https://zenoxpressjobs.com" "Mozilla/5.0 AppleWebKit/537.36 (KHTML, like Gecko; compatible; GPTBot/1.3; +https://openai.com/gptbot)"
173.231.242.79 - - [05/Feb/2026:08:07:59 -0500] "POST /wp-cron.php?doing_wp_cron=1770296879.5766758918762207031250 HTTP/1.0" 200 - "-" "WordPress/6.9.1; https://www.zenoxpressjobs.com"
74.7.241.28 - - [05/Feb/2026:08:07:58 -0500] "GET /detail/124071794 HTTP/1.0" 404 157592 "https://zenoxpressjobs.com" "Mozilla/5.0 AppleWebKit/537.36 (KHTML, like Gecko; compatible; GPTBot/1.3; +https://openai.com/gptbot)"
173.231.242.79 - - [05/Feb/2026:08:09:03 -0500] "POST /wp-cron.php?doing_wp_cron=1770296942.9769198894500732421875 HTTP/1.0" 200 - "-" "WordPress/6.9.1; https://www.zenoxpressjobs.com"
74.7.241.28 - - [05/Feb/2026:08:09:01 -0500] "GET /detail/442425165 HTTP/1.0" 404 157592 "https://zenoxpressjobs.com" "Mozilla/5.0 AppleWebKit/537.36 (KHTML, like Gecko; compatible; GPTBot/1.3; +https://openai.com/gptbot)"
66.249.73.172 - - [05/Feb/2026:08:09:04 -0500] "GET /detail/235335283 HTTP/1.0" 404 157592 "-" "Mozilla/5.0 (compatible; Googlebot/2.1; +http://www.google.com/bot.html)"
173.231.242.79 - - [05/Feb/2026:08:09:43 -0500] "POST /wp-cron.php?doing_wp_cron=1770296983.3914940357208251953125 HTTP/1.0" 200 - "-" "WordPress/6.9.1; https://www.zenoxpressjobs.com"
66.249.73.171 - - [05/Feb/2026:08:09:41 -0500] "GET /detail/529074824 HTTP/1.0" 404 157603 "-" "Mozilla/5.0 (Linux; Android 6.0.1; Nexus 5X Build/MMB29P) AppleWebKit/537.36 (KHTML, like Gecko) Chrome/144.0.7559.109 Mobile Safari/537.36 (compatible; Googlebot/2.1; +http://www.google.com/bot.html)"
66.249.73.160 - - [05/Feb/2026:08:10:01 -0500] "GET /detail/272994021 HTTP/1.0" 404 157603 "-" "Mozilla/5.0 (Linux; Android 6.0.1; Nexus 5X Build/MMB29P) AppleWebKit/537.36 (KHTML, like Gecko) Chrome/144.0.7559.109 Mobile Safari/537.36 (compatible; Googlebot/2.1; +http://www.google.com/bot.html)"
74.7.241.28 - - [05/Feb/2026:08:10:05 -0500] "GET /detail/451802490 HTTP/1.0" 404 157592 "https://zenoxpressjobs.com" "Mozilla/5.0 AppleWebKit/537.36 (KHTML, like Gecko; compatible; GPTBot/1.3; +https://openai.com/gptbot)"
142.44.220.85 - - [05/Feb/2026:08:10:11 -0500] "GET /detail/95946585 HTTP/1.0" 301 - "-" "Mozilla/5.0 (compatible; AhrefsBot/7.0; +http://ahrefs.com/robot/)"
173.231.242.79 - - [05/Feb/2026:08:11:03 -0500] "POST /wp-cron.php?doing_wp_cron=1770297063.2429280281066894531250 HTTP/1.0" 200 - "-" "WordPress/6.9.1; https://www.zenoxpressjobs.com"
185.93.89.110 - - [05/Feb/2026:08:11:02 -0500] "GET //.env HTTP/1.0" 301 - "-" "Go-http-client/1.1"
185.93.89.110 - - [05/Feb/2026:08:11:04 -0500] "GET /.env HTTP/1.0" 404 157592 "https://zenoxpressjobs.com//.env" "Go-http-client/1.1"
74.7.241.28 - - [05/Feb/2026:08:11:06 -0500] "GET /detail/233414606 HTTP/1.0" 404 157592 "https://zenoxpressjobs.com" "Mozilla/5.0 AppleWebKit/537.36 (KHTML, like Gecko; compatible; GPTBot/1.3; +https://openai.com/gptbot)"
173.231.242.79 - - [05/Feb/2026:08:12:13 -0500] "POST /wp-cron.php?doing_wp_cron=1770297133.9004719257354736328125 HTTP/1.0" 200 - "-" "WordPress/6.9.1; https://www.zenoxpressjobs.com"
74.7.241.28 - - [05/Feb/2026:08:12:12 -0500] "GET /detail/119977932 HTTP/1.0" 404 157592 "https://zenoxpressjobs.com" "Mozilla/5.0 AppleWebKit/537.36 (KHTML, like Gecko; compatible; GPTBot/1.3; +https://openai.com/gptbot)"
173.231.242.79 - - [05/Feb/2026:08:13:31 -0500] "POST /wp-cron.php?doing_wp_cron=1770297211.2155590057373046875000 HTTP/1.0" 200 - "-" "WordPress/6.9.1; https://www.zenoxpressjobs.com"
74.7.241.28 - - [05/Feb/2026:08:13:25 -0500] "GET /detail/143109584 HTTP/1.0" 404 157592 "https://zenoxpressjobs.com" "Mozilla/5.0 AppleWebKit/537.36 (KHTML, like Gecko; compatible; GPTBot/1.3; +https://openai.com/gptbot)"
74.7.241.28 - - [05/Feb/2026:08:14:22 -0500] "GET /detail/316256612 HTTP/1.0" 404 157592 "https://zenoxpressjobs.com" "Mozilla/5.0 AppleWebKit/537.36 (KHTML, like Gecko; compatible; GPTBot/1.3; +https://openai.com/gptbot)"
74.7.241.28 - - [05/Feb/2026:08:18:36 -0500] "GET /detail/375618261 HTTP/1.0" 404 8192 "https://zenoxpressjobs.com" "Mozilla/5.0 AppleWebKit/537.36 (KHTML, like Gecko; compatible; GPTBot/1.3; +https://openai.com/gptbot)"
74.7.241.28 - - [05/Feb/2026:08:18:37 -0500] "GET /detail/265180041 HTTP/1.0" 404 157592 "https://zenoxpressjobs.com" "Mozilla/5.0 AppleWebKit/537.36 (KHTML, like Gecko; compatible; GPTBot/1.3; +https://openai.com/gptbot)"
170.106.147.63 - - [05/Feb/2026:08:19:27 -0500] "GET / HTTP/1.0" 301 - "-" "Mozilla/5.0 (iPhone; CPU iPhone OS 13_2_3 like Mac OS X) AppleWebKit/605.1.15 (KHTML, like Gecko) Version/13.0.3 Mobile/15E148 Safari/604.1"
74.7.241.28 - - [05/Feb/2026:08:19:47 -0500] "GET /detail/173764389 HTTP/1.0" 404 157592 "https://zenoxpressjobs.com" "Mozilla/5.0 AppleWebKit/537.36 (KHTML, like Gecko; compatible; GPTBot/1.3; +https://openai.com/gptbot)"
74.7.241.28 - - [05/Feb/2026:08:21:09 -0500] "GET /detail/494591336 HTTP/1.0" 404 157592 "https://zenoxpressjobs.com" "Mozilla/5.0 AppleWebKit/537.36 (KHTML, like Gecko; compatible; GPTBot/1.3; +https://openai.com/gptbot)"
66.249.73.172 - - [05/Feb/2026:08:26:21 -0500] "GET /detail/398195533 HTTP/1.0" 404 16384 "-" "Mozilla/5.0 (Linux; Android 6.0.1; Nexus 5X Build/MMB29P) AppleWebKit/537.36 (KHTML, like Gecko) Chrome/144.0.7559.109 Mobile Safari/537.36 (compatible; Googlebot/2.1; +http://www.google.com/bot.html)"
74.7.241.28 - - [05/Feb/2026:08:26:41 -0500] "GET /detail/284156541 HTTP/1.0" 404 157592 "https://zenoxpressjobs.com" "Mozilla/5.0 AppleWebKit/537.36 (KHTML, like Gecko; compatible; GPTBot/1.3; +https://openai.com/gptbot)"
74.7.241.28 - - [05/Feb/2026:08:28:07 -0500] "GET /detail/120355205 HTTP/1.0" 404 157592 "https://zenoxpressjobs.com" "Mozilla/5.0 AppleWebKit/537.36 (KHTML, like Gecko; compatible; GPTBot/1.3; +https://openai.com/gptbot)"
173.231.242.79 - - [05/Feb/2026:08:32:15 -0500] "POST /wp-cron.php?doing_wp_cron=1770298335.5436680316925048828125 HTTP/1.0" 200 - "-" "WordPress/6.9.1; https://www.zenoxpressjobs.com"
74.7.241.28 - - [05/Feb/2026:08:32:13 -0500] "GET /detail/557767923 HTTP/1.0" 404 157592 "https://zenoxpressjobs.com" "Mozilla/5.0 AppleWebKit/537.36 (KHTML, like Gecko; compatible; GPTBot/1.3; +https://openai.com/gptbot)"
173.231.242.79 - - [05/Feb/2026:08:33:18 -0500] "POST /wp-cron.php?doing_wp_cron=1770298398.4206500053405761718750 HTTP/1.0" 200 - "-" "WordPress/6.9.1; https://www.zenoxpressjobs.com"
74.7.241.28 - - [05/Feb/2026:08:33:16 -0500] "GET /detail/460919655 HTTP/1.0" 404 157592 "https://zenoxpressjobs.com" "Mozilla/5.0 AppleWebKit/537.36 (KHTML, like Gecko; compatible; GPTBot/1.3; +https://openai.com/gptbot)"
173.231.242.79 - - [05/Feb/2026:08:34:19 -0500] "POST /wp-cron.php?doing_wp_cron=1770298459.3469219207763671875000 HTTP/1.0" 200 - "-" "WordPress/6.9.1; https://www.zenoxpressjobs.com"
74.7.241.28 - - [05/Feb/2026:08:34:17 -0500] "GET /detail/591394103 HTTP/1.0" 404 157592 "https://zenoxpressjobs.com" "Mozilla/5.0 AppleWebKit/537.36 (KHTML, like Gecko; compatible; GPTBot/1.3; +https://openai.com/gptbot)"
173.231.242.79 - - [05/Feb/2026:08:35:02 -0500] "POST /wp-cron.php?doing_wp_cron=1770298502.7908411026000976562500 HTTP/1.0" 200 - "-" "WordPress/6.9.1; https://www.zenoxpressjobs.com"
51.75.128.94 - - [05/Feb/2026:08:35:01 -0500] "GET /robots.txt HTTP/1.0" 200 272 "-" "Mozilla/5.0 (compatible; MJ12bot/v1.4.8; http://mj12bot.com/)"
51.75.128.94 - - [05/Feb/2026:08:35:04 -0500] "GET /history-of-the-company/ HTTP/1.0" 200 159226 "-" "Mozilla/5.0 (compatible; MJ12bot/v1.4.8; http://mj12bot.com/)"
74.7.241.28 - - [05/Feb/2026:08:35:21 -0500] "GET /detail/448303902 HTTP/1.0" 404 157592 "https://zenoxpressjobs.com" "Mozilla/5.0 AppleWebKit/537.36 (KHTML, like Gecko; compatible; GPTBot/1.3; +https://openai.com/gptbot)"
173.231.242.79 - - [05/Feb/2026:08:36:23 -0500] "POST /wp-cron.php?doing_wp_cron=1770298583.7763700485229492187500 HTTP/1.0" 200 - "-" "WordPress/6.9.1; https://www.zenoxpressjobs.com"
74.7.241.28 - - [05/Feb/2026:08:36:22 -0500] "GET /detail/183926173 HTTP/1.0" 404 157592 "https://zenoxpressjobs.com" "Mozilla/5.0 AppleWebKit/537.36 (KHTML, like Gecko; compatible; GPTBot/1.3; +https://openai.com/gptbot)"
173.231.242.79 - - [05/Feb/2026:08:36:37 -0500] "POST /wp-cron.php?doing_wp_cron=1770298597.1897659301757812500000 HTTP/1.0" 200 - "-" "WordPress/6.9.1; https://www.zenoxpressjobs.com"
66.249.73.172 - - [05/Feb/2026:08:36:36 -0500] "GET /detail/227240494 HTTP/1.0" 404 157592 "-" "Mozilla/5.0 (compatible; Googlebot/2.1; +http://www.google.com/bot.html)"
66.249.73.172 - - [05/Feb/2026:08:36:40 -0500] "GET /detail/576376274 HTTP/1.0" 404 157592 "-" "Mozilla/5.0 (compatible; Googlebot/2.1; +http://www.google.com/bot.html)"
66.249.73.171 - - [05/Feb/2026:08:36:42 -0500] "GET /detail/219044308 HTTP/1.0" 404 157603 "-" "Mozilla/5.0 (Linux; Android 6.0.1; Nexus 5X Build/MMB29P) AppleWebKit/537.36 (KHTML, like Gecko) Chrome/144.0.7559.109 Mobile Safari/537.36 (compatible; Googlebot/2.1; +http://www.google.com/bot.html)"
66.249.73.171 - - [05/Feb/2026:08:36:44 -0500] "GET /detail/398195533 HTTP/1.0" 404 157603 "-" "Mozilla/5.0 (Linux; Android 6.0.1; Nexus 5X Build/MMB29P) AppleWebKit/537.36 (KHTML, like Gecko) Chrome/144.0.7559.109 Mobile Safari/537.36 (compatible; Googlebot/2.1; +http://www.google.com/bot.html)"
144.76.32.237 - - [05/Feb/2026:08:36:49 -0500] "GET /detail/308830051 HTTP/1.0" 404 157592 "-" "Mozilla/5.0 (compatible; SERankingBacklinksBot/1.0; +https://seranking.com/backlinks-crawler)"
74.7.241.28 - - [05/Feb/2026:08:37:28 -0500] "GET /detail/586782673 HTTP/1.0" 404 157592 "https://zenoxpressjobs.com" "Mozilla/5.0 AppleWebKit/537.36 (KHTML, like Gecko; compatible; GPTBot/1.3; +https://openai.com/gptbot)"
173.231.242.79 - - [05/Feb/2026:08:38:36 -0500] "POST /wp-cron.php?doing_wp_cron=1770298716.2076930999755859375000 HTTP/1.0" 200 - "-" "WordPress/6.9.1; https://www.zenoxpressjobs.com"
74.7.241.28 - - [05/Feb/2026:08:38:33 -0500] "GET /detail/447471779 HTTP/1.0" 404 157592 "https://zenoxpressjobs.com" "Mozilla/5.0 AppleWebKit/537.36 (KHTML, like Gecko; compatible; GPTBot/1.3; +https://openai.com/gptbot)"
173.231.242.79 - - [05/Feb/2026:08:39:38 -0500] "POST /wp-cron.php?doing_wp_cron=1770298778.7679810523986816406250 HTTP/1.0" 200 - "-" "WordPress/6.9.1; https://www.zenoxpressjobs.com"
74.7.241.28 - - [05/Feb/2026:08:39:37 -0500] "GET /detail/255749166 HTTP/1.0" 404 157592 "https://zenoxpressjobs.com" "Mozilla/5.0 AppleWebKit/537.36 (KHTML, like Gecko; compatible; GPTBot/1.3; +https://openai.com/gptbot)"
173.231.242.79 - - [05/Feb/2026:08:40:44 -0500] "POST /wp-cron.php?doing_wp_cron=1770298844.5326058864593505859375 HTTP/1.0" 200 - "-" "WordPress/6.9.1; https://www.zenoxpressjobs.com"
74.7.241.28 - - [05/Feb/2026:08:40:42 -0500] "GET /detail/424309631 HTTP/1.0" 404 157592 "https://zenoxpressjobs.com" "Mozilla/5.0 AppleWebKit/537.36 (KHTML, like Gecko; compatible; GPTBot/1.3; +https://openai.com/gptbot)"
66.249.73.171 - - [05/Feb/2026:08:40:53 -0500] "GET /?products/7948867/ HTTP/1.0" 301 - "-" "Mozilla/5.0 (Linux; Android 6.0.1; Nexus 5X Build/MMB29P) AppleWebKit/537.36 (KHTML, like Gecko) Chrome/144.0.7559.109 Mobile Safari/537.36 (compatible; Googlebot/2.1; +http://www.google.com/bot.html)"
66.249.73.160 - - [05/Feb/2026:08:40:55 -0500] "GET /?products%2F7948867%2F HTTP/1.0" 200 186888 "-" "Mozilla/5.0 (Linux; Android 6.0.1; Nexus 5X Build/MMB29P) AppleWebKit/537.36 (KHTML, like Gecko) Chrome/144.0.7559.109 Mobile Safari/537.36 (compatible; Googlebot/2.1; +http://www.google.com/bot.html)"
66.249.73.160 - - [05/Feb/2026:08:41:10 -0500] "GET /?products/2319001/ HTTP/1.0" 301 - "-" "Mozilla/5.0 (Linux; Android 6.0.1; Nexus 5X Build/MMB29P) AppleWebKit/537.36 (KHTML, like Gecko) Chrome/144.0.7559.109 Mobile Safari/537.36 (compatible; Googlebot/2.1; +http://www.google.com/bot.html)"
66.249.73.171 - - [05/Feb/2026:08:41:11 -0500] "GET /?products%2F2319001%2F HTTP/1.0" 200 186888 "-" "Mozilla/5.0 (Linux; Android 6.0.1; Nexus 5X Build/MMB29P) AppleWebKit/537.36 (KHTML, like Gecko) Chrome/144.0.7559.109 Mobile Safari/537.36 (compatible; Googlebot/2.1; +http://www.google.com/bot.html)"
66.249.73.172 - - [05/Feb/2026:08:41:14 -0500] "GET /?products/17315234/ HTTP/1.0" 301 - "-" "Mozilla/5.0 (Linux; Android 6.0.1; Nexus 5X Build/MMB29P) AppleWebKit/537.36 (KHTML, like Gecko) Chrome/144.0.7559.109 Mobile Safari/537.36 (compatible; Googlebot/2.1; +http://www.google.com/bot.html)"
66.249.73.172 - - [05/Feb/2026:08:41:15 -0500] "GET /?products%2F17315234%2F HTTP/1.0" 200 186888 "-" "Mozilla/5.0 (Linux; Android 6.0.1; Nexus 5X Build/MMB29P) AppleWebKit/537.36 (KHTML, like Gecko) Chrome/144.0.7559.109 Mobile Safari/537.36 (compatible; Googlebot/2.1; +http://www.google.com/bot.html)"
66.249.73.171 - - [05/Feb/2026:08:41:24 -0500] "GET /?products/13766056/ HTTP/1.0" 301 - "-" "Mozilla/5.0 (Linux; Android 6.0.1; Nexus 5X Build/MMB29P) AppleWebKit/537.36 (KHTML, like Gecko) Chrome/144.0.7559.109 Mobile Safari/537.36 (compatible; Googlebot/2.1; +http://www.google.com/bot.html)"
66.249.73.171 - - [05/Feb/2026:08:41:25 -0500] "GET /?products%2F13766056%2F HTTP/1.0" 200 186888 "-" "Mozilla/5.0 (Linux; Android 6.0.1; Nexus 5X Build/MMB29P) AppleWebKit/537.36 (KHTML, like Gecko) Chrome/144.0.7559.109 Mobile Safari/537.36 (compatible; Googlebot/2.1; +http://www.google.com/bot.html)"
173.231.242.79 - - [05/Feb/2026:08:41:46 -0500] "POST /wp-cron.php?doing_wp_cron=1770298906.2532849311828613281250 HTTP/1.0" 200 - "-" "WordPress/6.9.1; https://www.zenoxpressjobs.com"
66.249.73.171 - - [05/Feb/2026:08:41:44 -0500] "GET /?products/20754989/ HTTP/1.0" 301 - "-" "Mozilla/5.0 (Linux; Android 6.0.1; Nexus 5X Build/MMB29P) AppleWebKit/537.36 (KHTML, like Gecko) Chrome/144.0.7559.109 Mobile Safari/537.36 (compatible; Googlebot/2.1; +http://www.google.com/bot.html)"
66.249.73.171 - - [05/Feb/2026:08:41:46 -0500] "GET /?products%2F20754989%2F HTTP/1.0" 200 186888 "-" "Mozilla/5.0 (Linux; Android 6.0.1; Nexus 5X Build/MMB29P) AppleWebKit/537.36 (KHTML, like Gecko) Chrome/144.0.7559.109 Mobile Safari/537.36 (compatible; Googlebot/2.1; +http://www.google.com/bot.html)"
74.7.241.28 - - [05/Feb/2026:08:41:47 -0500] "GET /detail/482966912 HTTP/1.0" 404 157592 "https://zenoxpressjobs.com" "Mozilla/5.0 AppleWebKit/537.36 (KHTML, like Gecko; compatible; GPTBot/1.3; +https://openai.com/gptbot)"
66.249.73.171 - - [05/Feb/2026:08:41:48 -0500] "GET /?products/4301612/ HTTP/1.0" 301 - "-" "Mozilla/5.0 (Linux; Android 6.0.1; Nexus 5X Build/MMB29P) AppleWebKit/537.36 (KHTML, like Gecko) Chrome/144.0.7559.109 Mobile Safari/537.36 (compatible; Googlebot/2.1; +http://www.google.com/bot.html)"
66.249.73.171 - - [05/Feb/2026:08:41:48 -0500] "GET /?products%2F4301612%2F HTTP/1.0" 200 186888 "-" "Mozilla/5.0 (Linux; Android 6.0.1; Nexus 5X Build/MMB29P) AppleWebKit/537.36 (KHTML, like Gecko) Chrome/144.0.7559.109 Mobile Safari/537.36 (compatible; Googlebot/2.1; +http://www.google.com/bot.html)"
66.249.73.172 - - [05/Feb/2026:08:42:14 -0500] "GET /?products/10530156 HTTP/1.0" 301 - "-" "Mozilla/5.0 (Linux; Android 6.0.1; Nexus 5X Build/MMB29P) AppleWebKit/537.36 (KHTML, like Gecko) Chrome/144.0.7559.109 Mobile Safari/537.36 (compatible; Googlebot/2.1; +http://www.google.com/bot.html)"
66.249.73.160 - - [05/Feb/2026:08:42:15 -0500] "GET /?products%2F10530156 HTTP/1.0" 200 186888 "-" "Mozilla/5.0 (Linux; Android 6.0.1; Nexus 5X Build/MMB29P) AppleWebKit/537.36 (KHTML, like Gecko) Chrome/144.0.7559.109 Mobile Safari/537.36 (compatible; Googlebot/2.1; +http://www.google.com/bot.html)"
66.249.73.172 - - [05/Feb/2026:08:42:28 -0500] "GET /detail/234127796 HTTP/1.0" 404 157603 "-" "Mozilla/5.0 (Linux; Android 6.0.1; Nexus 5X Build/MMB29P) AppleWebKit/537.36 (KHTML, like Gecko) Chrome/144.0.7559.109 Mobile Safari/537.36 (compatible; Googlebot/2.1; +http://www.google.com/bot.html)"
173.231.242.79 - - [05/Feb/2026:08:42:40 -0500] "POST /wp-cron.php?doing_wp_cron=1770298960.2395410537719726562500 HTTP/1.0" 200 - "-" "WordPress/6.9.1; https://www.zenoxpressjobs.com"
66.249.73.171 - - [05/Feb/2026:08:42:38 -0500] "GET /?products/12845623 HTTP/1.0" 301 - "-" "Mozilla/5.0 (Linux; Android 6.0.1; Nexus 5X Build/MMB29P) AppleWebKit/537.36 (KHTML, like Gecko) Chrome/144.0.7559.109 Mobile Safari/537.36 (compatible; Googlebot/2.1; +http://www.google.com/bot.html)"
66.249.73.171 - - [05/Feb/2026:08:42:40 -0500] "GET /?products%2F12845623 HTTP/1.0" 200 186888 "-" "Mozilla/5.0 (Linux; Android 6.0.1; Nexus 5X Build/MMB29P) AppleWebKit/537.36 (KHTML, like Gecko) Chrome/144.0.7559.109 Mobile Safari/537.36 (compatible; Googlebot/2.1; +http://www.google.com/bot.html)"
66.249.73.171 - - [05/Feb/2026:08:42:48 -0500] "GET /?products/5871423/ HTTP/1.0" 301 - "-" "Mozilla/5.0 (Linux; Android 6.0.1; Nexus 5X Build/MMB29P) AppleWebKit/537.36 (KHTML, like Gecko) Chrome/144.0.7559.109 Mobile Safari/537.36 (compatible; Googlebot/2.1; +http://www.google.com/bot.html)"
66.249.73.171 - - [05/Feb/2026:08:42:48 -0500] "GET /?products/18536912/ HTTP/1.0" 301 - "-" "Mozilla/5.0 (Linux; Android 6.0.1; Nexus 5X Build/MMB29P) AppleWebKit/537.36 (KHTML, like Gecko) Chrome/144.0.7559.109 Mobile Safari/537.36 (compatible; Googlebot/2.1; +http://www.google.com/bot.html)"
74.7.241.28 - - [05/Feb/2026:08:42:51 -0500] "GET /detail/354679948 HTTP/1.0" 404 157592 "https://zenoxpressjobs.com" "Mozilla/5.0 AppleWebKit/537.36 (KHTML, like Gecko; compatible; GPTBot/1.3; +https://openai.com/gptbot)"
66.249.73.171 - - [05/Feb/2026:08:42:50 -0500] "GET /?products%2F18536912%2F HTTP/1.0" 200 186888 "-" "Mozilla/5.0 (Linux; Android 6.0.1; Nexus 5X Build/MMB29P) AppleWebKit/537.36 (KHTML, like Gecko) Chrome/144.0.7559.109 Mobile Safari/537.36 (compatible; Googlebot/2.1; +http://www.google.com/bot.html)"
66.249.73.171 - - [05/Feb/2026:08:42:50 -0500] "GET /?products%2F5871423%2F HTTP/1.0" 200 186888 "-" "Mozilla/5.0 (Linux; Android 6.0.1; Nexus 5X Build/MMB29P) AppleWebKit/537.36 (KHTML, like Gecko) Chrome/144.0.7559.109 Mobile Safari/537.36 (compatible; Googlebot/2.1; +http://www.google.com/bot.html)"
66.249.73.171 - - [05/Feb/2026:08:42:57 -0500] "GET /?products/5900745/ HTTP/1.0" 301 - "-" "Mozilla/5.0 (Linux; Android 6.0.1; Nexus 5X Build/MMB29P) AppleWebKit/537.36 (KHTML, like Gecko) Chrome/144.0.7559.109 Mobile Safari/537.36 (compatible; Googlebot/2.1; +http://www.google.com/bot.html)"
66.249.73.171 - - [05/Feb/2026:08:43:22 -0500] "GET /?products%2F5900745%2F HTTP/1.0" 200 186888 "-" "Mozilla/5.0 (Linux; Android 6.0.1; Nexus 5X Build/MMB29P) AppleWebKit/537.36 (KHTML, like Gecko) Chrome/144.0.7559.109 Mobile Safari/537.36 (compatible; Googlebot/2.1; +http://www.google.com/bot.html)"
173.231.242.79 - - [05/Feb/2026:08:43:32 -0500] "POST /wp-cron.php?doing_wp_cron=1770299012.4826359748840332031250 HTTP/1.0" 200 - "-" "WordPress/6.9.1; https://www.zenoxpressjobs.com"
66.249.73.171 - - [05/Feb/2026:08:43:31 -0500] "GET /?products/14373701/ HTTP/1.0" 301 - "-" "Mozilla/5.0 (Linux; Android 6.0.1; Nexus 5X Build/MMB29P) AppleWebKit/537.36 (KHTML, like Gecko) Chrome/144.0.7559.109 Mobile Safari/537.36 (compatible; Googlebot/2.1; +http://www.google.com/bot.html)"
66.249.73.171 - - [05/Feb/2026:08:43:38 -0500] "GET /?products/8269745 HTTP/1.0" 301 - "-" "Mozilla/5.0 (Linux; Android 6.0.1; Nexus 5X Build/MMB29P) AppleWebKit/537.36 (KHTML, like Gecko) Chrome/144.0.7559.109 Mobile Safari/537.36 (compatible; Googlebot/2.1; +http://www.google.com/bot.html)"
66.249.73.171 - - [05/Feb/2026:08:43:38 -0500] "GET /?products%2F14373701%2F HTTP/1.0" 200 186888 "-" "Mozilla/5.0 (Linux; Android 6.0.1; Nexus 5X Build/MMB29P) AppleWebKit/537.36 (KHTML, like Gecko) Chrome/144.0.7559.109 Mobile Safari/537.36 (compatible; Googlebot/2.1; +http://www.google.com/bot.html)"
192.178.4.96 - - [05/Feb/2026:08:43:42 -0500] "GET /?products%2F8269745 HTTP/1.0" 200 186888 "-" "Mozilla/5.0 (Linux; Android 6.0.1; Nexus 5X Build/MMB29P) AppleWebKit/537.36 (KHTML, like Gecko) Chrome/144.0.7559.109 Mobile Safari/537.36 (compatible; Googlebot/2.1; +http://www.google.com/bot.html)"
66.249.73.171 - - [05/Feb/2026:08:43:48 -0500] "GET /detail/391982479 HTTP/1.0" 404 157603 "-" "Mozilla/5.0 (Linux; Android 6.0.1; Nexus 5X Build/MMB29P) AppleWebKit/537.36 (KHTML, like Gecko) Chrome/144.0.7559.109 Mobile Safari/537.36 (compatible; Googlebot/2.1; +http://www.google.com/bot.html)"
74.7.241.28 - - [05/Feb/2026:08:43:53 -0500] "GET /detail/355752026 HTTP/1.0" 404 157592 "https://zenoxpressjobs.com" "Mozilla/5.0 AppleWebKit/537.36 (KHTML, like Gecko; compatible; GPTBot/1.3; +https://openai.com/gptbot)"
173.231.242.79 - - [05/Feb/2026:08:44:12 -0500] "POST /wp-cron.php?doing_wp_cron=1770299052.1678850650787353515625 HTTP/1.0" 200 - "-" "WordPress/6.9.1; https://www.zenoxpressjobs.com"
66.249.73.171 - - [05/Feb/2026:08:44:10 -0500] "GET /?products/18723201/ HTTP/1.0" 301 - "-" "Mozilla/5.0 (Linux; Android 6.0.1; Nexus 5X Build/MMB29P) AppleWebKit/537.36 (KHTML, like Gecko) Chrome/144.0.7559.109 Mobile Safari/537.36 (compatible; Googlebot/2.1; +http://www.google.com/bot.html)"
66.249.73.172 - - [05/Feb/2026:08:45:07 -0500] "GET /?products%2F18723201%2F HTTP/1.0" 200 186888 "-" "Mozilla/5.0 (Linux; Android 6.0.1; Nexus 5X Build/MMB29P) AppleWebKit/537.36 (KHTML, like Gecko) Chrome/144.0.7559.109 Mobile Safari/537.36 (compatible; Googlebot/2.1; +http://www.google.com/bot.html)"
66.249.73.171 - - [05/Feb/2026:08:45:36 -0500] "GET /?products/4390234/ HTTP/1.0" 301 - "-" "Mozilla/5.0 (Linux; Android 6.0.1; Nexus 5X Build/MMB29P) AppleWebKit/537.36 (KHTML, like Gecko) Chrome/144.0.7559.109 Mobile Safari/537.36 (compatible; Googlebot/2.1; +http://www.google.com/bot.html)"
74.7.241.28 - - [05/Feb/2026:08:46:43 -0500] "GET /detail/423283609 HTTP/1.0" 404 157592 "https://zenoxpressjobs.com" "Mozilla/5.0 AppleWebKit/537.36 (KHTML, like Gecko; compatible; GPTBot/1.3; +https://openai.com/gptbot)"
66.249.73.171 - - [05/Feb/2026:08:47:05 -0500] "GET /?products/21617390/ HTTP/1.0" 301 - "-" "Mozilla/5.0 (Linux; Android 6.0.1; Nexus 5X Build/MMB29P) AppleWebKit/537.36 (KHTML, like Gecko) Chrome/144.0.7559.109 Mobile Safari/537.36 (compatible; Googlebot/2.1; +http://www.google.com/bot.html)"
74.7.241.28 - - [05/Feb/2026:08:47:10 -0500] "GET /detail/160655951 HTTP/1.0" 404 157592 "https://zenoxpressjobs.com" "Mozilla/5.0 AppleWebKit/537.36 (KHTML, like Gecko; compatible; GPTBot/1.3; +https://openai.com/gptbot)"
66.249.73.171 - - [05/Feb/2026:08:47:28 -0500] "GET /?products%2F4390234%2F HTTP/1.0" 200 186888 "-" "Mozilla/5.0 (Linux; Android 6.0.1; Nexus 5X Build/MMB29P) AppleWebKit/537.36 (KHTML, like Gecko) Chrome/144.0.7559.109 Mobile Safari/537.36 (compatible; Googlebot/2.1; +http://www.google.com/bot.html)"
66.249.73.171 - - [05/Feb/2026:08:47:35 -0500] "GET /?products/6820945/ HTTP/1.0" 301 - "-" "Mozilla/5.0 (Linux; Android 6.0.1; Nexus 5X Build/MMB29P) AppleWebKit/537.36 (KHTML, like Gecko) Chrome/144.0.7559.109 Mobile Safari/537.36 (compatible; Googlebot/2.1; +http://www.google.com/bot.html)"
66.249.73.171 - - [05/Feb/2026:08:47:36 -0500] "GET /?products/11278601/ HTTP/1.0" 301 - "-" "Mozilla/5.0 (Linux; Android 6.0.1; Nexus 5X Build/MMB29P) AppleWebKit/537.36 (KHTML, like Gecko) Chrome/144.0.7559.109 Mobile Safari/537.36 (compatible; Googlebot/2.1; +http://www.google.com/bot.html)"
173.231.242.79 - - [05/Feb/2026:08:47:48 -0500] "POST /wp-cron.php?doing_wp_cron=1770299268.0617389678955078125000 HTTP/1.0" 200 - "-" "WordPress/6.9.1; https://www.zenoxpressjobs.com"
66.249.73.171 - - [05/Feb/2026:08:47:45 -0500] "GET /?products%2F21617390%2F HTTP/1.0" 200 186888 "-" "Mozilla/5.0 (Linux; Android 6.0.1; Nexus 5X Build/MMB29P) AppleWebKit/537.36 (KHTML, like Gecko) Chrome/144.0.7559.109 Mobile Safari/537.36 (compatible; Googlebot/2.1; +http://www.google.com/bot.html)"
167.114.139.90 - - [05/Feb/2026:08:48:04 -0500] "GET /detail/442465654 HTTP/1.0" 301 - "-" "Mozilla/5.0 (compatible; AhrefsBot/7.0; +http://ahrefs.com/robot/)"
66.249.73.160 - - [05/Feb/2026:08:48:08 -0500] "GET /detail/358785914 HTTP/1.0" 404 157592 "-" "Mozilla/5.0 (compatible; Googlebot/2.1; +http://www.google.com/bot.html)"
66.249.73.171 - - [05/Feb/2026:08:48:09 -0500] "GET /?products%2F6820945%2F HTTP/1.0" 200 186888 "-" "Mozilla/5.0 (Linux; Android 6.0.1; Nexus 5X Build/MMB29P) AppleWebKit/537.36 (KHTML, like Gecko) Chrome/144.0.7559.109 Mobile Safari/537.36 (compatible; Googlebot/2.1; +http://www.google.com/bot.html)"
74.7.241.28 - - [05/Feb/2026:08:48:10 -0500] "GET /detail/365862164 HTTP/1.0" 404 157592 "https://zenoxpressjobs.com" "Mozilla/5.0 AppleWebKit/537.36 (KHTML, like Gecko; compatible; GPTBot/1.3; +https://openai.com/gptbot)"
66.249.73.160 - - [05/Feb/2026:08:48:10 -0500] "GET /?products%2F11278601%2F HTTP/1.0" 200 186888 "-" "Mozilla/5.0 (Linux; Android 6.0.1; Nexus 5X Build/MMB29P) AppleWebKit/537.36 (KHTML, like Gecko) Chrome/144.0.7559.109 Mobile Safari/537.36 (compatible; Googlebot/2.1; +http://www.google.com/bot.html)"
66.249.73.172 - - [05/Feb/2026:08:48:17 -0500] "GET /?products/8179312 HTTP/1.0" 301 - "-" "Mozilla/5.0 (Linux; Android 6.0.1; Nexus 5X Build/MMB29P) AppleWebKit/537.36 (KHTML, like Gecko) Chrome/144.0.7559.109 Mobile Safari/537.36 (compatible; Googlebot/2.1; +http://www.google.com/bot.html)"
173.231.242.79 - - [05/Feb/2026:08:48:41 -0500] "POST /wp-cron.php?doing_wp_cron=1770299321.7202420234680175781250 HTTP/1.0" 200 - "-" "WordPress/6.9.1; https://www.zenoxpressjobs.com"
66.249.73.171 - - [05/Feb/2026:08:48:39 -0500] "GET /?products%2F8179312 HTTP/1.0" 200 186888 "-" "Mozilla/5.0 (Linux; Android 6.0.1; Nexus 5X Build/MMB29P) AppleWebKit/537.36 (KHTML, like Gecko) Chrome/144.0.7559.109 Mobile Safari/537.36 (compatible; Googlebot/2.1; +http://www.google.com/bot.html)"
207.46.13.229 - - [05/Feb/2026:08:48:45 -0500] "GET /robots.txt HTTP/1.0" 200 272 "-" "Mozilla/5.0 AppleWebKit/537.36 (KHTML, like Gecko; compatible; bingbot/2.0; +http://www.bing.com/bingbot.htm) Chrome/116.0.1938.76 Safari/537.36"
40.77.167.58 - - [05/Feb/2026:08:48:55 -0500] "GET /index.html/?products/14143989/ HTTP/1.0" 404 157592 "-" "Mozilla/5.0 AppleWebKit/537.36 (KHTML, like Gecko; compatible; bingbot/2.0; +http://www.bing.com/bingbot.htm) Chrome/116.0.1938.76 Safari/537.36"
66.249.73.171 - - [05/Feb/2026:08:48:59 -0500] "GET /detail/188059771 HTTP/1.0" 404 157592 "-" "Mozilla/5.0 (compatible; Googlebot/2.1; +http://www.google.com/bot.html)"
74.7.241.28 - - [05/Feb/2026:08:49:14 -0500] "GET /detail/466163543 HTTP/1.0" 404 157592 "https://zenoxpressjobs.com" "Mozilla/5.0 AppleWebKit/537.36 (KHTML, like Gecko; compatible; GPTBot/1.3; +https://openai.com/gptbot)"
173.231.242.79 - - [05/Feb/2026:08:50:16 -0500] "POST /wp-cron.php?doing_wp_cron=1770299416.5965878963470458984375 HTTP/1.0" 200 - "-" "WordPress/6.9.1; https://www.zenoxpressjobs.com"
74.7.241.28 - - [05/Feb/2026:08:50:14 -0500] "GET /detail/349729221 HTTP/1.0" 404 157592 "https://zenoxpressjobs.com" "Mozilla/5.0 AppleWebKit/537.36 (KHTML, like Gecko; compatible; GPTBot/1.3; +https://openai.com/gptbot)"
173.231.242.79 - - [05/Feb/2026:08:51:23 -0500] "POST /wp-cron.php?doing_wp_cron=1770299483.3701078891754150390625 HTTP/1.0" 200 - "-" "WordPress/6.9.1; https://www.zenoxpressjobs.com"
74.7.241.28 - - [05/Feb/2026:08:51:20 -0500] "GET /detail/288786119 HTTP/1.0" 404 157592 "https://zenoxpressjobs.com" "Mozilla/5.0 AppleWebKit/537.36 (KHTML, like Gecko; compatible; GPTBot/1.3; +https://openai.com/gptbot)"
173.231.242.79 - - [05/Feb/2026:08:52:27 -0500] "POST /wp-cron.php?doing_wp_cron=1770299547.7907309532165527343750 HTTP/1.0" 200 - "-" "WordPress/6.9.1; https://www.zenoxpressjobs.com"
74.7.241.28 - - [05/Feb/2026:08:52:26 -0500] "GET /detail/574901516 HTTP/1.0" 404 157592 "https://zenoxpressjobs.com" "Mozilla/5.0 AppleWebKit/537.36 (KHTML, like Gecko; compatible; GPTBot/1.3; +https://openai.com/gptbot)"
173.231.242.79 - - [05/Feb/2026:08:53:29 -0500] "POST /wp-cron.php?doing_wp_cron=1770299609.7618489265441894531250 HTTP/1.0" 200 - "-" "WordPress/6.9.1; https://www.zenoxpressjobs.com"
74.7.241.28 - - [05/Feb/2026:08:53:26 -0500] "GET /detail/160831017 HTTP/1.0" 404 157592 "https://zenoxpressjobs.com" "Mozilla/5.0 AppleWebKit/537.36 (KHTML, like Gecko; compatible; GPTBot/1.3; +https://openai.com/gptbot)"
173.231.242.79 - - [05/Feb/2026:08:54:29 -0500] "POST /wp-cron.php?doing_wp_cron=1770299669.5756199359893798828125 HTTP/1.0" 200 - "-" "WordPress/6.9.1; https://www.zenoxpressjobs.com"
74.7.241.28 - - [05/Feb/2026:08:54:27 -0500] "GET /detail/143524498 HTTP/1.0" 404 157592 "https://zenoxpressjobs.com" "Mozilla/5.0 AppleWebKit/537.36 (KHTML, like Gecko; compatible; GPTBot/1.3; +https://openai.com/gptbot)"
173.231.242.79 - - [05/Feb/2026:08:55:25 -0500] "POST /wp-cron.php?doing_wp_cron=1770299725.2637050151824951171875 HTTP/1.0" 200 - "-" "WordPress/6.9.1; https://www.zenoxpressjobs.com"
66.249.73.172 - - [05/Feb/2026:08:55:21 -0500] "GET /?products/3600501/ HTTP/1.0" 301 - "-" "Mozilla/5.0 (Linux; Android 6.0.1; Nexus 5X Build/MMB29P) AppleWebKit/537.36 (KHTML, like Gecko) Chrome/144.0.7559.109 Mobile Safari/537.36 (compatible; Googlebot/2.1; +http://www.google.com/bot.html)"
66.249.73.172 - - [05/Feb/2026:08:55:25 -0500] "GET /?products%2F3600501%2F HTTP/1.0" 200 186888 "-" "Mozilla/5.0 (Linux; Android 6.0.1; Nexus 5X Build/MMB29P) AppleWebKit/537.36 (KHTML, like Gecko) Chrome/144.0.7559.109 Mobile Safari/537.36 (compatible; Googlebot/2.1; +http://www.google.com/bot.html)"
74.7.241.28 - - [05/Feb/2026:08:55:28 -0500] "GET /detail/458203539 HTTP/1.0" 404 157592 "https://zenoxpressjobs.com" "Mozilla/5.0 AppleWebKit/537.36 (KHTML, like Gecko; compatible; GPTBot/1.3; +https://openai.com/gptbot)"
173.231.242.79 - - [05/Feb/2026:08:56:09 -0500] "POST /wp-cron.php?doing_wp_cron=1770299769.7743949890136718750000 HTTP/1.0" 200 - "-" "WordPress/6.9.1; https://www.zenoxpressjobs.com"
66.249.73.160 - - [05/Feb/2026:08:56:07 -0500] "GET /?products/24709534/ HTTP/1.0" 301 - "-" "Mozilla/5.0 (Linux; Android 6.0.1; Nexus 5X Build/MMB29P) AppleWebKit/537.36 (KHTML, like Gecko) Chrome/144.0.7559.109 Mobile Safari/537.36 (compatible; Googlebot/2.1; +http://www.google.com/bot.html)"
66.249.73.160 - - [05/Feb/2026:08:56:09 -0500] "GET /?products%2F24709534%2F HTTP/1.0" 200 186888 "-" "Mozilla/5.0 (Linux; Android 6.0.1; Nexus 5X Build/MMB29P) AppleWebKit/537.36 (KHTML, like Gecko) Chrome/144.0.7559.109 Mobile Safari/537.36 (compatible; Googlebot/2.1; +http://www.google.com/bot.html)"
74.7.241.28 - - [05/Feb/2026:08:56:28 -0500] "GET /detail/167382962 HTTP/1.0" 404 157592 "https://zenoxpressjobs.com" "Mozilla/5.0 AppleWebKit/537.36 (KHTML, like Gecko; compatible; GPTBot/1.3; +https://openai.com/gptbot)"
173.231.242.79 - - [05/Feb/2026:08:56:58 -0500] "POST /wp-cron.php?doing_wp_cron=1770299818.6966929435729980468750 HTTP/1.0" 200 - "-" "WordPress/6.9.1; https://www.zenoxpressjobs.com"
66.249.73.171 - - [05/Feb/2026:08:56:55 -0500] "GET /?products/20705434/ HTTP/1.0" 301 - "-" "Mozilla/5.0 (Linux; Android 6.0.1; Nexus 5X Build/MMB29P) AppleWebKit/537.36 (KHTML, like Gecko) Chrome/144.0.7559.109 Mobile Safari/537.36 (compatible; Googlebot/2.1; +http://www.google.com/bot.html)"
66.249.73.171 - - [05/Feb/2026:08:56:58 -0500] "GET /?products%2F20705434%2F HTTP/1.0" 200 186888 "-" "Mozilla/5.0 (Linux; Android 6.0.1; Nexus 5X Build/MMB29P) AppleWebKit/537.36 (KHTML, like Gecko) Chrome/144.0.7559.109 Mobile Safari/537.36 (compatible; Googlebot/2.1; +http://www.google.com/bot.html)"
173.231.242.79 - - [05/Feb/2026:08:57:48 -0500] "POST /wp-cron.php?doing_wp_cron=1770299868.5373940467834472656250 HTTP/1.0" 200 - "-" "WordPress/6.9.1; https://www.zenoxpressjobs.com"
74.7.241.28 - - [05/Feb/2026:08:57:32 -0500] "GET /detail/332093812 HTTP/1.0" 404 157592 "https://zenoxpressjobs.com" "Mozilla/5.0 AppleWebKit/537.36 (KHTML, like Gecko; compatible; GPTBot/1.3; +https://openai.com/gptbot)"
173.231.242.79 - - [05/Feb/2026:08:58:42 -0500] "POST /wp-cron.php?doing_wp_cron=1770299922.2168540954589843750000 HTTP/1.0" 200 - "-" "WordPress/6.9.1; https://www.zenoxpressjobs.com"
74.7.241.28 - - [05/Feb/2026:08:58:33 -0500] "GET /detail/299273576 HTTP/1.0" 404 157592 "https://zenoxpressjobs.com" "Mozilla/5.0 AppleWebKit/537.36 (KHTML, like Gecko; compatible; GPTBot/1.3; +https://openai.com/gptbot)"
66.249.73.171 - - [05/Feb/2026:08:58:58 -0500] "GET /?products/17563856/ HTTP/1.0" 301 - "-" "Mozilla/5.0 (Linux; Android 6.0.1; Nexus 5X Build/MMB29P) AppleWebKit/537.36 (KHTML, like Gecko) Chrome/144.0.7559.109 Mobile Safari/537.36 (compatible; Googlebot/2.1; +http://www.google.com/bot.html)"
66.249.73.172 - - [05/Feb/2026:08:59:00 -0500] "GET /?products%2F17563856%2F HTTP/1.0" 200 186888 "-" "Mozilla/5.0 (Linux; Android 6.0.1; Nexus 5X Build/MMB29P) AppleWebKit/537.36 (KHTML, like Gecko) Chrome/144.0.7559.109 Mobile Safari/537.36 (compatible; Googlebot/2.1; +http://www.google.com/bot.html)"
173.231.242.79 - - [05/Feb/2026:08:59:38 -0500] "POST /wp-cron.php?doing_wp_cron=1770299978.9079310894012451171875 HTTP/1.0" 200 - "-" "WordPress/6.9.1; https://www.zenoxpressjobs.com"
74.7.241.28 - - [05/Feb/2026:08:59:35 -0500] "GET /detail/493943760 HTTP/1.0" 404 157592 "https://zenoxpressjobs.com" "Mozilla/5.0 AppleWebKit/537.36 (KHTML, like Gecko; compatible; GPTBot/1.3; +https://openai.com/gptbot)"
66.249.73.171 - - [05/Feb/2026:08:59:59 -0500] "GET /detail/286598391 HTTP/1.0" 404 157592 "-" "Mozilla/5.0 (compatible; Googlebot/2.1; +http://www.google.com/bot.html)"
66.249.73.171 - - [05/Feb/2026:09:00:16 -0500] "GET /?products/12645378 HTTP/1.0" 301 - "-" "Mozilla/5.0 (Linux; Android 6.0.1; Nexus 5X Build/MMB29P) AppleWebKit/537.36 (KHTML, like Gecko) Chrome/144.0.7559.109 Mobile Safari/537.36 (compatible; Googlebot/2.1; +http://www.google.com/bot.html)"
173.231.242.79 - - [05/Feb/2026:09:00:36 -0500] "POST /wp-cron.php?doing_wp_cron=1770300036.0291039943695068359375 HTTP/1.0" 200 - "-" "WordPress/6.9.1; https://www.zenoxpressjobs.com"
66.249.73.171 - - [05/Feb/2026:09:00:29 -0500] "GET /?products%2F12645378 HTTP/1.0" 200 186888 "-" "Mozilla/5.0 (Linux; Android 6.0.1; Nexus 5X Build/MMB29P) AppleWebKit/537.36 (KHTML, like Gecko) Chrome/144.0.7559.109 Mobile Safari/537.36 (compatible; Googlebot/2.1; +http://www.google.com/bot.html)"
74.7.241.28 - - [05/Feb/2026:09:00:36 -0500] "GET /detail/109443223 HTTP/1.0" 404 157592 "https://zenoxpressjobs.com" "Mozilla/5.0 AppleWebKit/537.36 (KHTML, like Gecko; compatible; GPTBot/1.3; +https://openai.com/gptbot)"
173.231.242.79 - - [05/Feb/2026:09:01:34 -0500] "POST /wp-cron.php?doing_wp_cron=1770300094.0446081161499023437500 HTTP/1.0" 200 - "-" "WordPress/6.9.1; https://www.zenoxpressjobs.com"
66.249.73.172 - - [05/Feb/2026:09:01:31 -0500] "GET /?products/5213512/ HTTP/1.0" 301 - "-" "Mozilla/5.0 (Linux; Android 6.0.1; Nexus 5X Build/MMB29P) AppleWebKit/537.36 (KHTML, like Gecko) Chrome/144.0.7559.109 Mobile Safari/537.36 (compatible; Googlebot/2.1; +http://www.google.com/bot.html)"
66.249.73.160 - - [05/Feb/2026:09:01:34 -0500] "GET /?products%2F5213512%2F HTTP/1.0" 200 186888 "-" "Mozilla/5.0 (Linux; Android 6.0.1; Nexus 5X Build/MMB29P) AppleWebKit/537.36 (KHTML, like Gecko) Chrome/144.0.7559.109 Mobile Safari/537.36 (compatible; Googlebot/2.1; +http://www.google.com/bot.html)"
74.7.241.28 - - [05/Feb/2026:09:01:41 -0500] "GET /detail/411585673 HTTP/1.0" 404 157592 "https://zenoxpressjobs.com" "Mozilla/5.0 AppleWebKit/537.36 (KHTML, like Gecko; compatible; GPTBot/1.3; +https://openai.com/gptbot)"
173.231.242.79 - - [05/Feb/2026:09:02:47 -0500] "POST /wp-cron.php?doing_wp_cron=1770300167.7298200130462646484375 HTTP/1.0" 200 - "-" "WordPress/6.9.1; https://www.zenoxpressjobs.com"
74.7.241.28 - - [05/Feb/2026:09:02:44 -0500] "GET /detail/310889538 HTTP/1.0" 404 157592 "https://zenoxpressjobs.com" "Mozilla/5.0 AppleWebKit/537.36 (KHTML, like Gecko; compatible; GPTBot/1.3; +https://openai.com/gptbot)"
66.249.73.171 - - [05/Feb/2026:09:02:49 -0500] "GET /?products/23523112/ HTTP/1.0" 301 - "-" "Mozilla/5.0 (Linux; Android 6.0.1; Nexus 5X Build/MMB29P) AppleWebKit/537.36 (KHTML, like Gecko) Chrome/144.0.7559.109 Mobile Safari/537.36 (compatible; Googlebot/2.1; +http://www.google.com/bot.html)"
66.249.73.160 - - [05/Feb/2026:09:02:51 -0500] "GET /?products%2F23523112%2F HTTP/1.0" 200 186888 "-" "Mozilla/5.0 (Linux; Android 6.0.1; Nexus 5X Build/MMB29P) AppleWebKit/537.36 (KHTML, like Gecko) Chrome/144.0.7559.109 Mobile Safari/537.36 (compatible; Googlebot/2.1; +http://www.google.com/bot.html)"
66.249.73.160 - - [05/Feb/2026:09:03:28 -0500] "GET /?products/2219812 HTTP/1.0" 301 - "-" "Mozilla/5.0 (Linux; Android 6.0.1; Nexus 5X Build/MMB29P) AppleWebKit/537.36 (KHTML, like Gecko) Chrome/144.0.7559.109 Mobile Safari/537.36 (compatible; Googlebot/2.1; +http://www.google.com/bot.html)"
66.249.73.160 - - [05/Feb/2026:09:03:30 -0500] "GET /?products%2F2219812 HTTP/1.0" 200 186888 "-" "Mozilla/5.0 (Linux; Android 6.0.1; Nexus 5X Build/MMB29P) AppleWebKit/537.36 (KHTML, like Gecko) Chrome/144.0.7559.109 Mobile Safari/537.36 (compatible; Googlebot/2.1; +http://www.google.com/bot.html)"
173.231.242.79 - - [05/Feb/2026:09:03:48 -0500] "POST /wp-cron.php?doing_wp_cron=1770300228.3494520187377929687500 HTTP/1.0" 200 - "-" "WordPress/6.9.1; https://www.zenoxpressjobs.com"
74.7.241.28 - - [05/Feb/2026:09:03:46 -0500] "GET /detail/228178825 HTTP/1.0" 404 157592 "https://zenoxpressjobs.com" "Mozilla/5.0 AppleWebKit/537.36 (KHTML, like Gecko; compatible; GPTBot/1.3; +https://openai.com/gptbot)"
74.7.175.132 - - [05/Feb/2026:09:03:48 -0500] "GET /robots.txt HTTP/1.0" 200 272 "-" "Mozilla/5.0 (Macintosh; Intel Mac OS X 10_15_7) AppleWebKit/537.36 (KHTML, like Gecko) Chrome/131.0.0.0 Safari/537.36; compatible; OAI-SearchBot/1.3; robots.txt; +https://openai.com/searchbot"
173.231.242.79 - - [05/Feb/2026:09:04:08 -0500] "POST /wp-cron.php?doing_wp_cron=1770300248.3590381145477294921875 HTTP/1.0" 200 - "-" "WordPress/6.9.1; https://www.zenoxpressjobs.com"
66.249.73.160 - - [05/Feb/2026:09:04:06 -0500] "GET /?products/3265890/ HTTP/1.0" 301 - "-" "Mozilla/5.0 (Linux; Android 6.0.1; Nexus 5X Build/MMB29P) AppleWebKit/537.36 (KHTML, like Gecko) Chrome/144.0.7559.109 Mobile Safari/537.36 (compatible; Googlebot/2.1; +http://www.google.com/bot.html)"
66.249.73.171 - - [05/Feb/2026:09:04:08 -0500] "GET /?products%2F3265890%2F HTTP/1.0" 200 186888 "-" "Mozilla/5.0 (Linux; Android 6.0.1; Nexus 5X Build/MMB29P) AppleWebKit/537.36 (KHTML, like Gecko) Chrome/144.0.7559.109 Mobile Safari/537.36 (compatible; Googlebot/2.1; +http://www.google.com/bot.html)"
66.249.73.171 - - [05/Feb/2026:09:04:27 -0500] "GET /detail/298781625 HTTP/1.0" 404 157592 "-" "Mozilla/5.0 (compatible; Googlebot/2.1; +http://www.google.com/bot.html)"
173.231.242.79 - - [05/Feb/2026:09:04:51 -0500] "POST /wp-cron.php?doing_wp_cron=1770300291.2068140506744384765625 HTTP/1.0" 200 - "-" "WordPress/6.9.1; https://www.zenoxpressjobs.com"
74.7.241.28 - - [05/Feb/2026:09:04:48 -0500] "GET /detail/529417232 HTTP/1.0" 404 157592 "https://zenoxpressjobs.com" "Mozilla/5.0 AppleWebKit/537.36 (KHTML, like Gecko; compatible; GPTBot/1.3; +https://openai.com/gptbot)"
66.249.73.171 - - [05/Feb/2026:09:04:51 -0500] "GET /?products/1535478/ HTTP/1.0" 301 - "-" "Mozilla/5.0 (Linux; Android 6.0.1; Nexus 5X Build/MMB29P) AppleWebKit/537.36 (KHTML, like Gecko) Chrome/144.0.7559.109 Mobile Safari/537.36 (compatible; Googlebot/2.1; +http://www.google.com/bot.html)"
66.249.73.171 - - [05/Feb/2026:09:04:54 -0500] "GET /?products%2F1535478%2F HTTP/1.0" 200 186888 "-" "Mozilla/5.0 (Linux; Android 6.0.1; Nexus 5X Build/MMB29P) AppleWebKit/537.36 (KHTML, like Gecko) Chrome/144.0.7559.109 Mobile Safari/537.36 (compatible; Googlebot/2.1; +http://www.google.com/bot.html)"
66.249.73.171 - - [05/Feb/2026:09:05:22 -0500] "GET /?products/8039490/ HTTP/1.0" 301 - "-" "Mozilla/5.0 (Linux; Android 6.0.1; Nexus 5X Build/MMB29P) AppleWebKit/537.36 (KHTML, like Gecko) Chrome/144.0.7559.109 Mobile Safari/537.36 (compatible; Googlebot/2.1; +http://www.google.com/bot.html)"
66.249.73.172 - - [05/Feb/2026:09:05:26 -0500] "GET /?products%2F8039490%2F HTTP/1.0" 200 186888 "-" "Mozilla/5.0 (Linux; Android 6.0.1; Nexus 5X Build/MMB29P) AppleWebKit/537.36 (KHTML, like Gecko) Chrome/144.0.7559.109 Mobile Safari/537.36 (compatible; Googlebot/2.1; +http://www.google.com/bot.html)"
173.231.242.79 - - [05/Feb/2026:09:05:53 -0500] "POST /wp-cron.php?doing_wp_cron=1770300353.9309461116790771484375 HTTP/1.0" 200 - "-" "WordPress/6.9.1; https://www.zenoxpressjobs.com"
173.231.242.79 - - [05/Feb/2026:09:05:53 -0500] "POST /wp-cron.php?doing_wp_cron=1770300353.9309349060058593750000 HTTP/1.0" 200 - "-" "WordPress/6.9.1; https://www.zenoxpressjobs.com"
66.249.73.171 - - [05/Feb/2026:09:05:52 -0500] "GET /detail/420723276 HTTP/1.0" 404 157603 "-" "Mozilla/5.0 (Linux; Android 6.0.1; Nexus 5X Build/MMB29P) AppleWebKit/537.36 (KHTML, like Gecko) Chrome/144.0.7559.109 Mobile Safari/537.36 (compatible; Googlebot/2.1; +http://www.google.com/bot.html)"
66.249.73.171 - - [05/Feb/2026:09:05:52 -0500] "GET /detail/420723276 HTTP/1.0" 404 157592 "-" "Mozilla/5.0 (compatible; Googlebot/2.1; +http://www.google.com/bot.html)"
74.7.241.28 - - [05/Feb/2026:09:05:54 -0500] "GET /detail/190185766 HTTP/1.0" 404 157592 "https://zenoxpressjobs.com" "Mozilla/5.0 AppleWebKit/537.36 (KHTML, like Gecko; compatible; GPTBot/1.3; +https://openai.com/gptbot)"
5.9.120.220 - - [05/Feb/2026:09:06:19 -0500] "GET /detail/506294979 HTTP/1.0" 301 - "-" "Mozilla/5.0 (compatible; SERankingBacklinksBot/1.0; +https://seranking.com/backlinks-crawler)"
66.249.73.172 - - [05/Feb/2026:09:06:23 -0500] "GET /detail/156071473 HTTP/1.0" 404 157603 "-" "Mozilla/5.0 (Linux; Android 6.0.1; Nexus 5X Build/MMB29P) AppleWebKit/537.36 (KHTML, like Gecko) Chrome/144.0.7559.109 Mobile Safari/537.36 (compatible; Googlebot/2.1; +http://www.google.com/bot.html)"
5.9.120.220 - - [05/Feb/2026:09:06:27 -0500] "GET /detail/506294979 HTTP/1.0" 404 157592 "-" "Mozilla/5.0 (compatible; SERankingBacklinksBot/1.0; +https://seranking.com/backlinks-crawler)"
173.231.242.79 - - [05/Feb/2026:09:06:48 -0500] "POST /wp-cron.php?doing_wp_cron=1770300408.0605740547180175781250 HTTP/1.0" 200 - "-" "WordPress/6.9.1; https://www.zenoxpressjobs.com"
66.249.73.171 - - [05/Feb/2026:09:06:44 -0500] "GET /?products/5251423/ HTTP/1.0" 301 - "-" "Mozilla/5.0 (Linux; Android 6.0.1; Nexus 5X Build/MMB29P) AppleWebKit/537.36 (KHTML, like Gecko) Chrome/144.0.7559.109 Mobile Safari/537.36 (compatible; Googlebot/2.1; +http://www.google.com/bot.html)"
66.249.73.172 - - [05/Feb/2026:09:06:48 -0500] "GET /?products%2F5251423%2F HTTP/1.0" 200 186888 "-" "Mozilla/5.0 (Linux; Android 6.0.1; Nexus 5X Build/MMB29P) AppleWebKit/537.36 (KHTML, like Gecko) Chrome/144.0.7559.109 Mobile Safari/537.36 (compatible; Googlebot/2.1; +http://www.google.com/bot.html)"
74.7.241.28 - - [05/Feb/2026:09:07:00 -0500] "GET /detail/155620819 HTTP/1.0" 404 157592 "https://zenoxpressjobs.com" "Mozilla/5.0 AppleWebKit/537.36 (KHTML, like Gecko; compatible; GPTBot/1.3; +https://openai.com/gptbot)"
173.231.242.79 - - [05/Feb/2026:09:07:57 -0500] "POST /wp-cron.php?doing_wp_cron=1770300477.7755370140075683593750 HTTP/1.0" 200 - "-" "WordPress/6.9.1; https://www.zenoxpressjobs.com"
173.231.242.79 - - [05/Feb/2026:09:07:57 -0500] "POST /wp-cron.php?doing_wp_cron=1770300477.7755370140075683593750 HTTP/1.0" 200 - "-" "WordPress/6.9.1; https://www.zenoxpressjobs.com"
