180.153.236.248 - - [05/Feb/2026:09:50:29 -0500] "GET /wp-content/plugins/wp-ultimate-review/assets/public/css/content-page.css?ver=2.3.6 HTTP/1.0" 200 25507 "https://www.zenoxpressjobs.com/" "Mozilla/5.0 (Windows NT 10.0; Win64; x64) AppleWebKit/537.36 (KHTML, like Gecko) Chrome/140.0.0.0 Safari/537.36 Edg/140.0.0.0; 360Spider"
180.153.236.248 - - [05/Feb/2026:09:50:29 -0500] "GET /wp-includes/css/dashicons.min.css?ver=6.9.1 HTTP/1.0" 200 59004 "https://www.zenoxpressjobs.com/" "Mozilla/5.0 (Windows NT 10.0; Win64; x64) AppleWebKit/537.36 (KHTML, like Gecko) Chrome/140.0.0.0 Safari/537.36 Edg/140.0.0.0; 360Spider"
180.153.236.248 - - [05/Feb/2026:09:50:29 -0500] "GET /wp-admin/css/color-picker.min.css?ver=6.9.1 HTTP/1.0" 200 3063 "https://www.zenoxpressjobs.com/" "Mozilla/5.0 (Windows NT 10.0; Win64; x64) AppleWebKit/537.36 (KHTML, like Gecko) Chrome/140.0.0.0 Safari/537.36 Edg/140.0.0.0; 360Spider"
180.153.236.248 - - [05/Feb/2026:09:50:29 -0500] "GET /wp-content/plugins/shopengine/modules/swatches/loop-product-support/assets/swatches.css?ver=1770303024 HTTP/1.0" 200 - "https://www.zenoxpressjobs.com/" "Mozilla/5.0 (Windows NT 10.0; Win64; x64) AppleWebKit/537.36 (KHTML, like Gecko) Chrome/140.0.0.0 Safari/537.36 Edg/140.0.0.0; 360Spider"
180.153.236.248 - - [05/Feb/2026:09:50:29 -0500] "GET /wp-content/plugins/addons-for-elementor/assets/css/lae-frontend.css?ver=8.8 HTTP/1.0" 200 16035 "https://www.zenoxpressjobs.com/" "Mozilla/5.0 (Windows NT 10.0; Win64; x64) AppleWebKit/537.36 (KHTML, like Gecko) Chrome/140.0.0.0 Safari/537.36 Edg/140.0.0.0; 360Spider"
180.153.236.248 - - [05/Feb/2026:09:50:29 -0500] "GET /wp-content/plugins/shopengine/modules/swatches/assets/css/frontend.css?ver=4.8.0 HTTP/1.0" 200 4366 "https://www.zenoxpressjobs.com/" "Mozilla/5.0 (Windows NT 10.0; Win64; x64) AppleWebKit/537.36 (KHTML, like Gecko) Chrome/140.0.0.0 Safari/537.36 Edg/140.0.0.0; 360Spider"
180.153.236.248 - - [05/Feb/2026:09:50:29 -0500] "GET /wp-content/plugins/shopengine/modules/comparison/assets/css/comparison.css?ver=6.9.1 HTTP/1.0" 200 8648 "https://www.zenoxpressjobs.com/" "Mozilla/5.0 (Windows NT 10.0; Win64; x64) AppleWebKit/537.36 (KHTML, like Gecko) Chrome/140.0.0.0 Safari/537.36 Edg/140.0.0.0; 360Spider"
180.153.236.248 - - [05/Feb/2026:09:50:29 -0500] "GET /wp-content/plugins/shopengine/modules/wishlist/assets/css/wishlist.css?ver=4.8.0 HTTP/1.0" 200 2083 "https://www.zenoxpressjobs.com/" "Mozilla/5.0 (Windows NT 10.0; Win64; x64) AppleWebKit/537.36 (KHTML, like Gecko) Chrome/140.0.0.0 Safari/537.36 Edg/140.0.0.0; 360Spider"
180.153.236.248 - - [05/Feb/2026:09:50:29 -0500] "GET /wp-content/plugins/elementor/assets/lib/eicons/css/elementor-icons.min.css?ver=5.34.0 HTTP/1.0" 200 21218 "https://www.zenoxpressjobs.com/" "Mozilla/5.0 (Windows NT 10.0; Win64; x64) AppleWebKit/537.36 (KHTML, like Gecko) Chrome/140.0.0.0 Safari/537.36 Edg/140.0.0.0; 360Spider"
180.153.236.248 - - [05/Feb/2026:09:50:29 -0500] "GET /wp-content/plugins/elementor/assets/css/widget-social-icons.min.css?ver=3.24.0 HTTP/1.0" 200 5150 "https://www.zenoxpressjobs.com/" "Mozilla/5.0 (Windows NT 10.0; Win64; x64) AppleWebKit/537.36 (KHTML, like Gecko) Chrome/140.0.0.0 Safari/537.36 Edg/140.0.0.0; 360Spider"
180.153.236.248 - - [05/Feb/2026:09:50:29 -0500] "GET /wp-content/plugins/elementor/assets/css/widget-icon-list.min.css?ver=3.24.3 HTTP/1.0" 200 10310 "https://www.zenoxpressjobs.com/" "Mozilla/5.0 (Windows NT 10.0; Win64; x64) AppleWebKit/537.36 (KHTML, like Gecko) Chrome/140.0.0.0 Safari/537.36 Edg/140.0.0.0; 360Spider"
180.153.236.248 - - [05/Feb/2026:09:50:29 -0500] "GET /wp-content/plugins/elementor/assets/lib/font-awesome/css/brands.css?ver=5.15.3 HTTP/1.0" 200 732 "https://www.zenoxpressjobs.com/" "Mozilla/5.0 (Windows NT 10.0; Win64; x64) AppleWebKit/537.36 (KHTML, like Gecko) Chrome/140.0.0.0 Safari/537.36 Edg/140.0.0.0; 360Spider"
180.153.236.248 - - [05/Feb/2026:09:50:29 -0500] "GET /wp-content/plugins/elementor/assets/lib/font-awesome/css/fontawesome.css?ver=5.15.3 HTTP/1.0" 200 72184 "https://www.zenoxpressjobs.com/" "Mozilla/5.0 (Windows NT 10.0; Win64; x64) AppleWebKit/537.36 (KHTML, like Gecko) Chrome/140.0.0.0 Safari/537.36 Edg/140.0.0.0; 360Spider"
180.153.236.248 - - [05/Feb/2026:09:50:29 -0500] "GET /wp-content/plugins/elementor/assets/lib/font-awesome/css/solid.css?ver=5.15.3 HTTP/1.0" 200 727 "https://www.zenoxpressjobs.com/" "Mozilla/5.0 (Windows NT 10.0; Win64; x64) AppleWebKit/537.36 (KHTML, like Gecko) Chrome/140.0.0.0 Safari/537.36 Edg/140.0.0.0; 360Spider"
180.153.236.248 - - [05/Feb/2026:09:50:29 -0500] "GET /wp-content/plugins/elementskit-lite/widgets/init/assets/css/responsive.css?ver=3.5.5 HTTP/1.0" 200 30347 "https://www.zenoxpressjobs.com/" "Mozilla/5.0 (Windows NT 10.0; Win64; x64) AppleWebKit/537.36 (KHTML, like Gecko) Chrome/140.0.0.0 Safari/537.36 Edg/140.0.0.0; 360Spider"
180.153.236.248 - - [05/Feb/2026:09:50:29 -0500] "GET /wp-content/plugins/elementskit-lite/widgets/init/assets/css/widget-styles.css?ver=3.5.5 HTTP/1.0" 200 461982 "https://www.zenoxpressjobs.com/" "Mozilla/5.0 (Windows NT 10.0; Win64; x64) AppleWebKit/537.36 (KHTML, like Gecko) Chrome/140.0.0.0 Safari/537.36 Edg/140.0.0.0; 360Spider"
180.153.236.248 - - [05/Feb/2026:09:50:29 -0500] "GET /wp-content/plugins/essential-addons-for-elementor-lite/assets/front-end/css/view/general.min.css?ver=6.2.1 HTTP/1.0" 200 7418 "https://www.zenoxpressjobs.com/" "Mozilla/5.0 (Windows NT 10.0; Win64; x64) AppleWebKit/537.36 (KHTML, like Gecko) Chrome/140.0.0.0 Safari/537.36 Edg/140.0.0.0; 360Spider"
180.153.236.248 - - [05/Feb/2026:09:50:30 -0500] "GET /wp-content/uploads/elementor/google-fonts/css/lato.css?ver=1752057682 HTTP/1.0" 200 8864 "https://www.zenoxpressjobs.com/" "Mozilla/5.0 (Windows NT 10.0; Win64; x64) AppleWebKit/537.36 (KHTML, like Gecko) Chrome/140.0.0.0 Safari/537.36 Edg/140.0.0.0; 360Spider"
180.153.236.248 - - [05/Feb/2026:09:50:30 -0500] "GET /wp-content/uploads/elementor/google-fonts/css/heebo.css?ver=1769728899 HTTP/1.0" 200 36909 "https://www.zenoxpressjobs.com/" "Mozilla/5.0 (Windows NT 10.0; Win64; x64) AppleWebKit/537.36 (KHTML, like Gecko) Chrome/140.0.0.0 Safari/537.36 Edg/140.0.0.0; 360Spider"
180.153.236.248 - - [05/Feb/2026:09:50:30 -0500] "GET /wp-content/uploads/elementor/google-fonts/css/robotocondensed.css?ver=1769710059 HTTP/1.0" 200 50094 "https://www.zenoxpressjobs.com/" "Mozilla/5.0 (Windows NT 10.0; Win64; x64) AppleWebKit/537.36 (KHTML, like Gecko) Chrome/140.0.0.0 Safari/537.36 Edg/140.0.0.0; 360Spider"
180.153.236.248 - - [05/Feb/2026:09:50:30 -0500] "GET /wp-content/uploads/elementor/google-fonts/css/robotoslab.css?ver=1752011101 HTTP/1.0" 200 24255 "https://www.zenoxpressjobs.com/" "Mozilla/5.0 (Windows NT 10.0; Win64; x64) AppleWebKit/537.36 (KHTML, like Gecko) Chrome/140.0.0.0 Safari/537.36 Edg/140.0.0.0; 360Spider"
180.153.236.248 - - [05/Feb/2026:09:50:30 -0500] "GET /wp-content/plugins/elementor/assets/lib/font-awesome/css/fontawesome.min.css?ver=5.15.3 HTTP/1.0" 200 58071 "https://www.zenoxpressjobs.com/" "Mozilla/5.0 (Windows NT 10.0; Win64; x64) AppleWebKit/537.36 (KHTML, like Gecko) Chrome/140.0.0.0 Safari/537.36 Edg/140.0.0.0; 360Spider"
180.153.236.248 - - [05/Feb/2026:09:50:30 -0500] "GET /wp-content/plugins/elementor/assets/lib/font-awesome/css/brands.min.css?ver=5.15.3 HTTP/1.0" 200 675 "https://www.zenoxpressjobs.com/" "Mozilla/5.0 (Windows NT 10.0; Win64; x64) AppleWebKit/537.36 (KHTML, like Gecko) Chrome/140.0.0.0 Safari/537.36 Edg/140.0.0.0; 360Spider"
180.153.236.248 - - [05/Feb/2026:09:50:30 -0500] "GET /wp-includes/js/jquery/jquery.min.js?ver=3.7.1 HTTP/1.0" 200 87553 "https://www.zenoxpressjobs.com/" "Mozilla/5.0 (Windows NT 10.0; Win64; x64) AppleWebKit/537.36 (KHTML, like Gecko) Chrome/140.0.0.0 Safari/537.36 Edg/140.0.0.0; 360Spider"
180.153.236.248 - - [05/Feb/2026:09:50:30 -0500] "GET /wp-includes/js/jquery/jquery-migrate.min.js?ver=3.4.1 HTTP/1.0" 200 13577 "https://www.zenoxpressjobs.com/" "Mozilla/5.0 (Windows NT 10.0; Win64; x64) AppleWebKit/537.36 (KHTML, like Gecko) Chrome/140.0.0.0 Safari/537.36 Edg/140.0.0.0; 360Spider"
180.153.236.248 - - [05/Feb/2026:09:50:30 -0500] "GET /wp-content/plugins/wp-social/assets/js/front-main.js?ver=3.1.2 HTTP/1.0" 200 2341 "https://www.zenoxpressjobs.com/" "Mozilla/5.0 (Windows NT 10.0; Win64; x64) AppleWebKit/537.36 (KHTML, like Gecko) Chrome/140.0.0.0 Safari/537.36 Edg/140.0.0.0; 360Spider"
180.153.236.248 - - [05/Feb/2026:09:50:30 -0500] "GET /wp-content/plugins/elementor/assets/lib/font-awesome/js/v4-shims.min.js?ver=3.30.2 HTTP/1.0" 200 15073 "https://www.zenoxpressjobs.com/" "Mozilla/5.0 (Windows NT 10.0; Win64; x64) AppleWebKit/537.36 (KHTML, like Gecko) Chrome/140.0.0.0 Safari/537.36 Edg/140.0.0.0; 360Spider"
180.153.236.248 - - [05/Feb/2026:09:50:30 -0500] "GET /wp-content/uploads/elementor/google-fonts/css/roboto.css?ver=1752011100 HTTP/1.0" 200 105624 "https://www.zenoxpressjobs.com/" "Mozilla/5.0 (Windows NT 10.0; Win64; x64) AppleWebKit/537.36 (KHTML, like Gecko) Chrome/140.0.0.0 Safari/537.36 Edg/140.0.0.0; 360Spider"
180.153.236.248 - - [05/Feb/2026:09:50:30 -0500] "GET /wp-content/plugins/wp-social/assets/js/social-front.js?ver=6.9.1 HTTP/1.0" 200 459 "https://www.zenoxpressjobs.com/" "Mozilla/5.0 (Windows NT 10.0; Win64; x64) AppleWebKit/537.36 (KHTML, like Gecko) Chrome/140.0.0.0 Safari/537.36 Edg/140.0.0.0; 360Spider"
180.153.236.248 - - [05/Feb/2026:09:50:30 -0500] "GET /wp-content/plugins/wp-ultimate-review/assets/public/script/content-page.js?ver=2.3.6 HTTP/1.0" 200 3962 "https://www.zenoxpressjobs.com/" "Mozilla/5.0 (Windows NT 10.0; Win64; x64) AppleWebKit/537.36 (KHTML, like Gecko) Chrome/140.0.0.0 Safari/537.36 Edg/140.0.0.0; 360Spider"
180.153.236.248 - - [05/Feb/2026:09:50:30 -0500] "GET /wp-content/plugins/shopengine/assets/js/shopengine-modal.js?ver=4.8.0 HTTP/1.0" 200 5439 "https://www.zenoxpressjobs.com/" "Mozilla/5.0 (Windows NT 10.0; Win64; x64) AppleWebKit/537.36 (KHTML, like Gecko) Chrome/140.0.0.0 Safari/537.36 Edg/140.0.0.0; 360Spider"
180.153.236.248 - - [05/Feb/2026:09:50:30 -0500] "GET /wp-content/plugins/shopengine/modules/wishlist/assets/js/wishlist.js?ver=6.9.1 HTTP/1.0" 200 1893 "https://www.zenoxpressjobs.com/" "Mozilla/5.0 (Windows NT 10.0; Win64; x64) AppleWebKit/537.36 (KHTML, like Gecko) Chrome/140.0.0.0 Safari/537.36 Edg/140.0.0.0; 360Spider"
180.153.236.248 - - [05/Feb/2026:09:50:30 -0500] "GET /wp-content/plugins/shopengine/modules/quick-view/assets/js/script.js?ver=6.9.1 HTTP/1.0" 200 492 "https://www.zenoxpressjobs.com/" "Mozilla/5.0 (Windows NT 10.0; Win64; x64) AppleWebKit/537.36 (KHTML, like Gecko) Chrome/140.0.0.0 Safari/537.36 Edg/140.0.0.0; 360Spider"
180.153.236.248 - - [05/Feb/2026:09:50:30 -0500] "GET /wp-content/plugins/elementor/assets/css/widget-social-icons.min.css?ver=3.30.2 HTTP/1.0" 200 5150 "https://www.zenoxpressjobs.com/" "Mozilla/5.0 (Windows NT 10.0; Win64; x64) AppleWebKit/537.36 (KHTML, like Gecko) Chrome/140.0.0.0 Safari/537.36 Edg/140.0.0.0; 360Spider"
180.153.236.248 - - [05/Feb/2026:09:50:30 -0500] "GET /wp-content/plugins/elementor/assets/css/widget-spacer.min.css?ver=3.30.2 HTTP/1.0" 200 1833 "https://www.zenoxpressjobs.com/" "Mozilla/5.0 (Windows NT 10.0; Win64; x64) AppleWebKit/537.36 (KHTML, like Gecko) Chrome/140.0.0.0 Safari/537.36 Edg/140.0.0.0; 360Spider"
180.153.236.248 - - [05/Feb/2026:09:50:30 -0500] "GET /wp-content/plugins/elementor/assets/css/conditionals/apple-webkit.min.css?ver=3.30.2 HTTP/1.0" 200 7025 "https://www.zenoxpressjobs.com/" "Mozilla/5.0 (Windows NT 10.0; Win64; x64) AppleWebKit/537.36 (KHTML, like Gecko) Chrome/140.0.0.0 Safari/537.36 Edg/140.0.0.0; 360Spider"
180.153.236.248 - - [05/Feb/2026:09:50:30 -0500] "GET /wp-content/plugins/woocommerce/assets/css/photoswipe/photoswipe.min.css?ver=10.0.5 HTTP/1.0" 200 3287 "https://www.zenoxpressjobs.com/" "Mozilla/5.0 (Windows NT 10.0; Win64; x64) AppleWebKit/537.36 (KHTML, like Gecko) Chrome/140.0.0.0 Safari/537.36 Edg/140.0.0.0; 360Spider"
180.153.236.248 - - [05/Feb/2026:09:50:30 -0500] "GET /wp-content/plugins/elementskit-lite/modules/elementskit-icon-pack/assets/css/ekiticons.css?ver=3.5.5 HTTP/1.0" 200 124992 "https://www.zenoxpressjobs.com/" "Mozilla/5.0 (Windows NT 10.0; Win64; x64) AppleWebKit/537.36 (KHTML, like Gecko) Chrome/140.0.0.0 Safari/537.36 Edg/140.0.0.0; 360Spider"
180.153.236.248 - - [05/Feb/2026:09:50:30 -0500] "GET /wp-content/plugins/woocommerce/assets/css/photoswipe/default-skin/default-skin.min.css?ver=10.0.5 HTTP/1.0" 200 7947 "https://www.zenoxpressjobs.com/" "Mozilla/5.0 (Windows NT 10.0; Win64; x64) AppleWebKit/537.36 (KHTML, like Gecko) Chrome/140.0.0.0 Safari/537.36 Edg/140.0.0.0; 360Spider"
180.153.236.248 - - [05/Feb/2026:09:50:31 -0500] "GET /wp-content/themes/astra/assets/js/minified/style.min.js?ver=4.11.7 HTTP/1.0" 200 13056 "https://www.zenoxpressjobs.com/" "Mozilla/5.0 (Windows NT 10.0; Win64; x64) AppleWebKit/537.36 (KHTML, like Gecko) Chrome/140.0.0.0 Safari/537.36 Edg/140.0.0.0; 360Spider"
180.153.236.248 - - [05/Feb/2026:09:50:31 -0500] "GET /wp-includes/js/dist/dom-ready.min.js?ver=f77871ff7694fffea381 HTTP/1.0" 200 457 "https://www.zenoxpressjobs.com/" "Mozilla/5.0 (Windows NT 10.0; Win64; x64) AppleWebKit/537.36 (KHTML, like Gecko) Chrome/140.0.0.0 Safari/537.36 Edg/140.0.0.0; 360Spider"
173.231.242.79 - - [05/Feb/2026:09:50:47 -0500] "POST /wp-cron.php?doing_wp_cron=1770303047.1747450828552246093750 HTTP/1.0" 200 - "-" "WordPress/6.9.1; https://www.zenoxpressjobs.com"
66.249.73.171 - - [05/Feb/2026:09:50:44 -0500] "GET /detail/490096998 HTTP/1.0" 404 157603 "-" "Mozilla/5.0 (Linux; Android 6.0.1; Nexus 5X Build/MMB29P) AppleWebKit/537.36 (KHTML, like Gecko) Chrome/144.0.7559.109 Mobile Safari/537.36 (compatible; Googlebot/2.1; +http://www.google.com/bot.html)"
173.231.242.79 - - [05/Feb/2026:09:51:25 -0500] "POST /wp-cron.php?doing_wp_cron=1770303085.7326400279998779296875 HTTP/1.0" 200 - "-" "WordPress/6.9.1; https://www.zenoxpressjobs.com"
74.7.241.28 - - [05/Feb/2026:09:51:22 -0500] "GET /detail/457023479 HTTP/1.0" 404 157592 "https://zenoxpressjobs.com" "Mozilla/5.0 AppleWebKit/537.36 (KHTML, like Gecko; compatible; GPTBot/1.3; +https://openai.com/gptbot)"
173.231.242.79 - - [05/Feb/2026:09:51:47 -0500] "POST /wp-cron.php?doing_wp_cron=1770303107.8996109962463378906250 HTTP/1.0" 200 - "-" "WordPress/6.9.1; https://www.zenoxpressjobs.com"
74.7.242.60 - - [05/Feb/2026:09:51:44 -0500] "GET /sitemap-9.xml HTTP/1.0" 301 - "-" "Mozilla/5.0 AppleWebKit/537.36 (KHTML, like Gecko; compatible; GPTBot/1.3; +https://openai.com/gptbot)"
74.7.241.28 - - [05/Feb/2026:09:52:23 -0500] "GET /detail/489687845 HTTP/1.0" 404 157592 "https://zenoxpressjobs.com" "Mozilla/5.0 AppleWebKit/537.36 (KHTML, like Gecko; compatible; GPTBot/1.3; +https://openai.com/gptbot)"
173.231.242.79 - - [05/Feb/2026:09:53:33 -0500] "POST /wp-cron.php?doing_wp_cron=1770303213.6263539791107177734375 HTTP/1.0" 200 - "-" "WordPress/6.9.1; https://www.zenoxpressjobs.com"
74.7.241.28 - - [05/Feb/2026:09:53:29 -0500] "GET /detail/422027508 HTTP/1.0" 404 157592 "https://zenoxpressjobs.com" "Mozilla/5.0 AppleWebKit/537.36 (KHTML, like Gecko; compatible; GPTBot/1.3; +https://openai.com/gptbot)"
173.231.242.79 - - [05/Feb/2026:09:54:39 -0500] "POST /wp-cron.php?doing_wp_cron=1770303279.4200310707092285156250 HTTP/1.0" 200 - "-" "WordPress/6.9.1; https://www.zenoxpressjobs.com"
74.7.241.28 - - [05/Feb/2026:09:54:33 -0500] "GET /detail/566713879 HTTP/1.0" 404 157592 "https://zenoxpressjobs.com" "Mozilla/5.0 AppleWebKit/537.36 (KHTML, like Gecko; compatible; GPTBot/1.3; +https://openai.com/gptbot)"
173.231.242.79 - - [05/Feb/2026:09:55:44 -0500] "POST /wp-cron.php?doing_wp_cron=1770303344.1607298851013183593750 HTTP/1.0" 200 - "-" "WordPress/6.9.1; https://www.zenoxpressjobs.com"
74.7.241.28 - - [05/Feb/2026:09:55:37 -0500] "GET /detail/130671176 HTTP/1.0" 404 157592 "https://zenoxpressjobs.com" "Mozilla/5.0 AppleWebKit/537.36 (KHTML, like Gecko; compatible; GPTBot/1.3; +https://openai.com/gptbot)"
57.141.0.28 - - [05/Feb/2026:09:56:40 -0500] "GET /investor-relations/ HTTP/1.0" 200 159194 "-" "meta-externalagent/1.1 (+https://developers.facebook.com/docs/sharing/webmasters/crawler)"
173.231.242.79 - - [05/Feb/2026:09:56:41 -0500] "POST /wp-cron.php?doing_wp_cron=1770303401.4444460868835449218750 HTTP/1.0" 200 - "-" "WordPress/6.9.1; https://www.zenoxpressjobs.com"
74.7.241.28 - - [05/Feb/2026:09:56:38 -0500] "GET /detail/361565532 HTTP/1.0" 404 157592 "https://zenoxpressjobs.com" "Mozilla/5.0 AppleWebKit/537.36 (KHTML, like Gecko; compatible; GPTBot/1.3; +https://openai.com/gptbot)"
173.231.242.79 - - [05/Feb/2026:09:57:46 -0500] "POST /wp-cron.php?doing_wp_cron=1770303466.0174729824066162109375 HTTP/1.0" 200 - "-" "WordPress/6.9.1; https://www.zenoxpressjobs.com"
74.7.241.28 - - [05/Feb/2026:09:57:43 -0500] "GET /detail/577014965 HTTP/1.0" 404 157592 "https://zenoxpressjobs.com" "Mozilla/5.0 AppleWebKit/537.36 (KHTML, like Gecko; compatible; GPTBot/1.3; +https://openai.com/gptbot)"
173.231.242.79 - - [05/Feb/2026:09:58:50 -0500] "POST /wp-cron.php?doing_wp_cron=1770303530.5877799987792968750000 HTTP/1.0" 200 - "-" "WordPress/6.9.1; https://www.zenoxpressjobs.com"
74.7.241.28 - - [05/Feb/2026:09:58:44 -0500] "GET /detail/582392203 HTTP/1.0" 404 157592 "https://zenoxpressjobs.com" "Mozilla/5.0 AppleWebKit/537.36 (KHTML, like Gecko; compatible; GPTBot/1.3; +https://openai.com/gptbot)"
173.231.242.79 - - [05/Feb/2026:09:59:51 -0500] "POST /wp-cron.php?doing_wp_cron=1770303591.5705049037933349609375 HTTP/1.0" 200 - "-" "WordPress/6.9.1; https://www.zenoxpressjobs.com"
74.7.241.28 - - [05/Feb/2026:09:59:49 -0500] "GET /detail/181599020 HTTP/1.0" 404 157592 "https://zenoxpressjobs.com" "Mozilla/5.0 AppleWebKit/537.36 (KHTML, like Gecko; compatible; GPTBot/1.3; +https://openai.com/gptbot)"
74.7.242.60 - - [05/Feb/2026:10:00:09 -0500] "GET /sitemap-16.xml HTTP/1.0" 301 - "-" "Mozilla/5.0 AppleWebKit/537.36 (KHTML, like Gecko; compatible; GPTBot/1.3; +https://openai.com/gptbot)"
173.231.242.79 - - [05/Feb/2026:10:01:03 -0500] "POST /wp-cron.php?doing_wp_cron=1770303663.7661769390106201171875 HTTP/1.0" 200 - "-" "WordPress/6.9.1; https://www.zenoxpressjobs.com"
74.7.241.28 - - [05/Feb/2026:10:00:53 -0500] "GET /detail/364284459 HTTP/1.0" 404 157592 "https://zenoxpressjobs.com" "Mozilla/5.0 AppleWebKit/537.36 (KHTML, like Gecko; compatible; GPTBot/1.3; +https://openai.com/gptbot)"
173.231.242.79 - - [05/Feb/2026:10:01:06 -0500] "POST /wp-cron.php?doing_wp_cron=1770303666.9552669525146484375000 HTTP/1.0" 200 - "-" "WordPress/6.9.1; https://www.zenoxpressjobs.com"
66.249.73.171 - - [05/Feb/2026:10:01:02 -0500] "GET /?products/22920878/ HTTP/1.0" 301 - "-" "Mozilla/5.0 (Linux; Android 6.0.1; Nexus 5X Build/MMB29P) AppleWebKit/537.36 (KHTML, like Gecko) Chrome/144.0.7559.109 Mobile Safari/537.36 (compatible; Googlebot/2.1; +http://www.google.com/bot.html)"
66.249.73.172 - - [05/Feb/2026:10:01:07 -0500] "GET /?products%2F22920878%2F HTTP/1.0" 200 186888 "-" "Mozilla/5.0 (Linux; Android 6.0.1; Nexus 5X Build/MMB29P) AppleWebKit/537.36 (KHTML, like Gecko) Chrome/144.0.7559.109 Mobile Safari/537.36 (compatible; Googlebot/2.1; +http://www.google.com/bot.html)"
74.7.242.60 - - [05/Feb/2026:10:01:59 -0500] "GET /sitemap-6.xml HTTP/1.0" 301 - "-" "Mozilla/5.0 AppleWebKit/537.36 (KHTML, like Gecko; compatible; GPTBot/1.3; +https://openai.com/gptbot)"
74.7.241.28 - - [05/Feb/2026:10:01:59 -0500] "GET /detail/347918985 HTTP/1.0" 404 157592 "https://zenoxpressjobs.com" "Mozilla/5.0 AppleWebKit/537.36 (KHTML, like Gecko; compatible; GPTBot/1.3; +https://openai.com/gptbot)"
173.231.242.79 - - [05/Feb/2026:10:03:06 -0500] "POST /wp-cron.php?doing_wp_cron=1770303786.7709369659423828125000 HTTP/1.0" 200 - "-" "WordPress/6.9.1; https://www.zenoxpressjobs.com"
74.7.241.28 - - [05/Feb/2026:10:03:04 -0500] "GET /sitemap-9.xml HTTP/1.0" 404 157592 "https://zenoxpressjobs.com" "Mozilla/5.0 AppleWebKit/537.36 (KHTML, like Gecko; compatible; GPTBot/1.3; +https://openai.com/gptbot)"
173.231.242.79 - - [05/Feb/2026:10:03:35 -0500] "POST /wp-cron.php?doing_wp_cron=1770303815.0864388942718505859375 HTTP/1.0" 200 - "-" "WordPress/6.9.1; https://www.zenoxpressjobs.com"
74.7.242.60 - - [05/Feb/2026:10:03:33 -0500] "GET /sitemap-14.xml HTTP/1.0" 301 - "-" "Mozilla/5.0 AppleWebKit/537.36 (KHTML, like Gecko; compatible; GPTBot/1.3; +https://openai.com/gptbot)"
66.249.73.160 - - [05/Feb/2026:10:03:54 -0500] "GET /detail/581990977 HTTP/1.0" 404 157603 "-" "Mozilla/5.0 (Linux; Android 6.0.1; Nexus 5X Build/MMB29P) AppleWebKit/537.36 (KHTML, like Gecko) Chrome/144.0.7559.109 Mobile Safari/537.36 (compatible; Googlebot/2.1; +http://www.google.com/bot.html)"
173.231.242.79 - - [05/Feb/2026:10:04:10 -0500] "POST /wp-cron.php?doing_wp_cron=1770303850.0864000320434570312500 HTTP/1.0" 200 - "-" "WordPress/6.9.1; https://www.zenoxpressjobs.com"
74.7.241.28 - - [05/Feb/2026:10:04:08 -0500] "GET /detail/318167627 HTTP/1.0" 404 157592 "https://zenoxpressjobs.com" "Mozilla/5.0 AppleWebKit/537.36 (KHTML, like Gecko; compatible; GPTBot/1.3; +https://openai.com/gptbot)"
173.231.242.79 - - [05/Feb/2026:10:04:53 -0500] "POST /wp-cron.php?doing_wp_cron=1770303893.6692590713500976562500 HTTP/1.0" 200 - "-" "WordPress/6.9.1; https://www.zenoxpressjobs.com"
74.7.242.60 - - [05/Feb/2026:10:04:50 -0500] "GET /sitemap-11.xml HTTP/1.0" 301 - "-" "Mozilla/5.0 AppleWebKit/537.36 (KHTML, like Gecko; compatible; GPTBot/1.3; +https://openai.com/gptbot)"
74.7.241.28 - - [05/Feb/2026:10:05:13 -0500] "GET /detail/478130071 HTTP/1.0" 404 157592 "https://zenoxpressjobs.com" "Mozilla/5.0 AppleWebKit/537.36 (KHTML, like Gecko; compatible; GPTBot/1.3; +https://openai.com/gptbot)"
66.249.73.172 - - [05/Feb/2026:10:05:14 -0500] "GET /detail/463305477 HTTP/1.0" 404 157603 "-" "Mozilla/5.0 (Linux; Android 6.0.1; Nexus 5X Build/MMB29P) AppleWebKit/537.36 (KHTML, like Gecko) Chrome/144.0.7559.109 Mobile Safari/537.36 (compatible; Googlebot/2.1; +http://www.google.com/bot.html)"
74.7.242.60 - - [05/Feb/2026:10:05:16 -0500] "GET /sitemap-17.xml HTTP/1.0" 301 - "-" "Mozilla/5.0 AppleWebKit/537.36 (KHTML, like Gecko; compatible; GPTBot/1.3; +https://openai.com/gptbot)"
173.231.242.79 - - [05/Feb/2026:10:06:06 -0500] "POST /wp-cron.php?doing_wp_cron=1770303966.3606910705566406250000 HTTP/1.0" 200 - "-" "WordPress/6.9.1; https://www.zenoxpressjobs.com"
74.7.242.60 - - [05/Feb/2026:10:06:03 -0500] "GET /sitemap.xml HTTP/1.0" 301 - "-" "Mozilla/5.0 AppleWebKit/537.36 (KHTML, like Gecko; compatible; GPTBot/1.3; +https://openai.com/gptbot)"
74.7.241.28 - - [05/Feb/2026:10:06:14 -0500] "GET /detail/169464774 HTTP/1.0" 404 157484 "http://zenoxpressjobs.com" "Mozilla/5.0 AppleWebKit/537.36 (KHTML, like Gecko; compatible; GPTBot/1.3; +https://openai.com/gptbot)"
185.191.171.4 - - [05/Feb/2026:10:06:17 -0500] "GET /index.html/product/buddha-bracelet/ HTTP/1.0" 404 157592 "-" "Mozilla/5.0 (compatible; SemrushBot/7~bl; +http://www.semrush.com/bot.html)"
173.231.242.79 - - [05/Feb/2026:10:07:23 -0500] "POST /wp-cron.php?doing_wp_cron=1770304043.7680718898773193359375 HTTP/1.0" 200 - "-" "WordPress/6.9.1; https://www.zenoxpressjobs.com"
74.7.241.28 - - [05/Feb/2026:10:07:17 -0500] "GET /detail/200979419 HTTP/1.0" 404 157592 "https://zenoxpressjobs.com" "Mozilla/5.0 AppleWebKit/537.36 (KHTML, like Gecko; compatible; GPTBot/1.3; +https://openai.com/gptbot)"
173.231.242.79 - - [05/Feb/2026:10:07:51 -0500] "POST /wp-cron.php?doing_wp_cron=1770304071.3937599658966064453125 HTTP/1.0" 200 - "-" "WordPress/6.9.1; https://www.zenoxpressjobs.com"
66.249.73.172 - - [05/Feb/2026:10:07:49 -0500] "GET /detail/230425340 HTTP/1.0" 404 157592 "-" "Mozilla/5.0 (compatible; Googlebot/2.1; +http://www.google.com/bot.html)"
74.7.241.28 - - [05/Feb/2026:10:08:20 -0500] "GET /detail/165860635 HTTP/1.0" 404 157592 "https://zenoxpressjobs.com" "Mozilla/5.0 AppleWebKit/537.36 (KHTML, like Gecko; compatible; GPTBot/1.3; +https://openai.com/gptbot)"
173.231.242.79 - - [05/Feb/2026:10:08:44 -0500] "POST /wp-cron.php?doing_wp_cron=1770304124.5706949234008789062500 HTTP/1.0" 200 - "-" "WordPress/6.9.1; https://www.zenoxpressjobs.com"
74.7.242.60 - - [05/Feb/2026:10:08:40 -0500] "GET /sitemap-5.xml HTTP/1.0" 301 - "-" "Mozilla/5.0 AppleWebKit/537.36 (KHTML, like Gecko; compatible; GPTBot/1.3; +https://openai.com/gptbot)"
74.7.242.60 - - [05/Feb/2026:10:08:55 -0500] "GET /sitemap-19.xml HTTP/1.0" 301 - "-" "Mozilla/5.0 AppleWebKit/537.36 (KHTML, like Gecko; compatible; GPTBot/1.3; +https://openai.com/gptbot)"
74.7.241.28 - - [05/Feb/2026:10:09:20 -0500] "GET /detail/149448002 HTTP/1.0" 404 157592 "https://zenoxpressjobs.com" "Mozilla/5.0 AppleWebKit/537.36 (KHTML, like Gecko; compatible; GPTBot/1.3; +https://openai.com/gptbot)"
74.7.242.60 - - [05/Feb/2026:10:09:28 -0500] "GET /sitemap-20.xml HTTP/1.0" 301 - "-" "Mozilla/5.0 AppleWebKit/537.36 (KHTML, like Gecko; compatible; GPTBot/1.3; +https://openai.com/gptbot)"
74.7.241.28 - - [05/Feb/2026:10:10:23 -0500] "GET /detail/226460012 HTTP/1.0" 404 157592 "https://zenoxpressjobs.com" "Mozilla/5.0 AppleWebKit/537.36 (KHTML, like Gecko; compatible; GPTBot/1.3; +https://openai.com/gptbot)"
173.231.242.79 - - [05/Feb/2026:10:10:24 -0500] "POST /wp-cron.php?doing_wp_cron=1770304224.4249429702758789062500 HTTP/1.0" 200 - "-" "WordPress/6.9.1; https://www.zenoxpressjobs.com"
74.7.242.60 - - [05/Feb/2026:10:10:24 -0500] "GET /sitemap-13.xml HTTP/1.0" 301 - "-" "Mozilla/5.0 AppleWebKit/537.36 (KHTML, like Gecko; compatible; GPTBot/1.3; +https://openai.com/gptbot)"
173.231.242.79 - - [05/Feb/2026:10:11:26 -0500] "POST /wp-cron.php?doing_wp_cron=1770304286.6513199806213378906250 HTTP/1.0" 200 - "-" "WordPress/6.9.1; https://www.zenoxpressjobs.com"
74.7.241.28 - - [05/Feb/2026:10:11:25 -0500] "GET /sitemap-16.xml HTTP/1.0" 404 157592 "https://zenoxpressjobs.com" "Mozilla/5.0 AppleWebKit/537.36 (KHTML, like Gecko; compatible; GPTBot/1.3; +https://openai.com/gptbot)"
66.249.73.171 - - [05/Feb/2026:10:11:26 -0500] "GET /ctg/search/similarImageSearchResultView/?ctgItemCd=00974020 HTTP/1.0" 404 157603 "-" "Mozilla/5.0 (Linux; Android 6.0.1; Nexus 5X Build/MMB29P) AppleWebKit/537.36 (KHTML, like Gecko) Chrome/144.0.7559.109 Mobile Safari/537.36 (compatible; Googlebot/2.1; +http://www.google.com/bot.html)"
173.231.242.79 - - [05/Feb/2026:10:11:35 -0500] "POST /wp-cron.php?doing_wp_cron=1770304295.0503559112548828125000 HTTP/1.0" 200 - "-" "WordPress/6.9.1; https://www.zenoxpressjobs.com"
66.249.73.171 - - [05/Feb/2026:10:11:34 -0500] "GET /?products/5641834/ HTTP/1.0" 301 - "-" "Mozilla/5.0 (Linux; Android 6.0.1; Nexus 5X Build/MMB29P) AppleWebKit/537.36 (KHTML, like Gecko) Chrome/144.0.7559.109 Mobile Safari/537.36 (compatible; Googlebot/2.1; +http://www.google.com/bot.html)"
66.249.73.172 - - [05/Feb/2026:10:11:35 -0500] "GET /?products%2F5641834%2F HTTP/1.0" 200 186888 "-" "Mozilla/5.0 (Linux; Android 6.0.1; Nexus 5X Build/MMB29P) AppleWebKit/537.36 (KHTML, like Gecko) Chrome/144.0.7559.109 Mobile Safari/537.36 (compatible; Googlebot/2.1; +http://www.google.com/bot.html)"
66.249.73.171 - - [05/Feb/2026:10:11:41 -0500] "GET /detail/389596176 HTTP/1.0" 404 157603 "-" "Mozilla/5.0 (Linux; Android 6.0.1; Nexus 5X Build/MMB29P) AppleWebKit/537.36 (KHTML, like Gecko) Chrome/144.0.7559.109 Mobile Safari/537.36 (compatible; Googlebot/2.1; +http://www.google.com/bot.html)"
66.249.73.171 - - [05/Feb/2026:10:11:42 -0500] "GET /?products/13011489/ HTTP/1.0" 301 - "-" "Mozilla/5.0 (Linux; Android 6.0.1; Nexus 5X Build/MMB29P) AppleWebKit/537.36 (KHTML, like Gecko) Chrome/144.0.7559.109 Mobile Safari/537.36 (compatible; Googlebot/2.1; +http://www.google.com/bot.html)"
66.249.73.171 - - [05/Feb/2026:10:11:43 -0500] "GET /?products%2F13011489%2F HTTP/1.0" 200 186888 "-" "Mozilla/5.0 (Linux; Android 6.0.1; Nexus 5X Build/MMB29P) AppleWebKit/537.36 (KHTML, like Gecko) Chrome/144.0.7559.109 Mobile Safari/537.36 (compatible; Googlebot/2.1; +http://www.google.com/bot.html)"
66.249.73.160 - - [05/Feb/2026:10:12:02 -0500] "GET /?products/10084478/ HTTP/1.0" 301 - "-" "Mozilla/5.0 (Linux; Android 6.0.1; Nexus 5X Build/MMB29P) AppleWebKit/537.36 (KHTML, like Gecko) Chrome/144.0.7559.109 Mobile Safari/537.36 (compatible; Googlebot/2.1; +http://www.google.com/bot.html)"
66.249.73.171 - - [05/Feb/2026:10:12:02 -0500] "GET /?products%2F10084478%2F HTTP/1.0" 200 186888 "-" "Mozilla/5.0 (Linux; Android 6.0.1; Nexus 5X Build/MMB29P) AppleWebKit/537.36 (KHTML, like Gecko) Chrome/144.0.7559.109 Mobile Safari/537.36 (compatible; Googlebot/2.1; +http://www.google.com/bot.html)"
66.249.73.171 - - [05/Feb/2026:10:12:10 -0500] "GET /?products/14960990/ HTTP/1.0" 301 - "-" "Mozilla/5.0 (Linux; Android 6.0.1; Nexus 5X Build/MMB29P) AppleWebKit/537.36 (KHTML, like Gecko) Chrome/144.0.7559.109 Mobile Safari/537.36 (compatible; Googlebot/2.1; +http://www.google.com/bot.html)"
66.249.73.171 - - [05/Feb/2026:10:12:10 -0500] "GET /?products%2F14960990%2F HTTP/1.0" 200 186888 "-" "Mozilla/5.0 (Linux; Android 6.0.1; Nexus 5X Build/MMB29P) AppleWebKit/537.36 (KHTML, like Gecko) Chrome/144.0.7559.109 Mobile Safari/537.36 (compatible; Googlebot/2.1; +http://www.google.com/bot.html)"
74.7.242.60 - - [05/Feb/2026:10:12:15 -0500] "GET /sitemap-18.xml HTTP/1.0" 301 - "-" "Mozilla/5.0 AppleWebKit/537.36 (KHTML, like Gecko; compatible; GPTBot/1.3; +https://openai.com/gptbot)"
66.249.73.171 - - [05/Feb/2026:10:12:18 -0500] "GET /?products/8059278/ HTTP/1.0" 301 - "-" "Mozilla/5.0 (Linux; Android 6.0.1; Nexus 5X Build/MMB29P) AppleWebKit/537.36 (KHTML, like Gecko) Chrome/144.0.7559.109 Mobile Safari/537.36 (compatible; Googlebot/2.1; +http://www.google.com/bot.html)"
74.7.241.156 - - [05/Feb/2026:10:12:18 -0500] "GET /robots.txt HTTP/1.0" 301 - "-" "Mozilla/5.0 (Macintosh; Intel Mac OS X 10_15_7) AppleWebKit/537.36 (KHTML, like Gecko) Chrome/131.0.0.0 Safari/537.36; compatible; OAI-SearchBot/1.3; robots.txt; +https://openai.com/searchbot"
74.7.241.156 - - [05/Feb/2026:10:12:18 -0500] "GET /robots.txt HTTP/1.0" 200 272 "http://zenoxpressjobs.com/robots.txt" "Mozilla/5.0 (Macintosh; Intel Mac OS X 10_15_7) AppleWebKit/537.36 (KHTML, like Gecko) Chrome/131.0.0.0 Safari/537.36; compatible; OAI-SearchBot/1.3; robots.txt; +https://openai.com/searchbot"
66.249.73.171 - - [05/Feb/2026:10:12:18 -0500] "GET /?products%2F8059278%2F HTTP/1.0" 200 186888 "-" "Mozilla/5.0 (Linux; Android 6.0.1; Nexus 5X Build/MMB29P) AppleWebKit/537.36 (KHTML, like Gecko) Chrome/144.0.7559.109 Mobile Safari/537.36 (compatible; Googlebot/2.1; +http://www.google.com/bot.html)"
74.7.242.60 - - [05/Feb/2026:10:12:19 -0500] "GET /?sitemap.xml HTTP/1.0" 301 - "-" "Mozilla/5.0 AppleWebKit/537.36 (KHTML, like Gecko; compatible; GPTBot/1.3; +https://openai.com/gptbot)"
66.249.73.171 - - [05/Feb/2026:10:12:25 -0500] "GET /?products/10411656/ HTTP/1.0" 301 - "-" "Mozilla/5.0 (Linux; Android 6.0.1; Nexus 5X Build/MMB29P) AppleWebKit/537.36 (KHTML, like Gecko) Chrome/144.0.7559.109 Mobile Safari/537.36 (compatible; Googlebot/2.1; +http://www.google.com/bot.html)"
66.249.73.171 - - [05/Feb/2026:10:12:25 -0500] "GET /?products%2F10411656%2F HTTP/1.0" 200 186888 "-" "Mozilla/5.0 (Linux; Android 6.0.1; Nexus 5X Build/MMB29P) AppleWebKit/537.36 (KHTML, like Gecko) Chrome/144.0.7559.109 Mobile Safari/537.36 (compatible; Googlebot/2.1; +http://www.google.com/bot.html)"
74.7.241.28 - - [05/Feb/2026:10:12:29 -0500] "GET /sitemap-6.xml HTTP/1.0" 404 157592 "https://zenoxpressjobs.com" "Mozilla/5.0 AppleWebKit/537.36 (KHTML, like Gecko; compatible; GPTBot/1.3; +https://openai.com/gptbot)"
66.249.73.171 - - [05/Feb/2026:10:12:33 -0500] "GET /wp-content/plugins/shopengine/modules/quick-view/assets/js/script.js?ver=6.9.1 HTTP/1.0" 200 492 "https://www.zenoxpressjobs.com/?products%2F14960990%2F" "Mozilla/5.0 (Linux; Android 6.0.1; Nexus 5X Build/MMB29P) AppleWebKit/537.36 (KHTML, like Gecko) Chrome/143.0.7499.192 Mobile Safari/537.36 (compatible; Googlebot/2.1; +http://www.google.com/bot.html)"
173.231.242.79 - - [05/Feb/2026:10:12:35 -0500] "POST /wp-cron.php?doing_wp_cron=1770304355.0302779674530029296875 HTTP/1.0" 200 - "-" "WordPress/6.9.1; https://www.zenoxpressjobs.com"
66.249.73.171 - - [05/Feb/2026:10:12:33 -0500] "GET /?products/12484845/ HTTP/1.0" 301 - "-" "Mozilla/5.0 (Linux; Android 6.0.1; Nexus 5X Build/MMB29P) AppleWebKit/537.36 (KHTML, like Gecko) Chrome/144.0.7559.109 Mobile Safari/537.36 (compatible; Googlebot/2.1; +http://www.google.com/bot.html)"
66.249.73.171 - - [05/Feb/2026:10:12:35 -0500] "GET /?products%2F12484845%2F HTTP/1.0" 200 186888 "-" "Mozilla/5.0 (Linux; Android 6.0.1; Nexus 5X Build/MMB29P) AppleWebKit/537.36 (KHTML, like Gecko) Chrome/144.0.7559.109 Mobile Safari/537.36 (compatible; Googlebot/2.1; +http://www.google.com/bot.html)"
66.249.73.171 - - [05/Feb/2026:10:12:41 -0500] "GET /?products/25107756/ HTTP/1.0" 301 - "-" "Mozilla/5.0 (Linux; Android 6.0.1; Nexus 5X Build/MMB29P) AppleWebKit/537.36 (KHTML, like Gecko) Chrome/144.0.7559.109 Mobile Safari/537.36 (compatible; Googlebot/2.1; +http://www.google.com/bot.html)"
66.249.73.171 - - [05/Feb/2026:10:12:42 -0500] "GET /?products%2F25107756%2F HTTP/1.0" 200 186888 "-" "Mozilla/5.0 (Linux; Android 6.0.1; Nexus 5X Build/MMB29P) AppleWebKit/537.36 (KHTML, like Gecko) Chrome/144.0.7559.109 Mobile Safari/537.36 (compatible; Googlebot/2.1; +http://www.google.com/bot.html)"
66.249.73.171 - - [05/Feb/2026:10:12:48 -0500] "GET /?products/12318934/ HTTP/1.0" 301 - "-" "Mozilla/5.0 (Linux; Android 6.0.1; Nexus 5X Build/MMB29P) AppleWebKit/537.36 (KHTML, like Gecko) Chrome/144.0.7559.109 Mobile Safari/537.36 (compatible; Googlebot/2.1; +http://www.google.com/bot.html)"
66.249.73.171 - - [05/Feb/2026:10:12:48 -0500] "GET /?products%2F12318934%2F HTTP/1.0" 200 186888 "-" "Mozilla/5.0 (Linux; Android 6.0.1; Nexus 5X Build/MMB29P) AppleWebKit/537.36 (KHTML, like Gecko) Chrome/144.0.7559.109 Mobile Safari/537.36 (compatible; Googlebot/2.1; +http://www.google.com/bot.html)"
66.249.73.171 - - [05/Feb/2026:10:12:56 -0500] "GET /?products/2411190/ HTTP/1.0" 301 - "-" "Mozilla/5.0 (Linux; Android 6.0.1; Nexus 5X Build/MMB29P) AppleWebKit/537.36 (KHTML, like Gecko) Chrome/144.0.7559.109 Mobile Safari/537.36 (compatible; Googlebot/2.1; +http://www.google.com/bot.html)"
66.249.73.171 - - [05/Feb/2026:10:12:57 -0500] "GET /?products%2F2411190%2F HTTP/1.0" 200 186888 "-" "Mozilla/5.0 (Linux; Android 6.0.1; Nexus 5X Build/MMB29P) AppleWebKit/537.36 (KHTML, like Gecko) Chrome/144.0.7559.109 Mobile Safari/537.36 (compatible; Googlebot/2.1; +http://www.google.com/bot.html)"
66.249.73.171 - - [05/Feb/2026:10:13:04 -0500] "GET /?products/13218534/ HTTP/1.0" 301 - "-" "Mozilla/5.0 (Linux; Android 6.0.1; Nexus 5X Build/MMB29P) AppleWebKit/537.36 (KHTML, like Gecko) Chrome/144.0.7559.109 Mobile Safari/537.36 (compatible; Googlebot/2.1; +http://www.google.com/bot.html)"
66.249.73.172 - - [05/Feb/2026:10:13:05 -0500] "GET /?products%2F13218534%2F HTTP/1.0" 200 186888 "-" "Mozilla/5.0 (Linux; Android 6.0.1; Nexus 5X Build/MMB29P) AppleWebKit/537.36 (KHTML, like Gecko) Chrome/144.0.7559.109 Mobile Safari/537.36 (compatible; Googlebot/2.1; +http://www.google.com/bot.html)"
74.7.242.60 - - [05/Feb/2026:10:13:06 -0500] "GET /sitemap-12.xml HTTP/1.0" 301 - "-" "Mozilla/5.0 AppleWebKit/537.36 (KHTML, like Gecko; compatible; GPTBot/1.3; +https://openai.com/gptbot)"
66.249.73.171 - - [05/Feb/2026:10:13:11 -0500] "GET /?products/12750778/ HTTP/1.0" 301 - "-" "Mozilla/5.0 (Linux; Android 6.0.1; Nexus 5X Build/MMB29P) AppleWebKit/537.36 (KHTML, like Gecko) Chrome/144.0.7559.109 Mobile Safari/537.36 (compatible; Googlebot/2.1; +http://www.google.com/bot.html)"
66.249.73.171 - - [05/Feb/2026:10:13:13 -0500] "GET /?products%2F12750778%2F HTTP/1.0" 200 186888 "-" "Mozilla/5.0 (Linux; Android 6.0.1; Nexus 5X Build/MMB29P) AppleWebKit/537.36 (KHTML, like Gecko) Chrome/144.0.7559.109 Mobile Safari/537.36 (compatible; Googlebot/2.1; +http://www.google.com/bot.html)"
74.7.242.60 - - [05/Feb/2026:10:13:17 -0500] "GET /sitemap-2.xml HTTP/1.0" 301 - "-" "Mozilla/5.0 AppleWebKit/537.36 (KHTML, like Gecko; compatible; GPTBot/1.3; +https://openai.com/gptbot)"
66.249.73.171 - - [05/Feb/2026:10:13:23 -0500] "GET /?products/9292378/ HTTP/1.0" 301 - "-" "Mozilla/5.0 (Linux; Android 6.0.1; Nexus 5X Build/MMB29P) AppleWebKit/537.36 (KHTML, like Gecko) Chrome/144.0.7559.109 Mobile Safari/537.36 (compatible; Googlebot/2.1; +http://www.google.com/bot.html)"
66.249.73.171 - - [05/Feb/2026:10:13:23 -0500] "GET /?products%2F9292378%2F HTTP/1.0" 200 186888 "-" "Mozilla/5.0 (Linux; Android 6.0.1; Nexus 5X Build/MMB29P) AppleWebKit/537.36 (KHTML, like Gecko) Chrome/144.0.7559.109 Mobile Safari/537.36 (compatible; Googlebot/2.1; +http://www.google.com/bot.html)"
74.7.241.28 - - [05/Feb/2026:10:13:30 -0500] "GET /detail/535838299 HTTP/1.0" 404 157592 "https://zenoxpressjobs.com" "Mozilla/5.0 AppleWebKit/537.36 (KHTML, like Gecko; compatible; GPTBot/1.3; +https://openai.com/gptbot)"
66.249.73.171 - - [05/Feb/2026:10:13:31 -0500] "GET /?products/13540601/ HTTP/1.0" 301 - "-" "Mozilla/5.0 (Linux; Android 6.0.1; Nexus 5X Build/MMB29P) AppleWebKit/537.36 (KHTML, like Gecko) Chrome/144.0.7559.109 Mobile Safari/537.36 (compatible; Googlebot/2.1; +http://www.google.com/bot.html)"
173.231.242.79 - - [05/Feb/2026:10:13:32 -0500] "POST /wp-cron.php?doing_wp_cron=1770304412.2774040699005126953125 HTTP/1.0" 200 - "-" "WordPress/6.9.1; https://www.zenoxpressjobs.com"
66.249.73.171 - - [05/Feb/2026:10:13:31 -0500] "GET /?products%2F13540601%2F HTTP/1.0" 200 186888 "-" "Mozilla/5.0 (Linux; Android 6.0.1; Nexus 5X Build/MMB29P) AppleWebKit/537.36 (KHTML, like Gecko) Chrome/144.0.7559.109 Mobile Safari/537.36 (compatible; Googlebot/2.1; +http://www.google.com/bot.html)"
66.249.73.171 - - [05/Feb/2026:10:13:38 -0500] "GET /?products/7932834/ HTTP/1.0" 301 - "-" "Mozilla/5.0 (Linux; Android 6.0.1; Nexus 5X Build/MMB29P) AppleWebKit/537.36 (KHTML, like Gecko) Chrome/144.0.7559.109 Mobile Safari/537.36 (compatible; Googlebot/2.1; +http://www.google.com/bot.html)"
66.249.73.171 - - [05/Feb/2026:10:13:38 -0500] "GET /?products%2F7932834%2F HTTP/1.0" 200 186888 "-" "Mozilla/5.0 (Linux; Android 6.0.1; Nexus 5X Build/MMB29P) AppleWebKit/537.36 (KHTML, like Gecko) Chrome/144.0.7559.109 Mobile Safari/537.36 (compatible; Googlebot/2.1; +http://www.google.com/bot.html)"
66.249.73.171 - - [05/Feb/2026:10:13:54 -0500] "GET /?products/6425634/ HTTP/1.0" 301 - "-" "Mozilla/5.0 (Linux; Android 6.0.1; Nexus 5X Build/MMB29P) AppleWebKit/537.36 (KHTML, like Gecko) Chrome/144.0.7559.109 Mobile Safari/537.36 (compatible; Googlebot/2.1; +http://www.google.com/bot.html)"
66.249.73.171 - - [05/Feb/2026:10:13:54 -0500] "GET /?products%2F6425634%2F HTTP/1.0" 200 186888 "-" "Mozilla/5.0 (Linux; Android 6.0.1; Nexus 5X Build/MMB29P) AppleWebKit/537.36 (KHTML, like Gecko) Chrome/144.0.7559.109 Mobile Safari/537.36 (compatible; Googlebot/2.1; +http://www.google.com/bot.html)"
66.249.73.171 - - [05/Feb/2026:10:14:01 -0500] "GET /?products/11770790/ HTTP/1.0" 301 - "-" "Mozilla/5.0 (Linux; Android 6.0.1; Nexus 5X Build/MMB29P) AppleWebKit/537.36 (KHTML, like Gecko) Chrome/144.0.7559.109 Mobile Safari/537.36 (compatible; Googlebot/2.1; +http://www.google.com/bot.html)"
66.249.73.172 - - [05/Feb/2026:10:14:02 -0500] "GET /?products%2F11770790%2F HTTP/1.0" 200 186888 "-" "Mozilla/5.0 (Linux; Android 6.0.1; Nexus 5X Build/MMB29P) AppleWebKit/537.36 (KHTML, like Gecko) Chrome/144.0.7559.109 Mobile Safari/537.36 (compatible; Googlebot/2.1; +http://www.google.com/bot.html)"
66.249.73.172 - - [05/Feb/2026:10:14:09 -0500] "GET /?products/6947934/ HTTP/1.0" 301 - "-" "Mozilla/5.0 (Linux; Android 6.0.1; Nexus 5X Build/MMB29P) AppleWebKit/537.36 (KHTML, like Gecko) Chrome/144.0.7559.109 Mobile Safari/537.36 (compatible; Googlebot/2.1; +http://www.google.com/bot.html)"
66.249.73.171 - - [05/Feb/2026:10:14:10 -0500] "GET /?products%2F6947934%2F HTTP/1.0" 200 186888 "-" "Mozilla/5.0 (Linux; Android 6.0.1; Nexus 5X Build/MMB29P) AppleWebKit/537.36 (KHTML, like Gecko) Chrome/144.0.7559.109 Mobile Safari/537.36 (compatible; Googlebot/2.1; +http://www.google.com/bot.html)"
173.231.242.79 - - [05/Feb/2026:10:14:18 -0500] "POST /wp-cron.php?doing_wp_cron=1770304458.1937799453735351562500 HTTP/1.0" 200 - "-" "WordPress/6.9.1; https://www.zenoxpressjobs.com"
66.249.73.171 - - [05/Feb/2026:10:14:17 -0500] "GET /?products/11688134/ HTTP/1.0" 301 - "-" "Mozilla/5.0 (Linux; Android 6.0.1; Nexus 5X Build/MMB29P) AppleWebKit/537.36 (KHTML, like Gecko) Chrome/144.0.7559.109 Mobile Safari/537.36 (compatible; Googlebot/2.1; +http://www.google.com/bot.html)"
66.249.73.171 - - [05/Feb/2026:10:14:18 -0500] "GET /?products%2F11688134%2F HTTP/1.0" 200 186888 "-" "Mozilla/5.0 (Linux; Android 6.0.1; Nexus 5X Build/MMB29P) AppleWebKit/537.36 (KHTML, like Gecko) Chrome/144.0.7559.109 Mobile Safari/537.36 (compatible; Googlebot/2.1; +http://www.google.com/bot.html)"
74.7.242.60 - - [05/Feb/2026:10:14:20 -0500] "GET /sitemap-8.xml HTTP/1.0" 301 - "-" "Mozilla/5.0 AppleWebKit/537.36 (KHTML, like Gecko; compatible; GPTBot/1.3; +https://openai.com/gptbot)"
66.249.73.171 - - [05/Feb/2026:10:14:26 -0500] "GET /?products/14772812/ HTTP/1.0" 301 - "-" "Mozilla/5.0 (Linux; Android 6.0.1; Nexus 5X Build/MMB29P) AppleWebKit/537.36 (KHTML, like Gecko) Chrome/144.0.7559.109 Mobile Safari/537.36 (compatible; Googlebot/2.1; +http://www.google.com/bot.html)"
66.249.73.171 - - [05/Feb/2026:10:14:26 -0500] "GET /?products%2F14772812%2F HTTP/1.0" 200 186888 "-" "Mozilla/5.0 (Linux; Android 6.0.1; Nexus 5X Build/MMB29P) AppleWebKit/537.36 (KHTML, like Gecko) Chrome/144.0.7559.109 Mobile Safari/537.36 (compatible; Googlebot/2.1; +http://www.google.com/bot.html)"
173.231.242.79 - - [05/Feb/2026:10:14:33 -0500] "POST /wp-cron.php?doing_wp_cron=1770304473.1423459053039550781250 HTTP/1.0" 200 - "-" "WordPress/6.9.1; https://www.zenoxpressjobs.com"
74.7.241.28 - - [05/Feb/2026:10:14:32 -0500] "GET /sitemap-14.xml HTTP/1.0" 404 157592 "https://zenoxpressjobs.com" "Mozilla/5.0 AppleWebKit/537.36 (KHTML, like Gecko; compatible; GPTBot/1.3; +https://openai.com/gptbot)"
66.249.73.171 - - [05/Feb/2026:10:14:33 -0500] "GET /?products/21663812/ HTTP/1.0" 301 - "-" "Mozilla/5.0 (Linux; Android 6.0.1; Nexus 5X Build/MMB29P) AppleWebKit/537.36 (KHTML, like Gecko) Chrome/144.0.7559.109 Mobile Safari/537.36 (compatible; Googlebot/2.1; +http://www.google.com/bot.html)"
66.249.73.171 - - [05/Feb/2026:10:14:33 -0500] "GET /?products%2F21663812%2F HTTP/1.0" 200 186888 "-" "Mozilla/5.0 (Linux; Android 6.0.1; Nexus 5X Build/MMB29P) AppleWebKit/537.36 (KHTML, like Gecko) Chrome/144.0.7559.109 Mobile Safari/537.36 (compatible; Googlebot/2.1; +http://www.google.com/bot.html)"
66.249.73.171 - - [05/Feb/2026:10:14:42 -0500] "GET /?products/14777967/ HTTP/1.0" 301 - "-" "Mozilla/5.0 (Linux; Android 6.0.1; Nexus 5X Build/MMB29P) AppleWebKit/537.36 (KHTML, like Gecko) Chrome/144.0.7559.109 Mobile Safari/537.36 (compatible; Googlebot/2.1; +http://www.google.com/bot.html)"
66.249.73.171 - - [05/Feb/2026:10:14:42 -0500] "GET /?products%2F14777967%2F HTTP/1.0" 200 186888 "-" "Mozilla/5.0 (Linux; Android 6.0.1; Nexus 5X Build/MMB29P) AppleWebKit/537.36 (KHTML, like Gecko) Chrome/144.0.7559.109 Mobile Safari/537.36 (compatible; Googlebot/2.1; +http://www.google.com/bot.html)"
66.249.73.171 - - [05/Feb/2026:10:14:51 -0500] "GET /?products/14672534/ HTTP/1.0" 301 - "-" "Mozilla/5.0 (Linux; Android 6.0.1; Nexus 5X Build/MMB29P) AppleWebKit/537.36 (KHTML, like Gecko) Chrome/144.0.7559.109 Mobile Safari/537.36 (compatible; Googlebot/2.1; +http://www.google.com/bot.html)"
66.249.73.171 - - [05/Feb/2026:10:14:51 -0500] "GET /?products%2F14672534%2F HTTP/1.0" 200 186888 "-" "Mozilla/5.0 (Linux; Android 6.0.1; Nexus 5X Build/MMB29P) AppleWebKit/537.36 (KHTML, like Gecko) Chrome/144.0.7559.109 Mobile Safari/537.36 (compatible; Googlebot/2.1; +http://www.google.com/bot.html)"
66.249.73.171 - - [05/Feb/2026:10:14:59 -0500] "GET /?products/14785378/ HTTP/1.0" 301 - "-" "Mozilla/5.0 (Linux; Android 6.0.1; Nexus 5X Build/MMB29P) AppleWebKit/537.36 (KHTML, like Gecko) Chrome/144.0.7559.109 Mobile Safari/537.36 (compatible; Googlebot/2.1; +http://www.google.com/bot.html)"
66.249.73.171 - - [05/Feb/2026:10:14:59 -0500] "GET /?products%2F14785378%2F HTTP/1.0" 200 186888 "-" "Mozilla/5.0 (Linux; Android 6.0.1; Nexus 5X Build/MMB29P) AppleWebKit/537.36 (KHTML, like Gecko) Chrome/144.0.7559.109 Mobile Safari/537.36 (compatible; Googlebot/2.1; +http://www.google.com/bot.html)"
66.249.73.171 - - [05/Feb/2026:10:15:07 -0500] "GET /?products/11052512/ HTTP/1.0" 301 - "-" "Mozilla/5.0 (Linux; Android 6.0.1; Nexus 5X Build/MMB29P) AppleWebKit/537.36 (KHTML, like Gecko) Chrome/144.0.7559.109 Mobile Safari/537.36 (compatible; Googlebot/2.1; +http://www.google.com/bot.html)"
66.249.73.171 - - [05/Feb/2026:10:15:08 -0500] "GET /?products%2F11052512%2F HTTP/1.0" 200 186888 "-" "Mozilla/5.0 (Linux; Android 6.0.1; Nexus 5X Build/MMB29P) AppleWebKit/537.36 (KHTML, like Gecko) Chrome/144.0.7559.109 Mobile Safari/537.36 (compatible; Googlebot/2.1; +http://www.google.com/bot.html)"
66.249.73.171 - - [05/Feb/2026:10:15:14 -0500] "GET /?products/10661390/ HTTP/1.0" 301 - "-" "Mozilla/5.0 (Linux; Android 6.0.1; Nexus 5X Build/MMB29P) AppleWebKit/537.36 (KHTML, like Gecko) Chrome/144.0.7559.109 Mobile Safari/537.36 (compatible; Googlebot/2.1; +http://www.google.com/bot.html)"
66.249.73.171 - - [05/Feb/2026:10:15:15 -0500] "GET /?products%2F10661390%2F HTTP/1.0" 200 186888 "-" "Mozilla/5.0 (Linux; Android 6.0.1; Nexus 5X Build/MMB29P) AppleWebKit/537.36 (KHTML, like Gecko) Chrome/144.0.7559.109 Mobile Safari/537.36 (compatible; Googlebot/2.1; +http://www.google.com/bot.html)"
66.249.73.171 - - [05/Feb/2026:10:15:17 -0500] "GET /detail/459898043 HTTP/1.0" 404 157603 "-" "Mozilla/5.0 (Linux; Android 6.0.1; Nexus 5X Build/MMB29P) AppleWebKit/537.36 (KHTML, like Gecko) Chrome/144.0.7559.109 Mobile Safari/537.36 (compatible; Googlebot/2.1; +http://www.google.com/bot.html)"
66.249.73.171 - - [05/Feb/2026:10:15:18 -0500] "GET /detail/459898043 HTTP/1.0" 404 157592 "-" "Mozilla/5.0 (compatible; Googlebot/2.1; +http://www.google.com/bot.html)"
66.249.73.171 - - [05/Feb/2026:10:15:22 -0500] "GET /?products/4933201/ HTTP/1.0" 301 - "-" "Mozilla/5.0 (Linux; Android 6.0.1; Nexus 5X Build/MMB29P) AppleWebKit/537.36 (KHTML, like Gecko) Chrome/144.0.7559.109 Mobile Safari/537.36 (compatible; Googlebot/2.1; +http://www.google.com/bot.html)"
66.249.73.171 - - [05/Feb/2026:10:15:23 -0500] "GET /?products%2F4933201%2F HTTP/1.0" 200 186888 "-" "Mozilla/5.0 (Linux; Android 6.0.1; Nexus 5X Build/MMB29P) AppleWebKit/537.36 (KHTML, like Gecko) Chrome/144.0.7559.109 Mobile Safari/537.36 (compatible; Googlebot/2.1; +http://www.google.com/bot.html)"
66.249.73.171 - - [05/Feb/2026:10:15:30 -0500] "GET /?products/17266267/ HTTP/1.0" 301 - "-" "Mozilla/5.0 (Linux; Android 6.0.1; Nexus 5X Build/MMB29P) AppleWebKit/537.36 (KHTML, like Gecko) Chrome/144.0.7559.109 Mobile Safari/537.36 (compatible; Googlebot/2.1; +http://www.google.com/bot.html)"
66.249.73.171 - - [05/Feb/2026:10:15:31 -0500] "GET /?products%2F17266267%2F HTTP/1.0" 200 186888 "-" "Mozilla/5.0 (Linux; Android 6.0.1; Nexus 5X Build/MMB29P) AppleWebKit/537.36 (KHTML, like Gecko) Chrome/144.0.7559.109 Mobile Safari/537.36 (compatible; Googlebot/2.1; +http://www.google.com/bot.html)"
173.231.242.79 - - [05/Feb/2026:10:15:33 -0500] "POST /wp-cron.php?doing_wp_cron=1770304533.6915259361267089843750 HTTP/1.0" 200 - "-" "WordPress/6.9.1; https://www.zenoxpressjobs.com"
74.7.241.28 - - [05/Feb/2026:10:15:33 -0500] "GET /sitemap-11.xml HTTP/1.0" 404 157592 "https://zenoxpressjobs.com" "Mozilla/5.0 AppleWebKit/537.36 (KHTML, like Gecko; compatible; GPTBot/1.3; +https://openai.com/gptbot)"
74.7.242.60 - - [05/Feb/2026:10:15:34 -0500] "GET /sitemap-3.xml HTTP/1.0" 301 - "-" "Mozilla/5.0 AppleWebKit/537.36 (KHTML, like Gecko; compatible; GPTBot/1.3; +https://openai.com/gptbot)"
173.231.242.79 - - [05/Feb/2026:10:15:53 -0500] "POST /wp-cron.php?doing_wp_cron=1770304553.7634179592132568359375 HTTP/1.0" 200 - "-" "WordPress/6.9.1; https://www.zenoxpressjobs.com"
66.249.73.171 - - [05/Feb/2026:10:15:53 -0500] "GET /detail/434722828 HTTP/1.0" 404 157603 "-" "Mozilla/5.0 (Linux; Android 6.0.1; Nexus 5X Build/MMB29P) AppleWebKit/537.36 (KHTML, like Gecko) Chrome/144.0.7559.109 Mobile Safari/537.36 (compatible; Googlebot/2.1; +http://www.google.com/bot.html)"
74.7.242.60 - - [05/Feb/2026:10:16:21 -0500] "GET /sitemap-4.xml HTTP/1.0" 301 - "-" "Mozilla/5.0 AppleWebKit/537.36 (KHTML, like Gecko; compatible; GPTBot/1.3; +https://openai.com/gptbot)"
173.231.242.79 - - [05/Feb/2026:10:16:38 -0500] "POST /wp-cron.php?doing_wp_cron=1770304598.3007359504699707031250 HTTP/1.0" 200 - "-" "WordPress/6.9.1; https://www.zenoxpressjobs.com"
74.7.241.28 - - [05/Feb/2026:10:16:37 -0500] "GET /wp-sitemap.xml HTTP/1.0" 200 876 "https://zenoxpressjobs.com" "Mozilla/5.0 AppleWebKit/537.36 (KHTML, like Gecko; compatible; GPTBot/1.3; +https://openai.com/gptbot)"
173.231.242.79 - - [05/Feb/2026:10:17:42 -0500] "POST /wp-cron.php?doing_wp_cron=1770304662.3814249038696289062500 HTTP/1.0" 200 - "-" "WordPress/6.9.1; https://www.zenoxpressjobs.com"
74.7.241.28 - - [05/Feb/2026:10:17:41 -0500] "GET /sitemap-17.xml HTTP/1.0" 404 157592 "https://zenoxpressjobs.com" "Mozilla/5.0 AppleWebKit/537.36 (KHTML, like Gecko; compatible; GPTBot/1.3; +https://openai.com/gptbot)"
66.249.73.171 - - [05/Feb/2026:10:18:15 -0500] "GET /?products/15684690/ HTTP/1.0" 301 - "-" "Mozilla/5.0 (Linux; Android 6.0.1; Nexus 5X Build/MMB29P) AppleWebKit/537.36 (KHTML, like Gecko) Chrome/144.0.7559.109 Mobile Safari/537.36 (compatible; Googlebot/2.1; +http://www.google.com/bot.html)"
