209.85.238.139 - - [05/Feb/2026:01:36:03 -0500] "GET /wp-content/uploads/2026/01/Awards5.png HTTP/1.0" 200 20076 "https://www.zenoxpressjobs.com/?products%2F4750523%2F" "Mozilla/5.0 (X11; Linux x86_64) AppleWebKit/537.36 (KHTML, like Gecko) Chrome/143.0.7499.192 Safari/537.36"
209.85.238.139 - - [05/Feb/2026:01:36:04 -0500] "GET /wp-content/uploads/2026/01/Awards9-150x150.png HTTP/1.0" 200 16715 "https://www.zenoxpressjobs.com/?products%2F4750523%2F" "Mozilla/5.0 (X11; Linux x86_64) AppleWebKit/537.36 (KHTML, like Gecko) Chrome/143.0.7499.192 Safari/537.36"
209.85.238.139 - - [05/Feb/2026:01:36:06 -0500] "GET /wp-content/uploads/2026/01/Awards8.png HTTP/1.0" 200 43597 "https://www.zenoxpressjobs.com/?products%2F4750523%2F" "Mozilla/5.0 (X11; Linux x86_64) AppleWebKit/537.36 (KHTML, like Gecko) Chrome/143.0.7499.192 Safari/537.36"
209.85.238.139 - - [05/Feb/2026:01:36:07 -0500] "GET /wp-content/uploads/2026/01/Awards2.png HTTP/1.0" 200 13077 "https://www.zenoxpressjobs.com/?products%2F4750523%2F" "Mozilla/5.0 (X11; Linux x86_64) AppleWebKit/537.36 (KHTML, like Gecko) Chrome/143.0.7499.192 Safari/537.36"
209.85.238.139 - - [05/Feb/2026:01:36:08 -0500] "GET /wp-content/uploads/2026/01/Awards7.png HTTP/1.0" 200 44293 "https://www.zenoxpressjobs.com/?products%2F4750523%2F" "Mozilla/5.0 (X11; Linux x86_64) AppleWebKit/537.36 (KHTML, like Gecko) Chrome/143.0.7499.192 Safari/537.36"
209.85.238.139 - - [05/Feb/2026:01:36:09 -0500] "GET /wp-content/uploads/2026/01/Awards1.png HTTP/1.0" 200 18206 "https://www.zenoxpressjobs.com/?products%2F4750523%2F" "Mozilla/5.0 (X11; Linux x86_64) AppleWebKit/537.36 (KHTML, like Gecko) Chrome/143.0.7499.192 Safari/537.36"
209.85.238.139 - - [05/Feb/2026:01:36:09 -0500] "GET /wp-content/uploads/2026/01/Awards6.png HTTP/1.0" 200 35498 "https://www.zenoxpressjobs.com/?products%2F4750523%2F" "Mozilla/5.0 (X11; Linux x86_64) AppleWebKit/537.36 (KHTML, like Gecko) Chrome/143.0.7499.192 Safari/537.36"
173.231.242.79 - - [05/Feb/2026:01:36:42 -0500] "POST /wp-cron.php?doing_wp_cron=1770273402.7698500156402587890625 HTTP/1.0" 200 - "-" "WordPress/6.9.1; https://www.zenoxpressjobs.com"
74.7.241.28 - - [05/Feb/2026:01:36:40 -0500] "GET /detail/155388250 HTTP/1.0" 404 157592 "https://zenoxpressjobs.com" "Mozilla/5.0 AppleWebKit/537.36 (KHTML, like Gecko; compatible; GPTBot/1.3; +https://openai.com/gptbot)"
74.7.241.28 - - [05/Feb/2026:01:37:23 -0500] "GET /detail/155228971 HTTP/1.0" 404 157592 "https://zenoxpressjobs.com" "Mozilla/5.0 AppleWebKit/537.36 (KHTML, like Gecko; compatible; GPTBot/1.3; +https://openai.com/gptbot)"
173.231.242.79 - - [05/Feb/2026:01:37:51 -0500] "POST /wp-cron.php?doing_wp_cron=1770273471.9165620803833007812500 HTTP/1.0" 200 - "-" "WordPress/6.9.1; https://www.zenoxpressjobs.com"
167.114.139.138 - - [05/Feb/2026:01:37:50 -0500] "GET /detail/60339079 HTTP/1.0" 301 - "-" "Mozilla/5.0 (compatible; AhrefsBot/7.0; +http://ahrefs.com/robot/)"
74.7.241.28 - - [05/Feb/2026:01:38:04 -0500] "GET /detail/224351449 HTTP/1.0" 404 157592 "https://zenoxpressjobs.com" "Mozilla/5.0 AppleWebKit/537.36 (KHTML, like Gecko; compatible; GPTBot/1.3; +https://openai.com/gptbot)"
173.231.242.79 - - [05/Feb/2026:01:38:45 -0500] "POST /wp-cron.php?doing_wp_cron=1770273525.9364080429077148437500 HTTP/1.0" 200 - "-" "WordPress/6.9.1; https://www.zenoxpressjobs.com"
74.7.241.28 - - [05/Feb/2026:01:38:44 -0500] "GET /detail/162174861 HTTP/1.0" 404 157592 "https://zenoxpressjobs.com" "Mozilla/5.0 AppleWebKit/537.36 (KHTML, like Gecko; compatible; GPTBot/1.3; +https://openai.com/gptbot)"
66.249.73.160 - - [05/Feb/2026:01:39:04 -0500] "GET /detail/365861805 HTTP/1.0" 404 157603 "-" "Mozilla/5.0 (Linux; Android 6.0.1; Nexus 5X Build/MMB29P) AppleWebKit/537.36 (KHTML, like Gecko) Chrome/144.0.7559.109 Mobile Safari/537.36 (compatible; Googlebot/2.1; +http://www.google.com/bot.html)"
66.249.73.171 - - [05/Feb/2026:01:39:07 -0500] "GET /detail/365861805 HTTP/1.0" 404 157592 "-" "Mozilla/5.0 (compatible; Googlebot/2.1; +http://www.google.com/bot.html)"
74.7.241.28 - - [05/Feb/2026:01:39:26 -0500] "GET /detail/185713437 HTTP/1.0" 404 157592 "https://zenoxpressjobs.com" "Mozilla/5.0 AppleWebKit/537.36 (KHTML, like Gecko; compatible; GPTBot/1.3; +https://openai.com/gptbot)"
173.231.242.79 - - [05/Feb/2026:01:40:11 -0500] "POST /wp-cron.php?doing_wp_cron=1770273611.3330230712890625000000 HTTP/1.0" 200 - "-" "WordPress/6.9.1; https://www.zenoxpressjobs.com"
74.7.241.28 - - [05/Feb/2026:01:40:09 -0500] "GET /detail/485125520 HTTP/1.0" 404 157592 "https://zenoxpressjobs.com" "Mozilla/5.0 AppleWebKit/537.36 (KHTML, like Gecko; compatible; GPTBot/1.3; +https://openai.com/gptbot)"
173.231.242.79 - - [05/Feb/2026:01:40:52 -0500] "POST /wp-cron.php?doing_wp_cron=1770273652.6314001083374023437500 HTTP/1.0" 200 - "-" "WordPress/6.9.1; https://www.zenoxpressjobs.com"
66.249.73.160 - - [05/Feb/2026:01:40:51 -0500] "GET /detail/104740164 HTTP/1.0" 404 157603 "-" "Mozilla/5.0 (Linux; Android 6.0.1; Nexus 5X Build/MMB29P) AppleWebKit/537.36 (KHTML, like Gecko) Chrome/144.0.7559.109 Mobile Safari/537.36 (compatible; Googlebot/2.1; +http://www.google.com/bot.html)"
66.249.73.160 - - [05/Feb/2026:01:40:52 -0500] "GET /detail/104740164 HTTP/1.0" 404 157592 "-" "Mozilla/5.0 (compatible; Googlebot/2.1; +http://www.google.com/bot.html)"
74.7.241.28 - - [05/Feb/2026:01:40:52 -0500] "GET /detail/387943867 HTTP/1.0" 404 157592 "https://zenoxpressjobs.com" "Mozilla/5.0 AppleWebKit/537.36 (KHTML, like Gecko; compatible; GPTBot/1.3; +https://openai.com/gptbot)"
173.231.242.79 - - [05/Feb/2026:01:41:37 -0500] "POST /wp-cron.php?doing_wp_cron=1770273697.2578949928283691406250 HTTP/1.0" 200 - "-" "WordPress/6.9.1; https://www.zenoxpressjobs.com"
74.7.241.28 - - [05/Feb/2026:01:41:35 -0500] "GET /detail/366440504 HTTP/1.0" 404 157592 "https://zenoxpressjobs.com" "Mozilla/5.0 AppleWebKit/537.36 (KHTML, like Gecko; compatible; GPTBot/1.3; +https://openai.com/gptbot)"
74.7.241.28 - - [05/Feb/2026:01:42:15 -0500] "GET /detail/476649167 HTTP/1.0" 404 157592 "https://zenoxpressjobs.com" "Mozilla/5.0 AppleWebKit/537.36 (KHTML, like Gecko; compatible; GPTBot/1.3; +https://openai.com/gptbot)"
51.161.65.61 - - [05/Feb/2026:01:42:17 -0500] "GET /detail/593417653 HTTP/1.0" 301 - "-" "Mozilla/5.0 (compatible; AhrefsBot/7.0; +http://ahrefs.com/robot/)"
74.7.241.28 - - [05/Feb/2026:01:42:58 -0500] "GET /detail/449331464 HTTP/1.0" 404 157592 "https://zenoxpressjobs.com" "Mozilla/5.0 AppleWebKit/537.36 (KHTML, like Gecko; compatible; GPTBot/1.3; +https://openai.com/gptbot)"
173.231.242.79 - - [05/Feb/2026:01:42:59 -0500] "POST /wp-cron.php?doing_wp_cron=1770273779.9690508842468261718750 HTTP/1.0" 200 - "-" "WordPress/6.9.1; https://www.zenoxpressjobs.com"
173.231.242.79 - - [05/Feb/2026:01:43:41 -0500] "POST /wp-cron.php?doing_wp_cron=1770273821.2487840652465820312500 HTTP/1.0" 200 - "-" "WordPress/6.9.1; https://www.zenoxpressjobs.com"
74.7.241.28 - - [05/Feb/2026:01:43:39 -0500] "GET /detail/594271616 HTTP/1.0" 404 157592 "https://zenoxpressjobs.com" "Mozilla/5.0 AppleWebKit/537.36 (KHTML, like Gecko; compatible; GPTBot/1.3; +https://openai.com/gptbot)"
194.164.161.226 - - [05/Feb/2026:01:43:43 -0500] "GET / HTTP/1.0" 301 - "-" "multi-country-domains/1.0"
194.164.161.226 - - [05/Feb/2026:01:43:44 -0500] "GET / HTTP/1.0" 200 16384 "https://zenoxpressjobs.com" "multi-country-domains/1.0"
194.164.161.226 - - [05/Feb/2026:01:43:44 -0500] "GET / HTTP/1.0" 301 - "-" "multi-country-domains/1.0"
194.164.161.226 - - [05/Feb/2026:01:43:45 -0500] "GET / HTTP/1.0" 200 186877 "https://zenoxpressjobs.com" "multi-country-domains/1.0"
173.231.242.79 - - [05/Feb/2026:01:44:23 -0500] "POST /wp-cron.php?doing_wp_cron=1770273863.3318710327148437500000 HTTP/1.0" 200 - "-" "WordPress/6.9.1; https://www.zenoxpressjobs.com"
74.7.241.28 - - [05/Feb/2026:01:44:21 -0500] "GET /detail/465409376 HTTP/1.0" 404 157592 "https://zenoxpressjobs.com" "Mozilla/5.0 AppleWebKit/537.36 (KHTML, like Gecko; compatible; GPTBot/1.3; +https://openai.com/gptbot)"
173.231.242.79 - - [05/Feb/2026:01:45:05 -0500] "POST /wp-cron.php?doing_wp_cron=1770273905.6945989131927490234375 HTTP/1.0" 200 - "-" "WordPress/6.9.1; https://www.zenoxpressjobs.com"
74.7.241.28 - - [05/Feb/2026:01:45:04 -0500] "GET /detail/416747560 HTTP/1.0" 404 157592 "https://zenoxpressjobs.com" "Mozilla/5.0 AppleWebKit/537.36 (KHTML, like Gecko; compatible; GPTBot/1.3; +https://openai.com/gptbot)"
173.231.242.79 - - [05/Feb/2026:01:45:46 -0500] "POST /wp-cron.php?doing_wp_cron=1770273946.3582270145416259765625 HTTP/1.0" 200 - "-" "WordPress/6.9.1; https://www.zenoxpressjobs.com"
74.7.241.28 - - [05/Feb/2026:01:45:44 -0500] "GET /detail/559311084 HTTP/1.0" 404 157592 "https://zenoxpressjobs.com" "Mozilla/5.0 AppleWebKit/537.36 (KHTML, like Gecko; compatible; GPTBot/1.3; +https://openai.com/gptbot)"
74.7.241.28 - - [05/Feb/2026:01:46:24 -0500] "GET /detail/106935435 HTTP/1.0" 404 157592 "https://zenoxpressjobs.com" "Mozilla/5.0 AppleWebKit/537.36 (KHTML, like Gecko; compatible; GPTBot/1.3; +https://openai.com/gptbot)"
173.231.242.79 - - [05/Feb/2026:01:47:07 -0500] "POST /wp-cron.php?doing_wp_cron=1770274027.4562590122222900390625 HTTP/1.0" 200 - "-" "WordPress/6.9.1; https://www.zenoxpressjobs.com"
74.7.241.28 - - [05/Feb/2026:01:47:05 -0500] "GET /detail/452585591 HTTP/1.0" 404 157592 "https://zenoxpressjobs.com" "Mozilla/5.0 AppleWebKit/537.36 (KHTML, like Gecko; compatible; GPTBot/1.3; +https://openai.com/gptbot)"
15.235.27.251 - - [05/Feb/2026:01:47:09 -0500] "GET /detail/569373765 HTTP/1.0" 301 - "-" "Mozilla/5.0 (compatible; AhrefsBot/7.0; +http://ahrefs.com/robot/)"
66.249.73.172 - - [05/Feb/2026:01:47:30 -0500] "GET /detail/260651223 HTTP/1.0" 404 157603 "-" "Mozilla/5.0 (Linux; Android 6.0.1; Nexus 5X Build/MMB29P) AppleWebKit/537.36 (KHTML, like Gecko) Chrome/144.0.7559.109 Mobile Safari/537.36 (compatible; Googlebot/2.1; +http://www.google.com/bot.html)"
173.231.242.79 - - [05/Feb/2026:01:47:47 -0500] "POST /wp-cron.php?doing_wp_cron=1770274067.3186569213867187500000 HTTP/1.0" 200 - "-" "WordPress/6.9.1; https://www.zenoxpressjobs.com"
74.7.241.28 - - [05/Feb/2026:01:47:45 -0500] "GET /detail/596572409 HTTP/1.0" 404 157592 "https://zenoxpressjobs.com" "Mozilla/5.0 AppleWebKit/537.36 (KHTML, like Gecko; compatible; GPTBot/1.3; +https://openai.com/gptbot)"
74.7.241.28 - - [05/Feb/2026:01:48:27 -0500] "GET /detail/414807361 HTTP/1.0" 404 157592 "https://zenoxpressjobs.com" "Mozilla/5.0 AppleWebKit/537.36 (KHTML, like Gecko; compatible; GPTBot/1.3; +https://openai.com/gptbot)"
173.231.242.79 - - [05/Feb/2026:01:48:37 -0500] "POST /wp-cron.php?doing_wp_cron=1770274117.0688419342041015625000 HTTP/1.0" 200 - "-" "WordPress/6.9.1; https://www.zenoxpressjobs.com"
66.249.73.160 - - [05/Feb/2026:01:48:35 -0500] "GET /detail/521570332 HTTP/1.0" 404 157603 "-" "Mozilla/5.0 (Linux; Android 6.0.1; Nexus 5X Build/MMB29P) AppleWebKit/537.36 (KHTML, like Gecko) Chrome/144.0.7559.109 Mobile Safari/537.36 (compatible; Googlebot/2.1; +http://www.google.com/bot.html)"
74.7.230.62 - - [05/Feb/2026:01:48:42 -0500] "GET /robots.txt HTTP/1.0" 200 272 "-" "Mozilla/5.0 (Macintosh; Intel Mac OS X 10_15_7) AppleWebKit/537.36 (KHTML, like Gecko) Chrome/131.0.0.0 Safari/537.36; compatible; OAI-SearchBot/1.3; robots.txt; +https://openai.com/searchbot"
74.7.241.36 - - [05/Feb/2026:01:48:42 -0500] "GET / HTTP/1.0" 301 - "-" "Mozilla/5.0 AppleWebKit/537.36 (KHTML, like Gecko; compatible; GPTBot/1.3; +https://openai.com/gptbot)"
173.231.242.79 - - [05/Feb/2026:01:49:08 -0500] "POST /wp-cron.php?doing_wp_cron=1770274148.3572819232940673828125 HTTP/1.0" 200 - "-" "WordPress/6.9.1; https://www.zenoxpressjobs.com"
74.7.241.28 - - [05/Feb/2026:01:49:06 -0500] "GET /detail/585317968 HTTP/1.0" 404 157592 "https://zenoxpressjobs.com" "Mozilla/5.0 AppleWebKit/537.36 (KHTML, like Gecko; compatible; GPTBot/1.3; +https://openai.com/gptbot)"
173.231.242.79 - - [05/Feb/2026:01:49:49 -0500] "POST /wp-cron.php?doing_wp_cron=1770274189.4690780639648437500000 HTTP/1.0" 200 - "-" "WordPress/6.9.1; https://www.zenoxpressjobs.com"
74.7.241.28 - - [05/Feb/2026:01:49:47 -0500] "GET /detail/582485285 HTTP/1.0" 404 157592 "https://zenoxpressjobs.com" "Mozilla/5.0 AppleWebKit/537.36 (KHTML, like Gecko; compatible; GPTBot/1.3; +https://openai.com/gptbot)"
74.7.241.28 - - [05/Feb/2026:01:50:29 -0500] "GET /detail/126894993 HTTP/1.0" 404 157592 "https://zenoxpressjobs.com" "Mozilla/5.0 AppleWebKit/537.36 (KHTML, like Gecko; compatible; GPTBot/1.3; +https://openai.com/gptbot)"
173.231.242.79 - - [05/Feb/2026:01:51:11 -0500] "POST /wp-cron.php?doing_wp_cron=1770274271.4124579429626464843750 HTTP/1.0" 200 - "-" "WordPress/6.9.1; https://www.zenoxpressjobs.com"
74.7.241.28 - - [05/Feb/2026:01:51:09 -0500] "GET /detail/530551088 HTTP/1.0" 404 157592 "https://zenoxpressjobs.com" "Mozilla/5.0 AppleWebKit/537.36 (KHTML, like Gecko; compatible; GPTBot/1.3; +https://openai.com/gptbot)"
173.231.242.79 - - [05/Feb/2026:01:51:37 -0500] "POST /wp-cron.php?doing_wp_cron=1770274297.5393071174621582031250 HTTP/1.0" 200 - "-" "WordPress/6.9.1; https://www.zenoxpressjobs.com"
54.39.89.100 - - [05/Feb/2026:01:51:36 -0500] "GET /detail/568637474 HTTP/1.0" 301 - "-" "Mozilla/5.0 (compatible; AhrefsBot/7.0; +http://ahrefs.com/robot/)"
74.7.241.28 - - [05/Feb/2026:01:51:51 -0500] "GET /detail/355372347 HTTP/1.0" 404 157592 "https://zenoxpressjobs.com" "Mozilla/5.0 AppleWebKit/537.36 (KHTML, like Gecko; compatible; GPTBot/1.3; +https://openai.com/gptbot)"
173.231.242.79 - - [05/Feb/2026:01:52:33 -0500] "POST /wp-cron.php?doing_wp_cron=1770274353.9321589469909667968750 HTTP/1.0" 200 - "-" "WordPress/6.9.1; https://www.zenoxpressjobs.com"
74.7.241.28 - - [05/Feb/2026:01:52:32 -0500] "GET /detail/433279913 HTTP/1.0" 404 157592 "https://zenoxpressjobs.com" "Mozilla/5.0 AppleWebKit/537.36 (KHTML, like Gecko; compatible; GPTBot/1.3; +https://openai.com/gptbot)"
74.7.241.28 - - [05/Feb/2026:01:53:14 -0500] "GET /detail/186851738 HTTP/1.0" 404 157592 "https://zenoxpressjobs.com" "Mozilla/5.0 AppleWebKit/537.36 (KHTML, like Gecko; compatible; GPTBot/1.3; +https://openai.com/gptbot)"
173.231.242.79 - - [05/Feb/2026:01:53:57 -0500] "POST /wp-cron.php?doing_wp_cron=1770274436.9834320545196533203125 HTTP/1.0" 200 - "-" "WordPress/6.9.1; https://www.zenoxpressjobs.com"
74.7.241.28 - - [05/Feb/2026:01:53:55 -0500] "GET /detail/528351135 HTTP/1.0" 404 157592 "https://zenoxpressjobs.com" "Mozilla/5.0 AppleWebKit/537.36 (KHTML, like Gecko; compatible; GPTBot/1.3; +https://openai.com/gptbot)"
173.231.242.79 - - [05/Feb/2026:01:54:38 -0500] "POST /wp-cron.php?doing_wp_cron=1770274477.9660589694976806640625 HTTP/1.0" 200 - "-" "WordPress/6.9.1; https://www.zenoxpressjobs.com"
74.7.241.28 - - [05/Feb/2026:01:54:36 -0500] "GET /detail/273724350 HTTP/1.0" 404 157592 "https://zenoxpressjobs.com" "Mozilla/5.0 AppleWebKit/537.36 (KHTML, like Gecko; compatible; GPTBot/1.3; +https://openai.com/gptbot)"
173.231.242.79 - - [05/Feb/2026:01:55:20 -0500] "POST /wp-cron.php?doing_wp_cron=1770274520.8810830116271972656250 HTTP/1.0" 200 - "-" "WordPress/6.9.1; https://www.zenoxpressjobs.com"
74.7.241.28 - - [05/Feb/2026:01:55:18 -0500] "GET /detail/463140607 HTTP/1.0" 404 157592 "https://zenoxpressjobs.com" "Mozilla/5.0 AppleWebKit/537.36 (KHTML, like Gecko; compatible; GPTBot/1.3; +https://openai.com/gptbot)"
173.231.242.79 - - [05/Feb/2026:01:56:04 -0500] "POST /wp-cron.php?doing_wp_cron=1770274564.0651528835296630859375 HTTP/1.0" 200 - "-" "WordPress/6.9.1; https://www.zenoxpressjobs.com"
74.7.241.28 - - [05/Feb/2026:01:56:02 -0500] "GET /detail/336420772 HTTP/1.0" 404 157592 "https://zenoxpressjobs.com" "Mozilla/5.0 AppleWebKit/537.36 (KHTML, like Gecko; compatible; GPTBot/1.3; +https://openai.com/gptbot)"
142.44.233.0 - - [05/Feb/2026:01:56:10 -0500] "GET /detail/567122739 HTTP/1.0" 301 - "-" "Mozilla/5.0 (compatible; AhrefsBot/7.0; +http://ahrefs.com/robot/)"
66.249.73.160 - - [05/Feb/2026:01:56:20 -0500] "GET /detail/355685958 HTTP/1.0" 404 157603 "-" "Mozilla/5.0 (Linux; Android 6.0.1; Nexus 5X Build/MMB29P) AppleWebKit/537.36 (KHTML, like Gecko) Chrome/144.0.7559.109 Mobile Safari/537.36 (compatible; Googlebot/2.1; +http://www.google.com/bot.html)"
66.249.73.171 - - [05/Feb/2026:01:56:21 -0500] "GET /detail/355685958 HTTP/1.0" 404 157592 "-" "Mozilla/5.0 (compatible; Googlebot/2.1; +http://www.google.com/bot.html)"
173.231.242.79 - - [05/Feb/2026:01:56:44 -0500] "POST /wp-cron.php?doing_wp_cron=1770274604.0270640850067138671875 HTTP/1.0" 200 - "-" "WordPress/6.9.1; https://www.zenoxpressjobs.com"
74.7.241.28 - - [05/Feb/2026:01:56:42 -0500] "GET /detail/310931326 HTTP/1.0" 404 157592 "https://zenoxpressjobs.com" "Mozilla/5.0 AppleWebKit/537.36 (KHTML, like Gecko; compatible; GPTBot/1.3; +https://openai.com/gptbot)"
74.7.241.28 - - [05/Feb/2026:01:57:24 -0500] "GET /detail/115744569 HTTP/1.0" 404 157592 "https://zenoxpressjobs.com" "Mozilla/5.0 AppleWebKit/537.36 (KHTML, like Gecko; compatible; GPTBot/1.3; +https://openai.com/gptbot)"
173.231.242.79 - - [05/Feb/2026:01:58:06 -0500] "POST /wp-cron.php?doing_wp_cron=1770274686.2064449787139892578125 HTTP/1.0" 200 - "-" "WordPress/6.9.1; https://www.zenoxpressjobs.com"
74.7.241.28 - - [05/Feb/2026:01:58:04 -0500] "GET /detail/482847083 HTTP/1.0" 404 157592 "https://zenoxpressjobs.com" "Mozilla/5.0 AppleWebKit/537.36 (KHTML, like Gecko; compatible; GPTBot/1.3; +https://openai.com/gptbot)"
173.231.242.79 - - [05/Feb/2026:01:58:48 -0500] "POST /wp-cron.php?doing_wp_cron=1770274728.1371610164642333984375 HTTP/1.0" 200 - "-" "WordPress/6.9.1; https://www.zenoxpressjobs.com"
74.7.241.28 - - [05/Feb/2026:01:58:46 -0500] "GET /detail/306056025 HTTP/1.0" 404 157592 "https://zenoxpressjobs.com" "Mozilla/5.0 AppleWebKit/537.36 (KHTML, like Gecko; compatible; GPTBot/1.3; +https://openai.com/gptbot)"
74.7.241.28 - - [05/Feb/2026:01:59:28 -0500] "GET /detail/209325910 HTTP/1.0" 404 157592 "https://zenoxpressjobs.com" "Mozilla/5.0 AppleWebKit/537.36 (KHTML, like Gecko; compatible; GPTBot/1.3; +https://openai.com/gptbot)"
173.231.242.79 - - [05/Feb/2026:02:00:11 -0500] "POST /wp-cron.php?doing_wp_cron=1770274811.3455009460449218750000 HTTP/1.0" 200 - "-" "WordPress/6.9.1; https://www.zenoxpressjobs.com"
74.7.241.28 - - [05/Feb/2026:02:00:09 -0500] "GET /detail/268559070 HTTP/1.0" 404 157592 "https://zenoxpressjobs.com" "Mozilla/5.0 AppleWebKit/537.36 (KHTML, like Gecko; compatible; GPTBot/1.3; +https://openai.com/gptbot)"
173.231.242.79 - - [05/Feb/2026:02:00:32 -0500] "POST /wp-cron.php?doing_wp_cron=1770274832.1870388984680175781250 HTTP/1.0" 200 - "-" "WordPress/6.9.1; https://www.zenoxpressjobs.com"
173.231.242.79 - - [05/Feb/2026:02:00:32 -0500] "POST /wp-cron.php?doing_wp_cron=1770274832.1868429183959960937500 HTTP/1.0" 200 - "-" "WordPress/6.9.1; https://www.zenoxpressjobs.com"
66.249.73.160 - - [05/Feb/2026:02:00:30 -0500] "GET /detail/387492116 HTTP/1.0" 404 157603 "-" "Mozilla/5.0 (Linux; Android 6.0.1; Nexus 5X Build/MMB29P) AppleWebKit/537.36 (KHTML, like Gecko) Chrome/144.0.7559.109 Mobile Safari/537.36 (compatible; Googlebot/2.1; +http://www.google.com/bot.html)"
66.249.73.160 - - [05/Feb/2026:02:00:30 -0500] "GET /detail/387492116 HTTP/1.0" 404 157592 "-" "Mozilla/5.0 (compatible; Googlebot/2.1; +http://www.google.com/bot.html)"
74.7.241.28 - - [05/Feb/2026:02:00:50 -0500] "GET /detail/422567335 HTTP/1.0" 404 157484 "http://zenoxpressjobs.com" "Mozilla/5.0 AppleWebKit/537.36 (KHTML, like Gecko; compatible; GPTBot/1.3; +https://openai.com/gptbot)"
142.44.220.7 - - [05/Feb/2026:02:01:16 -0500] "GET /detail/501861022 HTTP/1.0" 301 - "-" "Mozilla/5.0 (compatible; AhrefsBot/7.0; +http://ahrefs.com/robot/)"
173.231.242.79 - - [05/Feb/2026:02:01:36 -0500] "POST /wp-cron.php?doing_wp_cron=1770274896.6617980003356933593750 HTTP/1.0" 200 - "-" "WordPress/6.9.1; https://www.zenoxpressjobs.com"
74.7.241.28 - - [05/Feb/2026:02:01:33 -0500] "GET /detail/536411293 HTTP/1.0" 404 157592 "https://zenoxpressjobs.com" "Mozilla/5.0 AppleWebKit/537.36 (KHTML, like Gecko; compatible; GPTBot/1.3; +https://openai.com/gptbot)"
74.7.241.28 - - [05/Feb/2026:02:02:16 -0500] "GET /detail/145094182 HTTP/1.0" 404 157592 "https://zenoxpressjobs.com" "Mozilla/5.0 AppleWebKit/537.36 (KHTML, like Gecko; compatible; GPTBot/1.3; +https://openai.com/gptbot)"
173.231.242.79 - - [05/Feb/2026:02:02:55 -0500] "POST /wp-cron.php?doing_wp_cron=1770274975.6964809894561767578125 HTTP/1.0" 200 - "-" "WordPress/6.9.1; https://www.zenoxpressjobs.com"
47.128.30.205 - - [05/Feb/2026:02:02:54 -0500] "GET /product-category/women/page/1/ HTTP/1.0" 301 - "-" "Mozilla/5.0 (Linux; Android 5.0) AppleWebKit/537.36 (KHTML, like Gecko) Mobile Safari/537.36 (compatible; Bytespider; spider-feedback@bytedance.com)"
74.7.241.28 - - [05/Feb/2026:02:02:55 -0500] "GET /detail/379398457 HTTP/1.0" 404 157592 "https://zenoxpressjobs.com" "Mozilla/5.0 AppleWebKit/537.36 (KHTML, like Gecko; compatible; GPTBot/1.3; +https://openai.com/gptbot)"
47.128.30.205 - - [05/Feb/2026:02:02:56 -0500] "GET /product-category/women/ HTTP/1.0" 200 210636 "-" "Mozilla/5.0 (Linux; Android 5.0) AppleWebKit/537.36 (KHTML, like Gecko) Mobile Safari/537.36 (compatible; Bytespider; spider-feedback@bytedance.com)"
47.128.30.205 - - [05/Feb/2026:02:02:58 -0500] "GET /wp-content/plugins/shopengine/modules/swatches/loop-product-support/assets/swatches.css?ver=1770274976 HTTP/1.0" 200 - "https://www.zenoxpressjobs.com/product-category/women/" "Mozilla/5.0 (Linux; Android 5.0) AppleWebKit/537.36 (KHTML, like Gecko) Mobile Safari/537.36 (compatible; Bytespider; spider-feedback@bytedance.com)"
47.128.30.205 - - [05/Feb/2026:02:02:58 -0500] "GET /wp-content/uploads/2017/12/product-m-jeans2-300x300.jpg HTTP/1.0" 206 500 "https://www.zenoxpressjobs.com/product-category/women/" "Mozilla/5.0 (Linux; Android 5.0) AppleWebKit/537.36 (KHTML, like Gecko) Mobile Safari/537.36 (compatible; Bytespider; spider-feedback@bytedance.com)"
47.128.30.205 - - [05/Feb/2026:02:02:58 -0500] "GET /wp-content/uploads/2017/12/product-accessory2-300x300.jpg HTTP/1.0" 206 500 "https://www.zenoxpressjobs.com/product-category/women/" "Mozilla/5.0 (Linux; Android 5.0) AppleWebKit/537.36 (KHTML, like Gecko) Mobile Safari/537.36 (compatible; Bytespider; spider-feedback@bytedance.com)"
47.128.30.205 - - [05/Feb/2026:02:02:59 -0500] "GET /wp-content/uploads/2017/12/product-hoodie4.jpg-300x300.jpg HTTP/1.0" 206 500 "https://www.zenoxpressjobs.com/product-category/women/" "Mozilla/5.0 (Linux; Android 5.0) AppleWebKit/537.36 (KHTML, like Gecko) Mobile Safari/537.36 (compatible; Bytespider; spider-feedback@bytedance.com)"
47.128.30.205 - - [05/Feb/2026:02:02:59 -0500] "GET /wp-content/uploads/2017/12/shoe7-300x300.jpg HTTP/1.0" 206 500 "https://www.zenoxpressjobs.com/product-category/women/" "Mozilla/5.0 (Linux; Android 5.0) AppleWebKit/537.36 (KHTML, like Gecko) Mobile Safari/537.36 (compatible; Bytespider; spider-feedback@bytedance.com)"
47.128.30.205 - - [05/Feb/2026:02:02:59 -0500] "GET /wp-content/uploads/2017/12/shoe4-300x300.jpg HTTP/1.0" 206 500 "https://www.zenoxpressjobs.com/product-category/women/" "Mozilla/5.0 (Linux; Android 5.0) AppleWebKit/537.36 (KHTML, like Gecko) Mobile Safari/537.36 (compatible; Bytespider; spider-feedback@bytedance.com)"
47.128.30.205 - - [05/Feb/2026:02:02:59 -0500] "GET /wp-content/uploads/2017/12/product-w-jeans2-300x300.jpg HTTP/1.0" 206 500 "https://www.zenoxpressjobs.com/product-category/women/" "Mozilla/5.0 (Linux; Android 5.0) AppleWebKit/537.36 (KHTML, like Gecko) Mobile Safari/537.36 (compatible; Bytespider; spider-feedback@bytedance.com)"
47.128.30.205 - - [05/Feb/2026:02:02:59 -0500] "GET /wp-content/uploads/2017/12/product-bag2-300x300.jpg HTTP/1.0" 206 500 "https://www.zenoxpressjobs.com/product-category/women/" "Mozilla/5.0 (Linux; Android 5.0) AppleWebKit/537.36 (KHTML, like Gecko) Mobile Safari/537.36 (compatible; Bytespider; spider-feedback@bytedance.com)"
47.128.30.205 - - [05/Feb/2026:02:02:59 -0500] "GET /wp-content/uploads/2017/12/product-accessory1-300x300.jpg HTTP/1.0" 206 500 "https://www.zenoxpressjobs.com/product-category/women/" "Mozilla/5.0 (Linux; Android 5.0) AppleWebKit/537.36 (KHTML, like Gecko) Mobile Safari/537.36 (compatible; Bytespider; spider-feedback@bytedance.com)"
47.128.30.205 - - [05/Feb/2026:02:02:59 -0500] "GET /wp-content/uploads/2017/12/product-bag3-300x300.jpg HTTP/1.0" 206 500 "https://www.zenoxpressjobs.com/product-category/women/" "Mozilla/5.0 (Linux; Android 5.0) AppleWebKit/537.36 (KHTML, like Gecko) Mobile Safari/537.36 (compatible; Bytespider; spider-feedback@bytedance.com)"
47.128.30.205 - - [05/Feb/2026:02:02:59 -0500] "GET /wp-content/uploads/2017/12/product-tshirt3-300x300.jpg HTTP/1.0" 206 500 "https://www.zenoxpressjobs.com/product-category/women/" "Mozilla/5.0 (Linux; Android 5.0) AppleWebKit/537.36 (KHTML, like Gecko) Mobile Safari/537.36 (compatible; Bytespider; spider-feedback@bytedance.com)"
47.128.30.205 - - [05/Feb/2026:02:02:59 -0500] "GET /wp-content/uploads/2017/12/product-bag4-300x300.jpg HTTP/1.0" 206 500 "https://www.zenoxpressjobs.com/product-category/women/" "Mozilla/5.0 (Linux; Android 5.0) AppleWebKit/537.36 (KHTML, like Gecko) Mobile Safari/537.36 (compatible; Bytespider; spider-feedback@bytedance.com)"
47.128.30.205 - - [05/Feb/2026:02:02:59 -0500] "GET /wp-content/uploads/2017/12/product-accessory3-300x300.jpg HTTP/1.0" 206 500 "https://www.zenoxpressjobs.com/product-category/women/" "Mozilla/5.0 (Linux; Android 5.0) AppleWebKit/537.36 (KHTML, like Gecko) Mobile Safari/537.36 (compatible; Bytespider; spider-feedback@bytedance.com)"
47.128.30.205 - - [05/Feb/2026:02:02:59 -0500] "GET /wp-content/uploads/2017/12/product-tshirt2-300x300.jpg HTTP/1.0" 206 500 "https://www.zenoxpressjobs.com/product-category/women/" "Mozilla/5.0 (Linux; Android 5.0) AppleWebKit/537.36 (KHTML, like Gecko) Mobile Safari/537.36 (compatible; Bytespider; spider-feedback@bytedance.com)"
173.231.242.79 - - [05/Feb/2026:02:03:37 -0500] "POST /wp-cron.php?doing_wp_cron=1770275017.7226500511169433593750 HTTP/1.0" 200 - "-" "WordPress/6.9.1; https://www.zenoxpressjobs.com"
74.7.241.28 - - [05/Feb/2026:02:03:36 -0500] "GET /detail/279807889 HTTP/1.0" 404 157592 "https://zenoxpressjobs.com" "Mozilla/5.0 AppleWebKit/537.36 (KHTML, like Gecko; compatible; GPTBot/1.3; +https://openai.com/gptbot)"
173.231.242.79 - - [05/Feb/2026:02:04:19 -0500] "POST /wp-cron.php?doing_wp_cron=1770275059.3395268917083740234375 HTTP/1.0" 200 - "-" "WordPress/6.9.1; https://www.zenoxpressjobs.com"
74.7.241.28 - - [05/Feb/2026:02:04:17 -0500] "GET /detail/325458447 HTTP/1.0" 404 157592 "https://zenoxpressjobs.com" "Mozilla/5.0 AppleWebKit/537.36 (KHTML, like Gecko; compatible; GPTBot/1.3; +https://openai.com/gptbot)"
173.231.242.79 - - [05/Feb/2026:02:05:01 -0500] "POST /wp-cron.php?doing_wp_cron=1770275101.3222088813781738281250 HTTP/1.0" 200 - "-" "WordPress/6.9.1; https://www.zenoxpressjobs.com"
74.7.241.28 - - [05/Feb/2026:02:04:59 -0500] "GET /detail/273784387 HTTP/1.0" 404 157592 "https://zenoxpressjobs.com" "Mozilla/5.0 AppleWebKit/537.36 (KHTML, like Gecko; compatible; GPTBot/1.3; +https://openai.com/gptbot)"
54.39.0.150 - - [05/Feb/2026:02:05:29 -0500] "GET /detail/495844843 HTTP/1.0" 301 - "-" "Mozilla/5.0 (compatible; AhrefsBot/7.0; +http://ahrefs.com/robot/)"
173.231.242.79 - - [05/Feb/2026:02:05:44 -0500] "POST /wp-cron.php?doing_wp_cron=1770275144.4485039710998535156250 HTTP/1.0" 200 - "-" "WordPress/6.9.1; https://www.zenoxpressjobs.com"
74.7.241.28 - - [05/Feb/2026:02:05:42 -0500] "GET /detail/204297966 HTTP/1.0" 404 157592 "https://zenoxpressjobs.com" "Mozilla/5.0 AppleWebKit/537.36 (KHTML, like Gecko; compatible; GPTBot/1.3; +https://openai.com/gptbot)"
66.249.73.160 - - [05/Feb/2026:02:06:11 -0500] "GET /detail/546710126 HTTP/1.0" 404 157592 "-" "Mozilla/5.0 (compatible; Googlebot/2.1; +http://www.google.com/bot.html)"
74.7.241.28 - - [05/Feb/2026:02:06:23 -0500] "GET /detail/130235723 HTTP/1.0" 404 157592 "https://zenoxpressjobs.com" "Mozilla/5.0 AppleWebKit/537.36 (KHTML, like Gecko; compatible; GPTBot/1.3; +https://openai.com/gptbot)"
173.231.242.79 - - [05/Feb/2026:02:07:05 -0500] "POST /wp-cron.php?doing_wp_cron=1770275225.5594029426574707031250 HTTP/1.0" 200 - "-" "WordPress/6.9.1; https://www.zenoxpressjobs.com"
74.7.241.28 - - [05/Feb/2026:02:07:03 -0500] "GET /detail/355415029 HTTP/1.0" 404 157592 "https://zenoxpressjobs.com" "Mozilla/5.0 AppleWebKit/537.36 (KHTML, like Gecko; compatible; GPTBot/1.3; +https://openai.com/gptbot)"
173.231.242.79 - - [05/Feb/2026:02:07:45 -0500] "POST /wp-cron.php?doing_wp_cron=1770275265.6983289718627929687500 HTTP/1.0" 200 - "-" "WordPress/6.9.1; https://www.zenoxpressjobs.com"
74.7.241.28 - - [05/Feb/2026:02:07:43 -0500] "GET /detail/147917930 HTTP/1.0" 404 157484 "http://zenoxpressjobs.com" "Mozilla/5.0 AppleWebKit/537.36 (KHTML, like Gecko; compatible; GPTBot/1.3; +https://openai.com/gptbot)"
66.249.73.160 - - [05/Feb/2026:02:08:17 -0500] "GET /?products/8090634/ HTTP/1.0" 301 - "-" "Mozilla/5.0 (Linux; Android 6.0.1; Nexus 5X Build/MMB29P) AppleWebKit/537.36 (KHTML, like Gecko) Chrome/144.0.7559.109 Mobile Safari/537.36 (compatible; Googlebot/2.1; +http://www.google.com/bot.html)"
66.249.73.160 - - [05/Feb/2026:02:08:18 -0500] "GET /?products%2F8090634%2F HTTP/1.0" 200 186888 "-" "Mozilla/5.0 (Linux; Android 6.0.1; Nexus 5X Build/MMB29P) AppleWebKit/537.36 (KHTML, like Gecko) Chrome/144.0.7559.109 Mobile Safari/537.36 (compatible; Googlebot/2.1; +http://www.google.com/bot.html)"
74.7.241.28 - - [05/Feb/2026:02:08:24 -0500] "GET /detail/489606708 HTTP/1.0" 404 157592 "https://zenoxpressjobs.com" "Mozilla/5.0 AppleWebKit/537.36 (KHTML, like Gecko; compatible; GPTBot/1.3; +https://openai.com/gptbot)"
66.249.73.171 - - [05/Feb/2026:02:08:30 -0500] "POST /?wc-ajax=get_refreshed_fragments HTTP/1.0" 200 1674 "https://www.zenoxpressjobs.com/?products%2F8090634%2F" "Mozilla/5.0 (Linux; Android 6.0.1; Nexus 5X Build/MMB29P) AppleWebKit/537.36 (KHTML, like Gecko) Chrome/144.0.7559.109 Mobile Safari/537.36 (compatible; Googlebot/2.1; +http://www.google.com/bot.html)"
173.231.242.79 - - [05/Feb/2026:02:08:32 -0500] "POST /wp-cron.php?doing_wp_cron=1770275312.7560880184173583984375 HTTP/1.0" 200 - "-" "WordPress/6.9.1; https://www.zenoxpressjobs.com"
66.249.73.171 - - [05/Feb/2026:02:08:32 -0500] "GET /?products/22216734/ HTTP/1.0" 301 - "-" "Mozilla/5.0 (Linux; Android 6.0.1; Nexus 5X Build/MMB29P) AppleWebKit/537.36 (KHTML, like Gecko) Chrome/144.0.7559.109 Mobile Safari/537.36 (compatible; Googlebot/2.1; +http://www.google.com/bot.html)"
66.249.73.171 - - [05/Feb/2026:02:08:34 -0500] "GET /?products%2F22216734%2F HTTP/1.0" 200 186888 "-" "Mozilla/5.0 (Linux; Android 6.0.1; Nexus 5X Build/MMB29P) AppleWebKit/537.36 (KHTML, like Gecko) Chrome/144.0.7559.109 Mobile Safari/537.36 (compatible; Googlebot/2.1; +http://www.google.com/bot.html)"
66.249.73.171 - - [05/Feb/2026:02:08:50 -0500] "GET /detail/488870988 HTTP/1.0" 404 157603 "-" "Mozilla/5.0 (Linux; Android 6.0.1; Nexus 5X Build/MMB29P) AppleWebKit/537.36 (KHTML, like Gecko) Chrome/144.0.7559.109 Mobile Safari/537.36 (compatible; Googlebot/2.1; +http://www.google.com/bot.html)"
66.249.73.171 - - [05/Feb/2026:02:08:48 -0500] "GET /detail/327942956 HTTP/1.0" 404 157603 "-" "Mozilla/5.0 (Linux; Android 6.0.1; Nexus 5X Build/MMB29P) AppleWebKit/537.36 (KHTML, like Gecko) Chrome/144.0.7559.109 Mobile Safari/537.36 (compatible; Googlebot/2.1; +http://www.google.com/bot.html)"
74.7.241.28 - - [05/Feb/2026:02:09:04 -0500] "GET /detail/563225770 HTTP/1.0" 404 157592 "https://zenoxpressjobs.com" "Mozilla/5.0 AppleWebKit/537.36 (KHTML, like Gecko; compatible; GPTBot/1.3; +https://openai.com/gptbot)"
173.231.242.79 - - [05/Feb/2026:02:09:41 -0500] "POST /wp-cron.php?doing_wp_cron=1770275381.9416399002075195312500 HTTP/1.0" 200 - "-" "WordPress/6.9.1; https://www.zenoxpressjobs.com"
66.249.73.160 - - [05/Feb/2026:02:09:40 -0500] "GET /?products/5802167/ HTTP/1.0" 301 - "-" "Mozilla/5.0 (Linux; Android 6.0.1; Nexus 5X Build/MMB29P) AppleWebKit/537.36 (KHTML, like Gecko) Chrome/144.0.7559.109 Mobile Safari/537.36 (compatible; Googlebot/2.1; +http://www.google.com/bot.html)"
66.249.73.172 - - [05/Feb/2026:02:09:42 -0500] "GET /?products%2F5802167%2F HTTP/1.0" 200 186888 "-" "Mozilla/5.0 (Linux; Android 6.0.1; Nexus 5X Build/MMB29P) AppleWebKit/537.36 (KHTML, like Gecko) Chrome/144.0.7559.109 Mobile Safari/537.36 (compatible; Googlebot/2.1; +http://www.google.com/bot.html)"
74.7.241.28 - - [05/Feb/2026:02:09:44 -0500] "GET /detail/199757986 HTTP/1.0" 404 157592 "https://zenoxpressjobs.com" "Mozilla/5.0 AppleWebKit/537.36 (KHTML, like Gecko; compatible; GPTBot/1.3; +https://openai.com/gptbot)"
51.161.65.127 - - [05/Feb/2026:02:09:45 -0500] "GET /detail/4917410 HTTP/1.0" 301 - "-" "Mozilla/5.0 (compatible; AhrefsBot/7.0; +http://ahrefs.com/robot/)"
66.249.73.171 - - [05/Feb/2026:02:09:54 -0500] "GET /?products/18720112/ HTTP/1.0" 301 - "-" "Mozilla/5.0 (Linux; Android 6.0.1; Nexus 5X Build/MMB29P) AppleWebKit/537.36 (KHTML, like Gecko) Chrome/144.0.7559.109 Mobile Safari/537.36 (compatible; Googlebot/2.1; +http://www.google.com/bot.html)"
66.249.73.171 - - [05/Feb/2026:02:09:55 -0500] "GET /?products%2F18720112%2F HTTP/1.0" 200 186888 "-" "Mozilla/5.0 (Linux; Android 6.0.1; Nexus 5X Build/MMB29P) AppleWebKit/537.36 (KHTML, like Gecko) Chrome/144.0.7559.109 Mobile Safari/537.36 (compatible; Googlebot/2.1; +http://www.google.com/bot.html)"
66.249.73.160 - - [05/Feb/2026:02:10:01 -0500] "GET /?products/2940256/ HTTP/1.0" 301 - "-" "Mozilla/5.0 (Linux; Android 6.0.1; Nexus 5X Build/MMB29P) AppleWebKit/537.36 (KHTML, like Gecko) Chrome/144.0.7559.109 Mobile Safari/537.36 (compatible; Googlebot/2.1; +http://www.google.com/bot.html)"
66.249.73.160 - - [05/Feb/2026:02:10:02 -0500] "GET /?products%2F2940256%2F HTTP/1.0" 200 186888 "-" "Mozilla/5.0 (Linux; Android 6.0.1; Nexus 5X Build/MMB29P) AppleWebKit/537.36 (KHTML, like Gecko) Chrome/144.0.7559.109 Mobile Safari/537.36 (compatible; Googlebot/2.1; +http://www.google.com/bot.html)"
74.7.241.28 - - [05/Feb/2026:02:10:25 -0500] "GET /detail/332430265 HTTP/1.0" 404 157592 "https://zenoxpressjobs.com" "Mozilla/5.0 AppleWebKit/537.36 (KHTML, like Gecko; compatible; GPTBot/1.3; +https://openai.com/gptbot)"
66.249.73.171 - - [05/Feb/2026:02:10:27 -0500] "GET /?products/5360990 HTTP/1.0" 301 - "-" "Mozilla/5.0 (Linux; Android 6.0.1; Nexus 5X Build/MMB29P) AppleWebKit/537.36 (KHTML, like Gecko) Chrome/144.0.7559.109 Mobile Safari/537.36 (compatible; Googlebot/2.1; +http://www.google.com/bot.html)"
66.249.73.171 - - [05/Feb/2026:02:10:28 -0500] "GET /?products%2F5360990 HTTP/1.0" 200 186888 "-" "Mozilla/5.0 (Linux; Android 6.0.1; Nexus 5X Build/MMB29P) AppleWebKit/537.36 (KHTML, like Gecko) Chrome/144.0.7559.109 Mobile Safari/537.36 (compatible; Googlebot/2.1; +http://www.google.com/bot.html)"
66.249.73.171 - - [05/Feb/2026:02:10:30 -0500] "GET /ctg/search/similarImageSearchResultView/?ctgItemCd=28043569 HTTP/1.0" 404 157603 "-" "Mozilla/5.0 (Linux; Android 6.0.1; Nexus 5X Build/MMB29P) AppleWebKit/537.36 (KHTML, like Gecko) Chrome/144.0.7559.109 Mobile Safari/537.36 (compatible; Googlebot/2.1; +http://www.google.com/bot.html)"
66.249.73.171 - - [05/Feb/2026:02:10:35 -0500] "GET /wp-content/plugins/addons-for-elementor/assets/css/icomoon.css?ver=8.8 HTTP/1.0" 200 17453 "https://www.zenoxpressjobs.com/?products%2F5360990" "Mozilla/5.0 (Linux; Android 6.0.1; Nexus 5X Build/MMB29P) AppleWebKit/537.36 (KHTML, like Gecko) Chrome/143.0.7499.192 Mobile Safari/537.36 (compatible; Googlebot/2.1; +http://www.google.com/bot.html)"
173.231.242.79 - - [05/Feb/2026:02:11:09 -0500] "POST /wp-cron.php?doing_wp_cron=1770275469.3011529445648193359375 HTTP/1.0" 200 - "-" "WordPress/6.9.1; https://www.zenoxpressjobs.com"
74.7.241.28 - - [05/Feb/2026:02:11:07 -0500] "GET /detail/115345320 HTTP/1.0" 404 157592 "https://zenoxpressjobs.com" "Mozilla/5.0 AppleWebKit/537.36 (KHTML, like Gecko; compatible; GPTBot/1.3; +https://openai.com/gptbot)"
173.231.242.79 - - [05/Feb/2026:02:11:50 -0500] "POST /wp-cron.php?doing_wp_cron=1770275510.6170558929443359375000 HTTP/1.0" 200 - "-" "WordPress/6.9.1; https://www.zenoxpressjobs.com"
74.7.241.28 - - [05/Feb/2026:02:11:48 -0500] "GET /detail/257898507 HTTP/1.0" 404 157592 "https://zenoxpressjobs.com" "Mozilla/5.0 AppleWebKit/537.36 (KHTML, like Gecko; compatible; GPTBot/1.3; +https://openai.com/gptbot)"
74.7.241.28 - - [05/Feb/2026:02:12:29 -0500] "GET /detail/121191788 HTTP/1.0" 404 157592 "https://zenoxpressjobs.com" "Mozilla/5.0 AppleWebKit/537.36 (KHTML, like Gecko; compatible; GPTBot/1.3; +https://openai.com/gptbot)"
173.231.242.79 - - [05/Feb/2026:02:13:13 -0500] "POST /wp-cron.php?doing_wp_cron=1770275593.6834979057312011718750 HTTP/1.0" 200 - "-" "WordPress/6.9.1; https://www.zenoxpressjobs.com"
74.7.241.28 - - [05/Feb/2026:02:13:11 -0500] "GET /detail/169079820 HTTP/1.0" 404 157592 "https://zenoxpressjobs.com" "Mozilla/5.0 AppleWebKit/537.36 (KHTML, like Gecko; compatible; GPTBot/1.3; +https://openai.com/gptbot)"
173.231.242.79 - - [05/Feb/2026:02:13:56 -0500] "POST /wp-cron.php?doing_wp_cron=1770275636.8527560234069824218750 HTTP/1.0" 200 - "-" "WordPress/6.9.1; https://www.zenoxpressjobs.com"
74.7.241.28 - - [05/Feb/2026:02:13:54 -0500] "GET /detail/537205796 HTTP/1.0" 404 157592 "https://zenoxpressjobs.com" "Mozilla/5.0 AppleWebKit/537.36 (KHTML, like Gecko; compatible; GPTBot/1.3; +https://openai.com/gptbot)"
173.231.242.79 - - [05/Feb/2026:02:14:30 -0500] "POST /wp-cron.php?doing_wp_cron=1770275670.5505120754241943359375 HTTP/1.0" 200 - "-" "WordPress/6.9.1; https://www.zenoxpressjobs.com"
142.44.233.5 - - [05/Feb/2026:02:14:28 -0500] "GET /detail/489762390 HTTP/1.0" 301 - "-" "Mozilla/5.0 (compatible; AhrefsBot/7.0; +http://ahrefs.com/robot/)"
173.231.242.79 - - [05/Feb/2026:02:14:37 -0500] "POST /wp-cron.php?doing_wp_cron=1770275677.4319469928741455078125 HTTP/1.0" 200 - "-" "WordPress/6.9.1; https://www.zenoxpressjobs.com"
74.7.241.28 - - [05/Feb/2026:02:14:36 -0500] "GET /detail/488162960 HTTP/1.0" 404 157592 "https://zenoxpressjobs.com" "Mozilla/5.0 AppleWebKit/537.36 (KHTML, like Gecko; compatible; GPTBot/1.3; +https://openai.com/gptbot)"
74.7.241.28 - - [05/Feb/2026:02:15:19 -0500] "GET /detail/125446473 HTTP/1.0" 404 157592 "https://zenoxpressjobs.com" "Mozilla/5.0 AppleWebKit/537.36 (KHTML, like Gecko; compatible; GPTBot/1.3; +https://openai.com/gptbot)"
173.231.242.79 - - [05/Feb/2026:02:16:01 -0500] "POST /wp-cron.php?doing_wp_cron=1770275761.0664010047912597656250 HTTP/1.0" 200 - "-" "WordPress/6.9.1; https://www.zenoxpressjobs.com"
74.7.241.28 - - [05/Feb/2026:02:15:59 -0500] "GET /detail/326719968 HTTP/1.0" 404 157592 "https://zenoxpressjobs.com" "Mozilla/5.0 AppleWebKit/537.36 (KHTML, like Gecko; compatible; GPTBot/1.3; +https://openai.com/gptbot)"
173.231.242.79 - - [05/Feb/2026:02:16:41 -0500] "POST /wp-cron.php?doing_wp_cron=1770275801.1594340801239013671875 HTTP/1.0" 200 - "-" "WordPress/6.9.1; https://www.zenoxpressjobs.com"
74.7.241.28 - - [05/Feb/2026:02:16:39 -0500] "GET /detail/182866296 HTTP/1.0" 404 157592 "https://zenoxpressjobs.com" "Mozilla/5.0 AppleWebKit/537.36 (KHTML, like Gecko; compatible; GPTBot/1.3; +https://openai.com/gptbot)"
74.7.241.28 - - [05/Feb/2026:02:17:22 -0500] "GET /detail/174186270 HTTP/1.0" 404 157592 "https://zenoxpressjobs.com" "Mozilla/5.0 AppleWebKit/537.36 (KHTML, like Gecko; compatible; GPTBot/1.3; +https://openai.com/gptbot)"
173.231.242.79 - - [05/Feb/2026:02:17:36 -0500] "POST /wp-cron.php?doing_wp_cron=1770275856.0548338890075683593750 HTTP/1.0" 200 - "-" "WordPress/6.9.1; https://www.zenoxpressjobs.com"
57.141.0.23 - - [05/Feb/2026:02:17:35 -0500] "GET /my-account/ HTTP/1.0" 200 165045 "-" "meta-externalagent/1.1 (+https://developers.facebook.com/docs/sharing/webmasters/crawler)"
74.7.241.28 - - [05/Feb/2026:02:18:02 -0500] "GET /detail/512996218 HTTP/1.0" 404 157592 "https://zenoxpressjobs.com" "Mozilla/5.0 AppleWebKit/537.36 (KHTML, like Gecko; compatible; GPTBot/1.3; +https://openai.com/gptbot)"
173.231.242.79 - - [05/Feb/2026:02:18:47 -0500] "POST /wp-cron.php?doing_wp_cron=1770275927.4420950412750244140625 HTTP/1.0" 200 - "-" "WordPress/6.9.1; https://www.zenoxpressjobs.com"
74.7.241.28 - - [05/Feb/2026:02:18:44 -0500] "GET /detail/155787335 HTTP/1.0" 404 157592 "https://zenoxpressjobs.com" "Mozilla/5.0 AppleWebKit/537.36 (KHTML, like Gecko; compatible; GPTBot/1.3; +https://openai.com/gptbot)"
15.235.27.136 - - [05/Feb/2026:02:18:56 -0500] "GET /detail/475806605 HTTP/1.0" 301 - "-" "Mozilla/5.0 (compatible; AhrefsBot/7.0; +http://ahrefs.com/robot/)"
74.7.241.28 - - [05/Feb/2026:02:19:26 -0500] "GET /detail/459080386 HTTP/1.0" 404 157592 "https://zenoxpressjobs.com" "Mozilla/5.0 AppleWebKit/537.36 (KHTML, like Gecko; compatible; GPTBot/1.3; +https://openai.com/gptbot)"
173.231.242.79 - - [05/Feb/2026:02:20:09 -0500] "POST /wp-cron.php?doing_wp_cron=1770276009.2029139995574951171875 HTTP/1.0" 200 - "-" "WordPress/6.9.1; https://www.zenoxpressjobs.com"
74.7.241.28 - - [05/Feb/2026:02:20:07 -0500] "GET /detail/445535279 HTTP/1.0" 404 157592 "https://zenoxpressjobs.com" "Mozilla/5.0 AppleWebKit/537.36 (KHTML, like Gecko; compatible; GPTBot/1.3; +https://openai.com/gptbot)"
173.231.242.79 - - [05/Feb/2026:02:20:49 -0500] "POST /wp-cron.php?doing_wp_cron=1770276049.0106720924377441406250 HTTP/1.0" 200 - "-" "WordPress/6.9.1; https://www.zenoxpressjobs.com"
74.7.241.28 - - [05/Feb/2026:02:20:48 -0500] "GET /detail/176082802 HTTP/1.0" 404 157592 "https://zenoxpressjobs.com" "Mozilla/5.0 AppleWebKit/537.36 (KHTML, like Gecko; compatible; GPTBot/1.3; +https://openai.com/gptbot)"
74.7.241.28 - - [05/Feb/2026:02:21:30 -0500] "GET /detail/129756644 HTTP/1.0" 404 157592 "https://zenoxpressjobs.com" "Mozilla/5.0 AppleWebKit/537.36 (KHTML, like Gecko; compatible; GPTBot/1.3; +https://openai.com/gptbot)"
173.231.242.79 - - [05/Feb/2026:02:22:14 -0500] "POST /wp-cron.php?doing_wp_cron=1770276134.5726161003112792968750 HTTP/1.0" 200 - "-" "WordPress/6.9.1; https://www.zenoxpressjobs.com"
74.7.241.28 - - [05/Feb/2026:02:22:13 -0500] "GET /detail/597050879 HTTP/1.0" 404 157592 "https://zenoxpressjobs.com" "Mozilla/5.0 AppleWebKit/537.36 (KHTML, like Gecko; compatible; GPTBot/1.3; +https://openai.com/gptbot)"
173.231.242.79 - - [05/Feb/2026:02:22:54 -0500] "POST /wp-cron.php?doing_wp_cron=1770276174.4399139881134033203125 HTTP/1.0" 200 - "-" "WordPress/6.9.1; https://www.zenoxpressjobs.com"
74.7.241.28 - - [05/Feb/2026:02:22:53 -0500] "GET /detail/502438570 HTTP/1.0" 404 157592 "https://zenoxpressjobs.com" "Mozilla/5.0 AppleWebKit/537.36 (KHTML, like Gecko; compatible; GPTBot/1.3; +https://openai.com/gptbot)"
54.39.6.252 - - [05/Feb/2026:02:23:14 -0500] "GET /detail/469268106 HTTP/1.0" 301 - "-" "Mozilla/5.0 (compatible; AhrefsBot/7.0; +http://ahrefs.com/robot/)"
173.231.242.79 - - [05/Feb/2026:02:23:37 -0500] "POST /wp-cron.php?doing_wp_cron=1770276217.5853900909423828125000 HTTP/1.0" 200 - "-" "WordPress/6.9.1; https://www.zenoxpressjobs.com"
74.7.241.28 - - [05/Feb/2026:02:23:36 -0500] "GET /detail/491889329 HTTP/1.0" 404 157592 "https://zenoxpressjobs.com" "Mozilla/5.0 AppleWebKit/537.36 (KHTML, like Gecko; compatible; GPTBot/1.3; +https://openai.com/gptbot)"
173.231.242.79 - - [05/Feb/2026:02:24:17 -0500] "POST /wp-cron.php?doing_wp_cron=1770276257.7400300502777099609375 HTTP/1.0" 200 - "-" "WordPress/6.9.1; https://www.zenoxpressjobs.com"
74.7.241.28 - - [05/Feb/2026:02:24:15 -0500] "GET /detail/340448327 HTTP/1.0" 404 157592 "https://zenoxpressjobs.com" "Mozilla/5.0 AppleWebKit/537.36 (KHTML, like Gecko; compatible; GPTBot/1.3; +https://openai.com/gptbot)"
173.231.242.79 - - [05/Feb/2026:02:24:59 -0500] "POST /wp-cron.php?doing_wp_cron=1770276299.5187458992004394531250 HTTP/1.0" 200 - "-" "WordPress/6.9.1; https://www.zenoxpressjobs.com"
74.7.241.28 - - [05/Feb/2026:02:24:58 -0500] "GET /detail/562825013 HTTP/1.0" 404 157592 "https://zenoxpressjobs.com" "Mozilla/5.0 AppleWebKit/537.36 (KHTML, like Gecko; compatible; GPTBot/1.3; +https://openai.com/gptbot)"
173.231.242.79 - - [05/Feb/2026:02:25:42 -0500] "POST /wp-cron.php?doing_wp_cron=1770276342.0972819328308105468750 HTTP/1.0" 200 - "-" "WordPress/6.9.1; https://www.zenoxpressjobs.com"
74.7.241.28 - - [05/Feb/2026:02:25:40 -0500] "GET /detail/348175448 HTTP/1.0" 404 157592 "https://zenoxpressjobs.com" "Mozilla/5.0 AppleWebKit/537.36 (KHTML, like Gecko; compatible; GPTBot/1.3; +https://openai.com/gptbot)"
74.7.241.28 - - [05/Feb/2026:02:26:21 -0500] "GET /detail/388634593 HTTP/1.0" 404 157592 "https://zenoxpressjobs.com" "Mozilla/5.0 AppleWebKit/537.36 (KHTML, like Gecko; compatible; GPTBot/1.3; +https://openai.com/gptbot)"
173.231.242.79 - - [05/Feb/2026:02:26:37 -0500] "POST /wp-cron.php?doing_wp_cron=1770276397.4157619476318359375000 HTTP/1.0" 200 - "-" "WordPress/6.9.1; https://www.zenoxpressjobs.com"
162.62.213.165 - - [05/Feb/2026:02:26:35 -0500] "GET / HTTP/1.0" 301 - "-" "Mozilla/5.0 (iPhone; CPU iPhone OS 13_2_3 like Mac OS X) AppleWebKit/605.1.15 (KHTML, like Gecko) Version/13.0.3 Mobile/15E148 Safari/604.1"
162.62.213.165 - - [05/Feb/2026:02:26:38 -0500] "GET / HTTP/1.0" 200 186888 "http://zenoxpressjobs.com" "Mozilla/5.0 (iPhone; CPU iPhone OS 13_2_3 like Mac OS X) AppleWebKit/605.1.15 (KHTML, like Gecko) Version/13.0.3 Mobile/15E148 Safari/604.1"
74.7.241.28 - - [05/Feb/2026:02:27:01 -0500] "GET /detail/299398678 HTTP/1.0" 404 157484 "http://zenoxpressjobs.com" "Mozilla/5.0 AppleWebKit/537.36 (KHTML, like Gecko; compatible; GPTBot/1.3; +https://openai.com/gptbot)"
54.39.203.180 - - [05/Feb/2026:02:27:26 -0500] "GET /detail/456432907 HTTP/1.0" 301 - "-" "Mozilla/5.0 (compatible; AhrefsBot/7.0; +http://ahrefs.com/robot/)"
74.7.241.28 - - [05/Feb/2026:02:27:43 -0500] "GET /detail/536157551 HTTP/1.0" 404 157592 "https://zenoxpressjobs.com" "Mozilla/5.0 AppleWebKit/537.36 (KHTML, like Gecko; compatible; GPTBot/1.3; +https://openai.com/gptbot)"
173.231.242.79 - - [05/Feb/2026:02:27:44 -0500] "POST /wp-cron.php?doing_wp_cron=1770276464.6752269268035888671875 HTTP/1.0" 200 - "-" "WordPress/6.9.1; https://www.zenoxpressjobs.com"
74.7.241.28 - - [05/Feb/2026:02:28:23 -0500] "GET /detail/112478064 HTTP/1.0" 404 157592 "https://zenoxpressjobs.com" "Mozilla/5.0 AppleWebKit/537.36 (KHTML, like Gecko; compatible; GPTBot/1.3; +https://openai.com/gptbot)"
173.231.242.79 - - [05/Feb/2026:02:29:05 -0500] "POST /wp-cron.php?doing_wp_cron=1770276545.7288079261779785156250 HTTP/1.0" 200 - "-" "WordPress/6.9.1; https://www.zenoxpressjobs.com"
74.7.241.28 - - [05/Feb/2026:02:29:04 -0500] "GET /detail/221223934 HTTP/1.0" 404 157592 "https://zenoxpressjobs.com" "Mozilla/5.0 AppleWebKit/537.36 (KHTML, like Gecko; compatible; GPTBot/1.3; +https://openai.com/gptbot)"
173.231.242.79 - - [05/Feb/2026:02:29:49 -0500] "POST /wp-cron.php?doing_wp_cron=1770276589.4326729774475097656250 HTTP/1.0" 200 - "-" "WordPress/6.9.1; https://www.zenoxpressjobs.com"
74.7.241.28 - - [05/Feb/2026:02:29:47 -0500] "GET /detail/162909002 HTTP/1.0" 404 157592 "https://zenoxpressjobs.com" "Mozilla/5.0 AppleWebKit/537.36 (KHTML, like Gecko; compatible; GPTBot/1.3; +https://openai.com/gptbot)"
173.231.242.79 - - [05/Feb/2026:02:30:32 -0500] "POST /wp-cron.php?doing_wp_cron=1770276632.6650459766387939453125 HTTP/1.0" 200 - "-" "WordPress/6.9.1; https://www.zenoxpressjobs.com"
74.7.241.28 - - [05/Feb/2026:02:30:29 -0500] "GET /detail/350948553 HTTP/1.0" 404 157592 "https://zenoxpressjobs.com" "Mozilla/5.0 AppleWebKit/537.36 (KHTML, like Gecko; compatible; GPTBot/1.3; +https://openai.com/gptbot)"
74.7.241.28 - - [05/Feb/2026:02:31:12 -0500] "GET /detail/442045005 HTTP/1.0" 404 157592 "https://zenoxpressjobs.com" "Mozilla/5.0 AppleWebKit/537.36 (KHTML, like Gecko; compatible; GPTBot/1.3; +https://openai.com/gptbot)"
54.39.136.0 - - [05/Feb/2026:02:31:15 -0500] "GET /detail/408486498 HTTP/1.0" 301 - "-" "Mozilla/5.0 (compatible; AhrefsBot/7.0; +http://ahrefs.com/robot/)"
173.231.242.79 - - [05/Feb/2026:02:31:55 -0500] "POST /wp-cron.php?doing_wp_cron=1770276715.2141630649566650390625 HTTP/1.0" 200 - "-" "WordPress/6.9.1; https://www.zenoxpressjobs.com"
74.7.241.28 - - [05/Feb/2026:02:31:53 -0500] "GET /detail/124068169 HTTP/1.0" 404 157592 "https://zenoxpressjobs.com" "Mozilla/5.0 AppleWebKit/537.36 (KHTML, like Gecko; compatible; GPTBot/1.3; +https://openai.com/gptbot)"
173.231.242.79 - - [05/Feb/2026:02:32:36 -0500] "POST /wp-cron.php?doing_wp_cron=1770276756.2518270015716552734375 HTTP/1.0" 200 - "-" "WordPress/6.9.1; https://www.zenoxpressjobs.com"
74.7.241.28 - - [05/Feb/2026:02:32:34 -0500] "GET /detail/587796590 HTTP/1.0" 404 157592 "https://zenoxpressjobs.com" "Mozilla/5.0 AppleWebKit/537.36 (KHTML, like Gecko; compatible; GPTBot/1.3; +https://openai.com/gptbot)"
74.7.241.28 - - [05/Feb/2026:02:33:17 -0500] "GET /detail/314104502 HTTP/1.0" 404 157592 "https://zenoxpressjobs.com" "Mozilla/5.0 AppleWebKit/537.36 (KHTML, like Gecko; compatible; GPTBot/1.3; +https://openai.com/gptbot)"
173.231.242.79 - - [05/Feb/2026:02:33:34 -0500] "POST /wp-cron.php?doing_wp_cron=1770276814.4883360862731933593750 HTTP/1.0" 200 - "-" "WordPress/6.9.1; https://www.zenoxpressjobs.com"
209.85.238.128 - - [05/Feb/2026:02:33:33 -0500] "GET /detail/581990977 HTTP/1.0" 404 157592 "-" "Mozilla/5.0 (X11; Linux x86_64) AppleWebKit/537.36 (KHTML, like Gecko) Chrome/143.0.7499.192 Safari/537.36"
209.85.238.139 - - [05/Feb/2026:02:33:34 -0500] "GET /wp-content/themes/astra/assets/css/minified/style.min.css?ver=4.11.7 HTTP/1.0" 200 75654 "https://www.zenoxpressjobs.com/detail/581990977" "Mozilla/5.0 (X11; Linux x86_64) AppleWebKit/537.36 (KHTML, like Gecko) Chrome/143.0.7499.192 Safari/537.36"
