66.249.73.172 - - [05/Feb/2026:09:07:55 -0500] "GET /?products/14785589/ HTTP/1.0" 301 - "-" "Mozilla/5.0 (compatible; Googlebot/2.1; +http://www.google.com/bot.html)"
66.249.73.160 - - [05/Feb/2026:09:07:56 -0500] "GET /?products/1909856/ HTTP/1.0" 301 - "-" "Mozilla/5.0 (Linux; Android 6.0.1; Nexus 5X Build/MMB29P) AppleWebKit/537.36 (KHTML, like Gecko) Chrome/144.0.7559.109 Mobile Safari/537.36 (compatible; Googlebot/2.1; +http://www.google.com/bot.html)"
66.249.73.160 - - [05/Feb/2026:09:07:57 -0500] "GET /?products%2F1909856%2F HTTP/1.0" 200 186888 "-" "Mozilla/5.0 (Linux; Android 6.0.1; Nexus 5X Build/MMB29P) AppleWebKit/537.36 (KHTML, like Gecko) Chrome/144.0.7559.109 Mobile Safari/537.36 (compatible; Googlebot/2.1; +http://www.google.com/bot.html)"
66.249.73.172 - - [05/Feb/2026:09:07:57 -0500] "GET /?products%2F14785589%2F HTTP/1.0" 200 186877 "-" "Mozilla/5.0 (compatible; Googlebot/2.1; +http://www.google.com/bot.html)"
66.249.73.171 - - [05/Feb/2026:09:08:00 -0500] "GET /detail/210894777 HTTP/1.0" 404 157592 "-" "Mozilla/5.0 (compatible; Googlebot/2.1; +http://www.google.com/bot.html)"
74.7.241.28 - - [05/Feb/2026:09:08:04 -0500] "GET /detail/579206978 HTTP/1.0" 404 157592 "https://zenoxpressjobs.com" "Mozilla/5.0 AppleWebKit/537.36 (KHTML, like Gecko; compatible; GPTBot/1.3; +https://openai.com/gptbot)"
173.231.242.79 - - [05/Feb/2026:09:09:14 -0500] "POST /wp-cron.php?doing_wp_cron=1770300554.6959381103515625000000 HTTP/1.0" 200 - "-" "WordPress/6.9.1; https://www.zenoxpressjobs.com"
74.7.241.28 - - [05/Feb/2026:09:09:05 -0500] "GET /detail/518311412 HTTP/1.0" 404 157592 "https://zenoxpressjobs.com" "Mozilla/5.0 AppleWebKit/537.36 (KHTML, like Gecko; compatible; GPTBot/1.3; +https://openai.com/gptbot)"
66.249.73.172 - - [05/Feb/2026:09:09:19 -0500] "GET /detail/252874673 HTTP/1.0" 404 157603 "-" "Mozilla/5.0 (Linux; Android 6.0.1; Nexus 5X Build/MMB29P) AppleWebKit/537.36 (KHTML, like Gecko) Chrome/144.0.7559.109 Mobile Safari/537.36 (compatible; Googlebot/2.1; +http://www.google.com/bot.html)"
173.231.242.79 - - [05/Feb/2026:09:09:45 -0500] "POST /wp-cron.php?doing_wp_cron=1770300585.5885651111602783203125 HTTP/1.0" 200 - "-" "WordPress/6.9.1; https://www.zenoxpressjobs.com"
66.249.73.171 - - [05/Feb/2026:09:09:40 -0500] "GET /ctg/search/similarImageSearchResultView/?ctgItemCd=61704562 HTTP/1.0" 404 157603 "-" "Mozilla/5.0 (Linux; Android 6.0.1; Nexus 5X Build/MMB29P) AppleWebKit/537.36 (KHTML, like Gecko) Chrome/144.0.7559.109 Mobile Safari/537.36 (compatible; Googlebot/2.1; +http://www.google.com/bot.html)"
66.249.73.160 - - [05/Feb/2026:09:10:01 -0500] "GET /detail/320363942 HTTP/1.0" 404 157603 "-" "Mozilla/5.0 (Linux; Android 6.0.1; Nexus 5X Build/MMB29P) AppleWebKit/537.36 (KHTML, like Gecko) Chrome/144.0.7559.109 Mobile Safari/537.36 (compatible; Googlebot/2.1; +http://www.google.com/bot.html)"
66.249.73.160 - - [05/Feb/2026:09:10:06 -0500] "GET /detail/576376274 HTTP/1.0" 404 157603 "-" "Mozilla/5.0 (Linux; Android 6.0.1; Nexus 5X Build/MMB29P) AppleWebKit/537.36 (KHTML, like Gecko) Chrome/144.0.7559.109 Mobile Safari/537.36 (compatible; Googlebot/2.1; +http://www.google.com/bot.html)"
74.7.241.28 - - [05/Feb/2026:09:10:09 -0500] "GET /detail/100416106 HTTP/1.0" 404 157592 "https://zenoxpressjobs.com" "Mozilla/5.0 AppleWebKit/537.36 (KHTML, like Gecko; compatible; GPTBot/1.3; +https://openai.com/gptbot)"
173.231.242.79 - - [05/Feb/2026:09:11:15 -0500] "POST /wp-cron.php?doing_wp_cron=1770300675.3442740440368652343750 HTTP/1.0" 200 - "-" "WordPress/6.9.1; https://www.zenoxpressjobs.com"
66.249.73.171 - - [05/Feb/2026:09:10:55 -0500] "GET /detail/182882570 HTTP/1.0" 404 157603 "-" "Mozilla/5.0 (Linux; Android 6.0.1; Nexus 5X Build/MMB29P) AppleWebKit/537.36 (KHTML, like Gecko) Chrome/144.0.7559.109 Mobile Safari/537.36 (compatible; Googlebot/2.1; +http://www.google.com/bot.html)"
74.7.241.28 - - [05/Feb/2026:09:11:13 -0500] "GET /detail/237006622 HTTP/1.0" 404 157592 "https://zenoxpressjobs.com" "Mozilla/5.0 AppleWebKit/537.36 (KHTML, like Gecko; compatible; GPTBot/1.3; +https://openai.com/gptbot)"
173.231.242.79 - - [05/Feb/2026:09:11:57 -0500] "POST /wp-cron.php?doing_wp_cron=1770300717.5324370861053466796875 HTTP/1.0" 200 - "-" "WordPress/6.9.1; https://www.zenoxpressjobs.com"
66.249.73.171 - - [05/Feb/2026:09:11:49 -0500] "GET /?products/8286778/ HTTP/1.0" 301 - "-" "Mozilla/5.0 (Linux; Android 6.0.1; Nexus 5X Build/MMB29P) AppleWebKit/537.36 (KHTML, like Gecko) Chrome/144.0.7559.109 Mobile Safari/537.36 (compatible; Googlebot/2.1; +http://www.google.com/bot.html)"
66.249.73.171 - - [05/Feb/2026:09:11:57 -0500] "GET /?products%2F8286778%2F HTTP/1.0" 200 186888 "-" "Mozilla/5.0 (Linux; Android 6.0.1; Nexus 5X Build/MMB29P) AppleWebKit/537.36 (KHTML, like Gecko) Chrome/144.0.7559.109 Mobile Safari/537.36 (compatible; Googlebot/2.1; +http://www.google.com/bot.html)"
74.7.241.28 - - [05/Feb/2026:09:12:23 -0500] "GET /detail/513297989 HTTP/1.0" 404 16384 "https://zenoxpressjobs.com" "Mozilla/5.0 AppleWebKit/537.36 (KHTML, like Gecko; compatible; GPTBot/1.3; +https://openai.com/gptbot)"
173.231.242.79 - - [05/Feb/2026:09:13:00 -0500] "POST /wp-cron.php?doing_wp_cron=1770300780.0636639595031738281250 HTTP/1.0" 200 - "-" "WordPress/6.9.1; https://www.zenoxpressjobs.com"
74.7.241.28 - - [05/Feb/2026:09:13:22 -0500] "GET /detail/109393037 HTTP/1.0" 500 2431 "https://zenoxpressjobs.com" "Mozilla/5.0 AppleWebKit/537.36 (KHTML, like Gecko; compatible; GPTBot/1.3; +https://openai.com/gptbot)"
74.7.241.28 - - [05/Feb/2026:09:14:33 -0500] "GET /detail/377961803 HTTP/1.0" 500 2431 "https://zenoxpressjobs.com" "Mozilla/5.0 AppleWebKit/537.36 (KHTML, like Gecko; compatible; GPTBot/1.3; +https://openai.com/gptbot)"
66.249.73.160 - - [05/Feb/2026:09:13:04 -0500] "GET /?products/3512267/ HTTP/1.0" 504 - "-" "Mozilla/5.0 (Linux; Android 6.0.1; Nexus 5X Build/MMB29P) AppleWebKit/537.36 (KHTML, like Gecko) Chrome/144.0.7559.109 Mobile Safari/537.36 (compatible; Googlebot/2.1; +http://www.google.com/bot.html)"
173.231.242.79 - - [05/Feb/2026:09:27:05 -0500] "POST /wp-cron.php?doing_wp_cron=1770301625.0942120552062988281250 HTTP/1.0" 200 - "-" "WordPress/6.9.1; https://www.zenoxpressjobs.com"
66.249.73.160 - - [05/Feb/2026:09:27:00 -0500] "GET /?products/1677623/ HTTP/1.0" 301 - "-" "Mozilla/5.0 (Linux; Android 6.0.1; Nexus 5X Build/MMB29P) AppleWebKit/537.36 (KHTML, like Gecko) Chrome/144.0.7559.109 Mobile Safari/537.36 (compatible; Googlebot/2.1; +http://www.google.com/bot.html)"
173.231.242.79 - - [05/Feb/2026:09:27:05 -0500] "POST /wp-cron.php?doing_wp_cron=1770301625.8302791118621826171875 HTTP/1.0" 200 - "-" "WordPress/6.9.1; https://www.zenoxpressjobs.com"
74.7.241.28 - - [05/Feb/2026:09:27:01 -0500] "GET /detail/595937819 HTTP/1.0" 404 157592 "https://zenoxpressjobs.com" "Mozilla/5.0 AppleWebKit/537.36 (KHTML, like Gecko; compatible; GPTBot/1.3; +https://openai.com/gptbot)"
173.231.242.79 - - [05/Feb/2026:09:27:44 -0500] "POST /wp-cron.php?doing_wp_cron=1770301664.5066800117492675781250 HTTP/1.0" 200 - "-" "WordPress/6.9.1; https://www.zenoxpressjobs.com"
66.249.73.171 - - [05/Feb/2026:09:27:39 -0500] "GET /?ctg/search/similarImageSearchResultView/?ctgItemCd=15788730 HTTP/1.0" 301 - "-" "Mozilla/5.0 (Linux; Android 6.0.1; Nexus 5X Build/MMB29P) AppleWebKit/537.36 (KHTML, like Gecko) Chrome/144.0.7559.109 Mobile Safari/537.36 (compatible; Googlebot/2.1; +http://www.google.com/bot.html)"
66.249.73.171 - - [05/Feb/2026:09:27:47 -0500] "GET /detail/354429558 HTTP/1.0" 404 157592 "-" "Mozilla/5.0 (compatible; Googlebot/2.1; +http://www.google.com/bot.html)"
74.7.241.28 - - [05/Feb/2026:09:28:03 -0500] "GET /detail/205676055 HTTP/1.0" 404 157592 "https://zenoxpressjobs.com" "Mozilla/5.0 AppleWebKit/537.36 (KHTML, like Gecko; compatible; GPTBot/1.3; +https://openai.com/gptbot)"
66.249.73.171 - - [05/Feb/2026:09:28:05 -0500] "GET /?products%2F1677623%2F HTTP/1.0" 200 186888 "-" "Mozilla/5.0 (Linux; Android 6.0.1; Nexus 5X Build/MMB29P) AppleWebKit/537.36 (KHTML, like Gecko) Chrome/144.0.7559.109 Mobile Safari/537.36 (compatible; Googlebot/2.1; +http://www.google.com/bot.html)"
173.231.242.79 - - [05/Feb/2026:09:28:43 -0500] "POST /wp-cron.php?doing_wp_cron=1770301723.8933329582214355468750 HTTP/1.0" 200 - "-" "WordPress/6.9.1; https://www.zenoxpressjobs.com"
66.249.73.172 - - [05/Feb/2026:09:28:40 -0500] "GET /detail/74640969 HTTP/1.0" 404 157592 "-" "Mozilla/5.0 (compatible; Googlebot/2.1; +http://www.google.com/bot.html)"
66.249.73.171 - - [05/Feb/2026:09:28:49 -0500] "GET /detail/42969391 HTTP/1.0" 404 157603 "-" "Mozilla/5.0 (Linux; Android 6.0.1; Nexus 5X Build/MMB29P) AppleWebKit/537.36 (KHTML, like Gecko) Chrome/144.0.7559.109 Mobile Safari/537.36 (compatible; Googlebot/2.1; +http://www.google.com/bot.html)"
66.249.73.171 - - [05/Feb/2026:09:28:52 -0500] "GET /detail/42969391 HTTP/1.0" 404 157592 "-" "Mozilla/5.0 (compatible; Googlebot/2.1; +http://www.google.com/bot.html)"
66.249.73.172 - - [05/Feb/2026:09:29:05 -0500] "GET /?products/19448412/ HTTP/1.0" 301 - "-" "Mozilla/5.0 (Linux; Android 6.0.1; Nexus 5X Build/MMB29P) AppleWebKit/537.36 (KHTML, like Gecko) Chrome/144.0.7559.109 Mobile Safari/537.36 (compatible; Googlebot/2.1; +http://www.google.com/bot.html)"
74.7.241.28 - - [05/Feb/2026:09:29:07 -0500] "GET /detail/106380846 HTTP/1.0" 404 157592 "https://zenoxpressjobs.com" "Mozilla/5.0 AppleWebKit/537.36 (KHTML, like Gecko; compatible; GPTBot/1.3; +https://openai.com/gptbot)"
66.249.73.160 - - [05/Feb/2026:09:29:03 -0500] "GET /?ctg%2Fsearch%2FsimilarImageSearchResultView%2F%3FctgItemCd=15788730 HTTP/1.0" 200 186888 "-" "Mozilla/5.0 (Linux; Android 6.0.1; Nexus 5X Build/MMB29P) AppleWebKit/537.36 (KHTML, like Gecko) Chrome/144.0.7559.109 Mobile Safari/537.36 (compatible; Googlebot/2.1; +http://www.google.com/bot.html)"
66.249.73.172 - - [05/Feb/2026:09:29:19 -0500] "GET /?products/19350034/ HTTP/1.0" 301 - "-" "Mozilla/5.0 (Linux; Android 6.0.1; Nexus 5X Build/MMB29P) AppleWebKit/537.36 (KHTML, like Gecko) Chrome/144.0.7559.109 Mobile Safari/537.36 (compatible; Googlebot/2.1; +http://www.google.com/bot.html)"
173.231.242.79 - - [05/Feb/2026:09:29:42 -0500] "POST /wp-cron.php?doing_wp_cron=1770301782.4916360378265380859375 HTTP/1.0" 200 - "-" "WordPress/6.9.1; https://www.zenoxpressjobs.com"
66.249.73.172 - - [05/Feb/2026:09:29:36 -0500] "GET /?products/6799034/ HTTP/1.0" 301 - "-" "Mozilla/5.0 (Linux; Android 6.0.1; Nexus 5X Build/MMB29P) AppleWebKit/537.36 (KHTML, like Gecko) Chrome/144.0.7559.109 Mobile Safari/537.36 (compatible; Googlebot/2.1; +http://www.google.com/bot.html)"
173.231.242.79 - - [05/Feb/2026:09:29:44 -0500] "POST /wp-cron.php?doing_wp_cron=1770301784.2381780147552490234375 HTTP/1.0" 200 - "-" "WordPress/6.9.1; https://www.zenoxpressjobs.com"
66.249.73.172 - - [05/Feb/2026:09:29:39 -0500] "GET /?products%2F19448412%2F HTTP/1.0" 200 186888 "-" "Mozilla/5.0 (Linux; Android 6.0.1; Nexus 5X Build/MMB29P) AppleWebKit/537.36 (KHTML, like Gecko) Chrome/144.0.7559.109 Mobile Safari/537.36 (compatible; Googlebot/2.1; +http://www.google.com/bot.html)"
66.249.73.171 - - [05/Feb/2026:09:29:54 -0500] "GET /?products%2F19350034%2F HTTP/1.0" 200 186888 "-" "Mozilla/5.0 (Linux; Android 6.0.1; Nexus 5X Build/MMB29P) AppleWebKit/537.36 (KHTML, like Gecko) Chrome/144.0.7559.109 Mobile Safari/537.36 (compatible; Googlebot/2.1; +http://www.google.com/bot.html)"
74.7.241.28 - - [05/Feb/2026:09:30:08 -0500] "GET /detail/354395574 HTTP/1.0" 404 157592 "https://zenoxpressjobs.com" "Mozilla/5.0 AppleWebKit/537.36 (KHTML, like Gecko; compatible; GPTBot/1.3; +https://openai.com/gptbot)"
66.249.73.171 - - [05/Feb/2026:09:30:30 -0500] "GET /?products/3698289/ HTTP/1.0" 301 - "-" "Mozilla/5.0 (Linux; Android 6.0.1; Nexus 5X Build/MMB29P) AppleWebKit/537.36 (KHTML, like Gecko) Chrome/144.0.7559.109 Mobile Safari/537.36 (compatible; Googlebot/2.1; +http://www.google.com/bot.html)"
66.249.73.171 - - [05/Feb/2026:09:30:27 -0500] "GET /?products%2F6799034%2F HTTP/1.0" 200 186888 "-" "Mozilla/5.0 (Linux; Android 6.0.1; Nexus 5X Build/MMB29P) AppleWebKit/537.36 (KHTML, like Gecko) Chrome/144.0.7559.109 Mobile Safari/537.36 (compatible; Googlebot/2.1; +http://www.google.com/bot.html)"
173.231.242.79 - - [05/Feb/2026:09:31:35 -0500] "POST /wp-cron.php?doing_wp_cron=1770301894.9664421081542968750000 HTTP/1.0" 200 - "-" "WordPress/6.9.1; https://www.zenoxpressjobs.com"
74.7.241.28 - - [05/Feb/2026:09:31:13 -0500] "GET /detail/130021026 HTTP/1.0" 404 157592 "https://zenoxpressjobs.com" "Mozilla/5.0 AppleWebKit/537.36 (KHTML, like Gecko; compatible; GPTBot/1.3; +https://openai.com/gptbot)"
173.231.242.79 - - [05/Feb/2026:09:31:35 -0500] "POST /wp-cron.php?doing_wp_cron=1770301895.1270239353179931640625 HTTP/1.0" 200 - "-" "WordPress/6.9.1; https://www.zenoxpressjobs.com"
66.249.73.160 - - [05/Feb/2026:09:31:12 -0500] "GET /?products%2F3698289%2F HTTP/1.0" 200 186888 "-" "Mozilla/5.0 (Linux; Android 6.0.1; Nexus 5X Build/MMB29P) AppleWebKit/537.36 (KHTML, like Gecko) Chrome/144.0.7559.109 Mobile Safari/537.36 (compatible; Googlebot/2.1; +http://www.google.com/bot.html)"
66.249.73.172 - - [05/Feb/2026:09:31:49 -0500] "GET /?products/18781512/ HTTP/1.0" 301 - "-" "Mozilla/5.0 (Linux; Android 6.0.1; Nexus 5X Build/MMB29P) AppleWebKit/537.36 (KHTML, like Gecko) Chrome/144.0.7559.109 Mobile Safari/537.36 (compatible; Googlebot/2.1; +http://www.google.com/bot.html)"
173.231.242.79 - - [05/Feb/2026:09:32:41 -0500] "POST /wp-cron.php?doing_wp_cron=1770301961.1362459659576416015625 HTTP/1.0" 200 - "-" "WordPress/6.9.1; https://www.zenoxpressjobs.com"
66.249.73.172 - - [05/Feb/2026:09:32:19 -0500] "GET /?products%2F18781512%2F HTTP/1.0" 200 186888 "-" "Mozilla/5.0 (Linux; Android 6.0.1; Nexus 5X Build/MMB29P) AppleWebKit/537.36 (KHTML, like Gecko) Chrome/144.0.7559.109 Mobile Safari/537.36 (compatible; Googlebot/2.1; +http://www.google.com/bot.html)"
74.7.241.28 - - [05/Feb/2026:09:32:16 -0500] "GET /detail/369274557 HTTP/1.0" 404 157592 "https://zenoxpressjobs.com" "Mozilla/5.0 AppleWebKit/537.36 (KHTML, like Gecko; compatible; GPTBot/1.3; +https://openai.com/gptbot)"
66.249.73.171 - - [05/Feb/2026:09:32:41 -0500] "GET /?products/23632790/ HTTP/1.0" 301 - "-" "Mozilla/5.0 (Linux; Android 6.0.1; Nexus 5X Build/MMB29P) AppleWebKit/537.36 (KHTML, like Gecko) Chrome/144.0.7559.109 Mobile Safari/537.36 (compatible; Googlebot/2.1; +http://www.google.com/bot.html)"
66.249.73.171 - - [05/Feb/2026:09:32:59 -0500] "GET /?products%2F23632790%2F HTTP/1.0" 200 186888 "-" "Mozilla/5.0 (Linux; Android 6.0.1; Nexus 5X Build/MMB29P) AppleWebKit/537.36 (KHTML, like Gecko) Chrome/144.0.7559.109 Mobile Safari/537.36 (compatible; Googlebot/2.1; +http://www.google.com/bot.html)"
173.231.242.79 - - [05/Feb/2026:09:33:34 -0500] "POST /wp-cron.php?doing_wp_cron=1770302013.9763491153717041015625 HTTP/1.0" 200 - "-" "WordPress/6.9.1; https://www.zenoxpressjobs.com"
74.7.241.28 - - [05/Feb/2026:09:33:22 -0500] "GET /detail/269453314 HTTP/1.0" 404 157592 "https://zenoxpressjobs.com" "Mozilla/5.0 AppleWebKit/537.36 (KHTML, like Gecko; compatible; GPTBot/1.3; +https://openai.com/gptbot)"
66.249.73.171 - - [05/Feb/2026:09:33:45 -0500] "GET /?products/22789378/ HTTP/1.0" 301 - "-" "Mozilla/5.0 (Linux; Android 6.0.1; Nexus 5X Build/MMB29P) AppleWebKit/537.36 (KHTML, like Gecko) Chrome/144.0.7559.109 Mobile Safari/537.36 (compatible; Googlebot/2.1; +http://www.google.com/bot.html)"
66.249.73.171 - - [05/Feb/2026:09:34:27 -0500] "GET /?products%2F22789378%2F HTTP/1.0" 200 186888 "-" "Mozilla/5.0 (Linux; Android 6.0.1; Nexus 5X Build/MMB29P) AppleWebKit/537.36 (KHTML, like Gecko) Chrome/144.0.7559.109 Mobile Safari/537.36 (compatible; Googlebot/2.1; +http://www.google.com/bot.html)"
173.231.242.79 - - [05/Feb/2026:09:34:54 -0500] "POST /wp-cron.php?doing_wp_cron=1770302094.4310228824615478515625 HTTP/1.0" 200 - "-" "WordPress/6.9.1; https://www.zenoxpressjobs.com"
74.7.241.28 - - [05/Feb/2026:09:34:26 -0500] "GET /detail/449464842 HTTP/1.0" 404 157592 "https://zenoxpressjobs.com" "Mozilla/5.0 AppleWebKit/537.36 (KHTML, like Gecko; compatible; GPTBot/1.3; +https://openai.com/gptbot)"
66.249.73.171 - - [05/Feb/2026:09:34:59 -0500] "GET /?products/23310489/ HTTP/1.0" 301 - "-" "Mozilla/5.0 (Linux; Android 6.0.1; Nexus 5X Build/MMB29P) AppleWebKit/537.36 (KHTML, like Gecko) Chrome/144.0.7559.109 Mobile Safari/537.36 (compatible; Googlebot/2.1; +http://www.google.com/bot.html)"
66.249.73.172 - - [05/Feb/2026:09:35:28 -0500] "GET /detail/306407308 HTTP/1.0" 500 2431 "-" "Mozilla/5.0 (Linux; Android 6.0.1; Nexus 5X Build/MMB29P) AppleWebKit/537.36 (KHTML, like Gecko) Chrome/144.0.7559.109 Mobile Safari/537.36 (compatible; Googlebot/2.1; +http://www.google.com/bot.html)"
142.44.225.155 - - [05/Feb/2026:09:44:16 -0500] "GET /wp-sitemap.xml HTTP/1.0" 200 876 "-" "Mozilla/5.0 (compatible; AhrefsBot/7.0; +http://ahrefs.com/robot/)"
173.231.242.79 - - [05/Feb/2026:09:44:34 -0500] "POST /wp-cron.php?doing_wp_cron=1770302674.8220860958099365234375 HTTP/1.0" 200 - "-" "WordPress/6.9.1; https://www.zenoxpressjobs.com"
66.249.73.171 - - [05/Feb/2026:09:44:11 -0500] "GET /?products/16551578/ HTTP/1.0" 301 - "-" "Mozilla/5.0 (Linux; Android 6.0.1; Nexus 5X Build/MMB29P) AppleWebKit/537.36 (KHTML, like Gecko) Chrome/144.0.7559.109 Mobile Safari/537.36 (compatible; Googlebot/2.1; +http://www.google.com/bot.html)"
74.7.241.28 - - [05/Feb/2026:09:44:07 -0500] "GET /detail/269295523 HTTP/1.0" 404 16384 "https://zenoxpressjobs.com" "Mozilla/5.0 AppleWebKit/537.36 (KHTML, like Gecko; compatible; GPTBot/1.3; +https://openai.com/gptbot)"
51.161.37.186 - - [05/Feb/2026:09:44:38 -0500] "GET /wp-sitemap-posts-page-1.xml HTTP/1.0" 200 4585 "-" "Mozilla/5.0 (compatible; AhrefsBot/7.0; +http://ahrefs.com/robot/)"
54.39.89.129 - - [05/Feb/2026:09:44:50 -0500] "GET /wp-sitemap-posts-elementskit_template-1.xml HTTP/1.0" 200 323 "-" "Mozilla/5.0 (compatible; AhrefsBot/7.0; +http://ahrefs.com/robot/)"
142.44.220.171 - - [05/Feb/2026:09:45:03 -0500] "GET /wp-sitemap-posts-product-1.xml HTTP/1.0" 200 4002 "-" "Mozilla/5.0 (compatible; AhrefsBot/7.0; +http://ahrefs.com/robot/)"
74.7.241.28 - - [05/Feb/2026:09:44:58 -0500] "GET /detail/242230347 HTTP/1.0" 404 157592 "https://zenoxpressjobs.com" "Mozilla/5.0 AppleWebKit/537.36 (KHTML, like Gecko; compatible; GPTBot/1.3; +https://openai.com/gptbot)"
54.39.0.162 - - [05/Feb/2026:09:45:16 -0500] "GET /wp-sitemap-posts-elementor-hf-1.xml HTTP/1.0" 200 315 "-" "Mozilla/5.0 (compatible; AhrefsBot/7.0; +http://ahrefs.com/robot/)"
173.231.242.79 - - [05/Feb/2026:09:45:37 -0500] "POST /wp-cron.php?doing_wp_cron=1770302737.2002789974212646484375 HTTP/1.0" 200 - "-" "WordPress/6.9.1; https://www.zenoxpressjobs.com"
54.39.6.204 - - [05/Feb/2026:09:45:28 -0500] "GET /wp-sitemap-posts-cartflows_step-1.xml HTTP/1.0" 200 421 "-" "Mozilla/5.0 (compatible; AhrefsBot/7.0; +http://ahrefs.com/robot/)"
54.39.203.177 - - [05/Feb/2026:09:45:40 -0500] "GET /wp-sitemap-taxonomies-product_cat-1.xml HTTP/1.0" 200 430 "-" "Mozilla/5.0 (compatible; AhrefsBot/7.0; +http://ahrefs.com/robot/)"
66.249.73.172 - - [05/Feb/2026:09:45:46 -0500] "GET /?products%2F16551578%2F HTTP/1.0" 200 186888 "-" "Mozilla/5.0 (Linux; Android 6.0.1; Nexus 5X Build/MMB29P) AppleWebKit/537.36 (KHTML, like Gecko) Chrome/144.0.7559.109 Mobile Safari/537.36 (compatible; Googlebot/2.1; +http://www.google.com/bot.html)"
54.39.0.109 - - [05/Feb/2026:09:45:51 -0500] "GET /wp-sitemap-users-1.xml HTTP/1.0" 200 278 "-" "Mozilla/5.0 (compatible; AhrefsBot/7.0; +http://ahrefs.com/robot/)"
74.7.241.28 - - [05/Feb/2026:09:46:02 -0500] "GET /detail/338434898 HTTP/1.0" 404 157592 "https://zenoxpressjobs.com" "Mozilla/5.0 AppleWebKit/537.36 (KHTML, like Gecko; compatible; GPTBot/1.3; +https://openai.com/gptbot)"
173.231.242.79 - - [05/Feb/2026:09:47:14 -0500] "POST /wp-cron.php?doing_wp_cron=1770302834.6906530857086181640625 HTTP/1.0" 200 - "-" "WordPress/6.9.1; https://www.zenoxpressjobs.com"
74.7.241.28 - - [05/Feb/2026:09:47:06 -0500] "GET /detail/282808334 HTTP/1.0" 404 157484 "http://zenoxpressjobs.com" "Mozilla/5.0 AppleWebKit/537.36 (KHTML, like Gecko; compatible; GPTBot/1.3; +https://openai.com/gptbot)"
173.231.242.79 - - [05/Feb/2026:09:48:17 -0500] "POST /wp-cron.php?doing_wp_cron=1770302897.5492939949035644531250 HTTP/1.0" 200 - "-" "WordPress/6.9.1; https://www.zenoxpressjobs.com"
74.7.241.28 - - [05/Feb/2026:09:48:11 -0500] "GET /detail/259920224 HTTP/1.0" 404 157592 "https://zenoxpressjobs.com" "Mozilla/5.0 AppleWebKit/537.36 (KHTML, like Gecko; compatible; GPTBot/1.3; +https://openai.com/gptbot)"
66.249.73.172 - - [05/Feb/2026:09:48:18 -0500] "GET /detail/251678468 HTTP/1.0" 404 157592 "-" "Mozilla/5.0 (compatible; Googlebot/2.1; +http://www.google.com/bot.html)"
173.231.242.79 - - [05/Feb/2026:09:48:37 -0500] "POST /wp-cron.php?doing_wp_cron=1770302917.0415310859680175781250 HTTP/1.0" 200 - "-" "WordPress/6.9.1; https://www.zenoxpressjobs.com"
209.85.238.140 - - [05/Feb/2026:09:48:30 -0500] "GET /ctg/search/similarImageSearchResultView/?ctgItemCd=94188587 HTTP/1.0" 404 157592 "-" "Mozilla/5.0 (X11; Linux x86_64) AppleWebKit/537.36 (KHTML, like Gecko) Chrome/143.0.7499.192 Safari/537.36"
5.9.120.220 - - [05/Feb/2026:09:48:33 -0500] "GET /robots.txt HTTP/1.0" 301 - "-" "Mozilla/5.0 (compatible; SERankingBacklinksBot/1.0; +https://seranking.com/backlinks-crawler)"
209.85.238.139 - - [05/Feb/2026:09:48:39 -0500] "GET /wp-content/themes/astra/assets/css/minified/menu-animation.min.css?ver=4.11.7 HTTP/1.0" 200 3501 "https://www.zenoxpressjobs.com/ctg/search/similarImageSearchResultView/?ctgItemCd=94188587" "Mozilla/5.0 (X11; Linux x86_64) AppleWebKit/537.36 (KHTML, like Gecko) Chrome/143.0.7499.192 Safari/537.36"
209.85.238.139 - - [05/Feb/2026:09:48:39 -0500] "GET /wp-content/plugins/header-footer-elementor/inc/widgets-css/frontend.css?ver=2.4.4 HTTP/1.0" 200 79733 "https://www.zenoxpressjobs.com/ctg/search/similarImageSearchResultView/?ctgItemCd=94188587" "Mozilla/5.0 (X11; Linux x86_64) AppleWebKit/537.36 (KHTML, like Gecko) Chrome/143.0.7499.192 Safari/537.36"
209.85.238.139 - - [05/Feb/2026:09:48:39 -0500] "GET /wp-content/plugins/premium-addons-for-elementor/assets/frontend/min-css/premium-addons.min.css?ver=4.11.20 HTTP/1.0" 200 441675 "https://www.zenoxpressjobs.com/ctg/search/similarImageSearchResultView/?ctgItemCd=94188587" "Mozilla/5.0 (X11; Linux x86_64) AppleWebKit/537.36 (KHTML, like Gecko) Chrome/143.0.7499.192 Safari/537.36"
209.85.238.139 - - [05/Feb/2026:09:48:40 -0500] "GET /wp-content/plugins/woocommerce/assets/client/blocks/wc-blocks.css?ver=wc-10.0.5 HTTP/1.0" 200 13882 "https://www.zenoxpressjobs.com/ctg/search/similarImageSearchResultView/?ctgItemCd=94188587" "Mozilla/5.0 (X11; Linux x86_64) AppleWebKit/537.36 (KHTML, like Gecko) Chrome/143.0.7499.192 Safari/537.36"
5.9.120.220 - - [05/Feb/2026:09:48:39 -0500] "GET /robots.txt HTTP/1.0" 200 272 "-" "Mozilla/5.0 (compatible; SERankingBacklinksBot/1.0; +https://seranking.com/backlinks-crawler)"
209.85.238.139 - - [05/Feb/2026:09:48:40 -0500] "GET /wp-content/plugins/gutenkit-blocks-addon/build/gutenkit/frontend-common.css?ver=a28538744097629e283d HTTP/1.0" 200 1241 "https://www.zenoxpressjobs.com/ctg/search/similarImageSearchResultView/?ctgItemCd=94188587" "Mozilla/5.0 (X11; Linux x86_64) AppleWebKit/537.36 (KHTML, like Gecko) Chrome/143.0.7499.192 Safari/537.36"
209.85.238.139 - - [05/Feb/2026:09:48:40 -0500] "GET /wp-content/plugins/shopengine/assets/css/shopengine-public.css?ver=4.8.0 HTTP/1.0" 200 21012 "https://www.zenoxpressjobs.com/ctg/search/similarImageSearchResultView/?ctgItemCd=94188587" "Mozilla/5.0 (X11; Linux x86_64) AppleWebKit/537.36 (KHTML, like Gecko) Chrome/143.0.7499.192 Safari/537.36"
209.85.238.139 - - [05/Feb/2026:09:48:40 -0500] "GET /wp-content/themes/astra/assets/css/minified/compatibility/woocommerce/woocommerce.min.css?ver=4.11.7 HTTP/1.0" 200 118676 "https://www.zenoxpressjobs.com/ctg/search/similarImageSearchResultView/?ctgItemCd=94188587" "Mozilla/5.0 (X11; Linux x86_64) AppleWebKit/537.36 (KHTML, like Gecko) Chrome/143.0.7499.192 Safari/537.36"
209.85.238.139 - - [05/Feb/2026:09:48:40 -0500] "GET /wp-content/plugins/popup-builder-block/build/popup/global.css?ver=2.0.6 HTTP/1.0" 200 482 "https://www.zenoxpressjobs.com/ctg/search/similarImageSearchResultView/?ctgItemCd=94188587" "Mozilla/5.0 (X11; Linux x86_64) AppleWebKit/537.36 (KHTML, like Gecko) Chrome/143.0.7499.192 Safari/537.36"
5.9.120.220 - - [05/Feb/2026:09:48:40 -0500] "GET /detail/513611350 HTTP/1.0" 301 - "-" "Mozilla/5.0 (compatible; SERankingBacklinksBot/1.0; +https://seranking.com/backlinks-crawler)"
5.9.120.220 - - [05/Feb/2026:09:48:41 -0500] "GET /robots.txt HTTP/1.0" 200 272 "-" "Mozilla/5.0 (compatible; SERankingBacklinksBot/1.0; +https://seranking.com/backlinks-crawler)"
209.85.238.139 - - [05/Feb/2026:09:48:41 -0500] "GET /wp-content/themes/astra/assets/css/minified/style.min.css?ver=4.11.7 HTTP/1.0" 200 75654 "https://www.zenoxpressjobs.com/ctg/search/similarImageSearchResultView/?ctgItemCd=94188587" "Mozilla/5.0 (X11; Linux x86_64) AppleWebKit/537.36 (KHTML, like Gecko) Chrome/143.0.7499.192 Safari/537.36"
5.9.120.220 - - [05/Feb/2026:09:48:41 -0500] "GET /robots.txt HTTP/1.0" 200 272 "-" "Mozilla/5.0 (compatible; SERankingBacklinksBot/1.0; +https://seranking.com/backlinks-crawler)"
209.85.238.139 - - [05/Feb/2026:09:48:42 -0500] "GET /wp-content/themes/astra/assets/css/minified/compatibility/woocommerce/woocommerce-layout.min.css?ver=4.11.7 HTTP/1.0" 200 18081 "https://www.zenoxpressjobs.com/ctg/search/similarImageSearchResultView/?ctgItemCd=94188587" "Mozilla/5.0 (X11; Linux x86_64) AppleWebKit/537.36 (KHTML, like Gecko) Chrome/143.0.7499.192 Safari/537.36"
5.9.120.220 - - [05/Feb/2026:09:48:42 -0500] "GET /robots.txt HTTP/1.0" 200 272 "-" "Mozilla/5.0 (compatible; SERankingBacklinksBot/1.0; +https://seranking.com/backlinks-crawler)"
209.85.238.139 - - [05/Feb/2026:09:48:42 -0500] "GET /wp-content/plugins/elementor/assets/lib/font-awesome/css/all.css?ver=4.8.0 HTTP/1.0" 200 73625 "https://www.zenoxpressjobs.com/ctg/search/similarImageSearchResultView/?ctgItemCd=94188587" "Mozilla/5.0 (X11; Linux x86_64) AppleWebKit/537.36 (KHTML, like Gecko) Chrome/143.0.7499.192 Safari/537.36"
5.9.120.220 - - [05/Feb/2026:09:48:42 -0500] "GET /robots.txt HTTP/1.0" 200 272 "-" "Mozilla/5.0 (compatible; SERankingBacklinksBot/1.0; +https://seranking.com/backlinks-crawler)"
209.85.238.139 - - [05/Feb/2026:09:48:43 -0500] "GET /wp-content/plugins/shopengine/widgets/init/assets/css/widget-frontend.css?ver=4.8.0 HTTP/1.0" 200 302993 "https://www.zenoxpressjobs.com/ctg/search/similarImageSearchResultView/?ctgItemCd=94188587" "Mozilla/5.0 (X11; Linux x86_64) AppleWebKit/537.36 (KHTML, like Gecko) Chrome/143.0.7499.192 Safari/537.36"
5.9.120.220 - - [05/Feb/2026:09:48:43 -0500] "GET /robots.txt HTTP/1.0" 200 272 "-" "Mozilla/5.0 (compatible; SERankingBacklinksBot/1.0; +https://seranking.com/backlinks-crawler)"
209.85.238.139 - - [05/Feb/2026:09:48:44 -0500] "GET /wp-content/plugins/wp-social/assets/css/frontend.css?ver=3.1.2 HTTP/1.0" 200 67439 "https://www.zenoxpressjobs.com/ctg/search/similarImageSearchResultView/?ctgItemCd=94188587" "Mozilla/5.0 (X11; Linux x86_64) AppleWebKit/537.36 (KHTML, like Gecko) Chrome/143.0.7499.192 Safari/537.36"
5.9.120.220 - - [05/Feb/2026:09:48:43 -0500] "GET /robots.txt HTTP/1.0" 200 272 "-" "Mozilla/5.0 (compatible; SERankingBacklinksBot/1.0; +https://seranking.com/backlinks-crawler)"
209.85.238.139 - - [05/Feb/2026:09:48:44 -0500] "GET /wp-content/plugins/wp-social/assets/css/font-icon.css?ver=3.1.2 HTTP/1.0" 200 43696 "https://www.zenoxpressjobs.com/ctg/search/similarImageSearchResultView/?ctgItemCd=94188587" "Mozilla/5.0 (X11; Linux x86_64) AppleWebKit/537.36 (KHTML, like Gecko) Chrome/143.0.7499.192 Safari/537.36"
209.85.238.139 - - [05/Feb/2026:09:48:45 -0500] "GET /wp-content/plugins/elementor/assets/lib/eicons/css/elementor-icons.min.css?ver=5.43.0 HTTP/1.0" 200 21218 "https://www.zenoxpressjobs.com/ctg/search/similarImageSearchResultView/?ctgItemCd=94188587" "Mozilla/5.0 (X11; Linux x86_64) AppleWebKit/537.36 (KHTML, like Gecko) Chrome/143.0.7499.192 Safari/537.36"
209.85.238.139 - - [05/Feb/2026:09:48:45 -0500] "GET /wp-content/plugins/wpforms-lite/assets/css/frontend/classic/wpforms-base.min.css?ver=1.9.6.2 HTTP/1.0" 200 57784 "https://www.zenoxpressjobs.com/ctg/search/similarImageSearchResultView/?ctgItemCd=94188587" "Mozilla/5.0 (X11; Linux x86_64) AppleWebKit/537.36 (KHTML, like Gecko) Chrome/143.0.7499.192 Safari/537.36"
209.85.238.139 - - [05/Feb/2026:09:48:46 -0500] "GET /wp-content/uploads/elementor/css/post-1390.css?ver=1769709941 HTTP/1.0" 200 1296 "https://www.zenoxpressjobs.com/ctg/search/similarImageSearchResultView/?ctgItemCd=94188587" "Mozilla/5.0 (X11; Linux x86_64) AppleWebKit/537.36 (KHTML, like Gecko) Chrome/143.0.7499.192 Safari/537.36"
209.85.238.139 - - [05/Feb/2026:09:48:47 -0500] "GET /wp-content/plugins/header-footer-elementor/assets/css/header-footer-elementor.css?ver=2.4.4 HTTP/1.0" 200 776 "https://www.zenoxpressjobs.com/ctg/search/similarImageSearchResultView/?ctgItemCd=94188587" "Mozilla/5.0 (X11; Linux x86_64) AppleWebKit/537.36 (KHTML, like Gecko) Chrome/143.0.7499.192 Safari/537.36"
209.85.238.139 - - [05/Feb/2026:09:48:48 -0500] "GET /wp-content/plugins/addons-for-elementor/assets/css/lib/animate.css?ver=8.8 HTTP/1.0" 200 212357 "https://www.zenoxpressjobs.com/ctg/search/similarImageSearchResultView/?ctgItemCd=94188587" "Mozilla/5.0 (X11; Linux x86_64) AppleWebKit/537.36 (KHTML, like Gecko) Chrome/143.0.7499.192 Safari/537.36"
209.85.238.139 - - [05/Feb/2026:09:48:48 -0500] "GET /wp-content/plugins/addons-for-elementor/assets/css/lae-frontend.css?ver=8.8 HTTP/1.0" 200 16035 "https://www.zenoxpressjobs.com/ctg/search/similarImageSearchResultView/?ctgItemCd=94188587" "Mozilla/5.0 (X11; Linux x86_64) AppleWebKit/537.36 (KHTML, like Gecko) Chrome/143.0.7499.192 Safari/537.36"
209.85.238.139 - - [05/Feb/2026:09:48:49 -0500] "GET /wp-content/plugins/addons-for-elementor/assets/css/lib/sliders.min.css?ver=8.8 HTTP/1.0" 200 4058 "https://www.zenoxpressjobs.com/ctg/search/similarImageSearchResultView/?ctgItemCd=94188587" "Mozilla/5.0 (X11; Linux x86_64) AppleWebKit/537.36 (KHTML, like Gecko) Chrome/143.0.7499.192 Safari/537.36"
209.85.238.139 - - [05/Feb/2026:09:48:49 -0500] "GET /wp-content/plugins/metform/public/assets/lib/cute-alert/style.css?ver=4.0.2 HTTP/1.0" 200 4719 "https://www.zenoxpressjobs.com/ctg/search/similarImageSearchResultView/?ctgItemCd=94188587" "Mozilla/5.0 (X11; Linux x86_64) AppleWebKit/537.36 (KHTML, like Gecko) Chrome/143.0.7499.192 Safari/537.36"
209.85.238.139 - - [05/Feb/2026:09:48:50 -0500] "GET /wp-content/plugins/woocommerce/assets/css/brands.css?ver=10.0.5 HTTP/1.0" 200 2279 "https://www.zenoxpressjobs.com/ctg/search/similarImageSearchResultView/?ctgItemCd=94188587" "Mozilla/5.0 (X11; Linux x86_64) AppleWebKit/537.36 (KHTML, like Gecko) Chrome/143.0.7499.192 Safari/537.36"
209.85.238.139 - - [05/Feb/2026:09:48:51 -0500] "GET /wp-content/plugins/elementor/assets/lib/font-awesome/css/all.min.css?ver=4.11.20 HTTP/1.0" 200 59344 "https://www.zenoxpressjobs.com/ctg/search/similarImageSearchResultView/?ctgItemCd=94188587" "Mozilla/5.0 (X11; Linux x86_64) AppleWebKit/537.36 (KHTML, like Gecko) Chrome/143.0.7499.192 Safari/537.36"
209.85.238.139 - - [05/Feb/2026:09:48:52 -0500] "GET /wp-content/plugins/addons-for-elementor/assets/css/icomoon.css?ver=8.8 HTTP/1.0" 200 17453 "https://www.zenoxpressjobs.com/ctg/search/similarImageSearchResultView/?ctgItemCd=94188587" "Mozilla/5.0 (X11; Linux x86_64) AppleWebKit/537.36 (KHTML, like Gecko) Chrome/143.0.7499.192 Safari/537.36"
209.85.238.140 - - [05/Feb/2026:09:48:52 -0500] "GET /wp-content/plugins/addons-for-elementor/assets/css/widgets/lae-widgets.min.css?ver=8.8 HTTP/1.0" 200 127560 "https://www.zenoxpressjobs.com/ctg/search/similarImageSearchResultView/?ctgItemCd=94188587" "Mozilla/5.0 (X11; Linux x86_64) AppleWebKit/537.36 (KHTML, like Gecko) Chrome/143.0.7499.192 Safari/537.36"
209.85.238.139 - - [05/Feb/2026:09:48:53 -0500] "GET /wp-admin/css/color-picker.min.css?ver=6.9.1 HTTP/1.0" 200 3063 "https://www.zenoxpressjobs.com/ctg/search/similarImageSearchResultView/?ctgItemCd=94188587" "Mozilla/5.0 (X11; Linux x86_64) AppleWebKit/537.36 (KHTML, like Gecko) Chrome/143.0.7499.192 Safari/537.36"
5.9.120.220 - - [05/Feb/2026:09:48:49 -0500] "GET /detail/513611350 HTTP/1.0" 404 157592 "-" "Mozilla/5.0 (compatible; SERankingBacklinksBot/1.0; +https://seranking.com/backlinks-crawler)"
209.85.238.140 - - [05/Feb/2026:09:48:53 -0500] "GET /wp-content/plugins/shopengine/modules/swatches/loop-product-support/assets/swatches.css?ver=1770302916 HTTP/1.0" 200 - "https://www.zenoxpressjobs.com/ctg/search/similarImageSearchResultView/?ctgItemCd=94188587" "Mozilla/5.0 (X11; Linux x86_64) AppleWebKit/537.36 (KHTML, like Gecko) Chrome/143.0.7499.192 Safari/537.36"
209.85.238.140 - - [05/Feb/2026:09:48:54 -0500] "GET /wp-content/uploads/elementor/css/post-1165.css?ver=1769709941 HTTP/1.0" 200 7136 "https://www.zenoxpressjobs.com/ctg/search/similarImageSearchResultView/?ctgItemCd=94188587" "Mozilla/5.0 (X11; Linux x86_64) AppleWebKit/537.36 (KHTML, like Gecko) Chrome/143.0.7499.192 Safari/537.36"
209.85.238.140 - - [05/Feb/2026:09:48:54 -0500] "GET /wp-content/plugins/elementor/assets/lib/eicons/css/elementor-icons.min.css?ver=5.34.0 HTTP/1.0" 200 21218 "https://www.zenoxpressjobs.com/ctg/search/similarImageSearchResultView/?ctgItemCd=94188587" "Mozilla/5.0 (X11; Linux x86_64) AppleWebKit/537.36 (KHTML, like Gecko) Chrome/143.0.7499.192 Safari/537.36"
209.85.238.140 - - [05/Feb/2026:09:48:55 -0500] "GET /wp-content/plugins/elementor/assets/css/widget-icon-list.min.css?ver=3.24.3 HTTP/1.0" 200 10310 "https://www.zenoxpressjobs.com/ctg/search/similarImageSearchResultView/?ctgItemCd=94188587" "Mozilla/5.0 (X11; Linux x86_64) AppleWebKit/537.36 (KHTML, like Gecko) Chrome/143.0.7499.192 Safari/537.36"
209.85.238.140 - - [05/Feb/2026:09:48:56 -0500] "GET /wp-content/plugins/shopengine/modules/swatches/assets/css/frontend.css?ver=4.8.0 HTTP/1.0" 200 4366 "https://www.zenoxpressjobs.com/ctg/search/similarImageSearchResultView/?ctgItemCd=94188587" "Mozilla/5.0 (X11; Linux x86_64) AppleWebKit/537.36 (KHTML, like Gecko) Chrome/143.0.7499.192 Safari/537.36"
209.85.238.140 - - [05/Feb/2026:09:48:56 -0500] "GET /wp-includes/css/dashicons.min.css?ver=6.9.1 HTTP/1.0" 200 59004 "https://www.zenoxpressjobs.com/ctg/search/similarImageSearchResultView/?ctgItemCd=94188587" "Mozilla/5.0 (X11; Linux x86_64) AppleWebKit/537.36 (KHTML, like Gecko) Chrome/143.0.7499.192 Safari/537.36"
209.85.238.140 - - [05/Feb/2026:09:48:57 -0500] "GET /wp-content/plugins/elementor/assets/css/widget-social-icons.min.css?ver=3.24.0 HTTP/1.0" 200 5150 "https://www.zenoxpressjobs.com/ctg/search/similarImageSearchResultView/?ctgItemCd=94188587" "Mozilla/5.0 (X11; Linux x86_64) AppleWebKit/537.36 (KHTML, like Gecko) Chrome/143.0.7499.192 Safari/537.36"
209.85.238.139 - - [05/Feb/2026:09:48:57 -0500] "GET /wp-content/plugins/essential-addons-for-elementor-lite/assets/front-end/css/view/general.min.css?ver=6.2.1 HTTP/1.0" 200 7418 "https://www.zenoxpressjobs.com/ctg/search/similarImageSearchResultView/?ctgItemCd=94188587" "Mozilla/5.0 (X11; Linux x86_64) AppleWebKit/537.36 (KHTML, like Gecko) Chrome/143.0.7499.192 Safari/537.36"
209.85.238.140 - - [05/Feb/2026:09:48:58 -0500] "GET /wp-content/uploads/elementor/google-fonts/css/roboto.css?ver=1752011100 HTTP/1.0" 200 105624 "https://www.zenoxpressjobs.com/ctg/search/similarImageSearchResultView/?ctgItemCd=94188587" "Mozilla/5.0 (X11; Linux x86_64) AppleWebKit/537.36 (KHTML, like Gecko) Chrome/143.0.7499.192 Safari/537.36"
209.85.238.140 - - [05/Feb/2026:09:48:59 -0500] "GET /wp-content/plugins/metform/public/assets/css/text-editor.css?ver=4.0.2 HTTP/1.0" 200 22474 "https://www.zenoxpressjobs.com/ctg/search/similarImageSearchResultView/?ctgItemCd=94188587" "Mozilla/5.0 (X11; Linux x86_64) AppleWebKit/537.36 (KHTML, like Gecko) Chrome/143.0.7499.192 Safari/537.36"
209.85.238.139 - - [05/Feb/2026:09:48:59 -0500] "GET /wp-content/plugins/elementor/assets/lib/font-awesome/css/fontawesome.min.css?ver=5.15.3 HTTP/1.0" 200 58071 "https://www.zenoxpressjobs.com/ctg/search/similarImageSearchResultView/?ctgItemCd=94188587" "Mozilla/5.0 (X11; Linux x86_64) AppleWebKit/537.36 (KHTML, like Gecko) Chrome/143.0.7499.192 Safari/537.36"
209.85.238.139 - - [05/Feb/2026:09:49:00 -0500] "GET /wp-content/plugins/elementskit-lite/widgets/init/assets/css/responsive.css?ver=3.5.5 HTTP/1.0" 200 30347 "https://www.zenoxpressjobs.com/ctg/search/similarImageSearchResultView/?ctgItemCd=94188587" "Mozilla/5.0 (X11; Linux x86_64) AppleWebKit/537.36 (KHTML, like Gecko) Chrome/143.0.7499.192 Safari/537.36"
209.85.238.139 - - [05/Feb/2026:09:49:00 -0500] "GET /wp-content/plugins/elementor/assets/lib/font-awesome/css/fontawesome.css?ver=5.15.3 HTTP/1.0" 200 72184 "https://www.zenoxpressjobs.com/ctg/search/similarImageSearchResultView/?ctgItemCd=94188587" "Mozilla/5.0 (X11; Linux x86_64) AppleWebKit/537.36 (KHTML, like Gecko) Chrome/143.0.7499.192 Safari/537.36"
209.85.238.139 - - [05/Feb/2026:09:49:01 -0500] "GET /wp-content/plugins/elementor/assets/lib/font-awesome/css/solid.css?ver=5.15.3 HTTP/1.0" 200 727 "https://www.zenoxpressjobs.com/ctg/search/similarImageSearchResultView/?ctgItemCd=94188587" "Mozilla/5.0 (X11; Linux x86_64) AppleWebKit/537.36 (KHTML, like Gecko) Chrome/143.0.7499.192 Safari/537.36"
209.85.238.139 - - [05/Feb/2026:09:49:02 -0500] "GET /wp-content/plugins/elementor/assets/css/frontend.min.css?ver=3.30.2 HTTP/1.0" 200 53422 "https://www.zenoxpressjobs.com/ctg/search/similarImageSearchResultView/?ctgItemCd=94188587" "Mozilla/5.0 (X11; Linux x86_64) AppleWebKit/537.36 (KHTML, like Gecko) Chrome/143.0.7499.192 Safari/537.36"
209.85.238.139 - - [05/Feb/2026:09:49:02 -0500] "GET /wp-content/plugins/elementor/assets/lib/font-awesome/css/v4-shims.min.css?ver=3.30.2 HTTP/1.0" 200 26702 "https://www.zenoxpressjobs.com/ctg/search/similarImageSearchResultView/?ctgItemCd=94188587" "Mozilla/5.0 (X11; Linux x86_64) AppleWebKit/537.36 (KHTML, like Gecko) Chrome/143.0.7499.192 Safari/537.36"
209.85.238.139 - - [05/Feb/2026:09:49:02 -0500] "GET /wp-content/plugins/elementor/assets/lib/font-awesome/css/brands.min.css?ver=5.15.3 HTTP/1.0" 200 675 "https://www.zenoxpressjobs.com/ctg/search/similarImageSearchResultView/?ctgItemCd=94188587" "Mozilla/5.0 (X11; Linux x86_64) AppleWebKit/537.36 (KHTML, like Gecko) Chrome/143.0.7499.192 Safari/537.36"
209.85.238.139 - - [05/Feb/2026:09:49:03 -0500] "GET /wp-includes/js/jquery/jquery-migrate.min.js?ver=3.4.1 HTTP/1.0" 200 13577 "https://www.zenoxpressjobs.com/ctg/search/similarImageSearchResultView/?ctgItemCd=94188587" "Mozilla/5.0 (X11; Linux x86_64) AppleWebKit/537.36 (KHTML, like Gecko) Chrome/143.0.7499.192 Safari/537.36"
209.85.238.139 - - [05/Feb/2026:09:49:03 -0500] "GET /wp-includes/js/jquery/jquery.min.js?ver=3.7.1 HTTP/1.0" 200 87553 "https://www.zenoxpressjobs.com/ctg/search/similarImageSearchResultView/?ctgItemCd=94188587" "Mozilla/5.0 (X11; Linux x86_64) AppleWebKit/537.36 (KHTML, like Gecko) Chrome/143.0.7499.192 Safari/537.36"
209.85.238.139 - - [05/Feb/2026:09:49:04 -0500] "GET /wp-content/uploads/elementor/google-fonts/css/robotoslab.css?ver=1752011101 HTTP/1.0" 200 24255 "https://www.zenoxpressjobs.com/ctg/search/similarImageSearchResultView/?ctgItemCd=94188587" "Mozilla/5.0 (X11; Linux x86_64) AppleWebKit/537.36 (KHTML, like Gecko) Chrome/143.0.7499.192 Safari/537.36"
209.85.238.139 - - [05/Feb/2026:09:49:04 -0500] "GET /wp-content/plugins/shopengine/modules/comparison/assets/css/comparison.css?ver=6.9.1 HTTP/1.0" 200 8648 "https://www.zenoxpressjobs.com/ctg/search/similarImageSearchResultView/?ctgItemCd=94188587" "Mozilla/5.0 (X11; Linux x86_64) AppleWebKit/537.36 (KHTML, like Gecko) Chrome/143.0.7499.192 Safari/537.36"
209.85.238.139 - - [05/Feb/2026:09:49:05 -0500] "GET /wp-content/plugins/shopengine/modules/quick-view/assets/js/script.js?ver=6.9.1 HTTP/1.0" 200 492 "https://www.zenoxpressjobs.com/ctg/search/similarImageSearchResultView/?ctgItemCd=94188587" "Mozilla/5.0 (X11; Linux x86_64) AppleWebKit/537.36 (KHTML, like Gecko) Chrome/143.0.7499.192 Safari/537.36"
209.85.238.139 - - [05/Feb/2026:09:49:05 -0500] "GET /wp-content/plugins/elementor/assets/css/widget-spacer.min.css?ver=3.30.2 HTTP/1.0" 200 1833 "https://www.zenoxpressjobs.com/ctg/search/similarImageSearchResultView/?ctgItemCd=94188587" "Mozilla/5.0 (X11; Linux x86_64) AppleWebKit/537.36 (KHTML, like Gecko) Chrome/143.0.7499.192 Safari/537.36"
209.85.238.139 - - [05/Feb/2026:09:49:06 -0500] "GET /wp-content/plugins/wp-social/assets/js/front-main.js?ver=3.1.2 HTTP/1.0" 200 2341 "https://www.zenoxpressjobs.com/ctg/search/similarImageSearchResultView/?ctgItemCd=94188587" "Mozilla/5.0 (X11; Linux x86_64) AppleWebKit/537.36 (KHTML, like Gecko) Chrome/143.0.7499.192 Safari/537.36"
209.85.238.139 - - [05/Feb/2026:09:49:06 -0500] "GET /wp-content/plugins/wp-ultimate-review/assets/public/css/content-page.css?ver=2.3.6 HTTP/1.0" 200 25507 "https://www.zenoxpressjobs.com/ctg/search/similarImageSearchResultView/?ctgItemCd=94188587" "Mozilla/5.0 (X11; Linux x86_64) AppleWebKit/537.36 (KHTML, like Gecko) Chrome/143.0.7499.192 Safari/537.36"
209.85.238.139 - - [05/Feb/2026:09:49:06 -0500] "GET /wp-content/plugins/elementor/assets/css/widget-heading.min.css?ver=3.30.2 HTTP/1.0" 200 600 "https://www.zenoxpressjobs.com/ctg/search/similarImageSearchResultView/?ctgItemCd=94188587" "Mozilla/5.0 (X11; Linux x86_64) AppleWebKit/537.36 (KHTML, like Gecko) Chrome/143.0.7499.192 Safari/537.36"
209.85.238.139 - - [05/Feb/2026:09:49:07 -0500] "GET /wp-content/plugins/wp-ultimate-review/assets/public/script/content-page.js?ver=2.3.6 HTTP/1.0" 200 3962 "https://www.zenoxpressjobs.com/ctg/search/similarImageSearchResultView/?ctgItemCd=94188587" "Mozilla/5.0 (X11; Linux x86_64) AppleWebKit/537.36 (KHTML, like Gecko) Chrome/143.0.7499.192 Safari/537.36"
209.85.238.139 - - [05/Feb/2026:09:49:07 -0500] "GET /wp-content/plugins/elementor/assets/css/widget-social-icons.min.css?ver=3.30.2 HTTP/1.0" 200 5150 "https://www.zenoxpressjobs.com/ctg/search/similarImageSearchResultView/?ctgItemCd=94188587" "Mozilla/5.0 (X11; Linux x86_64) AppleWebKit/537.36 (KHTML, like Gecko) Chrome/143.0.7499.192 Safari/537.36"
209.85.238.139 - - [05/Feb/2026:09:49:08 -0500] "GET /wp-content/plugins/elementor/assets/lib/font-awesome/js/v4-shims.min.js?ver=3.30.2 HTTP/1.0" 200 15073 "https://www.zenoxpressjobs.com/ctg/search/similarImageSearchResultView/?ctgItemCd=94188587" "Mozilla/5.0 (X11; Linux x86_64) AppleWebKit/537.36 (KHTML, like Gecko) Chrome/143.0.7499.192 Safari/537.36"
209.85.238.139 - - [05/Feb/2026:09:49:08 -0500] "GET /wp-content/plugins/shopengine/assets/js/shopengine-modal.js?ver=4.8.0 HTTP/1.0" 200 5439 "https://www.zenoxpressjobs.com/ctg/search/similarImageSearchResultView/?ctgItemCd=94188587" "Mozilla/5.0 (X11; Linux x86_64) AppleWebKit/537.36 (KHTML, like Gecko) Chrome/143.0.7499.192 Safari/537.36"
209.85.238.139 - - [05/Feb/2026:09:49:09 -0500] "GET /wp-content/plugins/elementor/assets/css/conditionals/apple-webkit.min.css?ver=3.30.2 HTTP/1.0" 200 7025 "https://www.zenoxpressjobs.com/ctg/search/similarImageSearchResultView/?ctgItemCd=94188587" "Mozilla/5.0 (X11; Linux x86_64) AppleWebKit/537.36 (KHTML, like Gecko) Chrome/143.0.7499.192 Safari/537.36"
209.85.238.139 - - [05/Feb/2026:09:49:09 -0500] "GET /wp-content/themes/astra/assets/js/minified/style.min.js?ver=4.11.7 HTTP/1.0" 200 13056 "https://www.zenoxpressjobs.com/ctg/search/similarImageSearchResultView/?ctgItemCd=94188587" "Mozilla/5.0 (X11; Linux x86_64) AppleWebKit/537.36 (KHTML, like Gecko) Chrome/143.0.7499.192 Safari/537.36"
209.85.238.139 - - [05/Feb/2026:09:49:09 -0500] "GET /wp-content/plugins/elementskit-lite/modules/elementskit-icon-pack/assets/css/ekiticons.css?ver=3.5.5 HTTP/1.0" 200 124992 "https://www.zenoxpressjobs.com/ctg/search/similarImageSearchResultView/?ctgItemCd=94188587" "Mozilla/5.0 (X11; Linux x86_64) AppleWebKit/537.36 (KHTML, like Gecko) Chrome/143.0.7499.192 Safari/537.36"
209.85.238.139 - - [05/Feb/2026:09:49:10 -0500] "GET /wp-content/plugins/shopengine/modules/wishlist/assets/js/wishlist.js?ver=6.9.1 HTTP/1.0" 200 1893 "https://www.zenoxpressjobs.com/ctg/search/similarImageSearchResultView/?ctgItemCd=94188587" "Mozilla/5.0 (X11; Linux x86_64) AppleWebKit/537.36 (KHTML, like Gecko) Chrome/143.0.7499.192 Safari/537.36"
209.85.238.139 - - [05/Feb/2026:09:49:11 -0500] "GET /wp-content/plugins/woocommerce/assets/css/photoswipe/default-skin/default-skin.min.css?ver=10.0.5 HTTP/1.0" 200 7947 "https://www.zenoxpressjobs.com/ctg/search/similarImageSearchResultView/?ctgItemCd=94188587" "Mozilla/5.0 (X11; Linux x86_64) AppleWebKit/537.36 (KHTML, like Gecko) Chrome/143.0.7499.192 Safari/537.36"
209.85.238.139 - - [05/Feb/2026:09:49:11 -0500] "GET /wp-content/plugins/elementskit-lite/widgets/init/assets/css/widget-styles.css?ver=3.5.5 HTTP/1.0" 200 461982 "https://www.zenoxpressjobs.com/ctg/search/similarImageSearchResultView/?ctgItemCd=94188587" "Mozilla/5.0 (X11; Linux x86_64) AppleWebKit/537.36 (KHTML, like Gecko) Chrome/143.0.7499.192 Safari/537.36"
209.85.238.139 - - [05/Feb/2026:09:49:11 -0500] "GET /wp-includes/js/dist/dom-ready.min.js?ver=f77871ff7694fffea381 HTTP/1.0" 200 457 "https://www.zenoxpressjobs.com/ctg/search/similarImageSearchResultView/?ctgItemCd=94188587" "Mozilla/5.0 (X11; Linux x86_64) AppleWebKit/537.36 (KHTML, like Gecko) Chrome/143.0.7499.192 Safari/537.36"
209.85.238.139 - - [05/Feb/2026:09:49:12 -0500] "GET /wp-content/plugins/wp-social/assets/js/social-front.js?ver=6.9.1 HTTP/1.0" 200 459 "https://www.zenoxpressjobs.com/ctg/search/similarImageSearchResultView/?ctgItemCd=94188587" "Mozilla/5.0 (X11; Linux x86_64) AppleWebKit/537.36 (KHTML, like Gecko) Chrome/143.0.7499.192 Safari/537.36"
209.85.238.139 - - [05/Feb/2026:09:49:12 -0500] "GET /wp-content/uploads/2020/08/imageedit_1_2370783157.png HTTP/1.0" 200 49784 "https://www.zenoxpressjobs.com/ctg/search/similarImageSearchResultView/?ctgItemCd=94188587" "Mozilla/5.0 (X11; Linux x86_64) AppleWebKit/537.36 (KHTML, like Gecko) Chrome/143.0.7499.192 Safari/537.36"
209.85.238.139 - - [05/Feb/2026:09:49:13 -0500] "GET /wp-content/plugins/addons-for-elementor/assets/css/lae-grid.css?ver=8.8 HTTP/1.0" 200 16662 "https://www.zenoxpressjobs.com/ctg/search/similarImageSearchResultView/?ctgItemCd=94188587" "Mozilla/5.0 (X11; Linux x86_64) AppleWebKit/537.36 (KHTML, like Gecko) Chrome/143.0.7499.192 Safari/537.36"
209.85.238.139 - - [05/Feb/2026:09:49:13 -0500] "GET /wp-content/plugins/shopengine/modules/wishlist/assets/css/wishlist.css?ver=4.8.0 HTTP/1.0" 200 2083 "https://www.zenoxpressjobs.com/ctg/search/similarImageSearchResultView/?ctgItemCd=94188587" "Mozilla/5.0 (X11; Linux x86_64) AppleWebKit/537.36 (KHTML, like Gecko) Chrome/143.0.7499.192 Safari/537.36"
209.85.238.139 - - [05/Feb/2026:09:49:14 -0500] "GET /wp-content/plugins/shopengine/assets/css/shopengine-modal.css?ver=4.8.0 HTTP/1.0" 200 3900 "https://www.zenoxpressjobs.com/ctg/search/similarImageSearchResultView/?ctgItemCd=94188587" "Mozilla/5.0 (X11; Linux x86_64) AppleWebKit/537.36 (KHTML, like Gecko) Chrome/143.0.7499.192 Safari/537.36"
209.85.238.139 - - [05/Feb/2026:09:49:15 -0500] "GET /wp-content/plugins/woocommerce/assets/css/photoswipe/photoswipe.min.css?ver=10.0.5 HTTP/1.0" 200 3287 "https://www.zenoxpressjobs.com/ctg/search/similarImageSearchResultView/?ctgItemCd=94188587" "Mozilla/5.0 (X11; Linux x86_64) AppleWebKit/537.36 (KHTML, like Gecko) Chrome/143.0.7499.192 Safari/537.36"
209.85.238.139 - - [05/Feb/2026:09:49:16 -0500] "GET /wp-content/plugins/elementor/assets/lib/font-awesome/css/brands.css?ver=5.15.3 HTTP/1.0" 200 732 "https://www.zenoxpressjobs.com/ctg/search/similarImageSearchResultView/?ctgItemCd=94188587" "Mozilla/5.0 (X11; Linux x86_64) AppleWebKit/537.36 (KHTML, like Gecko) Chrome/143.0.7499.192 Safari/537.36"
209.85.238.139 - - [05/Feb/2026:09:49:17 -0500] "GET /wp-content/plugins/astra-sites/inc/lib/onboarding/assets/dist/template-preview/main.js?ver=06758d4d807d9d22c6ea HTTP/1.0" 200 6581 "https://www.zenoxpressjobs.com/ctg/search/similarImageSearchResultView/?ctgItemCd=94188587" "Mozilla/5.0 (X11; Linux x86_64) AppleWebKit/537.36 (KHTML, like Gecko) Chrome/143.0.7499.192 Safari/537.36"
209.85.238.139 - - [05/Feb/2026:09:49:17 -0500] "GET /wp-content/plugins/metform/public/assets/lib/cute-alert/cute-alert.js?ver=4.0.2 HTTP/1.0" 200 3516 "https://www.zenoxpressjobs.com/ctg/search/similarImageSearchResultView/?ctgItemCd=94188587" "Mozilla/5.0 (X11; Linux x86_64) AppleWebKit/537.36 (KHTML, like Gecko) Chrome/143.0.7499.192 Safari/537.36"
209.85.238.139 - - [05/Feb/2026:09:49:18 -0500] "GET /wp-content/plugins/shopengine/assets/js/simple-scrollbar.js?ver=4.8.0 HTTP/1.0" 200 2919 "https://www.zenoxpressjobs.com/ctg/search/similarImageSearchResultView/?ctgItemCd=94188587" "Mozilla/5.0 (X11; Linux x86_64) AppleWebKit/537.36 (KHTML, like Gecko) Chrome/143.0.7499.192 Safari/537.36"
74.7.241.28 - - [05/Feb/2026:09:49:16 -0500] "GET /detail/156138608 HTTP/1.0" 404 157592 "https://zenoxpressjobs.com" "Mozilla/5.0 AppleWebKit/537.36 (KHTML, like Gecko; compatible; GPTBot/1.3; +https://openai.com/gptbot)"
209.85.238.139 - - [05/Feb/2026:09:49:19 -0500] "GET /wp-content/plugins/elementskit-lite/widgets/init/assets/js/widget-scripts.js?ver=3.5.5 HTTP/1.0" 200 137522 "https://www.zenoxpressjobs.com/ctg/search/similarImageSearchResultView/?ctgItemCd=94188587" "Mozilla/5.0 (X11; Linux x86_64) AppleWebKit/537.36 (KHTML, like Gecko) Chrome/143.0.7499.192 Safari/537.36"
