HEX
Server: Apache
System: Linux ecngx285.inmotionhosting.com 4.18.0-553.79.1.lve.el8.x86_64 #1 SMP Wed Oct 15 17:59:35 UTC 2025 x86_64
User: zeusxp5 (3862)
PHP: 8.3.28
Disabled: NONE
Upload Files
File: /home/zeusxp5/access-logs/zenoxpressparking.com.zeusxpressalongside.com
173.231.242.79 - - [04/Feb/2026:23:31:18 -0500] "POST /wp-cron.php?doing_wp_cron=1770265878.7427070140838623046875 HTTP/1.0" 200 - "-" "WordPress/6.9.1; https://www.zenoxpressparking.com"
57.141.0.19 - - [04/Feb/2026:23:31:15 -0500] "GET /?p=2889 HTTP/1.0" 301 - "-" "meta-externalagent/1.1 (+https://developers.facebook.com/docs/sharing/webmasters/crawler)"
173.231.242.79 - - [04/Feb/2026:23:33:53 -0500] "GET /.well-known/acme-challenge/KXHH8MEJGQJ0GB8SB66AE1RA9B37U3YS HTTP/1.0" 200 64 "-" "Cpanel-HTTP-Client/1.0"
173.231.242.79 - - [04/Feb/2026:23:33:53 -0500] "GET /.well-known/acme-challenge/R0Y7E-Z40GNTE89PPHU7Y2LQS2VCCFN5 HTTP/1.0" 200 64 "-" "Cpanel-HTTP-Client/1.0"
173.231.242.79 - - [04/Feb/2026:23:33:54 -0500] "GET /.well-known/acme-challenge/OOZ2L17S6W9PC42NK7LV4639ZD6W_RUG HTTP/1.0" 200 64 "-" "Cpanel-HTTP-Client/1.0"
173.231.242.79 - - [04/Feb/2026:23:39:48 -0500] "POST /wp-cron.php?doing_wp_cron=1770266388.2023479938507080078125 HTTP/1.0" 200 - "-" "WordPress/6.9.1; https://www.zenoxpressparking.com"
52.167.144.187 - - [04/Feb/2026:23:39:45 -0500] "GET /wp-sitemap-posts-page-1.xml HTTP/1.0" 200 4810 "-" "Mozilla/5.0 AppleWebKit/537.36 (KHTML, like Gecko; compatible; bingbot/2.0; +http://www.bing.com/bingbot.htm) Chrome/116.0.1938.76 Safari/537.36"
173.231.242.79 - - [04/Feb/2026:23:57:13 -0500] "POST /wp-cron.php?doing_wp_cron=1770267433.6007459163665771484375 HTTP/1.0" 200 - "-" "WordPress/6.9.1; https://www.zenoxpressparking.com"
23.248.167.87 - - [04/Feb/2026:23:57:09 -0500] "POST /wp-login.php HTTP/1.0" 200 7498 "-" "Mozilla/5.0"
173.231.242.79 - - [05/Feb/2026:00:09:49 -0500] "POST /wp-cron.php?doing_wp_cron=1770268189.0004239082336425781250 HTTP/1.0" 200 - "-" "WordPress/6.9.1; https://www.zenoxpressparking.com"
180.93.52.173 - - [05/Feb/2026:00:09:45 -0500] "POST /xmlrpc.php HTTP/1.0" 200 403 "-" "Mozilla/5.0 (Windows NT 10.0) AppleWebKit/537.36 (KHTML, like Gecko) Chrome/140.0.0.0 Safari/537.36"
173.231.242.79 - - [05/Feb/2026:00:30:15 -0500] "POST /wp-cron.php?doing_wp_cron=1770269415.5582458972930908203125 HTTP/1.0" 200 - "-" "WordPress/6.9.1; https://www.zenoxpressparking.com"
87.250.224.232 - - [05/Feb/2026:00:30:13 -0500] "GET /robots.txt HTTP/1.0" 200 275 "-" "Mozilla/5.0 (compatible; YandexBot/3.0; +http://yandex.com/bots)"
213.180.203.156 - - [05/Feb/2026:00:30:16 -0500] "GET / HTTP/1.0" 200 187569 "-" "Mozilla/5.0 (compatible; YandexBot/3.0; +http://yandex.com/bots)"
173.231.242.79 - - [05/Feb/2026:00:37:52 -0500] "POST /wp-cron.php?doing_wp_cron=1770269872.9158658981323242187500 HTTP/1.0" 200 - "-" "WordPress/6.9.1; https://www.zenoxpressparking.com"
52.167.144.147 - - [05/Feb/2026:00:37:51 -0500] "GET /wp-sitemap.xml HTTP/1.0" 200 992 "-" "Mozilla/5.0 AppleWebKit/537.36 (KHTML, like Gecko; compatible; bingbot/2.0; +http://www.bing.com/bingbot.htm) Chrome/116.0.1938.76 Safari/537.36"
173.231.242.79 - - [05/Feb/2026:00:50:59 -0500] "POST /wp-cron.php?doing_wp_cron=1770270659.2284650802612304687500 HTTP/1.0" 200 - "-" "WordPress/6.9.1; https://www.zenoxpressparking.com"
175.6.217.4 - - [05/Feb/2026:00:50:57 -0500] "GET / HTTP/1.0" 301 - "-" "Mozilla/5.0 (iPhone; CPU iPhone OS 13_2_3 like Mac OS X) AppleWebKit/605.1.15 (KHTML, like Gecko) Version/13.0.3 Mobile/15E148 Safari/604.1"
173.231.242.79 - - [05/Feb/2026:00:58:40 -0500] "POST /wp-cron.php?doing_wp_cron=1770271120.7338180541992187500000 HTTP/1.0" 200 - "-" "WordPress/6.9.1; https://www.zenoxpressparking.com"
43.157.62.101 - - [05/Feb/2026:00:58:39 -0500] "GET / HTTP/1.0" 301 - "-" "Mozilla/5.0 (iPhone; CPU iPhone OS 13_2_3 like Mac OS X) AppleWebKit/605.1.15 (KHTML, like Gecko) Version/13.0.3 Mobile/15E148 Safari/604.1"
173.231.242.79 - - [05/Feb/2026:01:05:27 -0500] "POST /wp-cron.php?doing_wp_cron=1770271527.7547819614410400390625 HTTP/1.0" 200 - "-" "WordPress/6.9.1; https://www.zenoxpressparking.com"
57.141.0.76 - - [05/Feb/2026:01:05:25 -0500] "GET /sony-pictures-classics-teams-up-with-tom-mccarthy-on-an-exciting-new-film/feed/ HTTP/1.0" 200 936 "-" "meta-externalagent/1.1 (+https://developers.facebook.com/docs/sharing/webmasters/crawler)"
173.231.242.79 - - [05/Feb/2026:01:23:09 -0500] "POST /wp-cron.php?doing_wp_cron=1770272588.8799679279327392578125 HTTP/1.0" 200 - "-" "WordPress/6.9.1; https://www.zenoxpressparking.com"
173.231.242.79 - - [05/Feb/2026:01:23:05 -0500] "GET / HTTP/1.0" 301 - "-" "python-requests/2.9.1"
173.231.242.79 - - [05/Feb/2026:01:36:11 -0500] "POST /wp-cron.php?doing_wp_cron=1770273371.7500729560852050781250 HTTP/1.0" 200 - "-" "WordPress/6.9.1; https://www.zenoxpressparking.com"
173.252.70.26 - - [05/Feb/2026:01:36:09 -0500] "GET /robots.txt HTTP/1.0" 200 275 "-" "facebookexternalhit/1.1 (+http://www.facebook.com/externalhit_uatext.php)"
173.231.242.79 - - [05/Feb/2026:01:43:43 -0500] "POST /wp-cron.php?doing_wp_cron=1770273823.6054980754852294921875 HTTP/1.0" 200 - "-" "WordPress/6.9.1; https://www.zenoxpressparking.com"
194.164.161.226 - - [05/Feb/2026:01:43:42 -0500] "GET / HTTP/1.0" 301 - "-" "multi-country-domains/1.0"
173.231.242.79 - - [05/Feb/2026:01:48:44 -0500] "POST /wp-cron.php?doing_wp_cron=1770274124.2814540863037109375000 HTTP/1.0" 200 - "-" "WordPress/6.9.1; https://www.zenoxpressparking.com"
173.231.242.79 - - [05/Feb/2026:01:48:44 -0500] "POST /wp-cron.php?doing_wp_cron=1770274124.2815420627593994140625 HTTP/1.0" 200 - "-" "WordPress/6.9.1; https://www.zenoxpressparking.com"
74.7.227.169 - - [05/Feb/2026:01:48:42 -0500] "GET / HTTP/1.0" 301 - "-" "Mozilla/5.0 AppleWebKit/537.36 (KHTML, like Gecko; compatible; GPTBot/1.3; +https://openai.com/gptbot)"
74.7.241.146 - - [05/Feb/2026:01:48:42 -0500] "GET /robots.txt HTTP/1.0" 200 275 "-" "Mozilla/5.0 (Macintosh; Intel Mac OS X 10_15_7) AppleWebKit/537.36 (KHTML, like Gecko) Chrome/131.0.0.0 Safari/537.36; compatible; OAI-SearchBot/1.3; robots.txt; +https://openai.com/searchbot"
74.7.242.11 - - [05/Feb/2026:01:48:50 -0500] "GET /wp-content/plugins/shopengine/modules/quick-view/assets/js/script.js?ver=6.9.1 HTTP/1.0" 200 492 "https://www.zenoxpressparking.com/" "Mozilla/5.0 AppleWebKit/537.36 (KHTML, like Gecko; compatible; GPTBot/1.3; +https://openai.com/gptbot)"
74.7.242.11 - - [05/Feb/2026:01:48:55 -0500] "GET /wp-content/plugins/shopengine/modules/swatches/loop-product-support/assets/swatches.css?ver=1770269417 HTTP/1.0" 200 - "https://www.zenoxpressparking.com/" "Mozilla/5.0 AppleWebKit/537.36 (KHTML, like Gecko; compatible; GPTBot/1.3; +https://openai.com/gptbot)"
74.7.242.11 - - [05/Feb/2026:01:48:59 -0500] "GET /wp-includes/js/wp-emoji-release.min.js?ver=6.9.1 HTTP/1.0" 200 22762 "https://www.zenoxpressparking.com/" "Mozilla/5.0 AppleWebKit/537.36 (KHTML, like Gecko; compatible; GPTBot/1.3; +https://openai.com/gptbot)"
74.7.242.11 - - [05/Feb/2026:01:49:00 -0500] "GET /wp-content/plugins/elementor/assets/css/widget-video.min.css?ver=3.34.1 HTTP/1.0" 429 17 "https://www.zenoxpressparking.com/" "Mozilla/5.0 AppleWebKit/537.36 (KHTML, like Gecko; compatible; GPTBot/1.3; +https://openai.com/gptbot)"
74.7.242.11 - - [05/Feb/2026:01:49:02 -0500] "GET /wp-includes/js/wp-util.min.js?ver=6.9.1 HTTP/1.0" 429 17 "https://www.zenoxpressparking.com/" "Mozilla/5.0 AppleWebKit/537.36 (KHTML, like Gecko; compatible; GPTBot/1.3; +https://openai.com/gptbot)"
74.7.242.11 - - [05/Feb/2026:01:49:32 -0500] "GET /wp-content/plugins/shopengine/modules/wishlist/assets/js/wishlist.js?ver=6.9.1 HTTP/1.0" 200 1893 "https://www.zenoxpressparking.com/" "Mozilla/5.0 AppleWebKit/537.36 (KHTML, like Gecko; compatible; GPTBot/1.3; +https://openai.com/gptbot)"
173.231.242.79 - - [05/Feb/2026:01:49:55 -0500] "POST /wp-cron.php?doing_wp_cron=1770274195.5014839172363281250000 HTTP/1.0" 200 - "-" "WordPress/6.9.1; https://www.zenoxpressparking.com"
74.7.242.11 - - [05/Feb/2026:01:49:54 -0500] "GET /wp-content/plugins/shopengine/modules/quick-view/assets/js/'+c+' HTTP/1.0" 301 - "https://www.zenoxpressparking.com/wp-content/plugins/shopengine/modules/quick-view/assets/js/script.js?ver=6.9.1" "Mozilla/5.0 AppleWebKit/537.36 (KHTML, like Gecko; compatible; GPTBot/1.3; +https://openai.com/gptbot)"
74.7.242.11 - - [05/Feb/2026:01:49:55 -0500] "GET /wp-content/plugins/shopengine/modules/quick-view/assets/js/+c+ HTTP/1.0" 429 17 "https://www.zenoxpressparking.com/wp-content/plugins/shopengine/modules/quick-view/assets/js/'+c+'" "Mozilla/5.0 AppleWebKit/537.36 (KHTML, like Gecko; compatible; GPTBot/1.3; +https://openai.com/gptbot)"
74.7.242.11 - - [05/Feb/2026:01:50:03 -0500] "GET /wp-content/plugins/shopengine/modules/comparison/assets/css/comparison.css?ver=6.9.1 HTTP/1.0" 200 8648 "https://www.zenoxpressparking.com/" "Mozilla/5.0 AppleWebKit/537.36 (KHTML, like Gecko; compatible; GPTBot/1.3; +https://openai.com/gptbot)"
74.7.242.11 - - [05/Feb/2026:01:50:29 -0500] "GET /wp-includes/js/',b,' HTTP/1.0" 301 - "https://www.zenoxpressparking.com/wp-includes/js/wp-emoji-release.min.js?ver=6.9.1" "Mozilla/5.0 AppleWebKit/537.36 (KHTML, like Gecko; compatible; GPTBot/1.3; +https://openai.com/gptbot)"
74.7.242.11 - - [05/Feb/2026:01:50:30 -0500] "GET /wp-includes/js/,b, HTTP/1.0" 429 17 "https://www.zenoxpressparking.com/wp-includes/js/',b,'" "Mozilla/5.0 AppleWebKit/537.36 (KHTML, like Gecko; compatible; GPTBot/1.3; +https://openai.com/gptbot)"
173.231.242.79 - - [05/Feb/2026:02:03:02 -0500] "POST /wp-cron.php?doing_wp_cron=1770274982.3866019248962402343750 HTTP/1.0" 200 - "-" "WordPress/6.9.1; https://www.zenoxpressparking.com"
52.167.144.192 - - [05/Feb/2026:02:03:00 -0500] "GET /wp-sitemap.xml HTTP/1.0" 200 992 "-" "Mozilla/5.0 AppleWebKit/537.36 (KHTML, like Gecko; compatible; bingbot/2.0; +http://www.bing.com/bingbot.htm) Chrome/116.0.1938.76 Safari/537.36"
173.231.242.79 - - [05/Feb/2026:02:12:08 -0500] "POST /wp-cron.php?doing_wp_cron=1770275528.8662950992584228515625 HTTP/1.0" 200 - "-" "WordPress/6.9.1; https://www.zenoxpressparking.com"
23.248.167.87 - - [05/Feb/2026:02:12:06 -0500] "GET /wp-login.php HTTP/1.0" 302 - "-" "Mozilla/5.0"
23.248.167.87 - - [05/Feb/2026:02:12:10 -0500] "GET /wp-login.php HTTP/1.0" 200 7117 "-" "Mozilla/5.0"
23.248.167.87 - - [05/Feb/2026:02:12:10 -0500] "GET /?author=1 HTTP/1.0" 301 - "-" "Mozilla/5.0"
23.248.167.87 - - [05/Feb/2026:02:12:13 -0500] "GET /?author=2 HTTP/1.0" 301 - "-" "Mozilla/5.0"
173.231.242.79 - - [05/Feb/2026:02:13:02 -0500] "POST /wp-cron.php?doing_wp_cron=1770275582.4989140033721923828125 HTTP/1.0" 200 - "-" "WordPress/6.9.1; https://www.zenoxpressparking.com"
57.141.0.52 - - [05/Feb/2026:02:13:00 -0500] "GET /wp-json/wp/v2/posts/2889 HTTP/1.0" 200 5573 "-" "meta-externalagent/1.1 (+https://developers.facebook.com/docs/sharing/webmasters/crawler)"
172.93.50.238 - - [05/Feb/2026:02:33:12 -0500] "GET /wp-json/wc/store/cart HTTP/1.0" 200 1013 "-" "Go-http-client/1.1"
173.231.242.79 - - [05/Feb/2026:02:33:15 -0500] "POST /wp-cron.php?doing_wp_cron=1770276795.1236660480499267578125 HTTP/1.0" 200 - "-" "WordPress/6.9.1; https://www.zenoxpressparking.com"
173.231.242.79 - - [05/Feb/2026:02:33:25 -0500] "GET /.well-known/acme-challenge/UPIQA4T--6YMODSC9B9KNQ_CYZSH71KF HTTP/1.0" 200 64 "-" "Cpanel-HTTP-Client/1.0"
173.231.242.79 - - [05/Feb/2026:02:33:27 -0500] "GET /.well-known/acme-challenge/XR7NWU-WBI798RH8SC9Y3M-EQVB_YP0P HTTP/1.0" 200 64 "-" "Cpanel-HTTP-Client/1.0"
173.231.242.79 - - [05/Feb/2026:02:33:27 -0500] "GET /.well-known/acme-challenge/I5F2XGQLP86IHH-ZC-Q4B3F8M9KLBHZA HTTP/1.0" 200 64 "-" "Cpanel-HTTP-Client/1.0"
173.231.242.79 - - [05/Feb/2026:02:53:47 -0500] "POST /wp-cron.php?doing_wp_cron=1770278027.3990199565887451171875 HTTP/1.0" 200 - "-" "WordPress/6.9.1; https://www.zenoxpressparking.com"
5.39.109.177 - - [05/Feb/2026:02:53:45 -0500] "GET /wp-sitemap-posts-post-1.xml HTTP/1.0" 200 903 "-" "Mozilla/5.0 (compatible; AhrefsBot/7.0; +http://ahrefs.com/robot/)"
173.231.242.79 - - [05/Feb/2026:02:53:51 -0500] "POST /wp-cron.php?doing_wp_cron=1770278031.2270970344543457031250 HTTP/1.0" 200 - "-" "WordPress/6.9.1; https://www.zenoxpressparking.com"
92.222.104.213 - - [05/Feb/2026:02:53:50 -0500] "GET /wp-sitemap-posts-page-1.xml HTTP/1.0" 200 4810 "-" "Mozilla/5.0 (compatible; AhrefsBot/7.0; +http://ahrefs.com/robot/)"
176.31.139.25 - - [05/Feb/2026:02:53:54 -0500] "GET /wp-sitemap-posts-elementskit_template-1.xml HTTP/1.0" 200 329 "-" "Mozilla/5.0 (compatible; AhrefsBot/7.0; +http://ahrefs.com/robot/)"
92.222.108.110 - - [05/Feb/2026:02:53:58 -0500] "GET /wp-sitemap-posts-product-1.xml HTTP/1.0" 200 4098 "-" "Mozilla/5.0 (compatible; AhrefsBot/7.0; +http://ahrefs.com/robot/)"
51.68.247.222 - - [05/Feb/2026:02:54:02 -0500] "GET /wp-sitemap-posts-cartflows_step-1.xml HTTP/1.0" 200 430 "-" "Mozilla/5.0 (compatible; AhrefsBot/7.0; +http://ahrefs.com/robot/)"
176.31.139.0 - - [05/Feb/2026:02:54:06 -0500] "GET /wp-sitemap-taxonomies-category-1.xml HTTP/1.0" 200 270 "-" "Mozilla/5.0 (compatible; AhrefsBot/7.0; +http://ahrefs.com/robot/)"
92.222.104.195 - - [05/Feb/2026:02:54:09 -0500] "GET /wp-sitemap-taxonomies-product_cat-1.xml HTTP/1.0" 200 442 "-" "Mozilla/5.0 (compatible; AhrefsBot/7.0; +http://ahrefs.com/robot/)"
5.39.1.227 - - [05/Feb/2026:02:54:13 -0500] "GET /wp-sitemap-users-1.xml HTTP/1.0" 200 357 "-" "Mozilla/5.0 (compatible; AhrefsBot/7.0; +http://ahrefs.com/robot/)"
173.231.242.79 - - [05/Feb/2026:03:14:26 -0500] "POST /wp-cron.php?doing_wp_cron=1770279266.5630049705505371093750 HTTP/1.0" 200 - "-" "WordPress/6.9.1; https://www.zenoxpressparking.com"
180.153.236.100 - - [05/Feb/2026:03:14:22 -0500] "GET / HTTP/1.0" 301 - "http://www.zenoxpressparking.com/" "User-Agent:Mozilla/5.0 (Windows NT 10.0; Win64; x64) AppleWebKit/537.36 (KHTML, like Gecko) Chrome/140.0.0.0 Safari/537.36 Edg/140.0.0.0; 360Spider"
180.153.236.25 - - [05/Feb/2026:03:14:28 -0500] "GET / HTTP/1.0" 200 187569 "https://www.zenoxpressparking.com/" "User-Agent:Mozilla/5.0 (Windows NT 10.0; Win64; x64) AppleWebKit/537.36 (KHTML, like Gecko) Chrome/140.0.0.0 Safari/537.36 Edg/140.0.0.0; 360Spider"
173.231.242.79 - - [05/Feb/2026:03:24:37 -0500] "POST /wp-cron.php?doing_wp_cron=1770279877.6606259346008300781250 HTTP/1.0" 200 - "-" "WordPress/6.9.1; https://www.zenoxpressparking.com"
160.250.76.27 - - [05/Feb/2026:03:24:35 -0500] "POST /xmlrpc.php HTTP/1.0" 200 403 "-" "Mozilla/5.0 (Windows NT 10.0; rv:143.0) Gecko/20100101 Firefox/143.0"
173.231.242.79 - - [05/Feb/2026:03:33:43 -0500] "POST /wp-cron.php?doing_wp_cron=1770280423.7309300899505615234375 HTTP/1.0" 200 - "-" "WordPress/6.9.1; https://www.zenoxpressparking.com"
178.33.162.49 - - [05/Feb/2026:03:33:41 -0500] "POST /xmlrpc.php HTTP/1.0" 200 403 "-" "Mozilla/5.0 (Windows NT 10.0; Win64; x64; rv:143.0) Gecko/20100101 Firefox/143.0"
173.231.242.79 - - [05/Feb/2026:03:38:36 -0500] "POST /wp-cron.php?doing_wp_cron=1770280716.5472800731658935546875 HTTP/1.0" 200 - "-" "WordPress/6.9.1; https://www.zenoxpressparking.com"
66.249.73.161 - - [05/Feb/2026:03:38:34 -0500] "GET /?products/12845193 HTTP/1.0" 301 - "-" "Mozilla/5.0 (Linux; Android 6.0.1; Nexus 5X Build/MMB29P) AppleWebKit/537.36 (KHTML, like Gecko) Chrome/144.0.7559.109 Mobile Safari/537.36 (compatible; Googlebot/2.1; +http://www.google.com/bot.html)"
66.249.73.161 - - [05/Feb/2026:03:38:43 -0500] "GET /?products%2F12845193 HTTP/1.0" 200 187580 "-" "Mozilla/5.0 (Linux; Android 6.0.1; Nexus 5X Build/MMB29P) AppleWebKit/537.36 (KHTML, like Gecko) Chrome/144.0.7559.109 Mobile Safari/537.36 (compatible; Googlebot/2.1; +http://www.google.com/bot.html)"
66.249.73.161 - - [05/Feb/2026:03:38:45 -0500] "GET /?products/24645204 HTTP/1.0" 301 - "-" "Mozilla/5.0 (Linux; Android 6.0.1; Nexus 5X Build/MMB29P) AppleWebKit/537.36 (KHTML, like Gecko) Chrome/144.0.7559.109 Mobile Safari/537.36 (compatible; Googlebot/2.1; +http://www.google.com/bot.html)"
66.249.73.161 - - [05/Feb/2026:03:38:52 -0500] "GET /wp-content/plugins/shopengine/modules/swatches/loop-product-support/assets/swatches.js?ver=1515155 HTTP/1.0" 200 513 "https://www.zenoxpressparking.com/?products%2F12845193" "Mozilla/5.0 (Linux; Android 6.0.1; Nexus 5X Build/MMB29P) AppleWebKit/537.36 (KHTML, like Gecko) Chrome/143.0.7499.192 Mobile Safari/537.36 (compatible; Googlebot/2.1; +http://www.google.com/bot.html)"
173.231.242.79 - - [05/Feb/2026:03:38:54 -0500] "POST /wp-cron.php?doing_wp_cron=1770280734.7583560943603515625000 HTTP/1.0" 200 - "-" "WordPress/6.9.1; https://www.zenoxpressparking.com"
66.249.73.161 - - [05/Feb/2026:03:38:54 -0500] "GET /?products%2F24645204 HTTP/1.0" 200 187580 "-" "Mozilla/5.0 (Linux; Android 6.0.1; Nexus 5X Build/MMB29P) AppleWebKit/537.36 (KHTML, like Gecko) Chrome/144.0.7559.109 Mobile Safari/537.36 (compatible; Googlebot/2.1; +http://www.google.com/bot.html)"
66.249.73.162 - - [05/Feb/2026:03:39:09 -0500] "POST /?wc-ajax=get_refreshed_fragments HTTP/1.0" 200 1576 "https://www.zenoxpressparking.com/?products%2F24645204" "Mozilla/5.0 (Linux; Android 6.0.1; Nexus 5X Build/MMB29P) AppleWebKit/537.36 (KHTML, like Gecko) Chrome/143.0.7499.192 Mobile Safari/537.36 (compatible; Googlebot/2.1; +http://www.google.com/bot.html)"
173.231.242.79 - - [05/Feb/2026:03:54:48 -0500] "POST /wp-cron.php?doing_wp_cron=1770281688.3953990936279296875000 HTTP/1.0" 200 - "-" "WordPress/6.9.1; https://www.zenoxpressparking.com"
40.77.167.42 - - [05/Feb/2026:03:54:46 -0500] "GET /?products/27843259 HTTP/1.0" 301 - "-" "Mozilla/5.0 AppleWebKit/537.36 (KHTML, like Gecko; compatible; bingbot/2.0; +http://www.bing.com/bingbot.htm) Chrome/116.0.1938.76 Safari/537.36"
173.231.242.79 - - [05/Feb/2026:04:05:08 -0500] "POST /wp-cron.php?doing_wp_cron=1770282308.3152871131896972656250 HTTP/1.0" 200 - "-" "WordPress/6.9.1; https://www.zenoxpressparking.com"
66.249.73.162 - - [05/Feb/2026:04:05:03 -0500] "GET /?products/24645204 HTTP/1.0" 301 - "-" "Mozilla/5.0 (Linux; Android 6.0.1; Nexus 5X Build/MMB29P) AppleWebKit/537.36 (KHTML, like Gecko) Chrome/144.0.7559.109 Mobile Safari/537.36 (compatible; GoogleOther)"
173.231.242.79 - - [05/Feb/2026:04:06:26 -0500] "POST /wp-cron.php?doing_wp_cron=1770282386.3909339904785156250000 HTTP/1.0" 200 - "-" "WordPress/6.9.1; https://www.zenoxpressparking.com"
66.249.73.163 - - [05/Feb/2026:04:06:24 -0500] "POST /?wc-ajax=get_refreshed_fragments HTTP/1.0" 200 1576 "https://www.zenoxpressparking.com/?products%2F24645204" "Mozilla/5.0 (Linux; Android 6.0.1; Nexus 5X Build/MMB29P) AppleWebKit/537.36 (KHTML, like Gecko) Chrome/143.0.7499.192 Mobile Safari/537.36 (compatible; Googlebot/2.1; +http://www.google.com/bot.html)"
66.249.73.161 - - [05/Feb/2026:04:06:37 -0500] "GET /wp-content/plugins/elementor/assets/js/shared-frontend-handlers.03caa53373b56d3bab67.bundle.min.js HTTP/1.0" 200 8481 "https://www.zenoxpressparking.com/?products%2F24645204" "Mozilla/5.0 (Linux; Android 6.0.1; Nexus 5X Build/MMB29P) AppleWebKit/537.36 (KHTML, like Gecko) Chrome/143.0.7499.192 Mobile Safari/537.36 (compatible; Googlebot/2.1; +http://www.google.com/bot.html)"
173.231.242.79 - - [05/Feb/2026:04:54:12 -0500] "POST /wp-cron.php?doing_wp_cron=1770285251.9904680252075195312500 HTTP/1.0" 200 - "-" "WordPress/6.9.1; https://www.zenoxpressparking.com"
43.153.67.21 - - [05/Feb/2026:04:54:09 -0500] "GET / HTTP/1.0" 301 - "-" "Mozilla/5.0 (iPhone; CPU iPhone OS 13_2_3 like Mac OS X) AppleWebKit/605.1.15 (KHTML, like Gecko) Version/13.0.3 Mobile/15E148 Safari/604.1"
43.153.67.21 - - [05/Feb/2026:04:54:13 -0500] "GET / HTTP/1.0" 200 187580 "http://www.zenoxpressparking.com" "Mozilla/5.0 (iPhone; CPU iPhone OS 13_2_3 like Mac OS X) AppleWebKit/605.1.15 (KHTML, like Gecko) Version/13.0.3 Mobile/15E148 Safari/604.1"
173.231.242.79 - - [05/Feb/2026:04:58:25 -0500] "POST /wp-cron.php?doing_wp_cron=1770285505.6632781028747558593750 HTTP/1.0" 200 - "-" "WordPress/6.9.1; https://www.zenoxpressparking.com"
40.77.167.152 - - [05/Feb/2026:04:58:24 -0500] "GET /?products/28893671 HTTP/1.0" 301 - "-" "Mozilla/5.0 AppleWebKit/537.36 (KHTML, like Gecko; compatible; bingbot/2.0; +http://www.bing.com/bingbot.htm) Chrome/116.0.1938.76 Safari/537.36"
173.231.242.79 - - [05/Feb/2026:05:05:15 -0500] "POST /wp-cron.php?doing_wp_cron=1770285915.5002110004425048828125 HTTP/1.0" 200 - "-" "WordPress/6.9.1; https://www.zenoxpressparking.com"
23.248.167.87 - - [05/Feb/2026:05:05:13 -0500] "POST /wp-login.php HTTP/1.0" 200 7498 "-" "Mozilla/5.0"
173.231.242.79 - - [05/Feb/2026:05:10:08 -0500] "POST /wp-cron.php?doing_wp_cron=1770286208.8862659931182861328125 HTTP/1.0" 200 - "-" "WordPress/6.9.1; https://www.zenoxpressparking.com"
66.249.73.161 - - [05/Feb/2026:05:10:04 -0500] "GET /?products/23259971 HTTP/1.0" 301 - "-" "Mozilla/5.0 (Linux; Android 6.0.1; Nexus 5X Build/MMB29P) AppleWebKit/537.36 (KHTML, like Gecko) Chrome/144.0.7559.109 Mobile Safari/537.36 (compatible; Googlebot/2.1; +http://www.google.com/bot.html)"
66.249.73.162 - - [05/Feb/2026:05:10:09 -0500] "GET /?products%2F23259971 HTTP/1.0" 200 187580 "-" "Mozilla/5.0 (Linux; Android 6.0.1; Nexus 5X Build/MMB29P) AppleWebKit/537.36 (KHTML, like Gecko) Chrome/144.0.7559.109 Mobile Safari/537.36 (compatible; Googlebot/2.1; +http://www.google.com/bot.html)"
173.231.242.79 - - [05/Feb/2026:05:48:54 -0500] "POST /wp-cron.php?doing_wp_cron=1770288534.3020069599151611328125 HTTP/1.0" 200 - "-" "WordPress/6.9.1; https://www.zenoxpressparking.com"
66.249.73.163 - - [05/Feb/2026:05:48:51 -0500] "GET /?products/15845171 HTTP/1.0" 301 - "-" "Mozilla/5.0 (Linux; Android 6.0.1; Nexus 5X Build/MMB29P) AppleWebKit/537.36 (KHTML, like Gecko) Chrome/144.0.7559.109 Mobile Safari/537.36 (compatible; Googlebot/2.1; +http://www.google.com/bot.html)"
66.249.73.162 - - [05/Feb/2026:05:49:32 -0500] "GET /?products%2F15845171 HTTP/1.0" 200 187580 "-" "Mozilla/5.0 (Linux; Android 6.0.1; Nexus 5X Build/MMB29P) AppleWebKit/537.36 (KHTML, like Gecko) Chrome/144.0.7559.109 Mobile Safari/537.36 (compatible; Googlebot/2.1; +http://www.google.com/bot.html)"
173.231.242.79 - - [05/Feb/2026:06:10:32 -0500] "POST /wp-cron.php?doing_wp_cron=1770289832.2071790695190429687500 HTTP/1.0" 200 - "-" "WordPress/6.9.1; https://www.zenoxpressparking.com"
66.249.73.163 - - [05/Feb/2026:06:10:29 -0500] "GET /?products/31117971 HTTP/1.0" 301 - "-" "Mozilla/5.0 (Linux; Android 6.0.1; Nexus 5X Build/MMB29P) AppleWebKit/537.36 (KHTML, like Gecko) Chrome/144.0.7559.109 Mobile Safari/537.36 (compatible; Googlebot/2.1; +http://www.google.com/bot.html)"
66.249.73.161 - - [05/Feb/2026:06:10:32 -0500] "GET /?products%2F31117971 HTTP/1.0" 200 187580 "-" "Mozilla/5.0 (Linux; Android 6.0.1; Nexus 5X Build/MMB29P) AppleWebKit/537.36 (KHTML, like Gecko) Chrome/144.0.7559.109 Mobile Safari/537.36 (compatible; Googlebot/2.1; +http://www.google.com/bot.html)"
66.249.73.161 - - [05/Feb/2026:06:10:36 -0500] "GET /wp-content/plugins/elementor/assets/lib/font-awesome/css/fontawesome.min.css?ver=5.15.3 HTTP/1.0" 200 58071 "https://www.zenoxpressparking.com/?products%2F31117971" "Mozilla/5.0 (Linux; Android 6.0.1; Nexus 5X Build/MMB29P) AppleWebKit/537.36 (KHTML, like Gecko) Chrome/143.0.7499.192 Mobile Safari/537.36 (compatible; Googlebot/2.1; +http://www.google.com/bot.html)"
66.249.73.161 - - [05/Feb/2026:06:10:37 -0500] "GET /wp-content/plugins/woocommerce/assets/js/frontend/cart-fragments.min.js?ver=10.0.5 HTTP/1.0" 200 2939 "https://www.zenoxpressparking.com/?products%2F31117971" "Mozilla/5.0 (Linux; Android 6.0.1; Nexus 5X Build/MMB29P) AppleWebKit/537.36 (KHTML, like Gecko) Chrome/143.0.7499.192 Mobile Safari/537.36 (compatible; Googlebot/2.1; +http://www.google.com/bot.html)"
173.231.242.79 - - [05/Feb/2026:06:11:45 -0500] "POST /wp-cron.php?doing_wp_cron=1770289904.9764010906219482421875 HTTP/1.0" 200 - "-" "WordPress/6.9.1; https://www.zenoxpressparking.com"
66.249.73.161 - - [05/Feb/2026:06:11:39 -0500] "GET /?products/19255760 HTTP/1.0" 301 - "-" "Mozilla/5.0 (Linux; Android 6.0.1; Nexus 5X Build/MMB29P) AppleWebKit/537.36 (KHTML, like Gecko) Chrome/144.0.7559.109 Mobile Safari/537.36 (compatible; Googlebot/2.1; +http://www.google.com/bot.html)"
66.249.73.162 - - [05/Feb/2026:06:11:45 -0500] "GET /?products%2F19255760 HTTP/1.0" 200 187580 "-" "Mozilla/5.0 (Linux; Android 6.0.1; Nexus 5X Build/MMB29P) AppleWebKit/537.36 (KHTML, like Gecko) Chrome/144.0.7559.109 Mobile Safari/537.36 (compatible; Googlebot/2.1; +http://www.google.com/bot.html)"
173.231.242.79 - - [05/Feb/2026:06:13:22 -0500] "POST /wp-cron.php?doing_wp_cron=1770290002.8347001075744628906250 HTTP/1.0" 200 - "-" "WordPress/6.9.1; https://www.zenoxpressparking.com"
66.249.73.162 - - [05/Feb/2026:06:13:20 -0500] "GET /?products/14295337 HTTP/1.0" 301 - "-" "Mozilla/5.0 (Linux; Android 6.0.1; Nexus 5X Build/MMB29P) AppleWebKit/537.36 (KHTML, like Gecko) Chrome/144.0.7559.109 Mobile Safari/537.36 (compatible; Googlebot/2.1; +http://www.google.com/bot.html)"
66.249.73.163 - - [05/Feb/2026:06:13:23 -0500] "GET /?products%2F14295337 HTTP/1.0" 200 187580 "-" "Mozilla/5.0 (Linux; Android 6.0.1; Nexus 5X Build/MMB29P) AppleWebKit/537.36 (KHTML, like Gecko) Chrome/144.0.7559.109 Mobile Safari/537.36 (compatible; Googlebot/2.1; +http://www.google.com/bot.html)"
66.249.73.162 - - [05/Feb/2026:06:13:27 -0500] "GET /wp-content/plugins/elementor/assets/css/frontend.min.css?ver=3.34.1 HTTP/1.0" 200 54564 "https://www.zenoxpressparking.com/?products%2F14295337" "Mozilla/5.0 (Linux; Android 6.0.1; Nexus 5X Build/MMB29P) AppleWebKit/537.36 (KHTML, like Gecko) Chrome/143.0.7499.192 Mobile Safari/537.36 (compatible; Googlebot/2.1; +http://www.google.com/bot.html)"
66.249.73.162 - - [05/Feb/2026:06:13:27 -0500] "GET /wp-content/plugins/shopengine/modules/comparison/assets/js/comparison.js?ver=4.8.0 HTTP/1.0" 200 5123 "https://www.zenoxpressparking.com/?products%2F14295337" "Mozilla/5.0 (Linux; Android 6.0.1; Nexus 5X Build/MMB29P) AppleWebKit/537.36 (KHTML, like Gecko) Chrome/143.0.7499.192 Mobile Safari/537.36 (compatible; Googlebot/2.1; +http://www.google.com/bot.html)"
66.249.73.162 - - [05/Feb/2026:06:13:27 -0500] "POST /?wc-ajax=get_refreshed_fragments HTTP/1.0" 200 1576 "https://www.zenoxpressparking.com/?products%2F14295337" "Mozilla/5.0 (Linux; Android 6.0.1; Nexus 5X Build/MMB29P) AppleWebKit/537.36 (KHTML, like Gecko) Chrome/143.0.7499.192 Mobile Safari/537.36 (compatible; Googlebot/2.1; +http://www.google.com/bot.html)"
173.231.242.79 - - [05/Feb/2026:06:15:15 -0500] "POST /wp-cron.php?doing_wp_cron=1770290115.6839718818664550781250 HTTP/1.0" 200 - "-" "WordPress/6.9.1; https://www.zenoxpressparking.com"
66.249.73.163 - - [05/Feb/2026:06:15:12 -0500] "GET /?products/26398104 HTTP/1.0" 301 - "-" "Mozilla/5.0 (Linux; Android 6.0.1; Nexus 5X Build/MMB29P) AppleWebKit/537.36 (KHTML, like Gecko) Chrome/144.0.7559.109 Mobile Safari/537.36 (compatible; Googlebot/2.1; +http://www.google.com/bot.html)"
66.249.73.161 - - [05/Feb/2026:06:15:15 -0500] "GET /?products%2F26398104 HTTP/1.0" 200 187580 "-" "Mozilla/5.0 (Linux; Android 6.0.1; Nexus 5X Build/MMB29P) AppleWebKit/537.36 (KHTML, like Gecko) Chrome/144.0.7559.109 Mobile Safari/537.36 (compatible; Googlebot/2.1; +http://www.google.com/bot.html)"
74.7.228.59 - - [05/Feb/2026:06:17:03 -0500] "GET /robots.txt HTTP/1.0" 301 - "-" "Mozilla/5.0 (Macintosh; Intel Mac OS X 10_15_7) AppleWebKit/537.36 (KHTML, like Gecko) Chrome/131.0.0.0 Safari/537.36; compatible; OAI-SearchBot/1.3; robots.txt; +https://openai.com/searchbot"
173.231.242.79 - - [05/Feb/2026:06:17:06 -0500] "POST /wp-cron.php?doing_wp_cron=1770290226.7436680793762207031250 HTTP/1.0" 200 - "-" "WordPress/6.9.1; https://www.zenoxpressparking.com"
74.7.227.184 - - [05/Feb/2026:06:17:04 -0500] "GET / HTTP/1.0" 301 - "-" "Mozilla/5.0 AppleWebKit/537.36 (KHTML, like Gecko; compatible; GPTBot/1.3; +https://openai.com/gptbot)"
74.7.228.59 - - [05/Feb/2026:06:17:07 -0500] "GET /robots.txt HTTP/1.0" 200 275 "https://zenoxpressparking.com/robots.txt" "Mozilla/5.0 (Macintosh; Intel Mac OS X 10_15_7) AppleWebKit/537.36 (KHTML, like Gecko) Chrome/131.0.0.0 Safari/537.36; compatible; OAI-SearchBot/1.3; robots.txt; +https://openai.com/searchbot"
173.231.242.79 - - [05/Feb/2026:06:22:00 -0500] "POST /wp-cron.php?doing_wp_cron=1770290520.5972859859466552734375 HTTP/1.0" 200 - "-" "WordPress/6.9.1; https://www.zenoxpressparking.com"
54.37.118.87 - - [05/Feb/2026:06:21:57 -0500] "GET /wp-sitemap.xml HTTP/1.0" 200 992 "-" "Mozilla/5.0 (compatible; AhrefsBot/7.0; +http://ahrefs.com/robot/)"
37.59.204.143 - - [05/Feb/2026:06:22:04 -0500] "GET /wp-sitemap-posts-post-1.xml HTTP/1.0" 200 903 "-" "Mozilla/5.0 (compatible; AhrefsBot/7.0; +http://ahrefs.com/robot/)"
176.31.139.23 - - [05/Feb/2026:06:22:09 -0500] "GET /wp-sitemap-posts-page-1.xml HTTP/1.0" 200 4810 "-" "Mozilla/5.0 (compatible; AhrefsBot/7.0; +http://ahrefs.com/robot/)"
54.37.118.88 - - [05/Feb/2026:06:22:15 -0500] "GET /wp-sitemap-posts-elementskit_template-1.xml HTTP/1.0" 200 329 "-" "Mozilla/5.0 (compatible; AhrefsBot/7.0; +http://ahrefs.com/robot/)"
92.222.108.124 - - [05/Feb/2026:06:22:21 -0500] "GET /wp-sitemap-posts-product-1.xml HTTP/1.0" 200 4098 "-" "Mozilla/5.0 (compatible; AhrefsBot/7.0; +http://ahrefs.com/robot/)"
51.68.247.218 - - [05/Feb/2026:06:22:26 -0500] "GET /wp-sitemap-posts-cartflows_step-1.xml HTTP/1.0" 200 430 "-" "Mozilla/5.0 (compatible; AhrefsBot/7.0; +http://ahrefs.com/robot/)"
54.37.118.87 - - [05/Feb/2026:06:22:31 -0500] "GET /wp-sitemap-taxonomies-category-1.xml HTTP/1.0" 200 270 "-" "Mozilla/5.0 (compatible; AhrefsBot/7.0; +http://ahrefs.com/robot/)"
94.23.188.196 - - [05/Feb/2026:06:22:35 -0500] "GET /wp-sitemap-taxonomies-product_cat-1.xml HTTP/1.0" 200 442 "-" "Mozilla/5.0 (compatible; AhrefsBot/7.0; +http://ahrefs.com/robot/)"
5.39.1.235 - - [05/Feb/2026:06:22:40 -0500] "GET /wp-sitemap-users-1.xml HTTP/1.0" 200 357 "-" "Mozilla/5.0 (compatible; AhrefsBot/7.0; +http://ahrefs.com/robot/)"
173.231.242.79 - - [05/Feb/2026:06:37:11 -0500] "POST /wp-cron.php?doing_wp_cron=1770291431.6651151180267333984375 HTTP/1.0" 200 - "-" "WordPress/6.9.1; https://www.zenoxpressparking.com"
46.138.250.165 - - [05/Feb/2026:06:37:09 -0500] "GET / HTTP/1.0" 301 - "https://spyhost.site" "Mozilla/5.0 (Windows NT 10.0; Win64; x64) AppleWebKit/537.36 (KHTML, like Gecko) Chrome/123.0.0.0 Safari/537.36 Spyhost.site"
46.138.250.165 - - [05/Feb/2026:06:37:13 -0500] "GET / HTTP/1.0" 406 300 "-" "-"
173.231.242.79 - - [05/Feb/2026:06:45:01 -0500] "POST /wp-cron.php?doing_wp_cron=1770291900.9387230873107910156250 HTTP/1.0" 200 - "-" "WordPress/6.9.1; https://www.zenoxpressparking.com"
185.183.110.3 - - [05/Feb/2026:06:44:41 -0500] "POST /xmlrpc.php HTTP/1.0" 200 403 "-" "Mozilla/5.0 (Windows NT 10.0) AppleWebKit/537.43 (KHTML, like Gecko) Chrome/137.0.0.0 Safari/537.36 OPR/121.0.0.0"
173.231.242.79 - - [05/Feb/2026:07:02:04 -0500] "POST /wp-cron.php?doing_wp_cron=1770292924.8553349971771240234375 HTTP/1.0" 200 - "-" "WordPress/6.9.1; https://www.zenoxpressparking.com"
66.249.65.67 - - [05/Feb/2026:07:02:02 -0500] "GET /robots.txt HTTP/1.0" 301 - "-" "Mozilla/5.0 (compatible; Googlebot/2.1; +http://www.google.com/bot.html)"
66.249.73.166 - - [05/Feb/2026:07:02:05 -0500] "GET /robots.txt HTTP/1.0" 200 275 "-" "Mozilla/5.0 (compatible; Googlebot/2.1; +http://www.google.com/bot.html)"
173.231.242.79 - - [05/Feb/2026:07:09:10 -0500] "POST /wp-cron.php?doing_wp_cron=1770293350.1511869430541992187500 HTTP/1.0" 200 - "-" "WordPress/6.9.1; https://www.zenoxpressparking.com"
66.249.73.163 - - [05/Feb/2026:07:09:07 -0500] "GET /?products/16795293 HTTP/1.0" 301 - "-" "Mozilla/5.0 (Linux; Android 6.0.1; Nexus 5X Build/MMB29P) AppleWebKit/537.36 (KHTML, like Gecko) Chrome/144.0.7559.109 Mobile Safari/537.36 (compatible; Googlebot/2.1; +http://www.google.com/bot.html)"
66.249.73.161 - - [05/Feb/2026:07:09:10 -0500] "GET /?products%2F16795293 HTTP/1.0" 200 187580 "-" "Mozilla/5.0 (Linux; Android 6.0.1; Nexus 5X Build/MMB29P) AppleWebKit/537.36 (KHTML, like Gecko) Chrome/144.0.7559.109 Mobile Safari/537.36 (compatible; Googlebot/2.1; +http://www.google.com/bot.html)"
66.249.73.162 - - [05/Feb/2026:07:09:15 -0500] "GET /wp-content/plugins/essential-addons-for-elementor-lite/assets/front-end/js/view/general.min.js?ver=6.5.5 HTTP/1.0" 200 11619 "https://www.zenoxpressparking.com/?products%2F16795293" "Mozilla/5.0 (Linux; Android 6.0.1; Nexus 5X Build/MMB29P) AppleWebKit/537.36 (KHTML, like Gecko) Chrome/143.0.7499.192 Mobile Safari/537.36 (compatible; Googlebot/2.1; +http://www.google.com/bot.html)"
66.249.73.161 - - [05/Feb/2026:07:09:31 -0500] "GET /?products/15316037 HTTP/1.0" 301 - "-" "Mozilla/5.0 (Linux; Android 6.0.1; Nexus 5X Build/MMB29P) AppleWebKit/537.36 (KHTML, like Gecko) Chrome/144.0.7559.109 Mobile Safari/537.36 (compatible; Googlebot/2.1; +http://www.google.com/bot.html)"
66.249.73.161 - - [05/Feb/2026:07:09:33 -0500] "GET /?products%2F15316037 HTTP/1.0" 200 187580 "-" "Mozilla/5.0 (Linux; Android 6.0.1; Nexus 5X Build/MMB29P) AppleWebKit/537.36 (KHTML, like Gecko) Chrome/144.0.7559.109 Mobile Safari/537.36 (compatible; Googlebot/2.1; +http://www.google.com/bot.html)"
173.231.242.79 - - [05/Feb/2026:07:13:43 -0500] "POST /wp-cron.php?doing_wp_cron=1770293623.9235548973083496093750 HTTP/1.0" 200 - "-" "WordPress/6.9.1; https://www.zenoxpressparking.com"
207.46.13.160 - - [05/Feb/2026:07:13:39 -0500] "GET /?products/1699915 HTTP/1.0" 301 - "-" "Mozilla/5.0 AppleWebKit/537.36 (KHTML, like Gecko; compatible; bingbot/2.0; +http://www.bing.com/bingbot.htm) Chrome/116.0.1938.76 Safari/537.36"
173.231.242.79 - - [05/Feb/2026:07:19:50 -0500] "POST /wp-cron.php?doing_wp_cron=1770293990.1898519992828369140625 HTTP/1.0" 200 - "-" "WordPress/6.9.1; https://www.zenoxpressparking.com"
79.110.202.131 - - [05/Feb/2026:07:19:46 -0500] "GET //wp-json/wp/v2/posts HTTP/1.0" 200 22219 "-" "Mozilla/5.0 (Windows NT 10.0; Win64; x64) AppleWebKit/537.36 (KHTML, like Gecko) Chrome/120.0.0.0 Safari/537.36"
173.231.242.79 - - [05/Feb/2026:07:25:07 -0500] "POST /wp-cron.php?doing_wp_cron=1770294307.6971530914306640625000 HTTP/1.0" 200 - "-" "WordPress/6.9.1; https://www.zenoxpressparking.com"
43.157.22.109 - - [05/Feb/2026:07:25:04 -0500] "GET / HTTP/1.0" 301 - "-" "Mozilla/5.0 (iPhone; CPU iPhone OS 13_2_3 like Mac OS X) AppleWebKit/605.1.15 (KHTML, like Gecko) Version/13.0.3 Mobile/15E148 Safari/604.1"
173.231.242.79 - - [05/Feb/2026:07:30:11 -0500] "POST /wp-cron.php?doing_wp_cron=1770294611.1309840679168701171875 HTTP/1.0" 200 - "-" "WordPress/6.9.1; https://www.zenoxpressparking.com"
23.248.167.87 - - [05/Feb/2026:07:30:07 -0500] "POST /wp-login.php HTTP/1.0" 200 7498 "-" "Mozilla/5.0"
173.231.242.79 - - [05/Feb/2026:07:39:00 -0500] "POST /wp-cron.php?doing_wp_cron=1770295140.0967569351196289062500 HTTP/1.0" 200 - "-" "WordPress/6.9.1; https://www.zenoxpressparking.com"
182.44.8.254 - - [05/Feb/2026:07:38:56 -0500] "GET / HTTP/1.0" 301 - "-" "Mozilla/5.0 (iPhone; CPU iPhone OS 13_2_3 like Mac OS X) AppleWebKit/605.1.15 (KHTML, like Gecko) Version/13.0.3 Mobile/15E148 Safari/604.1"
173.231.242.79 - - [05/Feb/2026:07:55:45 -0500] "POST /wp-cron.php?doing_wp_cron=1770296145.5794610977172851562500 HTTP/1.0" 200 - "-" "WordPress/6.9.1; https://www.zenoxpressparking.com"
104.210.140.142 - - [05/Feb/2026:07:55:41 -0500] "GET /robots.txt HTTP/1.0" 200 275 "-" "Mozilla/5.0 (Macintosh; Intel Mac OS X 10_15_7) AppleWebKit/537.36 (KHTML, like Gecko) Chrome/131.0.0.0 Safari/537.36; compatible; OAI-SearchBot/1.0; +https://openai.com/searchbot"
173.231.242.79 - - [05/Feb/2026:07:56:10 -0500] "POST /wp-cron.php?doing_wp_cron=1770296170.7691180706024169921875 HTTP/1.0" 200 - "-" "WordPress/6.9.1; https://www.zenoxpressparking.com"
176.31.139.6 - - [05/Feb/2026:07:56:08 -0500] "GET /store/page/3/ HTTP/1.0" 200 182536 "-" "Mozilla/5.0 (compatible; AhrefsBot/7.0; +http://ahrefs.com/robot/)"
173.231.242.79 - - [05/Feb/2026:08:35:49 -0500] "POST /wp-cron.php?doing_wp_cron=1770298549.1884911060333251953125 HTTP/1.0" 200 - "-" "WordPress/6.9.1; https://www.zenoxpressparking.com"
34.27.22.49 - - [05/Feb/2026:08:35:45 -0500] "GET / HTTP/1.0" 301 - "-" "Mozilla/5.0 (Windows NT 6.2; rv:22.0) Gecko/20130405 Firefox/23.0"
173.231.242.79 - - [05/Feb/2026:08:42:05 -0500] "POST /wp-cron.php?doing_wp_cron=1770298925.2271978855133056640625 HTTP/1.0" 200 - "-" "WordPress/6.9.1; https://www.zenoxpressparking.com"
66.249.73.163 - - [05/Feb/2026:08:42:03 -0500] "GET /?products/12019760 HTTP/1.0" 301 - "-" "Mozilla/5.0 (Linux; Android 6.0.1; Nexus 5X Build/MMB29P) AppleWebKit/537.36 (KHTML, like Gecko) Chrome/144.0.7559.109 Mobile Safari/537.36 (compatible; Googlebot/2.1; +http://www.google.com/bot.html)"
66.249.73.162 - - [05/Feb/2026:08:42:05 -0500] "GET /?products%2F12019760 HTTP/1.0" 200 187580 "-" "Mozilla/5.0 (Linux; Android 6.0.1; Nexus 5X Build/MMB29P) AppleWebKit/537.36 (KHTML, like Gecko) Chrome/144.0.7559.109 Mobile Safari/537.36 (compatible; Googlebot/2.1; +http://www.google.com/bot.html)"
173.231.242.79 - - [05/Feb/2026:08:42:51 -0500] "POST /wp-cron.php?doing_wp_cron=1770298971.7423629760742187500000 HTTP/1.0" 200 - "-" "WordPress/6.9.1; https://www.zenoxpressparking.com"
66.249.73.161 - - [05/Feb/2026:08:42:49 -0500] "GET /?products/18209871 HTTP/1.0" 301 - "-" "Mozilla/5.0 (Linux; Android 6.0.1; Nexus 5X Build/MMB29P) AppleWebKit/537.36 (KHTML, like Gecko) Chrome/144.0.7559.109 Mobile Safari/537.36 (compatible; Googlebot/2.1; +http://www.google.com/bot.html)"
66.249.73.161 - - [05/Feb/2026:08:42:51 -0500] "GET /?products%2F18209871 HTTP/1.0" 200 187580 "-" "Mozilla/5.0 (Linux; Android 6.0.1; Nexus 5X Build/MMB29P) AppleWebKit/537.36 (KHTML, like Gecko) Chrome/144.0.7559.109 Mobile Safari/537.36 (compatible; Googlebot/2.1; +http://www.google.com/bot.html)"
66.249.73.163 - - [05/Feb/2026:08:43:17 -0500] "GET /?products/8767548 HTTP/1.0" 301 - "-" "Mozilla/5.0 (Linux; Android 6.0.1; Nexus 5X Build/MMB29P) AppleWebKit/537.36 (KHTML, like Gecko) Chrome/144.0.7559.109 Mobile Safari/537.36 (compatible; Googlebot/2.1; +http://www.google.com/bot.html)"
66.249.73.162 - - [05/Feb/2026:08:43:26 -0500] "GET /?products/29875204 HTTP/1.0" 301 - "-" "Mozilla/5.0 (Linux; Android 6.0.1; Nexus 5X Build/MMB29P) AppleWebKit/537.36 (KHTML, like Gecko) Chrome/144.0.7559.109 Mobile Safari/537.36 (compatible; Googlebot/2.1; +http://www.google.com/bot.html)"
66.249.73.161 - - [05/Feb/2026:08:43:30 -0500] "GET /?products/10023493 HTTP/1.0" 301 - "-" "Mozilla/5.0 (Linux; Android 6.0.1; Nexus 5X Build/MMB29P) AppleWebKit/537.36 (KHTML, like Gecko) Chrome/144.0.7559.109 Mobile Safari/537.36 (compatible; Googlebot/2.1; +http://www.google.com/bot.html)"
66.249.73.161 - - [05/Feb/2026:08:43:32 -0500] "GET /?products%2F8767548 HTTP/1.0" 200 187580 "-" "Mozilla/5.0 (Linux; Android 6.0.1; Nexus 5X Build/MMB29P) AppleWebKit/537.36 (KHTML, like Gecko) Chrome/144.0.7559.109 Mobile Safari/537.36 (compatible; Googlebot/2.1; +http://www.google.com/bot.html)"
66.249.73.161 - - [05/Feb/2026:08:43:37 -0500] "GET /wp-content/plugins/softlite-io-integration/assets/js/minify/purify.min.js?ver=1.0.61 HTTP/1.0" 200 20930 "https://www.zenoxpressparking.com/?products%2F8767548" "Mozilla/5.0 (Linux; Android 6.0.1; Nexus 5X Build/MMB29P) AppleWebKit/537.36 (KHTML, like Gecko) Chrome/144.0.7559.109 Mobile Safari/537.36 (compatible; Googlebot/2.1; +http://www.google.com/bot.html)"
66.249.73.161 - - [05/Feb/2026:08:43:35 -0500] "GET /?products%2F29875204 HTTP/1.0" 200 187580 "-" "Mozilla/5.0 (Linux; Android 6.0.1; Nexus 5X Build/MMB29P) AppleWebKit/537.36 (KHTML, like Gecko) Chrome/144.0.7559.109 Mobile Safari/537.36 (compatible; Googlebot/2.1; +http://www.google.com/bot.html)"
66.249.73.161 - - [05/Feb/2026:08:43:37 -0500] "GET /?products%2F10023493 HTTP/1.0" 200 187580 "-" "Mozilla/5.0 (Linux; Android 6.0.1; Nexus 5X Build/MMB29P) AppleWebKit/537.36 (KHTML, like Gecko) Chrome/144.0.7559.109 Mobile Safari/537.36 (compatible; Googlebot/2.1; +http://www.google.com/bot.html)"
66.249.73.161 - - [05/Feb/2026:08:43:40 -0500] "GET /wp-content/plugins/woocommerce/assets/js/frontend/order-attribution.min.js?ver=10.0.5 HTTP/1.0" 200 2346 "https://www.zenoxpressparking.com/?products%2F29875204" "Mozilla/5.0 (Linux; Android 6.0.1; Nexus 5X Build/MMB29P) AppleWebKit/537.36 (KHTML, like Gecko) Chrome/144.0.7559.109 Mobile Safari/537.36 (compatible; Googlebot/2.1; +http://www.google.com/bot.html)"
66.249.73.161 - - [05/Feb/2026:08:43:40 -0500] "GET /?products/5679804 HTTP/1.0" 301 - "-" "Mozilla/5.0 (Linux; Android 6.0.1; Nexus 5X Build/MMB29P) AppleWebKit/537.36 (KHTML, like Gecko) Chrome/144.0.7559.109 Mobile Safari/537.36 (compatible; Googlebot/2.1; +http://www.google.com/bot.html)"
66.249.73.161 - - [05/Feb/2026:08:43:41 -0500] "GET /wp-content/plugins/woocommerce/assets/js/photoswipe/photoswipe.min.js?ver=4.1.1-wc.10.0.5 HTTP/1.0" 200 31626 "https://www.zenoxpressparking.com/?products%2F29875204" "Mozilla/5.0 (Linux; Android 6.0.1; Nexus 5X Build/MMB29P) AppleWebKit/537.36 (KHTML, like Gecko) Chrome/144.0.7559.109 Mobile Safari/537.36 (compatible; Googlebot/2.1; +http://www.google.com/bot.html)"
66.249.73.161 - - [05/Feb/2026:08:43:42 -0500] "GET /?products%2F5679804 HTTP/1.0" 200 187580 "-" "Mozilla/5.0 (Linux; Android 6.0.1; Nexus 5X Build/MMB29P) AppleWebKit/537.36 (KHTML, like Gecko) Chrome/144.0.7559.109 Mobile Safari/537.36 (compatible; Googlebot/2.1; +http://www.google.com/bot.html)"
66.249.73.163 - - [05/Feb/2026:08:44:13 -0500] "GET /?products/3409215 HTTP/1.0" 301 - "-" "Mozilla/5.0 (Linux; Android 6.0.1; Nexus 5X Build/MMB29P) AppleWebKit/537.36 (KHTML, like Gecko) Chrome/144.0.7559.109 Mobile Safari/537.36 (compatible; Googlebot/2.1; +http://www.google.com/bot.html)"
173.231.242.79 - - [05/Feb/2026:08:45:25 -0500] "POST /wp-cron.php?doing_wp_cron=1770299125.1606609821319580078125 HTTP/1.0" 200 - "-" "WordPress/6.9.1; https://www.zenoxpressparking.com"
66.249.73.161 - - [05/Feb/2026:08:45:23 -0500] "GET /?products/29374871 HTTP/1.0" 301 - "-" "Mozilla/5.0 (Linux; Android 6.0.1; Nexus 5X Build/MMB29P) AppleWebKit/537.36 (KHTML, like Gecko) Chrome/144.0.7559.109 Mobile Safari/537.36 (compatible; Googlebot/2.1; +http://www.google.com/bot.html)"
66.249.73.162 - - [05/Feb/2026:08:45:27 -0500] "GET /?products%2F3409215 HTTP/1.0" 200 187580 "-" "Mozilla/5.0 (Linux; Android 6.0.1; Nexus 5X Build/MMB29P) AppleWebKit/537.36 (KHTML, like Gecko) Chrome/144.0.7559.109 Mobile Safari/537.36 (compatible; Googlebot/2.1; +http://www.google.com/bot.html)"
66.249.73.161 - - [05/Feb/2026:08:45:32 -0500] "GET /wp-content/plugins/elementor/assets/lib/font-awesome/js/v4-shims.min.js?ver=3.34.1 HTTP/1.0" 200 15073 "https://www.zenoxpressparking.com/?products%2F3409215" "Mozilla/5.0 (Linux; Android 6.0.1; Nexus 5X Build/MMB29P) AppleWebKit/537.36 (KHTML, like Gecko) Chrome/143.0.7499.192 Mobile Safari/537.36 (compatible; Googlebot/2.1; +http://www.google.com/bot.html)"
66.249.73.161 - - [05/Feb/2026:08:45:33 -0500] "GET /wp-content/themes/astra/assets/css/minified/menu-animation.min.css?ver=4.11.7 HTTP/1.0" 200 3501 "https://www.zenoxpressparking.com/?products%2F3409215" "Mozilla/5.0 (Linux; Android 6.0.1; Nexus 5X Build/MMB29P) AppleWebKit/537.36 (KHTML, like Gecko) Chrome/143.0.7499.192 Mobile Safari/537.36 (compatible; Googlebot/2.1; +http://www.google.com/bot.html)"
66.249.73.161 - - [05/Feb/2026:08:45:35 -0500] "GET /wp-content/plugins/addons-for-elementor/assets/css/lae-grid.css?ver=9.0 HTTP/1.0" 200 16662 "https://www.zenoxpressparking.com/?products%2F3409215" "Mozilla/5.0 (Linux; Android 6.0.1; Nexus 5X Build/MMB29P) AppleWebKit/537.36 (KHTML, like Gecko) Chrome/143.0.7499.192 Mobile Safari/537.36 (compatible; Googlebot/2.1; +http://www.google.com/bot.html)"
66.249.73.161 - - [05/Feb/2026:08:45:35 -0500] "GET /?products/2194637 HTTP/1.0" 301 - "-" "Mozilla/5.0 (Linux; Android 6.0.1; Nexus 5X Build/MMB29P) AppleWebKit/537.36 (KHTML, like Gecko) Chrome/144.0.7559.109 Mobile Safari/537.36 (compatible; Googlebot/2.1; +http://www.google.com/bot.html)"
66.249.73.163 - - [05/Feb/2026:08:46:10 -0500] "GET /?products/30595071 HTTP/1.0" 301 - "-" "Mozilla/5.0 (Linux; Android 6.0.1; Nexus 5X Build/MMB29P) AppleWebKit/537.36 (KHTML, like Gecko) Chrome/144.0.7559.109 Mobile Safari/537.36 (compatible; Googlebot/2.1; +http://www.google.com/bot.html)"
66.249.73.162 - - [05/Feb/2026:08:46:45 -0500] "GET /?products/23640904 HTTP/1.0" 301 - "-" "Mozilla/5.0 (Linux; Android 6.0.1; Nexus 5X Build/MMB29P) AppleWebKit/537.36 (KHTML, like Gecko) Chrome/144.0.7559.109 Mobile Safari/537.36 (compatible; Googlebot/2.1; +http://www.google.com/bot.html)"
173.231.242.79 - - [05/Feb/2026:08:47:12 -0500] "POST /wp-cron.php?doing_wp_cron=1770299232.4857780933380126953125 HTTP/1.0" 200 - "-" "WordPress/6.9.1; https://www.zenoxpressparking.com"
66.249.73.163 - - [05/Feb/2026:08:47:09 -0500] "GET /?products%2F29374871 HTTP/1.0" 200 187580 "-" "Mozilla/5.0 (Linux; Android 6.0.1; Nexus 5X Build/MMB29P) AppleWebKit/537.36 (KHTML, like Gecko) Chrome/144.0.7559.109 Mobile Safari/537.36 (compatible; Googlebot/2.1; +http://www.google.com/bot.html)"
66.249.73.161 - - [05/Feb/2026:08:47:25 -0500] "GET /?products%2F2194637 HTTP/1.0" 200 187580 "-" "Mozilla/5.0 (Linux; Android 6.0.1; Nexus 5X Build/MMB29P) AppleWebKit/537.36 (KHTML, like Gecko) Chrome/144.0.7559.109 Mobile Safari/537.36 (compatible; Googlebot/2.1; +http://www.google.com/bot.html)"
66.249.73.161 - - [05/Feb/2026:08:47:32 -0500] "GET /?products/21523448 HTTP/1.0" 301 - "-" "Mozilla/5.0 (Linux; Android 6.0.1; Nexus 5X Build/MMB29P) AppleWebKit/537.36 (KHTML, like Gecko) Chrome/144.0.7559.109 Mobile Safari/537.36 (compatible; Googlebot/2.1; +http://www.google.com/bot.html)"
66.249.73.161 - - [05/Feb/2026:08:47:37 -0500] "GET /?products%2F30595071 HTTP/1.0" 200 187580 "-" "Mozilla/5.0 (Linux; Android 6.0.1; Nexus 5X Build/MMB29P) AppleWebKit/537.36 (KHTML, like Gecko) Chrome/144.0.7559.109 Mobile Safari/537.36 (compatible; Googlebot/2.1; +http://www.google.com/bot.html)"
66.249.73.161 - - [05/Feb/2026:08:47:38 -0500] "GET /?products%2F23640904 HTTP/1.0" 200 187580 "-" "Mozilla/5.0 (Linux; Android 6.0.1; Nexus 5X Build/MMB29P) AppleWebKit/537.36 (KHTML, like Gecko) Chrome/144.0.7559.109 Mobile Safari/537.36 (compatible; Googlebot/2.1; +http://www.google.com/bot.html)"
66.249.73.161 - - [05/Feb/2026:08:47:44 -0500] "GET /?products/26785704 HTTP/1.0" 301 - "-" "Mozilla/5.0 (Linux; Android 6.0.1; Nexus 5X Build/MMB29P) AppleWebKit/537.36 (KHTML, like Gecko) Chrome/144.0.7559.109 Mobile Safari/537.36 (compatible; Googlebot/2.1; +http://www.google.com/bot.html)"
173.231.242.79 - - [05/Feb/2026:08:48:09 -0500] "POST /wp-cron.php?doing_wp_cron=1770299289.2941780090332031250000 HTTP/1.0" 200 - "-" "WordPress/6.9.1; https://www.zenoxpressparking.com"
66.249.73.162 - - [05/Feb/2026:08:48:07 -0500] "GET /?products%2F21523448 HTTP/1.0" 200 187580 "-" "Mozilla/5.0 (Linux; Android 6.0.1; Nexus 5X Build/MMB29P) AppleWebKit/537.36 (KHTML, like Gecko) Chrome/144.0.7559.109 Mobile Safari/537.36 (compatible; Googlebot/2.1; +http://www.google.com/bot.html)"
66.249.73.162 - - [05/Feb/2026:08:48:12 -0500] "GET /?products/22597904 HTTP/1.0" 301 - "-" "Mozilla/5.0 (Linux; Android 6.0.1; Nexus 5X Build/MMB29P) AppleWebKit/537.36 (KHTML, like Gecko) Chrome/144.0.7559.109 Mobile Safari/537.36 (compatible; Googlebot/2.1; +http://www.google.com/bot.html)"
66.249.73.161 - - [05/Feb/2026:08:48:13 -0500] "POST /?wc-ajax=get_refreshed_fragments HTTP/1.0" 200 1576 "https://www.zenoxpressparking.com/?products%2F21523448" "Mozilla/5.0 (Linux; Android 6.0.1; Nexus 5X Build/MMB29P) AppleWebKit/537.36 (KHTML, like Gecko) Chrome/143.0.7499.192 Mobile Safari/537.36 (compatible; Googlebot/2.1; +http://www.google.com/bot.html)"
66.249.73.161 - - [05/Feb/2026:08:48:17 -0500] "GET /?products%2F26785704 HTTP/1.0" 200 187580 "-" "Mozilla/5.0 (Linux; Android 6.0.1; Nexus 5X Build/MMB29P) AppleWebKit/537.36 (KHTML, like Gecko) Chrome/144.0.7559.109 Mobile Safari/537.36 (compatible; Googlebot/2.1; +http://www.google.com/bot.html)"
66.249.73.161 - - [05/Feb/2026:08:48:35 -0500] "GET /?products%2F22597904 HTTP/1.0" 200 187580 "-" "Mozilla/5.0 (Linux; Android 6.0.1; Nexus 5X Build/MMB29P) AppleWebKit/537.36 (KHTML, like Gecko) Chrome/144.0.7559.109 Mobile Safari/537.36 (compatible; Googlebot/2.1; +http://www.google.com/bot.html)"
173.231.242.79 - - [05/Feb/2026:08:53:43 -0500] "GET /.well-known/acme-challenge/90LOQGB6R8HERWYXICO_CPUCNGU5IPMV HTTP/1.0" 200 64 "-" "Cpanel-HTTP-Client/1.0"
173.231.242.79 - - [05/Feb/2026:08:53:43 -0500] "GET /.well-known/acme-challenge/HVG_UZO-6BGYEDV9UW0V86-_A8H9FOV7 HTTP/1.0" 200 64 "-" "Cpanel-HTTP-Client/1.0"
173.231.242.79 - - [05/Feb/2026:08:53:43 -0500] "GET /.well-known/acme-challenge/MXZ8619623_Y2IT3T1YENIG9UULW6LES HTTP/1.0" 200 64 "-" "Cpanel-HTTP-Client/1.0"
173.231.242.79 - - [05/Feb/2026:08:54:40 -0500] "POST /wp-cron.php?doing_wp_cron=1770299680.4530038833618164062500 HTTP/1.0" 200 - "-" "WordPress/6.9.1; https://www.zenoxpressparking.com"
66.249.73.163 - - [05/Feb/2026:08:54:36 -0500] "GET /?products/8361904 HTTP/1.0" 301 - "-" "Mozilla/5.0 (Linux; Android 6.0.1; Nexus 5X Build/MMB29P) AppleWebKit/537.36 (KHTML, like Gecko) Chrome/144.0.7559.109 Mobile Safari/537.36 (compatible; Googlebot/2.1; +http://www.google.com/bot.html)"
66.249.73.161 - - [05/Feb/2026:08:54:40 -0500] "GET /?products%2F8361904 HTTP/1.0" 200 187580 "-" "Mozilla/5.0 (Linux; Android 6.0.1; Nexus 5X Build/MMB29P) AppleWebKit/537.36 (KHTML, like Gecko) Chrome/144.0.7559.109 Mobile Safari/537.36 (compatible; Googlebot/2.1; +http://www.google.com/bot.html)"
173.231.242.79 - - [05/Feb/2026:08:59:26 -0500] "POST /wp-cron.php?doing_wp_cron=1770299966.4534420967102050781250 HTTP/1.0" 200 - "-" "WordPress/6.9.1; https://www.zenoxpressparking.com"
