HEX
Server: Apache
System: Linux ecngx285.inmotionhosting.com 4.18.0-553.79.1.lve.el8.x86_64 #1 SMP Wed Oct 15 17:59:35 UTC 2025 x86_64
User: zeusxp5 (3862)
PHP: 8.3.28
Disabled: NONE
Upload Files
File: /home/zeusxp5/access-logs/zenoxpressparkingjobs.com.zeusxpressalongside.com
173.231.242.79 - - [03/Feb/2026:22:09:12 -0500] "POST /wp-cron.php?doing_wp_cron=1770174552.1700499057769775390625 HTTP/1.0" 200 - "-" "WordPress/6.9.1; https://www.zenoxpressparkingjobs.com"
40.77.167.6 - - [03/Feb/2026:22:09:08 -0500] "GET /product/dnk-yellow-shoes/ HTTP/1.0" 200 190614 "-" "Mozilla/5.0 AppleWebKit/537.36 (KHTML, like Gecko; compatible; bingbot/2.0; +http://www.bing.com/bingbot.htm) Chrome/116.0.1938.76 Safari/537.36"
173.231.242.79 - - [03/Feb/2026:22:41:40 -0500] "POST /wp-cron.php?doing_wp_cron=1770176500.3087680339813232421875 HTTP/1.0" 200 - "-" "WordPress/6.9.1; https://www.zenoxpressparkingjobs.com"
52.167.144.169 - - [03/Feb/2026:22:41:37 -0500] "GET /product/bright-red-bag/ HTTP/1.0" 200 191103 "-" "Mozilla/5.0 AppleWebKit/537.36 (KHTML, like Gecko; compatible; bingbot/2.0; +http://www.bing.com/bingbot.htm) Chrome/116.0.1938.76 Safari/537.36"
173.231.242.79 - - [03/Feb/2026:22:43:50 -0500] "POST /wp-cron.php?doing_wp_cron=1770176630.6898999214172363281250 HTTP/1.0" 200 - "-" "WordPress/6.9.1; https://www.zenoxpressparkingjobs.com"
40.77.167.149 - - [03/Feb/2026:22:43:48 -0500] "GET /product/oranges-tshirt/ HTTP/1.0" 200 190522 "-" "Mozilla/5.0 AppleWebKit/537.36 (KHTML, like Gecko; compatible; bingbot/2.0; +http://www.bing.com/bingbot.htm) Chrome/116.0.1938.76 Safari/537.36"
185.12.150.17 - - [03/Feb/2026:22:49:57 -0500] "GET /robots.txt HTTP/1.0" 200 30 "-" "Mozilla/5.0 (Linux; U; Android 13; sk-sk; Xiaomi 11T Pro Build/TKQ1.220829.002) AppleWebKit/537.36 (KHTML, like Gecko) Version/4.0 Chrome/112.0.5615.136 Mobile Safari/537.36 XiaoMi/MiuiBrowser/14.4.0-g"
173.231.242.79 - - [03/Feb/2026:22:49:59 -0500] "POST /wp-cron.php?doing_wp_cron=1770176999.2989299297332763671875 HTTP/1.0" 200 - "-" "WordPress/6.9.1; https://www.zenoxpressparkingjobs.com"
192.121.134.92 - - [03/Feb/2026:22:49:57 -0500] "GET / HTTP/1.0" 301 - "-" "Mozilla/5.0 (Linux; U; Android 13; sk-sk; Xiaomi 11T Pro Build/TKQ1.220829.002) AppleWebKit/537.36 (KHTML, like Gecko) Version/4.0 Chrome/112.0.5615.136 Mobile Safari/537.36 XiaoMi/MiuiBrowser/14.4.0-g"
173.231.242.79 - - [03/Feb/2026:22:50:01 -0500] "POST /wp-cron.php?doing_wp_cron=1770177001.1314940452575683593750 HTTP/1.0" 200 - "-" "WordPress/6.9.1; https://www.zenoxpressparkingjobs.com"
93.158.98.56 - - [03/Feb/2026:22:50:00 -0500] "GET / HTTP/1.0" 200 235493 "http://zenoxpressparkingjobs.com/" "Mozilla/5.0 (Linux; U; Android 13; sk-sk; Xiaomi 11T Pro Build/TKQ1.220829.002) AppleWebKit/537.36 (KHTML, like Gecko) Version/4.0 Chrome/112.0.5615.136 Mobile Safari/537.36 XiaoMi/MiuiBrowser/14.4.0-g"
173.231.242.79 - - [03/Feb/2026:22:53:02 -0500] "POST /wp-cron.php?doing_wp_cron=1770177182.2752120494842529296875 HTTP/1.0" 200 - "-" "WordPress/6.9.1; https://www.zenoxpressparkingjobs.com"
157.55.39.54 - - [03/Feb/2026:22:52:59 -0500] "GET /product/dnk-green-shoes/ HTTP/1.0" 200 190156 "-" "Mozilla/5.0 AppleWebKit/537.36 (KHTML, like Gecko; compatible; bingbot/2.0; +http://www.bing.com/bingbot.htm) Chrome/116.0.1938.76 Safari/537.36"
173.231.242.79 - - [03/Feb/2026:23:33:19 -0500] "GET /.well-known/acme-challenge/D6W05KG356D-6-ZHAFP5M4E29VJQ9S93 HTTP/1.0" 200 64 "-" "Cpanel-HTTP-Client/1.0"
173.231.242.79 - - [03/Feb/2026:23:33:19 -0500] "GET /.well-known/acme-challenge/D733MZTRY1NJQIVTA1E3M75_01AI4A3X HTTP/1.0" 200 64 "-" "Cpanel-HTTP-Client/1.0"
173.231.242.79 - - [03/Feb/2026:23:33:19 -0500] "GET /.well-known/acme-challenge/U3M0GZW6499NNQQFK33OIOWVGJ8K7Q1F HTTP/1.0" 200 64 "-" "Cpanel-HTTP-Client/1.0"
40.77.167.219 - - [03/Feb/2026:23:48:39 -0500] "GET /robots.txt HTTP/1.0" 200 30 "-" "Mozilla/5.0 AppleWebKit/537.36 (KHTML, like Gecko; compatible; bingbot/2.0; +http://www.bing.com/bingbot.htm) Chrome/116.0.1938.76 Safari/537.36"
173.231.242.79 - - [03/Feb/2026:23:48:49 -0500] "POST /wp-cron.php?doing_wp_cron=1770180529.4590079784393310546875 HTTP/1.0" 200 - "-" "WordPress/6.9.1; https://www.zenoxpressparkingjobs.com"
157.55.39.6 - - [03/Feb/2026:23:48:44 -0500] "GET /product/blue-denim-shorts/ HTTP/1.0" 200 191076 "-" "Mozilla/5.0 AppleWebKit/537.36 (KHTML, like Gecko; compatible; bingbot/2.0; +http://www.bing.com/bingbot.htm) Chrome/116.0.1938.76 Safari/537.36"
185.191.171.15 - - [03/Feb/2026:23:50:22 -0500] "GET /robots.txt HTTP/1.0" 200 30 "-" "Mozilla/5.0 (compatible; SemrushBot/7~bl; +http://www.semrush.com/bot.html)"
173.231.242.79 - - [03/Feb/2026:23:50:24 -0500] "POST /wp-cron.php?doing_wp_cron=1770180624.7738220691680908203125 HTTP/1.0" 200 - "-" "WordPress/6.9.1; https://www.zenoxpressparkingjobs.com"
85.208.96.211 - - [03/Feb/2026:23:50:23 -0500] "GET /product/green-hoodie/ HTTP/1.0" 200 190254 "-" "Mozilla/5.0 (compatible; SemrushBot/7~bl; +http://www.semrush.com/bot.html)"
173.231.242.79 - - [04/Feb/2026:00:03:41 -0500] "POST /wp-cron.php?doing_wp_cron=1770181421.0139319896697998046875 HTTP/1.0" 200 - "-" "WordPress/6.9.1; https://www.zenoxpressparkingjobs.com"
57.141.0.24 - - [04/Feb/2026:00:03:39 -0500] "GET /?p=109 HTTP/1.0" 301 - "-" "meta-externalagent/1.1 (+https://developers.facebook.com/docs/sharing/webmasters/crawler)"
173.231.242.79 - - [04/Feb/2026:00:05:05 -0500] "POST /wp-cron.php?doing_wp_cron=1770181505.9004690647125244140625 HTTP/1.0" 200 - "-" "WordPress/6.9.1; https://www.zenoxpressparkingjobs.com"
57.141.0.77 - - [04/Feb/2026:00:05:03 -0500] "GET /product/light-brown-purse/feed/ HTTP/1.0" 200 792 "-" "meta-externalagent/1.1 (+https://developers.facebook.com/docs/sharing/webmasters/crawler)"
173.231.242.79 - - [04/Feb/2026:00:17:54 -0500] "POST /wp-cron.php?doing_wp_cron=1770182274.6329529285430908203125 HTTP/1.0" 200 - "-" "WordPress/6.9.1; https://www.zenoxpressparkingjobs.com"
57.141.0.28 - - [04/Feb/2026:00:17:51 -0500] "GET /wp-json/oembed/1.0/embed?url=https%3A%2F%2Fwww.zenoxpressparkingjobs.com%2Fproduct%2Fbasic-gray-jeans%2F HTTP/1.0" 200 2476 "-" "meta-externalagent/1.1 (+https://developers.facebook.com/docs/sharing/webmasters/crawler)"
173.231.242.79 - - [04/Feb/2026:00:24:37 -0500] "POST /wp-cron.php?doing_wp_cron=1770182677.8685669898986816406250 HTTP/1.0" 200 - "-" "WordPress/6.9.1; https://www.zenoxpressparkingjobs.com"
185.191.171.15 - - [04/Feb/2026:00:24:34 -0500] "GET /product/blue-denim-shorts/ HTTP/1.0" 200 191180 "-" "Mozilla/5.0 (compatible; SemrushBot/7~bl; +http://www.semrush.com/bot.html)"
173.231.242.79 - - [04/Feb/2026:00:26:28 -0500] "POST /wp-cron.php?doing_wp_cron=1770182788.5520970821380615234375 HTTP/1.0" 200 - "-" "WordPress/6.9.1; https://www.zenoxpressparkingjobs.com"
57.141.0.28 - - [04/Feb/2026:00:26:27 -0500] "GET /?p=6 HTTP/1.0" 301 - "-" "meta-externalagent/1.1 (+https://developers.facebook.com/docs/sharing/webmasters/crawler)"
173.231.242.79 - - [04/Feb/2026:00:29:32 -0500] "POST /wp-cron.php?doing_wp_cron=1770182972.9334719181060791015625 HTTP/1.0" 200 - "-" "WordPress/6.9.1; https://www.zenoxpressparkingjobs.com"
57.141.0.47 - - [04/Feb/2026:00:29:31 -0500] "GET /?p=247 HTTP/1.0" 301 - "-" "meta-externalagent/1.1 (+https://developers.facebook.com/docs/sharing/webmasters/crawler)"
173.231.242.79 - - [04/Feb/2026:00:45:19 -0500] "POST /wp-cron.php?doing_wp_cron=1770183919.7104260921478271484375 HTTP/1.0" 200 - "-" "WordPress/6.9.1; https://www.zenoxpressparkingjobs.com"
85.208.96.203 - - [04/Feb/2026:00:45:16 -0500] "GET /product/bright-gold-purse-with-chain/ HTTP/1.0" 200 190982 "-" "Mozilla/5.0 (compatible; SemrushBot/7~bl; +http://www.semrush.com/bot.html)"
173.231.242.79 - - [04/Feb/2026:01:08:54 -0500] "POST /wp-cron.php?doing_wp_cron=1770185334.2346570491790771484375 HTTP/1.0" 200 - "-" "WordPress/6.9.1; https://www.zenoxpressparkingjobs.com"
40.77.167.155 - - [04/Feb/2026:01:08:51 -0500] "GET /product/dnk-black-shoes/ HTTP/1.0" 200 191259 "-" "Mozilla/5.0 AppleWebKit/537.36 (KHTML, like Gecko; compatible; bingbot/2.0; +http://www.bing.com/bingbot.htm) Chrome/116.0.1938.76 Safari/537.36"
51.195.215.70 - - [04/Feb/2026:01:22:10 -0500] "GET /robots.txt HTTP/1.0" 200 30 "-" "Mozilla/5.0 (compatible; AhrefsBot/7.0; +http://ahrefs.com/robot/)"
173.231.242.79 - - [04/Feb/2026:01:30:17 -0500] "POST /wp-cron.php?doing_wp_cron=1770186617.7988700866699218750000 HTTP/1.0" 200 - "-" "WordPress/6.9.1; https://www.zenoxpressparkingjobs.com"
57.141.0.53 - - [04/Feb/2026:01:30:14 -0500] "GET /wp-json/oembed/1.0/embed?url=https%3A%2F%2Fwww.zenoxpressparkingjobs.com%2Fcheckout-page%2F HTTP/1.0" 404 73 "-" "meta-externalagent/1.1 (+https://developers.facebook.com/docs/sharing/webmasters/crawler)"
185.191.171.18 - - [04/Feb/2026:01:37:00 -0500] "GET /robots.txt HTTP/1.0" 200 30 "-" "Mozilla/5.0 (compatible; SemrushBot/7~bl; +http://www.semrush.com/bot.html)"
173.231.242.79 - - [04/Feb/2026:01:37:03 -0500] "POST /wp-cron.php?doing_wp_cron=1770187023.7915160655975341796875 HTTP/1.0" 200 - "-" "WordPress/6.9.1; https://www.zenoxpressparkingjobs.com"
85.208.96.203 - - [04/Feb/2026:01:37:00 -0500] "GET /product/blue-denim-jeans/ HTTP/1.0" 200 190508 "-" "Mozilla/5.0 (compatible; SemrushBot/7~bl; +http://www.semrush.com/bot.html)"
173.231.242.79 - - [04/Feb/2026:01:45:28 -0500] "POST /wp-cron.php?doing_wp_cron=1770187528.2100191116333007812500 HTTP/1.0" 200 - "-" "WordPress/6.9.1; https://www.zenoxpressparkingjobs.com"
185.191.171.2 - - [04/Feb/2026:01:45:25 -0500] "GET /checkout-page/ HTTP/1.0" 200 137414 "-" "Mozilla/5.0 (compatible; SemrushBot/7~bl; +http://www.semrush.com/bot.html)"
173.231.242.79 - - [04/Feb/2026:01:59:18 -0500] "POST /wp-cron.php?doing_wp_cron=1770188358.7350978851318359375000 HTTP/1.0" 200 - "-" "WordPress/6.9.1; https://www.zenoxpressparkingjobs.com"
43.130.67.33 - - [04/Feb/2026:01:59:16 -0500] "GET / HTTP/1.0" 301 - "-" "Mozilla/5.0 (iPhone; CPU iPhone OS 13_2_3 like Mac OS X) AppleWebKit/605.1.15 (KHTML, like Gecko) Version/13.0.3 Mobile/15E148 Safari/604.1"
43.130.67.33 - - [04/Feb/2026:01:59:19 -0500] "GET / HTTP/1.0" 200 235496 "http://www.zenoxpressparkingjobs.com" "Mozilla/5.0 (iPhone; CPU iPhone OS 13_2_3 like Mac OS X) AppleWebKit/605.1.15 (KHTML, like Gecko) Version/13.0.3 Mobile/15E148 Safari/604.1"
173.231.242.79 - - [04/Feb/2026:02:03:40 -0500] "POST /wp-cron.php?doing_wp_cron=1770188620.4498701095581054687500 HTTP/1.0" 200 - "-" "WordPress/6.9.1; https://www.zenoxpressparkingjobs.com"
52.167.144.156 - - [04/Feb/2026:02:03:38 -0500] "GET /product/dark-brown-jeans/ HTTP/1.0" 200 190339 "-" "Mozilla/5.0 AppleWebKit/537.36 (KHTML, like Gecko; compatible; bingbot/2.0; +http://www.bing.com/bingbot.htm) Chrome/116.0.1938.76 Safari/537.36"
173.231.242.79 - - [04/Feb/2026:02:09:11 -0500] "POST /wp-cron.php?doing_wp_cron=1770188950.9895000457763671875000 HTTP/1.0" 200 - "-" "WordPress/6.9.1; https://www.zenoxpressparkingjobs.com"
212.2.251.26 - - [04/Feb/2026:02:09:09 -0500] "HEAD / HTTP/1.0" 301 - "-" "python-requests/2.32.5"
212.2.251.26 - - [04/Feb/2026:02:09:11 -0500] "GET /admin/pages/Upload/ HTTP/1.0" 301 - "-" "Mozilla/5.0 (Windows NT 10.0; Win64; x64) AppleWebKit/537.36 (KHTML, like Gecko) Chrome/89.0.4389.82 Safari/537.36"
212.2.251.26 - - [04/Feb/2026:02:09:12 -0500] "GET /admin/pages/Upload/ HTTP/1.0" 404 160153 "-" "Mozilla/5.0 (Windows NT 10.0; Win64; x64) AppleWebKit/537.36 (KHTML, like Gecko) Chrome/89.0.4389.82 Safari/537.36"
212.2.251.26 - - [04/Feb/2026:02:09:14 -0500] "GET /admin/assets/plugins/jquery-file-upload/ HTTP/1.0" 301 - "-" "Mozilla/5.0 (Windows NT 10.0; Win64; x64) AppleWebKit/537.36 (KHTML, like Gecko) Chrome/89.0.4389.82 Safari/537.36"
212.2.251.26 - - [04/Feb/2026:02:09:15 -0500] "GET /admin/assets/plugins/jquery-file-upload/ HTTP/1.0" 404 160153 "-" "Mozilla/5.0 (Windows NT 10.0; Win64; x64) AppleWebKit/537.36 (KHTML, like Gecko) Chrome/89.0.4389.82 Safari/537.36"
212.2.251.26 - - [04/Feb/2026:02:09:17 -0500] "GET /admin/assets/plugin/jquery-file-upload/ HTTP/1.0" 301 - "-" "Mozilla/5.0 (Windows NT 10.0; Win64; x64) AppleWebKit/537.36 (KHTML, like Gecko) Chrome/89.0.4389.82 Safari/537.36"
212.2.251.26 - - [04/Feb/2026:02:09:18 -0500] "GET /admin/assets/plugin/jquery-file-upload/ HTTP/1.0" 404 160153 "-" "Mozilla/5.0 (Windows NT 10.0; Win64; x64) AppleWebKit/537.36 (KHTML, like Gecko) Chrome/89.0.4389.82 Safari/537.36"
212.2.251.26 - - [04/Feb/2026:02:09:20 -0500] "GET /admin/asset/plugin/jquery-file-upload/ HTTP/1.0" 301 - "-" "Mozilla/5.0 (Windows NT 10.0; Win64; x64) AppleWebKit/537.36 (KHTML, like Gecko) Chrome/89.0.4389.82 Safari/537.36"
212.2.251.26 - - [04/Feb/2026:02:09:21 -0500] "GET /admin/asset/plugin/jquery-file-upload/ HTTP/1.0" 404 160153 "-" "Mozilla/5.0 (Windows NT 10.0; Win64; x64) AppleWebKit/537.36 (KHTML, like Gecko) Chrome/89.0.4389.82 Safari/537.36"
212.2.251.26 - - [04/Feb/2026:02:09:22 -0500] "GET /admin/asset/plugins/jquery-file-upload/ HTTP/1.0" 301 - "-" "Mozilla/5.0 (Windows NT 10.0; Win64; x64) AppleWebKit/537.36 (KHTML, like Gecko) Chrome/89.0.4389.82 Safari/537.36"
212.2.251.26 - - [04/Feb/2026:02:09:23 -0500] "GET /admin/asset/plugins/jquery-file-upload/ HTTP/1.0" 404 160153 "-" "Mozilla/5.0 (Windows NT 10.0; Win64; x64) AppleWebKit/537.36 (KHTML, like Gecko) Chrome/89.0.4389.82 Safari/537.36"
212.2.251.26 - - [04/Feb/2026:02:09:25 -0500] "GET /assets/plugins/jquery-file-upload/ HTTP/1.0" 301 - "-" "Mozilla/5.0 (Windows NT 10.0; Win64; x64) AppleWebKit/537.36 (KHTML, like Gecko) Chrome/89.0.4389.82 Safari/537.36"
212.2.251.26 - - [04/Feb/2026:02:09:26 -0500] "GET /assets/plugins/jquery-file-upload/ HTTP/1.0" 404 160153 "-" "Mozilla/5.0 (Windows NT 10.0; Win64; x64) AppleWebKit/537.36 (KHTML, like Gecko) Chrome/89.0.4389.82 Safari/537.36"
212.2.251.26 - - [04/Feb/2026:02:09:29 -0500] "GET /asset/plugins/jquery-file-upload/ HTTP/1.0" 301 - "-" "Mozilla/5.0 (Windows NT 10.0; Win64; x64) AppleWebKit/537.36 (KHTML, like Gecko) Chrome/89.0.4389.82 Safari/537.36"
212.2.251.26 - - [04/Feb/2026:02:09:30 -0500] "GET /asset/plugins/jquery-file-upload/ HTTP/1.0" 404 160153 "-" "Mozilla/5.0 (Windows NT 10.0; Win64; x64) AppleWebKit/537.36 (KHTML, like Gecko) Chrome/89.0.4389.82 Safari/537.36"
212.2.251.26 - - [04/Feb/2026:02:09:32 -0500] "GET /plugins/jquery-file-upload/ HTTP/1.0" 301 - "-" "Mozilla/5.0 (Windows NT 10.0; Win64; x64) AppleWebKit/537.36 (KHTML, like Gecko) Chrome/89.0.4389.82 Safari/537.36"
212.2.251.26 - - [04/Feb/2026:02:09:33 -0500] "GET /plugins/jquery-file-upload/ HTTP/1.0" 404 160153 "-" "Mozilla/5.0 (Windows NT 10.0; Win64; x64) AppleWebKit/537.36 (KHTML, like Gecko) Chrome/89.0.4389.82 Safari/537.36"
212.2.251.26 - - [04/Feb/2026:02:09:35 -0500] "GET /plugin/jquery-file-upload/ HTTP/1.0" 301 - "-" "Mozilla/5.0 (Windows NT 10.0; Win64; x64) AppleWebKit/537.36 (KHTML, like Gecko) Chrome/89.0.4389.82 Safari/537.36"
212.2.251.26 - - [04/Feb/2026:02:09:37 -0500] "GET /plugin/jquery-file-upload/ HTTP/1.0" 404 160153 "-" "Mozilla/5.0 (Windows NT 10.0; Win64; x64) AppleWebKit/537.36 (KHTML, like Gecko) Chrome/89.0.4389.82 Safari/537.36"
212.2.251.26 - - [04/Feb/2026:02:09:39 -0500] "GET /wp-content/plugins/work-the-flow-file-upload/public/assets/JQuery-File-Upload-9.5.0/server/php/ HTTP/1.0" 301 - "-" "Mozilla/5.0 (Windows NT 10.0; Win64; x64) AppleWebKit/537.36 (KHTML, like Gecko) Chrome/89.0.4389.82 Safari/537.36"
212.2.251.26 - - [04/Feb/2026:02:09:41 -0500] "GET /wp-content/plugins/work-the-flow-file-upload/public/assets/JQuery-File-Upload-9.5.0/server/php/ HTTP/1.0" 404 160153 "-" "Mozilla/5.0 (Windows NT 10.0; Win64; x64) AppleWebKit/537.36 (KHTML, like Gecko) Chrome/89.0.4389.82 Safari/537.36"
212.2.251.26 - - [04/Feb/2026:02:09:44 -0500] "GET /jQuery-File-Upload-9.22.0/server/php/ HTTP/1.0" 301 - "-" "Mozilla/5.0 (Windows NT 10.0; Win64; x64) AppleWebKit/537.36 (KHTML, like Gecko) Chrome/89.0.4389.82 Safari/537.36"
212.2.251.26 - - [04/Feb/2026:02:09:46 -0500] "GET /jQuery-File-Upload-9.22.0/server/php/ HTTP/1.0" 404 160153 "-" "Mozilla/5.0 (Windows NT 10.0; Win64; x64) AppleWebKit/537.36 (KHTML, like Gecko) Chrome/89.0.4389.82 Safari/537.36"
212.2.251.26 - - [04/Feb/2026:02:09:48 -0500] "GET /jquery-file-upload/server/php/ HTTP/1.0" 301 - "-" "Mozilla/5.0 (Windows NT 10.0; Win64; x64) AppleWebKit/537.36 (KHTML, like Gecko) Chrome/89.0.4389.82 Safari/537.36"
212.2.251.26 - - [04/Feb/2026:02:09:49 -0500] "GET /jquery-file-upload/server/php/ HTTP/1.0" 404 160153 "-" "Mozilla/5.0 (Windows NT 10.0; Win64; x64) AppleWebKit/537.36 (KHTML, like Gecko) Chrome/89.0.4389.82 Safari/537.36"
212.2.251.26 - - [04/Feb/2026:02:09:51 -0500] "GET /JQuery-File-Upload/server/php/ HTTP/1.0" 301 - "-" "Mozilla/5.0 (Windows NT 10.0; Win64; x64) AppleWebKit/537.36 (KHTML, like Gecko) Chrome/89.0.4389.82 Safari/537.36"
212.2.251.26 - - [04/Feb/2026:02:09:52 -0500] "GET /JQuery-File-Upload/server/php/ HTTP/1.0" 404 160153 "-" "Mozilla/5.0 (Windows NT 10.0; Win64; x64) AppleWebKit/537.36 (KHTML, like Gecko) Chrome/89.0.4389.82 Safari/537.36"
212.2.251.26 - - [04/Feb/2026:02:09:54 -0500] "GET /upload/server/php/ HTTP/1.0" 301 - "-" "Mozilla/5.0 (Windows NT 10.0; Win64; x64) AppleWebKit/537.36 (KHTML, like Gecko) Chrome/89.0.4389.82 Safari/537.36"
212.2.251.26 - - [04/Feb/2026:02:09:55 -0500] "GET /upload/server/php/ HTTP/1.0" 404 160153 "-" "Mozilla/5.0 (Windows NT 10.0; Win64; x64) AppleWebKit/537.36 (KHTML, like Gecko) Chrome/89.0.4389.82 Safari/537.36"
212.2.251.26 - - [04/Feb/2026:02:09:56 -0500] "GET /uploads/plugins/JQuery-File-Upload/server/php/ HTTP/1.0" 301 - "-" "Mozilla/5.0 (Windows NT 10.0; Win64; x64) AppleWebKit/537.36 (KHTML, like Gecko) Chrome/89.0.4389.82 Safari/537.36"
212.2.251.26 - - [04/Feb/2026:02:09:57 -0500] "GET /uploads/plugins/JQuery-File-Upload/server/php/ HTTP/1.0" 404 160153 "-" "Mozilla/5.0 (Windows NT 10.0; Win64; x64) AppleWebKit/537.36 (KHTML, like Gecko) Chrome/89.0.4389.82 Safari/537.36"
212.2.251.26 - - [04/Feb/2026:02:09:59 -0500] "GET /uploads/jquery-file-upload/server/php/ HTTP/1.0" 301 - "-" "Mozilla/5.0 (Windows NT 10.0; Win64; x64) AppleWebKit/537.36 (KHTML, like Gecko) Chrome/89.0.4389.82 Safari/537.36"
173.231.242.79 - - [04/Feb/2026:02:10:01 -0500] "POST /wp-cron.php?doing_wp_cron=1770189001.0719749927520751953125 HTTP/1.0" 200 - "-" "WordPress/6.9.1; https://www.zenoxpressparkingjobs.com"
212.2.251.26 - - [04/Feb/2026:02:10:00 -0500] "GET /uploads/jquery-file-upload/server/php/ HTTP/1.0" 404 160153 "-" "Mozilla/5.0 (Windows NT 10.0; Win64; x64) AppleWebKit/537.36 (KHTML, like Gecko) Chrome/89.0.4389.82 Safari/537.36"
212.2.251.26 - - [04/Feb/2026:02:10:02 -0500] "GET /Uploads/JQuery-File-Upload/server/php/ HTTP/1.0" 301 - "-" "Mozilla/5.0 (Windows NT 10.0; Win64; x64) AppleWebKit/537.36 (KHTML, like Gecko) Chrome/89.0.4389.82 Safari/537.36"
212.2.251.26 - - [04/Feb/2026:02:10:03 -0500] "GET /Uploads/JQuery-File-Upload/server/php/ HTTP/1.0" 404 160153 "-" "Mozilla/5.0 (Windows NT 10.0; Win64; x64) AppleWebKit/537.36 (KHTML, like Gecko) Chrome/89.0.4389.82 Safari/537.36"
212.2.251.26 - - [04/Feb/2026:02:10:04 -0500] "GET /Upload/jquery-file-upload/server/php/ HTTP/1.0" 301 - "-" "Mozilla/5.0 (Windows NT 10.0; Win64; x64) AppleWebKit/537.36 (KHTML, like Gecko) Chrome/89.0.4389.82 Safari/537.36"
212.2.251.26 - - [04/Feb/2026:02:10:05 -0500] "GET /Upload/jquery-file-upload/server/php/ HTTP/1.0" 404 160153 "-" "Mozilla/5.0 (Windows NT 10.0; Win64; x64) AppleWebKit/537.36 (KHTML, like Gecko) Chrome/89.0.4389.82 Safari/537.36"
212.2.251.26 - - [04/Feb/2026:02:10:08 -0500] "GET /assets/global/plugins/server/php/ HTTP/1.0" 301 - "-" "Mozilla/5.0 (Windows NT 10.0; Win64; x64) AppleWebKit/537.36 (KHTML, like Gecko) Chrome/89.0.4389.82 Safari/537.36"
212.2.251.26 - - [04/Feb/2026:02:10:09 -0500] "GET /assets/global/plugins/server/php/ HTTP/1.0" 404 160153 "-" "Mozilla/5.0 (Windows NT 10.0; Win64; x64) AppleWebKit/537.36 (KHTML, like Gecko) Chrome/89.0.4389.82 Safari/537.36"
212.2.251.26 - - [04/Feb/2026:02:10:11 -0500] "GET /assets/global/plugins/JQuery-File-Upload/server/php/ HTTP/1.0" 301 - "-" "Mozilla/5.0 (Windows NT 10.0; Win64; x64) AppleWebKit/537.36 (KHTML, like Gecko) Chrome/89.0.4389.82 Safari/537.36"
212.2.251.26 - - [04/Feb/2026:02:10:12 -0500] "GET /assets/global/plugins/JQuery-File-Upload/server/php/ HTTP/1.0" 404 160153 "-" "Mozilla/5.0 (Windows NT 10.0; Win64; x64) AppleWebKit/537.36 (KHTML, like Gecko) Chrome/89.0.4389.82 Safari/537.36"
212.2.251.26 - - [04/Feb/2026:02:10:14 -0500] "GET /assets/global/plugins/jquery-file-upload/server/php/ HTTP/1.0" 301 - "-" "Mozilla/5.0 (Windows NT 10.0; Win64; x64) AppleWebKit/537.36 (KHTML, like Gecko) Chrome/89.0.4389.82 Safari/537.36"
212.2.251.26 - - [04/Feb/2026:02:10:15 -0500] "GET /assets/global/plugins/jquery-file-upload/server/php/ HTTP/1.0" 404 160153 "-" "Mozilla/5.0 (Windows NT 10.0; Win64; x64) AppleWebKit/537.36 (KHTML, like Gecko) Chrome/89.0.4389.82 Safari/537.36"
212.2.251.26 - - [04/Feb/2026:02:10:17 -0500] "GET /assets/plugins/JQuery-File-Upload/server/php/ HTTP/1.0" 301 - "-" "Mozilla/5.0 (Windows NT 10.0; Win64; x64) AppleWebKit/537.36 (KHTML, like Gecko) Chrome/89.0.4389.82 Safari/537.36"
212.2.251.26 - - [04/Feb/2026:02:10:18 -0500] "GET /assets/plugins/JQuery-File-Upload/server/php/ HTTP/1.0" 404 160153 "-" "Mozilla/5.0 (Windows NT 10.0; Win64; x64) AppleWebKit/537.36 (KHTML, like Gecko) Chrome/89.0.4389.82 Safari/537.36"
212.2.251.26 - - [04/Feb/2026:02:10:20 -0500] "GET /assets/plugins/jquery-file-upload/server/php/ HTTP/1.0" 301 - "-" "Mozilla/5.0 (Windows NT 10.0; Win64; x64) AppleWebKit/537.36 (KHTML, like Gecko) Chrome/89.0.4389.82 Safari/537.36"
212.2.251.26 - - [04/Feb/2026:02:10:21 -0500] "GET /assets/plugins/jquery-file-upload/server/php/ HTTP/1.0" 404 160153 "-" "Mozilla/5.0 (Windows NT 10.0; Win64; x64) AppleWebKit/537.36 (KHTML, like Gecko) Chrome/89.0.4389.82 Safari/537.36"
212.2.251.26 - - [04/Feb/2026:02:10:22 -0500] "GET /assets/backend/js/JQuery-File-Upload/server/php/ HTTP/1.0" 301 - "-" "Mozilla/5.0 (Windows NT 10.0; Win64; x64) AppleWebKit/537.36 (KHTML, like Gecko) Chrome/89.0.4389.82 Safari/537.36"
212.2.251.26 - - [04/Feb/2026:02:10:23 -0500] "GET /assets/backend/js/JQuery-File-Upload/server/php/ HTTP/1.0" 404 160153 "-" "Mozilla/5.0 (Windows NT 10.0; Win64; x64) AppleWebKit/537.36 (KHTML, like Gecko) Chrome/89.0.4389.82 Safari/537.36"
212.2.251.26 - - [04/Feb/2026:02:10:25 -0500] "GET /js/assets/global/plugins/jquery-file-upload/server/php/ HTTP/1.0" 301 - "-" "Mozilla/5.0 (Windows NT 10.0; Win64; x64) AppleWebKit/537.36 (KHTML, like Gecko) Chrome/89.0.4389.82 Safari/537.36"
212.2.251.26 - - [04/Feb/2026:02:10:26 -0500] "GET /js/assets/global/plugins/jquery-file-upload/server/php/ HTTP/1.0" 404 160153 "-" "Mozilla/5.0 (Windows NT 10.0; Win64; x64) AppleWebKit/537.36 (KHTML, like Gecko) Chrome/89.0.4389.82 Safari/537.36"
212.2.251.26 - - [04/Feb/2026:02:10:28 -0500] "GET /js/assets/plugins/JQuery-File-Upload/server/php/ HTTP/1.0" 301 - "-" "Mozilla/5.0 (Windows NT 10.0; Win64; x64) AppleWebKit/537.36 (KHTML, like Gecko) Chrome/89.0.4389.82 Safari/537.36"
212.2.251.26 - - [04/Feb/2026:02:10:28 -0500] "GET /js/assets/plugins/JQuery-File-Upload/server/php/ HTTP/1.0" 404 160153 "-" "Mozilla/5.0 (Windows NT 10.0; Win64; x64) AppleWebKit/537.36 (KHTML, like Gecko) Chrome/89.0.4389.82 Safari/537.36"
212.2.251.26 - - [04/Feb/2026:02:10:30 -0500] "GET /yonetim/assets/global/plugins/jquery-file-upload/server/php/ HTTP/1.0" 301 - "-" "Mozilla/5.0 (Windows NT 10.0; Win64; x64) AppleWebKit/537.36 (KHTML, like Gecko) Chrome/89.0.4389.82 Safari/537.36"
173.231.242.79 - - [04/Feb/2026:02:10:32 -0500] "POST /wp-cron.php?doing_wp_cron=1770189032.1519849300384521484375 HTTP/1.0" 200 - "-" "WordPress/6.9.1; https://www.zenoxpressparkingjobs.com"
212.2.251.26 - - [04/Feb/2026:02:10:31 -0500] "GET /yonetim/assets/global/plugins/jquery-file-upload/server/php/ HTTP/1.0" 404 160153 "-" "Mozilla/5.0 (Windows NT 10.0; Win64; x64) AppleWebKit/537.36 (KHTML, like Gecko) Chrome/89.0.4389.82 Safari/537.36"
212.2.251.26 - - [04/Feb/2026:02:10:33 -0500] "GET /yonetim/assets/plugins/JQuery-File-Upload/server/php/ HTTP/1.0" 301 - "-" "Mozilla/5.0 (Windows NT 10.0; Win64; x64) AppleWebKit/537.36 (KHTML, like Gecko) Chrome/89.0.4389.82 Safari/537.36"
212.2.251.26 - - [04/Feb/2026:02:10:34 -0500] "GET /yonetim/assets/plugins/JQuery-File-Upload/server/php/ HTTP/1.0" 404 160153 "-" "Mozilla/5.0 (Windows NT 10.0; Win64; x64) AppleWebKit/537.36 (KHTML, like Gecko) Chrome/89.0.4389.82 Safari/537.36"
212.2.251.26 - - [04/Feb/2026:02:10:35 -0500] "GET /system/phpforms/plugins/jquery-file-upload/server/php/ HTTP/1.0" 301 - "-" "Mozilla/5.0 (Windows NT 10.0; Win64; x64) AppleWebKit/537.36 (KHTML, like Gecko) Chrome/89.0.4389.82 Safari/537.36"
212.2.251.26 - - [04/Feb/2026:02:10:37 -0500] "GET /system/phpforms/plugins/jquery-file-upload/server/php/ HTTP/1.0" 404 160153 "-" "Mozilla/5.0 (Windows NT 10.0; Win64; x64) AppleWebKit/537.36 (KHTML, like Gecko) Chrome/89.0.4389.82 Safari/537.36"
212.2.251.26 - - [04/Feb/2026:02:10:39 -0500] "GET /public/assets/global/plugins/JQuery-File-Upload/server/php/ HTTP/1.0" 301 - "-" "Mozilla/5.0 (Windows NT 10.0; Win64; x64) AppleWebKit/537.36 (KHTML, like Gecko) Chrome/89.0.4389.82 Safari/537.36"
212.2.251.26 - - [04/Feb/2026:02:10:41 -0500] "GET /public/assets/global/plugins/JQuery-File-Upload/server/php/ HTTP/1.0" 404 160153 "-" "Mozilla/5.0 (Windows NT 10.0; Win64; x64) AppleWebKit/537.36 (KHTML, like Gecko) Chrome/89.0.4389.82 Safari/537.36"
212.2.251.26 - - [04/Feb/2026:02:10:42 -0500] "GET /public/assets/plugins/jquery-file-upload/server/php/ HTTP/1.0" 301 - "-" "Mozilla/5.0 (Windows NT 10.0; Win64; x64) AppleWebKit/537.36 (KHTML, like Gecko) Chrome/89.0.4389.82 Safari/537.36"
212.2.251.26 - - [04/Feb/2026:02:10:43 -0500] "GET /public/assets/plugins/jquery-file-upload/server/php/ HTTP/1.0" 404 160153 "-" "Mozilla/5.0 (Windows NT 10.0; Win64; x64) AppleWebKit/537.36 (KHTML, like Gecko) Chrome/89.0.4389.82 Safari/537.36"
212.2.251.26 - - [04/Feb/2026:02:10:45 -0500] "GET /js/JQuery-File-Upload/server/php/ HTTP/1.0" 301 - "-" "Mozilla/5.0 (Windows NT 10.0; Win64; x64) AppleWebKit/537.36 (KHTML, like Gecko) Chrome/89.0.4389.82 Safari/537.36"
212.2.251.26 - - [04/Feb/2026:02:10:46 -0500] "GET /js/JQuery-File-Upload/server/php/ HTTP/1.0" 404 160153 "-" "Mozilla/5.0 (Windows NT 10.0; Win64; x64) AppleWebKit/537.36 (KHTML, like Gecko) Chrome/89.0.4389.82 Safari/537.36"
212.2.251.26 - - [04/Feb/2026:02:10:48 -0500] "GET /novo/admin/assets/jquery-file-upload/server/php/ HTTP/1.0" 301 - "-" "Mozilla/5.0 (Windows NT 10.0; Win64; x64) AppleWebKit/537.36 (KHTML, like Gecko) Chrome/89.0.4389.82 Safari/537.36"
212.2.251.26 - - [04/Feb/2026:02:10:50 -0500] "GET /novo/admin/assets/jquery-file-upload/server/php/ HTTP/1.0" 404 160153 "-" "Mozilla/5.0 (Windows NT 10.0; Win64; x64) AppleWebKit/537.36 (KHTML, like Gecko) Chrome/89.0.4389.82 Safari/537.36"
212.2.251.26 - - [04/Feb/2026:02:10:52 -0500] "GET /assets/js-admin/plugins/JQuery-File-Upload/server/php/ HTTP/1.0" 301 - "-" "Mozilla/5.0 (Windows NT 10.0; Win64; x64) AppleWebKit/537.36 (KHTML, like Gecko) Chrome/89.0.4389.82 Safari/537.36"
212.2.251.26 - - [04/Feb/2026:02:10:53 -0500] "GET /assets/js-admin/plugins/JQuery-File-Upload/server/php/ HTTP/1.0" 404 160153 "-" "Mozilla/5.0 (Windows NT 10.0; Win64; x64) AppleWebKit/537.36 (KHTML, like Gecko) Chrome/89.0.4389.82 Safari/537.36"
212.2.251.26 - - [04/Feb/2026:02:10:55 -0500] "GET /__MACOSX/assets/plugins/jquery-file-upload/server/php/ HTTP/1.0" 301 - "-" "Mozilla/5.0 (Windows NT 10.0; Win64; x64) AppleWebKit/537.36 (KHTML, like Gecko) Chrome/89.0.4389.82 Safari/537.36"
212.2.251.26 - - [04/Feb/2026:02:10:56 -0500] "GET /__MACOSX/assets/plugins/jquery-file-upload/server/php/ HTTP/1.0" 404 160153 "-" "Mozilla/5.0 (Windows NT 10.0; Win64; x64) AppleWebKit/537.36 (KHTML, like Gecko) Chrome/89.0.4389.82 Safari/537.36"
212.2.251.26 - - [04/Feb/2026:02:10:58 -0500] "GET /blog/category/js/JQuery-File-Upload/server/php/ HTTP/1.0" 301 - "-" "Mozilla/5.0 (Windows NT 10.0; Win64; x64) AppleWebKit/537.36 (KHTML, like Gecko) Chrome/89.0.4389.82 Safari/537.36"
212.2.251.26 - - [04/Feb/2026:02:10:59 -0500] "GET /blog/category/js/JQuery-File-Upload/server/php/ HTTP/1.0" 404 160153 "-" "Mozilla/5.0 (Windows NT 10.0; Win64; x64) AppleWebKit/537.36 (KHTML, like Gecko) Chrome/89.0.4389.82 Safari/537.36"
173.231.242.79 - - [04/Feb/2026:02:11:01 -0500] "POST /wp-cron.php?doing_wp_cron=1770189061.1235699653625488281250 HTTP/1.0" 200 - "-" "WordPress/6.9.1; https://www.zenoxpressparkingjobs.com"
212.2.251.26 - - [04/Feb/2026:02:11:00 -0500] "GET /category/js/jquery-file-upload/server/php/ HTTP/1.0" 301 - "-" "Mozilla/5.0 (Windows NT 10.0; Win64; x64) AppleWebKit/537.36 (KHTML, like Gecko) Chrome/89.0.4389.82 Safari/537.36"
212.2.251.26 - - [04/Feb/2026:02:11:02 -0500] "GET /category/js/jquery-file-upload/server/php/ HTTP/1.0" 404 160153 "-" "Mozilla/5.0 (Windows NT 10.0; Win64; x64) AppleWebKit/537.36 (KHTML, like Gecko) Chrome/89.0.4389.82 Safari/537.36"
212.2.251.26 - - [04/Feb/2026:02:11:04 -0500] "GET /vendor/JQuery-File-Upload/server/php/ HTTP/1.0" 301 - "-" "Mozilla/5.0 (Windows NT 10.0; Win64; x64) AppleWebKit/537.36 (KHTML, like Gecko) Chrome/89.0.4389.82 Safari/537.36"
212.2.251.26 - - [04/Feb/2026:02:11:06 -0500] "GET /vendor/JQuery-File-Upload/server/php/ HTTP/1.0" 404 160153 "-" "Mozilla/5.0 (Windows NT 10.0; Win64; x64) AppleWebKit/537.36 (KHTML, like Gecko) Chrome/89.0.4389.82 Safari/537.36"
212.2.251.26 - - [04/Feb/2026:02:11:08 -0500] "GET /resources/theme/admin/plugins/jquery-file-upload/server/php/ HTTP/1.0" 301 - "-" "Mozilla/5.0 (Windows NT 10.0; Win64; x64) AppleWebKit/537.36 (KHTML, like Gecko) Chrome/89.0.4389.82 Safari/537.36"
212.2.251.26 - - [04/Feb/2026:02:11:09 -0500] "GET /resources/theme/admin/plugins/jquery-file-upload/server/php/ HTTP/1.0" 404 160153 "-" "Mozilla/5.0 (Windows NT 10.0; Win64; x64) AppleWebKit/537.36 (KHTML, like Gecko) Chrome/89.0.4389.82 Safari/537.36"
212.2.251.26 - - [04/Feb/2026:02:11:11 -0500] "GET /app/assets/global/plugins/JQuery-File-Upload/server/php/ HTTP/1.0" 301 - "-" "Mozilla/5.0 (Windows NT 10.0; Win64; x64) AppleWebKit/537.36 (KHTML, like Gecko) Chrome/89.0.4389.82 Safari/537.36"
212.2.251.26 - - [04/Feb/2026:02:11:13 -0500] "GET /app/assets/global/plugins/JQuery-File-Upload/server/php/ HTTP/1.0" 404 160153 "-" "Mozilla/5.0 (Windows NT 10.0; Win64; x64) AppleWebKit/537.36 (KHTML, like Gecko) Chrome/89.0.4389.82 Safari/537.36"
212.2.251.26 - - [04/Feb/2026:02:11:15 -0500] "GET /lib/jqueryplugins/jquery-file-upload/server/php/ HTTP/1.0" 301 - "-" "Mozilla/5.0 (Windows NT 10.0; Win64; x64) AppleWebKit/537.36 (KHTML, like Gecko) Chrome/89.0.4389.82 Safari/537.36"
212.2.251.26 - - [04/Feb/2026:02:11:16 -0500] "GET /lib/jqueryplugins/jquery-file-upload/server/php/ HTTP/1.0" 404 160153 "-" "Mozilla/5.0 (Windows NT 10.0; Win64; x64) AppleWebKit/537.36 (KHTML, like Gecko) Chrome/89.0.4389.82 Safari/537.36"
212.2.251.26 - - [04/Feb/2026:02:11:17 -0500] "GET /WebUI/assets/plugins/JQuery-File-Upload/server/php/ HTTP/1.0" 301 - "-" "Mozilla/5.0 (Windows NT 10.0; Win64; x64) AppleWebKit/537.36 (KHTML, like Gecko) Chrome/89.0.4389.82 Safari/537.36"
212.2.251.26 - - [04/Feb/2026:02:11:18 -0500] "GET /WebUI/assets/plugins/JQuery-File-Upload/server/php/ HTTP/1.0" 404 160153 "-" "Mozilla/5.0 (Windows NT 10.0; Win64; x64) AppleWebKit/537.36 (KHTML, like Gecko) Chrome/89.0.4389.82 Safari/537.36"
212.2.251.26 - - [04/Feb/2026:02:11:20 -0500] "GET /Public/lib/metronic/assets/global/plugins/jquery-file-upload/server/php/ HTTP/1.0" 301 - "-" "Mozilla/5.0 (Windows NT 10.0; Win64; x64) AppleWebKit/537.36 (KHTML, like Gecko) Chrome/89.0.4389.82 Safari/537.36"
20.210.128.3 - - [04/Feb/2026:02:11:20 -0500] "GET /rip.php HTTP/1.0" 301 - "-" "Mozilla/5.0 (Windows NT 10.0; Win64; x64) AppleWebKit/537.36 (KHTML, like Gecko) Chrome/120.0.0.0 Safari/537.36"
20.210.128.3 - - [04/Feb/2026:02:11:21 -0500] "GET /about.php HTTP/1.0" 301 - "-" "Mozilla/5.0 (Windows NT 10.0; Win64; x64) AppleWebKit/537.36 (KHTML, like Gecko) Chrome/120.0.0.0 Safari/537.36"
212.2.251.26 - - [04/Feb/2026:02:11:21 -0500] "GET /Public/lib/metronic/assets/global/plugins/jquery-file-upload/server/php/ HTTP/1.0" 404 160153 "-" "Mozilla/5.0 (Windows NT 10.0; Win64; x64) AppleWebKit/537.36 (KHTML, like Gecko) Chrome/89.0.4389.82 Safari/537.36"
20.210.128.3 - - [04/Feb/2026:02:11:22 -0500] "GET /wp-content/plugins/hello-dolly/ HTTP/1.0" 301 - "-" "Mozilla/5.0 (Windows NT 10.0; Win64; x64) AppleWebKit/537.36 (KHTML, like Gecko) Chrome/120.0.0.0 Safari/537.36"
20.210.128.3 - - [04/Feb/2026:02:11:22 -0500] "GET /wp-content/themes/admin.php HTTP/1.0" 301 - "-" "Mozilla/5.0 (Windows NT 10.0; Win64; x64) AppleWebKit/537.36 (KHTML, like Gecko) Chrome/120.0.0.0 Safari/537.36"
212.2.251.26 - - [04/Feb/2026:02:11:22 -0500] "GET /test/assets/plugins/JQuery-File-Upload/server/php/ HTTP/1.0" 301 - "-" "Mozilla/5.0 (Windows NT 10.0; Win64; x64) AppleWebKit/537.36 (KHTML, like Gecko) Chrome/89.0.4389.82 Safari/537.36"
20.210.128.3 - - [04/Feb/2026:02:11:23 -0500] "GET /admin.php HTTP/1.0" 301 - "-" "Mozilla/5.0 (Windows NT 10.0; Win64; x64) AppleWebKit/537.36 (KHTML, like Gecko) Chrome/120.0.0.0 Safari/537.36"
20.210.128.3 - - [04/Feb/2026:02:11:24 -0500] "GET /adminfuns.php HTTP/1.0" 301 - "-" "Mozilla/5.0 (Windows NT 10.0; Win64; x64) AppleWebKit/537.36 (KHTML, like Gecko) Chrome/120.0.0.0 Safari/537.36"
212.2.251.26 - - [04/Feb/2026:02:11:23 -0500] "GET /test/assets/plugins/JQuery-File-Upload/server/php/ HTTP/1.0" 404 160153 "-" "Mozilla/5.0 (Windows NT 10.0; Win64; x64) AppleWebKit/537.36 (KHTML, like Gecko) Chrome/89.0.4389.82 Safari/537.36"
20.210.128.3 - - [04/Feb/2026:02:11:24 -0500] "GET /wp-content/cache/ HTTP/1.0" 301 - "-" "Mozilla/5.0 (Windows NT 10.0; Win64; x64) AppleWebKit/537.36 (KHTML, like Gecko) Chrome/120.0.0.0 Safari/537.36"
20.210.128.3 - - [04/Feb/2026:02:11:25 -0500] "GET /wp-includes/js/thickbox/ HTTP/1.0" 200 1416 "-" "Mozilla/5.0 (Windows NT 10.0; Win64; x64) AppleWebKit/537.36 (KHTML, like Gecko) Chrome/120.0.0.0 Safari/537.36"
20.210.128.3 - - [04/Feb/2026:02:11:25 -0500] "GET /goods.php HTTP/1.0" 301 - "-" "Mozilla/5.0 (Windows NT 10.0; Win64; x64) AppleWebKit/537.36 (KHTML, like Gecko) Chrome/120.0.0.0 Safari/537.36"
212.2.251.26 - - [04/Feb/2026:02:11:25 -0500] "GET /update/UserControl/assets/jquery-file-upload/server/php/ HTTP/1.0" 301 - "-" "Mozilla/5.0 (Windows NT 10.0; Win64; x64) AppleWebKit/537.36 (KHTML, like Gecko) Chrome/89.0.4389.82 Safari/537.36"
20.210.128.3 - - [04/Feb/2026:02:11:26 -0500] "GET /sf.php HTTP/1.0" 301 - "-" "Mozilla/5.0 (Windows NT 10.0; Win64; x64) AppleWebKit/537.36 (KHTML, like Gecko) Chrome/120.0.0.0 Safari/537.36"
20.210.128.3 - - [04/Feb/2026:02:11:26 -0500] "GET /wp-admin/ HTTP/1.0" 302 - "-" "Mozilla/5.0 (Windows NT 10.0; Win64; x64) AppleWebKit/537.36 (KHTML, like Gecko) Chrome/120.0.0.0 Safari/537.36"
212.2.251.26 - - [04/Feb/2026:02:11:27 -0500] "GET /update/UserControl/assets/jquery-file-upload/server/php/ HTTP/1.0" 404 160153 "-" "Mozilla/5.0 (Windows NT 10.0; Win64; x64) AppleWebKit/537.36 (KHTML, like Gecko) Chrome/89.0.4389.82 Safari/537.36"
20.210.128.3 - - [04/Feb/2026:02:11:27 -0500] "GET /wp-admin/images/ HTTP/1.0" 200 13175 "-" "Mozilla/5.0 (Windows NT 10.0; Win64; x64) AppleWebKit/537.36 (KHTML, like Gecko) Chrome/120.0.0.0 Safari/537.36"
212.2.251.26 - - [04/Feb/2026:02:11:28 -0500] "GET /site/assets/global/plugins/JQuery-File-Upload/server/php/ HTTP/1.0" 301 - "-" "Mozilla/5.0 (Windows NT 10.0; Win64; x64) AppleWebKit/537.36 (KHTML, like Gecko) Chrome/89.0.4389.82 Safari/537.36"
20.210.128.3 - - [04/Feb/2026:02:11:27 -0500] "GET /wp-content/admin.php HTTP/1.0" 301 - "-" "Mozilla/5.0 (Windows NT 10.0; Win64; x64) AppleWebKit/537.36 (KHTML, like Gecko) Chrome/120.0.0.0 Safari/537.36"
20.210.128.3 - - [04/Feb/2026:02:11:30 -0500] "GET /wp-includes/ HTTP/1.0" 200 53397 "-" "Mozilla/5.0 (Windows NT 10.0; Win64; x64) AppleWebKit/537.36 (KHTML, like Gecko) Chrome/120.0.0.0 Safari/537.36"
20.210.128.3 - - [04/Feb/2026:02:11:30 -0500] "GET /wp-includes/css/ HTTP/1.0" 200 8770 "-" "Mozilla/5.0 (Windows NT 10.0; Win64; x64) AppleWebKit/537.36 (KHTML, like Gecko) Chrome/120.0.0.0 Safari/537.36"
20.210.128.3 - - [04/Feb/2026:02:11:30 -0500] "GET /wp-includes/js/plupload/ HTTP/1.0" 200 2313 "-" "Mozilla/5.0 (Windows NT 10.0; Win64; x64) AppleWebKit/537.36 (KHTML, like Gecko) Chrome/120.0.0.0 Safari/537.36"
20.210.128.3 - - [04/Feb/2026:02:11:30 -0500] "GET /.well-known/ HTTP/1.0" 200 830 "-" "Mozilla/5.0 (Windows NT 10.0; Win64; x64) AppleWebKit/537.36 (KHTML, like Gecko) Chrome/120.0.0.0 Safari/537.36"
212.2.251.26 - - [04/Feb/2026:02:11:30 -0500] "GET /site/assets/global/plugins/JQuery-File-Upload/server/php/ HTTP/1.0" 404 160153 "-" "Mozilla/5.0 (Windows NT 10.0; Win64; x64) AppleWebKit/537.36 (KHTML, like Gecko) Chrome/89.0.4389.82 Safari/537.36"
20.210.128.3 - - [04/Feb/2026:02:11:31 -0500] "GET /222.php HTTP/1.0" 301 - "-" "Mozilla/5.0 (Windows NT 10.0; Win64; x64) AppleWebKit/537.36 (KHTML, like Gecko) Chrome/120.0.0.0 Safari/537.36"
20.210.128.3 - - [04/Feb/2026:02:11:31 -0500] "GET /abcd.php HTTP/1.0" 301 - "-" "Mozilla/5.0 (Windows NT 10.0; Win64; x64) AppleWebKit/537.36 (KHTML, like Gecko) Chrome/120.0.0.0 Safari/537.36"
212.2.251.26 - - [04/Feb/2026:02:11:32 -0500] "GET /demo/assets/plugins/jquery-file-upload/server/php/ HTTP/1.0" 301 - "-" "Mozilla/5.0 (Windows NT 10.0; Win64; x64) AppleWebKit/537.36 (KHTML, like Gecko) Chrome/89.0.4389.82 Safari/537.36"
20.210.128.3 - - [04/Feb/2026:02:11:32 -0500] "GET /class-t.api.php HTTP/1.0" 301 - "-" "Mozilla/5.0 (Windows NT 10.0; Win64; x64) AppleWebKit/537.36 (KHTML, like Gecko) Chrome/120.0.0.0 Safari/537.36"
20.210.128.3 - - [04/Feb/2026:02:11:33 -0500] "GET /classwithtostring.php HTTP/1.0" 301 - "-" "Mozilla/5.0 (Windows NT 10.0; Win64; x64) AppleWebKit/537.36 (KHTML, like Gecko) Chrome/120.0.0.0 Safari/537.36"
212.2.251.26 - - [04/Feb/2026:02:11:33 -0500] "GET /demo/assets/plugins/jquery-file-upload/server/php/ HTTP/1.0" 404 160153 "-" "Mozilla/5.0 (Windows NT 10.0; Win64; x64) AppleWebKit/537.36 (KHTML, like Gecko) Chrome/89.0.4389.82 Safari/537.36"
20.210.128.3 - - [04/Feb/2026:02:11:33 -0500] "GET /file.php HTTP/1.0" 301 - "-" "Mozilla/5.0 (Windows NT 10.0; Win64; x64) AppleWebKit/537.36 (KHTML, like Gecko) Chrome/120.0.0.0 Safari/537.36"
20.210.128.3 - - [04/Feb/2026:02:11:34 -0500] "GET /info.php HTTP/1.0" 301 - "-" "Mozilla/5.0 (Windows NT 10.0; Win64; x64) AppleWebKit/537.36 (KHTML, like Gecko) Chrome/120.0.0.0 Safari/537.36"
20.210.128.3 - - [04/Feb/2026:02:11:35 -0500] "GET /wp-admin/css/colors/coffee/ HTTP/1.0" 200 1604 "-" "Mozilla/5.0 (Windows NT 10.0; Win64; x64) AppleWebKit/537.36 (KHTML, like Gecko) Chrome/120.0.0.0 Safari/537.36"
20.210.128.3 - - [04/Feb/2026:02:11:35 -0500] "GET /wp-admin/js/widgets/ HTTP/1.0" 200 3348 "-" "Mozilla/5.0 (Windows NT 10.0; Win64; x64) AppleWebKit/537.36 (KHTML, like Gecko) Chrome/120.0.0.0 Safari/537.36"
212.2.251.26 - - [04/Feb/2026:02:11:34 -0500] "GET /theme/assets/global/plugins/JQuery-File-Upload/server/php/ HTTP/1.0" 301 - "-" "Mozilla/5.0 (Windows NT 10.0; Win64; x64) AppleWebKit/537.36 (KHTML, like Gecko) Chrome/89.0.4389.82 Safari/537.36"
20.210.128.3 - - [04/Feb/2026:02:11:35 -0500] "GET /wp-content/languages/ HTTP/1.0" 301 - "-" "Mozilla/5.0 (Windows NT 10.0; Win64; x64) AppleWebKit/537.36 (KHTML, like Gecko) Chrome/120.0.0.0 Safari/537.36"
20.210.128.3 - - [04/Feb/2026:02:11:36 -0500] "GET /wp-content/languages/plugins/ HTTP/1.0" 301 - "-" "Mozilla/5.0 (Windows NT 10.0; Win64; x64) AppleWebKit/537.36 (KHTML, like Gecko) Chrome/120.0.0.0 Safari/537.36"
212.2.251.26 - - [04/Feb/2026:02:11:35 -0500] "GET /theme/assets/global/plugins/JQuery-File-Upload/server/php/ HTTP/1.0" 404 160153 "-" "Mozilla/5.0 (Windows NT 10.0; Win64; x64) AppleWebKit/537.36 (KHTML, like Gecko) Chrome/89.0.4389.82 Safari/537.36"
20.210.128.3 - - [04/Feb/2026:02:11:36 -0500] "GET /wp-content/themes/twentytwentyfour/ HTTP/1.0" 200 2486 "-" "Mozilla/5.0 (Windows NT 10.0; Win64; x64) AppleWebKit/537.36 (KHTML, like Gecko) Chrome/120.0.0.0 Safari/537.36"
20.210.128.3 - - [04/Feb/2026:02:11:36 -0500] "GET /wp-content/upgrade/ HTTP/1.0" 200 672 "-" "Mozilla/5.0 (Windows NT 10.0; Win64; x64) AppleWebKit/537.36 (KHTML, like Gecko) Chrome/120.0.0.0 Safari/537.36"
20.210.128.3 - - [04/Feb/2026:02:11:37 -0500] "GET /wp-good.php HTTP/1.0" 301 - "-" "Mozilla/5.0 (Windows NT 10.0; Win64; x64) AppleWebKit/537.36 (KHTML, like Gecko) Chrome/120.0.0.0 Safari/537.36"
20.210.128.3 - - [04/Feb/2026:02:11:37 -0500] "GET /wp-includes/js/jquery/ HTTP/1.0" 200 4213 "-" "Mozilla/5.0 (Windows NT 10.0; Win64; x64) AppleWebKit/537.36 (KHTML, like Gecko) Chrome/120.0.0.0 Safari/537.36"
212.2.251.26 - - [04/Feb/2026:02:11:37 -0500] "GET /manager/assets/plugins/jquery-file-upload/server/php/ HTTP/1.0" 301 - "-" "Mozilla/5.0 (Windows NT 10.0; Win64; x64) AppleWebKit/537.36 (KHTML, like Gecko) Chrome/89.0.4389.82 Safari/537.36"
20.210.128.3 - - [04/Feb/2026:02:11:38 -0500] "GET /wp-includes/js/jquery/ui/ HTTP/1.0" 200 14223 "-" "Mozilla/5.0 (Windows NT 10.0; Win64; x64) AppleWebKit/537.36 (KHTML, like Gecko) Chrome/120.0.0.0 Safari/537.36"
20.210.128.3 - - [04/Feb/2026:02:11:38 -0500] "GET /wp-includes/js/tinymce/themes/ HTTP/1.0" 200 1056 "-" "Mozilla/5.0 (Windows NT 10.0; Win64; x64) AppleWebKit/537.36 (KHTML, like Gecko) Chrome/120.0.0.0 Safari/537.36"
20.210.128.3 - - [04/Feb/2026:02:11:38 -0500] "GET /wp-includes/rest-api/ HTTP/1.0" 200 1793 "-" "Mozilla/5.0 (Windows NT 10.0; Win64; x64) AppleWebKit/537.36 (KHTML, like Gecko) Chrome/120.0.0.0 Safari/537.36"
212.2.251.26 - - [04/Feb/2026:02:11:38 -0500] "GET /manager/assets/plugins/jquery-file-upload/server/php/ HTTP/1.0" 404 160153 "-" "Mozilla/5.0 (Windows NT 10.0; Win64; x64) AppleWebKit/537.36 (KHTML, like Gecko) Chrome/89.0.4389.82 Safari/537.36"
212.2.251.26 - - [04/Feb/2026:02:11:40 -0500] "GET /assets/super_admin/vendor/JQuery-File-Upload/server/php/ HTTP/1.0" 301 - "-" "Mozilla/5.0 (Windows NT 10.0; Win64; x64) AppleWebKit/537.36 (KHTML, like Gecko) Chrome/89.0.4389.82 Safari/537.36"
212.2.251.26 - - [04/Feb/2026:02:11:41 -0500] "GET /assets/super_admin/vendor/JQuery-File-Upload/server/php/ HTTP/1.0" 404 160153 "-" "Mozilla/5.0 (Windows NT 10.0; Win64; x64) AppleWebKit/537.36 (KHTML, like Gecko) Chrome/89.0.4389.82 Safari/537.36"
212.2.251.26 - - [04/Feb/2026:02:11:43 -0500] "GET /themes/dashboard/assets/plugins/jquery-file-upload/server/php/ HTTP/1.0" 301 - "-" "Mozilla/5.0 (Windows NT 10.0; Win64; x64) AppleWebKit/537.36 (KHTML, like Gecko) Chrome/89.0.4389.82 Safari/537.36"
212.2.251.26 - - [04/Feb/2026:02:11:43 -0500] "GET /themes/dashboard/assets/plugins/jquery-file-upload/server/php/ HTTP/1.0" 404 160153 "-" "Mozilla/5.0 (Windows NT 10.0; Win64; x64) AppleWebKit/537.36 (KHTML, like Gecko) Chrome/89.0.4389.82 Safari/537.36"
212.2.251.26 - - [04/Feb/2026:02:11:45 -0500] "GET /blueimp-JQuery-File-Upload/server/php/ HTTP/1.0" 301 - "-" "Mozilla/5.0 (Windows NT 10.0; Win64; x64) AppleWebKit/537.36 (KHTML, like Gecko) Chrome/89.0.4389.82 Safari/537.36"
212.2.251.26 - - [04/Feb/2026:02:11:46 -0500] "GET /blueimp-JQuery-File-Upload/server/php/ HTTP/1.0" 404 160153 "-" "Mozilla/5.0 (Windows NT 10.0; Win64; x64) AppleWebKit/537.36 (KHTML, like Gecko) Chrome/89.0.4389.82 Safari/537.36"
212.2.251.26 - - [04/Feb/2026:02:11:48 -0500] "GET /pixel/photobook/assets/jquery-file-upload/server/php/ HTTP/1.0" 301 - "-" "Mozilla/5.0 (Windows NT 10.0; Win64; x64) AppleWebKit/537.36 (KHTML, like Gecko) Chrome/89.0.4389.82 Safari/537.36"
212.2.251.26 - - [04/Feb/2026:02:11:50 -0500] "GET /pixel/photobook/assets/jquery-file-upload/server/php/ HTTP/1.0" 404 160153 "-" "Mozilla/5.0 (Windows NT 10.0; Win64; x64) AppleWebKit/537.36 (KHTML, like Gecko) Chrome/89.0.4389.82 Safari/537.36"
212.2.251.26 - - [04/Feb/2026:02:11:53 -0500] "GET /support/vendor/JQuery-File-Upload/server/php/ HTTP/1.0" 301 - "-" "Mozilla/5.0 (Windows NT 10.0; Win64; x64) AppleWebKit/537.36 (KHTML, like Gecko) Chrome/89.0.4389.82 Safari/537.36"
212.2.251.26 - - [04/Feb/2026:02:11:56 -0500] "GET /support/vendor/JQuery-File-Upload/server/php/ HTTP/1.0" 404 160153 "-" "Mozilla/5.0 (Windows NT 10.0; Win64; x64) AppleWebKit/537.36 (KHTML, like Gecko) Chrome/89.0.4389.82 Safari/537.36"
173.231.242.79 - - [04/Feb/2026:02:12:00 -0500] "POST /wp-cron.php?doing_wp_cron=1770189120.7960131168365478515625 HTTP/1.0" 200 - "-" "WordPress/6.9.1; https://www.zenoxpressparkingjobs.com"
212.2.251.26 - - [04/Feb/2026:02:11:59 -0500] "GET /extranet/assets/js/vendor/jquery-file-upload/server/php/ HTTP/1.0" 301 - "-" "Mozilla/5.0 (Windows NT 10.0; Win64; x64) AppleWebKit/537.36 (KHTML, like Gecko) Chrome/89.0.4389.82 Safari/537.36"
212.2.251.26 - - [04/Feb/2026:02:12:01 -0500] "GET /extranet/assets/js/vendor/jquery-file-upload/server/php/ HTTP/1.0" 404 160153 "-" "Mozilla/5.0 (Windows NT 10.0; Win64; x64) AppleWebKit/537.36 (KHTML, like Gecko) Chrome/89.0.4389.82 Safari/537.36"
212.2.251.26 - - [04/Feb/2026:02:12:03 -0500] "GET /include/JQuery-File-Upload/server/php/ HTTP/1.0" 301 - "-" "Mozilla/5.0 (Windows NT 10.0; Win64; x64) AppleWebKit/537.36 (KHTML, like Gecko) Chrome/89.0.4389.82 Safari/537.36"
212.2.251.26 - - [04/Feb/2026:02:12:05 -0500] "GET /include/JQuery-File-Upload/server/php/ HTTP/1.0" 404 160153 "-" "Mozilla/5.0 (Windows NT 10.0; Win64; x64) AppleWebKit/537.36 (KHTML, like Gecko) Chrome/89.0.4389.82 Safari/537.36"
212.2.251.26 - - [04/Feb/2026:02:12:07 -0500] "GET /plugins/jquery-file-upload/server/php/ HTTP/1.0" 301 - "-" "Mozilla/5.0 (Windows NT 10.0; Win64; x64) AppleWebKit/537.36 (KHTML, like Gecko) Chrome/89.0.4389.82 Safari/537.36"
212.2.251.26 - - [04/Feb/2026:02:12:08 -0500] "GET /plugins/jquery-file-upload/server/php/ HTTP/1.0" 404 160153 "-" "Mozilla/5.0 (Windows NT 10.0; Win64; x64) AppleWebKit/537.36 (KHTML, like Gecko) Chrome/89.0.4389.82 Safari/537.36"
212.2.251.26 - - [04/Feb/2026:02:12:10 -0500] "GET /assets/frontend/plugins/JQuery-File-Upload/server/php/ HTTP/1.0" 301 - "-" "Mozilla/5.0 (Windows NT 10.0; Win64; x64) AppleWebKit/537.36 (KHTML, like Gecko) Chrome/89.0.4389.82 Safari/537.36"
212.2.251.26 - - [04/Feb/2026:02:12:12 -0500] "GET /assets/frontend/plugins/JQuery-File-Upload/server/php/ HTTP/1.0" 404 160153 "-" "Mozilla/5.0 (Windows NT 10.0; Win64; x64) AppleWebKit/537.36 (KHTML, like Gecko) Chrome/89.0.4389.82 Safari/537.36"
212.2.251.26 - - [04/Feb/2026:02:12:14 -0500] "GET /php/upload/server/php/ HTTP/1.0" 301 - "-" "Mozilla/5.0 (Windows NT 10.0; Win64; x64) AppleWebKit/537.36 (KHTML, like Gecko) Chrome/89.0.4389.82 Safari/537.36"
212.2.251.26 - - [04/Feb/2026:02:12:16 -0500] "GET /php/upload/server/php/ HTTP/1.0" 404 160153 "-" "Mozilla/5.0 (Windows NT 10.0; Win64; x64) AppleWebKit/537.36 (KHTML, like Gecko) Chrome/89.0.4389.82 Safari/537.36"
212.2.251.26 - - [04/Feb/2026:02:12:18 -0500] "GET /public/site/jquery-file-upload/server/php/ HTTP/1.0" 301 - "-" "Mozilla/5.0 (Windows NT 10.0; Win64; x64) AppleWebKit/537.36 (KHTML, like Gecko) Chrome/89.0.4389.82 Safari/537.36"
212.2.251.26 - - [04/Feb/2026:02:12:19 -0500] "GET /public/site/jquery-file-upload/server/php/ HTTP/1.0" 404 160153 "-" "Mozilla/5.0 (Windows NT 10.0; Win64; x64) AppleWebKit/537.36 (KHTML, like Gecko) Chrome/89.0.4389.82 Safari/537.36"
212.2.251.26 - - [04/Feb/2026:02:12:21 -0500] "GET /intranet/assets/global/plugins/JQuery-File-Upload/server/php/ HTTP/1.0" 301 - "-" "Mozilla/5.0 (Windows NT 10.0; Win64; x64) AppleWebKit/537.36 (KHTML, like Gecko) Chrome/89.0.4389.82 Safari/537.36"
212.2.251.26 - - [04/Feb/2026:02:12:22 -0500] "GET /intranet/assets/global/plugins/JQuery-File-Upload/server/php/ HTTP/1.0" 404 160153 "-" "Mozilla/5.0 (Windows NT 10.0; Win64; x64) AppleWebKit/537.36 (KHTML, like Gecko) Chrome/89.0.4389.82 Safari/537.36"
212.2.251.26 - - [04/Feb/2026:02:12:25 -0500] "GET /content/jquery-file-upload/server/php/ HTTP/1.0" 301 - "-" "Mozilla/5.0 (Windows NT 10.0; Win64; x64) AppleWebKit/537.36 (KHTML, like Gecko) Chrome/89.0.4389.82 Safari/537.36"
212.2.251.26 - - [04/Feb/2026:02:12:26 -0500] "GET /content/jquery-file-upload/server/php/ HTTP/1.0" 404 160153 "-" "Mozilla/5.0 (Windows NT 10.0; Win64; x64) AppleWebKit/537.36 (KHTML, like Gecko) Chrome/89.0.4389.82 Safari/537.36"
212.2.251.26 - - [04/Feb/2026:02:12:28 -0500] "GET /members/JQuery-File-Upload/server/php/ HTTP/1.0" 301 - "-" "Mozilla/5.0 (Windows NT 10.0; Win64; x64) AppleWebKit/537.36 (KHTML, like Gecko) Chrome/89.0.4389.82 Safari/537.36"
212.2.251.26 - - [04/Feb/2026:02:12:29 -0500] "GET /members/JQuery-File-Upload/server/php/ HTTP/1.0" 404 160153 "-" "Mozilla/5.0 (Windows NT 10.0; Win64; x64) AppleWebKit/537.36 (KHTML, like Gecko) Chrome/89.0.4389.82 Safari/537.36"
212.2.251.26 - - [04/Feb/2026:02:12:31 -0500] "GET /app/vendor/jquery-file-upload/server/php/ HTTP/1.0" 301 - "-" "Mozilla/5.0 (Windows NT 10.0; Win64; x64) AppleWebKit/537.36 (KHTML, like Gecko) Chrome/89.0.4389.82 Safari/537.36"
212.2.251.26 - - [04/Feb/2026:02:12:32 -0500] "GET /app/vendor/jquery-file-upload/server/php/ HTTP/1.0" 404 160153 "-" "Mozilla/5.0 (Windows NT 10.0; Win64; x64) AppleWebKit/537.36 (KHTML, like Gecko) Chrome/89.0.4389.82 Safari/537.36"
212.2.251.26 - - [04/Feb/2026:02:12:33 -0500] "GET /production/assets/plugins/JQuery-File-Upload/server/php/ HTTP/1.0" 301 - "-" "Mozilla/5.0 (Windows NT 10.0; Win64; x64) AppleWebKit/537.36 (KHTML, like Gecko) Chrome/89.0.4389.82 Safari/537.36"
212.2.251.26 - - [04/Feb/2026:02:12:34 -0500] "GET /production/assets/plugins/JQuery-File-Upload/server/php/ HTTP/1.0" 404 160153 "-" "Mozilla/5.0 (Windows NT 10.0; Win64; x64) AppleWebKit/537.36 (KHTML, like Gecko) Chrome/89.0.4389.82 Safari/537.36"
