195.86.10.20 - - [21/Dec/2025:21:07:31 -0500] "GET /wp-content/plugins/cookieadmin/assets/js/consent.js?ver=1.0.8 HTTP/1.0" 200 4495 "https://www.grandbassaparking.com/" "Mozilla/5.0 (Windows NT 10.0; Win64; x64) AppleWebKit/537.36 (KHTML, like Gecko) Chrome/143.0.0.0 Safari/537.36"
195.86.10.20 - - [21/Dec/2025:21:07:32 -0500] "GET /wp-content/plugins/woocommerce/assets/js/frontend/order-attribution.min.js?ver=10.2.2 HTTP/1.0" 200 1128 "https://www.grandbassaparking.com/" "Mozilla/5.0 (Windows NT 10.0; Win64; x64) AppleWebKit/537.36 (KHTML, like Gecko) Chrome/143.0.0.0 Safari/537.36"
195.86.10.20 - - [21/Dec/2025:21:07:32 -0500] "GET /wp-content/plugins/cookieadmin-pro/assets/js/consent.js?ver=1.0.8 HTTP/1.0" 200 453 "https://www.grandbassaparking.com/" "Mozilla/5.0 (Windows NT 10.0; Win64; x64) AppleWebKit/537.36 (KHTML, like Gecko) Chrome/143.0.0.0 Safari/537.36"
195.86.10.20 - - [21/Dec/2025:21:07:32 -0500] "GET /wp-content/plugins/post-and-page-builder/assets/dist/public.min.js?ver=1.27.8 HTTP/1.0" 200 5724 "https://www.grandbassaparking.com/" "Mozilla/5.0 (Windows NT 10.0; Win64; x64) AppleWebKit/537.36 (KHTML, like Gecko) Chrome/143.0.0.0 Safari/537.36"
195.86.10.20 - - [21/Dec/2025:21:07:32 -0500] "GET /wp-content/plugins/post-and-page-builder-premium/dist/application.min.js?ver=1.2.7 HTTP/1.0" 200 15664 "https://www.grandbassaparking.com/" "Mozilla/5.0 (Windows NT 10.0; Win64; x64) AppleWebKit/537.36 (KHTML, like Gecko) Chrome/143.0.0.0 Safari/537.36"
195.86.10.20 - - [21/Dec/2025:21:07:33 -0500] "GET /wp-content/plugins/wd-framework/build/dual-image/script.js?ver=31d6cfe0d16ae931b73c HTTP/1.0" 200 - "https://www.grandbassaparking.com/" "Mozilla/5.0 (Windows NT 10.0; Win64; x64) AppleWebKit/537.36 (KHTML, like Gecko) Chrome/143.0.0.0 Safari/537.36"
195.86.10.20 - - [21/Dec/2025:21:07:33 -0500] "GET /wp-content/plugins/woocommerce/assets/js/jquery-blockui/jquery.blockUI.min.js?ver=2.7.0-wc.10.2.2 HTTP/1.0" 200 3537 "https://www.grandbassaparking.com/" "Mozilla/5.0 (Windows NT 10.0; Win64; x64) AppleWebKit/537.36 (KHTML, like Gecko) Chrome/143.0.0.0 Safari/537.36"
195.86.10.20 - - [21/Dec/2025:21:07:33 -0500] "GET /wp-content/plugins/woocommerce/assets/js/frontend/add-to-cart.min.js?ver=10.2.2 HTTP/1.0" 200 1368 "https://www.grandbassaparking.com/" "Mozilla/5.0 (Windows NT 10.0; Win64; x64) AppleWebKit/537.36 (KHTML, like Gecko) Chrome/143.0.0.0 Safari/537.36"
195.86.10.20 - - [21/Dec/2025:21:07:33 -0500] "GET /wp-content/plugins/woocommerce/assets/js/js-cookie/js.cookie.min.js?ver=2.1.4-wc.10.2.2 HTTP/1.0" 200 833 "https://www.grandbassaparking.com/" "Mozilla/5.0 (Windows NT 10.0; Win64; x64) AppleWebKit/537.36 (KHTML, like Gecko) Chrome/143.0.0.0 Safari/537.36"
195.86.10.20 - - [21/Dec/2025:21:07:33 -0500] "GET /wp-content/plugins/woocommerce/assets/js/frontend/woocommerce.min.js?ver=10.2.2 HTTP/1.0" 200 1474 "https://www.grandbassaparking.com/" "Mozilla/5.0 (Windows NT 10.0; Win64; x64) AppleWebKit/537.36 (KHTML, like Gecko) Chrome/143.0.0.0 Safari/537.36"
195.86.10.20 - - [21/Dec/2025:21:07:37 -0500] "GET /wp-content/plugins/cookieadmin/assets/images/cookieadmin_icon.svg HTTP/1.0" 200 322 "https://www.grandbassaparking.com/" "Mozilla/5.0 (Windows NT 10.0; Win64; x64) AppleWebKit/537.36 (KHTML, like Gecko) Chrome/143.0.0.0 Safari/537.36"
195.86.10.20 - - [21/Dec/2025:21:07:37 -0500] "GET /wp-includes/js/dist/script-modules/block-library/navigation/view.min.js?ver=b0f909c3ec791c383210 HTTP/1.0" 200 1169 "https://www.grandbassaparking.com/" "Mozilla/5.0 (Windows NT 10.0; Win64; x64) AppleWebKit/537.36 (KHTML, like Gecko) Chrome/143.0.0.0 Safari/537.36"
195.86.10.20 - - [21/Dec/2025:21:07:37 -0500] "GET /wp-content/plugins/revslider/public/assets/js/rbtools.min.js?ver=6.6.18 HTTP/1.0" 200 61824 "https://www.grandbassaparking.com/" "Mozilla/5.0 (Windows NT 10.0; Win64; x64) AppleWebKit/537.36 (KHTML, like Gecko) Chrome/143.0.0.0 Safari/537.36"
195.86.10.20 - - [21/Dec/2025:21:07:37 -0500] "GET /wp-content/plugins/revslider/public/assets/js/rs6.min.js?ver=6.6.18 HTTP/1.0" 200 108161 "https://www.grandbassaparking.com/" "Mozilla/5.0 (Windows NT 10.0; Win64; x64) AppleWebKit/537.36 (KHTML, like Gecko) Chrome/143.0.0.0 Safari/537.36"
195.86.10.20 - - [21/Dec/2025:21:07:37 -0500] "GET /wp-includes/js/comment-reply.min.js?ver=6.9 HTTP/1.0" 200 1375 "https://www.grandbassaparking.com/" "Mozilla/5.0 (Windows NT 10.0; Win64; x64) AppleWebKit/537.36 (KHTML, like Gecko) Chrome/143.0.0.0 Safari/537.36"
195.86.10.20 - - [21/Dec/2025:21:07:37 -0500] "GET /wp-includes/js/wp-emoji-release.min.js?ver=6.9 HTTP/1.0" 200 5375 "https://www.grandbassaparking.com/" "Mozilla/5.0 (Windows NT 10.0; Win64; x64) AppleWebKit/537.36 (KHTML, like Gecko) Chrome/143.0.0.0 Safari/537.36"
195.86.10.20 - - [21/Dec/2025:21:07:37 -0500] "GET /wp-content/plugins/woocommerce/assets/css/woocommerce-smallscreen.css?ver=10.2.2 HTTP/1.0" 200 1279 "https://www.grandbassaparking.com/" "Mozilla/5.0 (Windows NT 10.0; Win64; x64) AppleWebKit/537.36 (KHTML, like Gecko) Chrome/143.0.0.0 Safari/537.36"
195.86.10.20 - - [21/Dec/2025:21:07:38 -0500] "GET /wp-includes/js/dist/dom-ready.min.js?ver=f77871ff7694fffea381 HTTP/1.0" 200 320 "https://www.grandbassaparking.com/" "Mozilla/5.0 (Windows NT 10.0; Win64; x64) AppleWebKit/537.36 (KHTML, like Gecko) Chrome/143.0.0.0 Safari/537.36"
195.86.10.20 - - [21/Dec/2025:21:07:38 -0500] "GET /wp-includes/js/dist/a11y.min.js?ver=cb460b4676c94bd228ed HTTP/1.0" 200 929 "https://www.grandbassaparking.com/" "Mozilla/5.0 (Windows NT 10.0; Win64; x64) AppleWebKit/537.36 (KHTML, like Gecko) Chrome/143.0.0.0 Safari/537.36"
195.86.10.20 - - [21/Dec/2025:21:07:38 -0500] "GET /wp-includes/js/dist/primitives.min.js?ver=0b5dcc337aa7cbf75570 HTTP/1.0" 200 833 "https://www.grandbassaparking.com/" "Mozilla/5.0 (Windows NT 10.0; Win64; x64) AppleWebKit/537.36 (KHTML, like Gecko) Chrome/143.0.0.0 Safari/537.36"
195.86.10.20 - - [21/Dec/2025:21:07:39 -0500] "GET /wp-content/plugins/woocommerce/assets/client/blocks/blocks-components.js?ver=14f739e1c451e591f9da HTTP/1.0" 200 1185 "https://www.grandbassaparking.com/" "Mozilla/5.0 (Windows NT 10.0; Win64; x64) AppleWebKit/537.36 (KHTML, like Gecko) Chrome/143.0.0.0 Safari/537.36"
195.86.10.20 - - [21/Dec/2025:21:07:39 -0500] "GET /wp-includes/js/dist/warning.min.js?ver=d69bc18c456d01c11d5a HTTP/1.0" 200 240 "https://www.grandbassaparking.com/" "Mozilla/5.0 (Windows NT 10.0; Win64; x64) AppleWebKit/537.36 (KHTML, like Gecko) Chrome/143.0.0.0 Safari/537.36"
195.86.10.20 - - [21/Dec/2025:21:07:39 -0500] "GET /wp-content/plugins/woocommerce/assets/client/blocks/blocks-checkout.js?ver=a1c2e7c31247ee1ae717 HTTP/1.0" 200 1241 "https://www.grandbassaparking.com/" "Mozilla/5.0 (Windows NT 10.0; Win64; x64) AppleWebKit/537.36 (KHTML, like Gecko) Chrome/143.0.0.0 Safari/537.36"
195.86.10.20 - - [21/Dec/2025:21:07:39 -0500] "GET /wp-includes/js/dist/autop.min.js?ver=9fb50649848277dd318d HTTP/1.0" 200 2109 "https://www.grandbassaparking.com/" "Mozilla/5.0 (Windows NT 10.0; Win64; x64) AppleWebKit/537.36 (KHTML, like Gecko) Chrome/143.0.0.0 Safari/537.36"
195.86.10.20 - - [21/Dec/2025:21:07:39 -0500] "GET /wp-includes/js/dist/wordcount.min.js?ver=c5b97f11206928ea9130 HTTP/1.0" 200 1266 "https://www.grandbassaparking.com/" "Mozilla/5.0 (Windows NT 10.0; Win64; x64) AppleWebKit/537.36 (KHTML, like Gecko) Chrome/143.0.0.0 Safari/537.36"
195.86.10.20 - - [21/Dec/2025:21:07:39 -0500] "GET /wp-content/plugins/woocommerce/assets/client/blocks/mini-cart-component-frontend.js?ver=5ce325604a08b049ca56 HTTP/1.0" 200 5917 "https://www.grandbassaparking.com/" "Mozilla/5.0 (Windows NT 10.0; Win64; x64) AppleWebKit/537.36 (KHTML, like Gecko) Chrome/143.0.0.0 Safari/537.36"
195.86.10.20 - - [21/Dec/2025:21:07:39 -0500] "GET /wp-includes/js/dist/style-engine.min.js?ver=7c6fcedc37dadafb8a81 HTTP/1.0" 200 2080 "https://www.grandbassaparking.com/" "Mozilla/5.0 (Windows NT 10.0; Win64; x64) AppleWebKit/537.36 (KHTML, like Gecko) Chrome/143.0.0.0 Safari/537.36"
195.86.10.20 - - [21/Dec/2025:21:07:39 -0500] "GET /wp-content/plugins/woocommerce/assets/client/blocks/mini-cart-contents-block/empty-cart-frontend.js?ver=wc-10.2.2 HTTP/1.0" 200 381 "https://www.grandbassaparking.com/" "Mozilla/5.0 (Windows NT 10.0; Win64; x64) AppleWebKit/537.36 (KHTML, like Gecko) Chrome/143.0.0.0 Safari/537.36"
195.86.10.20 - - [21/Dec/2025:21:07:39 -0500] "GET /wp-content/plugins/woocommerce/assets/client/blocks/mini-cart-contents-block/filled-cart-frontend.js?ver=wc-10.2.2 HTTP/1.0" 200 303 "https://www.grandbassaparking.com/" "Mozilla/5.0 (Windows NT 10.0; Win64; x64) AppleWebKit/537.36 (KHTML, like Gecko) Chrome/143.0.0.0 Safari/537.36"
195.86.10.20 - - [21/Dec/2025:21:07:39 -0500] "GET /wp-content/plugins/woocommerce/assets/client/blocks/mini-cart-contents-block/shopping-button-frontend.js?ver=wc-10.2.2 HTTP/1.0" 200 564 "https://www.grandbassaparking.com/" "Mozilla/5.0 (Windows NT 10.0; Win64; x64) AppleWebKit/537.36 (KHTML, like Gecko) Chrome/143.0.0.0 Safari/537.36"
195.86.10.20 - - [21/Dec/2025:21:07:37 -0500] "GET /wp-json/contact-form-7/v1/contact-forms/385/feedback/schema HTTP/1.0" 200 765 "https://www.grandbassaparking.com/" "Mozilla/5.0 (Windows NT 10.0; Win64; x64) AppleWebKit/537.36 (KHTML, like Gecko) Chrome/143.0.0.0 Safari/537.36"
195.86.10.20 - - [21/Dec/2025:21:07:39 -0500] "GET /favicon.ico HTTP/1.0" 302 - "https://www.grandbassaparking.com/" "Mozilla/5.0 (Windows NT 10.0; Win64; x64) AppleWebKit/537.36 (KHTML, like Gecko) Chrome/143.0.0.0 Safari/537.36"
173.231.242.79 - - [21/Dec/2025:21:07:41 -0500] "POST /wp-cron.php?doing_wp_cron=1766369261.5822610855102539062500 HTTP/1.0" 200 - "-" "WordPress/6.9; https://www.grandbassaparking.com"
195.86.10.20 - - [21/Dec/2025:21:07:38 -0500] "GET /wp-json/contact-form-7/v1/contact-forms/385/refill HTTP/1.0" 200 2 "https://www.grandbassaparking.com/" "Mozilla/5.0 (Windows NT 10.0; Win64; x64) AppleWebKit/537.36 (KHTML, like Gecko) Chrome/143.0.0.0 Safari/537.36"
195.86.10.20 - - [21/Dec/2025:21:07:42 -0500] "GET /wp-includes/images/w-logo-blue-white-bg.png HTTP/1.0" 200 4119 "https://www.grandbassaparking.com/" "Mozilla/5.0 (Windows NT 10.0; Win64; x64) AppleWebKit/537.36 (KHTML, like Gecko) Chrome/143.0.0.0 Safari/537.36"
2a06:98c0:3600::103 - - [21/Dec/2025:21:14:21 -0500] "GET /wp-admin/setup-config.php HTTP/1.0" 409 2665 "-" "Mozilla/5.0 (Windows NT 10.0; Win64; x64) AppleWebKit/537.36 (KHTML, like Gecko) Chrome/143.0.0.0 Safari/537.36"
173.231.242.79 - - [21/Dec/2025:21:15:20 -0500] "POST /wp-cron.php?doing_wp_cron=1766369720.2156159877777099609375 HTTP/1.0" 200 - "-" "WordPress/6.9; https://www.grandbassaparking.com"
203.59.224.59 - - [21/Dec/2025:21:15:14 -0500] "POST /xmlrpc.php HTTP/1.0" 200 403 "-" "Mozilla/5.0 (Windows NT 10.0; Win64; x64; rv:58.0) Gecko/20100101 Firefox/58.0"
203.59.224.59 - - [21/Dec/2025:21:15:22 -0500] "POST /xmlrpc.php HTTP/1.0" 200 403 "-" "Mozilla/5.0 (Windows NT 10.0; Win64; x64; rv:58.0) Gecko/20100101 Firefox/58.0"
203.59.224.59 - - [21/Dec/2025:21:15:24 -0500] "POST /xmlrpc.php HTTP/1.0" 200 403 "-" "Mozilla/5.0 (Windows NT 10.0; Win64; x64; rv:58.0) Gecko/20100101 Firefox/58.0"
2a06:98c0:3600::103 - - [21/Dec/2025:21:15:29 -0500] "GET /wordpress/wp-admin/setup-config.php HTTP/1.0" 301 - "-" "http://grandbassaparking.com/wordpress/wp-admin/setup-config.php"
2a06:98c0:3600::103 - - [21/Dec/2025:21:15:30 -0500] "GET /wordpress/wp-admin/setup-config.php HTTP/1.0" 404 133843 "-" "http://grandbassaparking.com/wordpress/wp-admin/setup-config.php"
173.231.242.79 - - [21/Dec/2025:21:15:51 -0500] "POST /wp-cron.php?doing_wp_cron=1766369751.0485730171203613281250 HTTP/1.0" 200 - "-" "WordPress/6.9; https://www.grandbassaparking.com"
195.86.10.217 - - [21/Dec/2025:21:15:48 -0500] "GET / HTTP/1.0" 301 - "http://www.openurls.com.cn/" "Mozilla/5.0 (Windows NT 10.0; Win64; x64) AppleWebKit/537.36 (KHTML, like Gecko) Chrome/143.0.0.0 Safari/537.36"
195.86.10.246 - - [21/Dec/2025:21:15:50 -0500] "GET / HTTP/1.0" 301 - "http://www.openurls.com.cn/" "Mozilla/5.0 (Windows NT 10.0; Win64; x64) AppleWebKit/537.36 (KHTML, like Gecko) Chrome/143.0.0.0 Safari/537.36"
193.202.110.34 - - [21/Dec/2025:21:15:55 -0500] "POST /xmlrpc.php HTTP/1.0" 406 300 "-" "Mozilla/5.0 (Windows NT 10.0; Win64; x64) AppleWebKit/537.36 (KHTML, like Gecko) Chrome/70.0.3538.102 Safari/537.36"
193.202.110.34 - - [21/Dec/2025:21:15:55 -0500] "POST /xmlrpc.php HTTP/1.0" 200 403 "-" "Mozilla/5.0 (Windows NT 10.0; Win64; x64) AppleWebKit/537.36 (KHTML, like Gecko) Chrome/70.0.3538.102 Safari/537.36"
193.202.110.34 - - [21/Dec/2025:21:16:00 -0500] "POST /xmlrpc.php HTTP/1.0" 200 403 "-" "Mozilla/5.0 (Windows NT 10.0; Win64; x64) AppleWebKit/537.36 (KHTML, like Gecko) Chrome/70.0.3538.102 Safari/537.36"
2a06:98c0:3600::103 - - [21/Dec/2025:21:16:20 -0500] "GET /wp-admin/setup-config.php HTTP/1.0" 409 2665 "-" "https://grandbassaparking.com/wp-admin/setup-config.php"
173.231.242.79 - - [21/Dec/2025:21:17:36 -0500] "POST /wp-cron.php?doing_wp_cron=1766369856.1187400817871093750000 HTTP/1.0" 200 - "-" "WordPress/6.9; https://www.grandbassaparking.com"
2a06:98c0:3600::103 - - [21/Dec/2025:21:17:34 -0500] "GET /wordpress/wp-admin/setup-config.php HTTP/1.0" 301 - "-" "https://grandbassaparking.com/wordpress/wp-admin/setup-config.php"
2a06:98c0:3600::103 - - [21/Dec/2025:21:17:37 -0500] "GET /wordpress/wp-admin/setup-config.php HTTP/1.0" 404 133959 "-" "https://grandbassaparking.com/wordpress/wp-admin/setup-config.php"
173.231.242.79 - - [21/Dec/2025:21:21:08 -0500] "POST /wp-cron.php?doing_wp_cron=1766370068.0732820034027099609375 HTTP/1.0" 200 - "-" "WordPress/6.9; https://www.grandbassaparking.com"
203.86.122.1 - - [21/Dec/2025:21:21:05 -0500] "POST /xmlrpc.php HTTP/1.0" 200 225 "-" "Mozilla/5.0 (Windows NT 10.0; Win64; x64) AppleWebKit/537.36 (KHTML, like Gecko) Chrome/126.0.0.0 Safari/537.36"
173.231.242.79 - - [21/Dec/2025:21:23:53 -0500] "POST /wp-cron.php?doing_wp_cron=1766370233.9367470741271972656250 HTTP/1.0" 200 - "-" "WordPress/6.9; https://www.grandbassaparking.com"
72.29.178.86 - - [21/Dec/2025:21:23:51 -0500] "GET /wp-login.php HTTP/1.0" 200 1879 "-" "Mozilla/5.0 (Windows NT 6.1; WOW64; Trident/7.0; studenthousing.com; rv:11.0) like Gecko"
72.29.178.86 - - [21/Dec/2025:21:23:58 -0500] "POST /wp-login.php HTTP/1.0" 200 2010 "https://grandbassaparking.com/wp-login.php" "Mozilla/5.0 (Windows NT 6.1; WOW64; Trident/7.0; studenthousing.com; rv:11.0) like Gecko"
195.250.26.105 - - [21/Dec/2025:21:25:06 -0500] "POST /xmlrpc.php HTTP/1.0" 406 300 "-" "Mozilla/5.0 (Linux; Android 10; LM-Q720) AppleWebKit/537.36 (KHTML, like Gecko) Chrome/91.0.4472.114 Mobile Safari/537.36"
173.231.242.79 - - [21/Dec/2025:21:25:11 -0500] "POST /wp-cron.php?doing_wp_cron=1766370311.6989140510559082031250 HTTP/1.0" 200 - "-" "WordPress/6.9; https://www.grandbassaparking.com"
195.250.26.105 - - [21/Dec/2025:21:25:06 -0500] "POST /xmlrpc.php HTTP/1.0" 200 403 "-" "Mozilla/5.0 (Linux; Android 10; LM-Q720) AppleWebKit/537.36 (KHTML, like Gecko) Chrome/91.0.4472.114 Mobile Safari/537.36"
195.250.26.105 - - [21/Dec/2025:21:25:11 -0500] "POST /xmlrpc.php HTTP/1.0" 200 403 "-" "Mozilla/5.0 (Linux; Android 10; LM-Q720) AppleWebKit/537.36 (KHTML, like Gecko) Chrome/91.0.4472.114 Mobile Safari/537.36"
173.231.242.79 - - [21/Dec/2025:21:25:36 -0500] "POST /wp-cron.php?doing_wp_cron=1766370336.9512009620666503906250 HTTP/1.0" 200 - "-" "WordPress/6.9; https://www.grandbassaparking.com"
8.217.89.127 - - [21/Dec/2025:21:25:35 -0500] "POST /xmlrpc.php HTTP/1.0" 200 403 "-" "Mozilla/5.0 (Windows NT 6.1; Win64; x64) AppleWebKit/537.36 (KHTML, like Gecko) Chrome/79.0.3945.88 Safari/537.36"
8.217.89.127 - - [21/Dec/2025:21:25:38 -0500] "POST /xmlrpc.php HTTP/1.0" 406 300 "-" "Mozilla/5.0 (Windows NT 6.1; Win64; x64) AppleWebKit/537.36 (KHTML, like Gecko) Chrome/79.0.3945.88 Safari/537.36"
8.217.89.127 - - [21/Dec/2025:21:25:39 -0500] "POST /xmlrpc.php HTTP/1.0" 200 403 "-" "Mozilla/5.0 (Windows NT 6.1; Win64; x64) AppleWebKit/537.36 (KHTML, like Gecko) Chrome/79.0.3945.88 Safari/537.36"
173.231.242.79 - - [21/Dec/2025:21:37:33 -0500] "POST /wp-cron.php?doing_wp_cron=1766371053.4079229831695556640625 HTTP/1.0" 200 - "-" "WordPress/6.9; https://www.grandbassaparking.com"
194.242.10.226 - - [21/Dec/2025:21:37:30 -0500] "GET /wp-login.php HTTP/1.0" 200 1879 "-" "Mozilla/5.0 (Macintosh; Intel Mac OS X 10_13_1) AppleWebKit/537.36 (KHTML, like Gecko) Chrome/66.0.3359.181 Safari/537.36"
194.242.10.226 - - [21/Dec/2025:21:37:38 -0500] "POST /wp-login.php HTTP/1.0" 200 2008 "https://grandbassaparking.com/wp-login.php" "Mozilla/5.0 (Macintosh; Intel Mac OS X 10_13_1) AppleWebKit/537.36 (KHTML, like Gecko) Chrome/66.0.3359.181 Safari/537.36"
173.231.242.79 - - [21/Dec/2025:21:38:37 -0500] "POST /wp-cron.php?doing_wp_cron=1766371117.8945538997650146484375 HTTP/1.0" 200 - "-" "WordPress/6.9; https://www.grandbassaparking.com"
194.242.10.226 - - [21/Dec/2025:21:38:34 -0500] "POST /xmlrpc.php HTTP/1.0" 200 225 "-" "Mozilla/5.0 (Windows NT 6.1; Win64; x64) AppleWebKit/537.36 (KHTML, like Gecko) Chrome/63.0.3239.132 Safari/537.36 OPR/50.0.2762.67"
173.231.242.79 - - [21/Dec/2025:22:13:09 -0500] "POST /wp-cron.php?doing_wp_cron=1766373189.5931398868560791015625 HTTP/1.0" 200 - "-" "WordPress/6.9; https://www.grandbassaparking.com"
103.163.139.65 - - [21/Dec/2025:22:13:06 -0500] "POST /xmlrpc.php HTTP/1.0" 200 403 "-" "Mozilla/5.0 (Windows NT 6.1; WOW64) AppleWebKit/537.36 (KHTML, like Gecko) Chrome/67.0.3396.62 Safari/537.36"
103.163.139.65 - - [21/Dec/2025:22:13:24 -0500] "POST /xmlrpc.php HTTP/1.0" 200 403 "-" "Mozilla/5.0 (Windows NT 6.1; WOW64) AppleWebKit/537.36 (KHTML, like Gecko) Chrome/67.0.3396.62 Safari/537.36"
43.132.217.209 - - [21/Dec/2025:22:13:25 -0500] "POST /xmlrpc.php HTTP/1.0" 200 403 "-" "Mozilla/5.0 (Macintosh; Intel Mac OS X 10_11_6) AppleWebKit/537.36 (KHTML, like Gecko) Chrome/66.0.3359.181 Safari/537.36"
213.8.103.81 - - [21/Dec/2025:22:13:25 -0500] "POST /xmlrpc.php HTTP/1.0" 200 403 "-" "Mozilla/4.0 (compatible; MSIE 7.0; Windows NT 6.2; WOW64; Trident/7.0; .NET4.0E; .NET4.0C; InfoPath.3; .NET CLR 3.5.30729; .NET CLR 2.0.50727; .NET CLR 3.0.30729)"
43.132.217.209 - - [21/Dec/2025:22:13:27 -0500] "POST /xmlrpc.php HTTP/1.0" 200 403 "-" "Mozilla/5.0 (Macintosh; Intel Mac OS X 10_11_6) AppleWebKit/537.36 (KHTML, like Gecko) Chrome/66.0.3359.181 Safari/537.36"
103.163.139.65 - - [21/Dec/2025:22:13:27 -0500] "POST /xmlrpc.php HTTP/1.0" 200 403 "-" "Mozilla/5.0 (Windows NT 6.1; WOW64) AppleWebKit/537.36 (KHTML, like Gecko) Chrome/67.0.3396.62 Safari/537.36"
213.8.103.81 - - [21/Dec/2025:22:13:28 -0500] "POST /xmlrpc.php HTTP/1.0" 200 403 "-" "Mozilla/4.0 (compatible; MSIE 7.0; Windows NT 6.2; WOW64; Trident/7.0; .NET4.0E; .NET4.0C; InfoPath.3; .NET CLR 3.5.30729; .NET CLR 2.0.50727; .NET CLR 3.0.30729)"
43.132.217.209 - - [21/Dec/2025:22:13:29 -0500] "POST /xmlrpc.php HTTP/1.0" 406 300 "-" "Mozilla/5.0 (Macintosh; Intel Mac OS X 10_11_6) AppleWebKit/537.36 (KHTML, like Gecko) Chrome/66.0.3359.181 Safari/537.36"
213.8.103.81 - - [21/Dec/2025:22:13:30 -0500] "POST /xmlrpc.php HTTP/1.0" 200 403 "-" "Mozilla/4.0 (compatible; MSIE 7.0; Windows NT 6.2; WOW64; Trident/7.0; .NET4.0E; .NET4.0C; InfoPath.3; .NET CLR 3.5.30729; .NET CLR 2.0.50727; .NET CLR 3.0.30729)"
173.231.242.79 - - [21/Dec/2025:22:13:49 -0500] "POST /wp-cron.php?doing_wp_cron=1766373229.2845010757446289062500 HTTP/1.0" 200 - "-" "WordPress/6.9; https://www.grandbassaparking.com"
63.250.38.180 - - [21/Dec/2025:22:13:47 -0500] "POST /xmlrpc.php HTTP/1.0" 200 403 "-" "Mozilla/5.0 (Windows NT 10.0; WOW64) AppleWebKit/537.36 (KHTML, like Gecko) Chrome/64.0.3282.186 Safari/537.36 OPR/51.0.2830.55"
63.250.38.180 - - [21/Dec/2025:22:13:49 -0500] "POST /xmlrpc.php HTTP/1.0" 200 403 "-" "Mozilla/5.0 (Windows NT 10.0; WOW64) AppleWebKit/537.36 (KHTML, like Gecko) Chrome/64.0.3282.186 Safari/537.36 OPR/51.0.2830.55"
63.250.38.180 - - [21/Dec/2025:22:13:51 -0500] "POST /xmlrpc.php HTTP/1.0" 406 300 "-" "Mozilla/5.0 (Windows NT 10.0; WOW64) AppleWebKit/537.36 (KHTML, like Gecko) Chrome/64.0.3282.186 Safari/537.36 OPR/51.0.2830.55"
8.138.199.132 - - [21/Dec/2025:22:13:58 -0500] "POST /xmlrpc.php HTTP/1.0" 200 403 "-" "Mozilla/5.0 (Macintosh; Intel Mac OS X 10_12_6) AppleWebKit/537.36 (KHTML, like Gecko) Chrome/66.0.3359.139 Safari/537.36"
63.250.38.180 - - [21/Dec/2025:22:13:59 -0500] "POST /xmlrpc.php HTTP/1.0" 200 403 "-" "Mozilla/5.0 (X11; Linux x86_64) AppleWebKit/537.36 (KHTML, like Gecko) Chrome/66.0.3359.139 Safari/537.36"
63.250.38.180 - - [21/Dec/2025:22:14:00 -0500] "POST /xmlrpc.php HTTP/1.0" 200 403 "-" "Mozilla/5.0 (X11; Linux x86_64) AppleWebKit/537.36 (KHTML, like Gecko) Chrome/66.0.3359.139 Safari/537.36"
8.138.199.132 - - [21/Dec/2025:22:14:01 -0500] "POST /xmlrpc.php HTTP/1.0" 200 403 "-" "Mozilla/5.0 (Macintosh; Intel Mac OS X 10_12_6) AppleWebKit/537.36 (KHTML, like Gecko) Chrome/66.0.3359.139 Safari/537.36"
63.250.38.180 - - [21/Dec/2025:22:14:01 -0500] "POST /xmlrpc.php HTTP/1.0" 200 403 "-" "Mozilla/5.0 (X11; Linux x86_64) AppleWebKit/537.36 (KHTML, like Gecko) Chrome/66.0.3359.139 Safari/537.36"
8.138.199.132 - - [21/Dec/2025:22:14:04 -0500] "POST /xmlrpc.php HTTP/1.0" 406 300 "-" "Mozilla/5.0 (Macintosh; Intel Mac OS X 10_12_6) AppleWebKit/537.36 (KHTML, like Gecko) Chrome/66.0.3359.139 Safari/537.36"
157.90.248.179 - - [21/Dec/2025:22:14:09 -0500] "POST /xmlrpc.php HTTP/1.0" 200 403 "-" "Mozilla/5.0 (Windows NT 6.1; Trident/7.0; SLCC2; .NET CLR 2.0.50727; .NET CLR 3.5.30729; .NET CLR 3.0.30729; Media Center PC 6.0; InfoPath.2; .NET4.0C; rv:11.0) like Gecko"
157.90.248.179 - - [21/Dec/2025:22:14:12 -0500] "POST /xmlrpc.php HTTP/1.0" 200 403 "-" "Mozilla/5.0 (Windows NT 6.1; Trident/7.0; SLCC2; .NET CLR 2.0.50727; .NET CLR 3.5.30729; .NET CLR 3.0.30729; Media Center PC 6.0; InfoPath.2; .NET4.0C; rv:11.0) like Gecko"
157.90.248.179 - - [21/Dec/2025:22:14:14 -0500] "POST /xmlrpc.php HTTP/1.0" 200 403 "-" "Mozilla/5.0 (Windows NT 6.1; Trident/7.0; SLCC2; .NET CLR 2.0.50727; .NET CLR 3.5.30729; .NET CLR 3.0.30729; Media Center PC 6.0; InfoPath.2; .NET4.0C; rv:11.0) like Gecko"
103.212.121.158 - - [21/Dec/2025:22:14:22 -0500] "POST /xmlrpc.php HTTP/1.0" 406 300 "-" "Mozilla/5.0 (Windows NT 6.1; Win64; x64) AppleWebKit/537.36 (KHTML, like Gecko) Chrome/64.0.3282.186 Safari/537.36 OPR/51.0.2830.55"
103.212.121.158 - - [21/Dec/2025:22:14:23 -0500] "POST /xmlrpc.php HTTP/1.0" 200 403 "-" "Mozilla/5.0 (Windows NT 6.1; Win64; x64) AppleWebKit/537.36 (KHTML, like Gecko) Chrome/64.0.3282.186 Safari/537.36 OPR/51.0.2830.55"
173.231.242.79 - - [21/Dec/2025:22:14:42 -0500] "POST /wp-cron.php?doing_wp_cron=1766373282.5536348819732666015625 HTTP/1.0" 200 - "-" "WordPress/6.9; https://www.grandbassaparking.com"
103.212.121.158 - - [21/Dec/2025:22:14:40 -0500] "POST /xmlrpc.php HTTP/1.0" 200 403 "-" "Mozilla/5.0 (Windows NT 6.1; Win64; x64) AppleWebKit/537.36 (KHTML, like Gecko) Chrome/64.0.3282.186 Safari/537.36 OPR/51.0.2830.55"
20.189.16.8 - - [21/Dec/2025:22:15:20 -0500] "POST /xmlrpc.php HTTP/1.0" 200 403 "-" "Mozilla/4.0 (compatible; MSIE 7.0; Windows NT 6.1; Trident/7.0; SLCC2; Media Center PC 6.0; .NET CLR 3.5.30729; .NET CLR 3.0.30729; .NET CLR 2.0.50727; .NET4.0C; .NET4.0E)"
20.189.16.8 - - [21/Dec/2025:22:15:22 -0500] "POST /xmlrpc.php HTTP/1.0" 406 300 "-" "Mozilla/4.0 (compatible; MSIE 7.0; Windows NT 6.1; Trident/7.0; SLCC2; Media Center PC 6.0; .NET CLR 3.5.30729; .NET CLR 3.0.30729; .NET CLR 2.0.50727; .NET4.0C; .NET4.0E)"
20.189.16.8 - - [21/Dec/2025:22:15:22 -0500] "POST /xmlrpc.php HTTP/1.0" 200 403 "-" "Mozilla/4.0 (compatible; MSIE 7.0; Windows NT 6.1; Trident/7.0; SLCC2; Media Center PC 6.0; .NET CLR 3.5.30729; .NET CLR 3.0.30729; .NET CLR 2.0.50727; .NET4.0C; .NET4.0E)"
185.2.4.41 - - [21/Dec/2025:22:15:27 -0500] "POST /xmlrpc.php HTTP/1.0" 200 403 "-" "Mozilla/5.0 (Windows NT 6.1; WOW64; Trident/7.0; QwestIE8x64; rv:11.0) like Gecko"
173.231.242.79 - - [21/Dec/2025:22:15:39 -0500] "POST /wp-cron.php?doing_wp_cron=1766373339.9072980880737304687500 HTTP/1.0" 200 - "-" "WordPress/6.9; https://www.grandbassaparking.com"
185.2.4.41 - - [21/Dec/2025:22:15:37 -0500] "POST /xmlrpc.php HTTP/1.0" 200 403 "-" "Mozilla/5.0 (Windows NT 6.1; WOW64; Trident/7.0; QwestIE8x64; rv:11.0) like Gecko"
185.2.4.41 - - [21/Dec/2025:22:15:40 -0500] "POST /xmlrpc.php HTTP/1.0" 406 300 "-" "Mozilla/5.0 (Windows NT 6.1; WOW64; Trident/7.0; QwestIE8x64; rv:11.0) like Gecko"
47.251.116.156 - - [21/Dec/2025:22:15:46 -0500] "POST /xmlrpc.php HTTP/1.0" 200 403 "-" "Mozilla/5.0 (Windows NT 6.2; ARM; Trident/7.0; Touch; rv:11.0; WPDesktop; NOKIA; Lumia 1320) like Gecko"
47.251.116.156 - - [21/Dec/2025:22:15:48 -0500] "POST /xmlrpc.php HTTP/1.0" 200 403 "-" "Mozilla/5.0 (Windows NT 6.2; ARM; Trident/7.0; Touch; rv:11.0; WPDesktop; NOKIA; Lumia 1320) like Gecko"
47.251.116.156 - - [21/Dec/2025:22:15:50 -0500] "POST /xmlrpc.php HTTP/1.0" 200 403 "-" "Mozilla/5.0 (Windows NT 6.2; ARM; Trident/7.0; Touch; rv:11.0; WPDesktop; NOKIA; Lumia 1320) like Gecko"
173.231.242.79 - - [21/Dec/2025:22:17:56 -0500] "POST /wp-cron.php?doing_wp_cron=1766373476.1621899604797363281250 HTTP/1.0" 200 - "-" "WordPress/6.9; https://www.grandbassaparking.com"
103.169.160.106 - - [21/Dec/2025:22:17:53 -0500] "GET /wp-login.php HTTP/1.0" 200 1879 "-" "Mozilla/4.0 (compatible; MSIE 7.0; Windows NT 6.3; WOW64; Trident/7.0; .NET4.0C; .NET4.0E; .NET CLR 2.0.50727; .NET CLR 3.0.30729; .NET CLR 3.5.30729; Tablet PC 2.0)"
103.169.160.106 - - [21/Dec/2025:22:17:56 -0500] "POST /wp-login.php HTTP/1.0" 200 2010 "https://grandbassaparking.com/wp-login.php" "Mozilla/4.0 (compatible; MSIE 7.0; Windows NT 6.3; WOW64; Trident/7.0; .NET4.0C; .NET4.0E; .NET CLR 2.0.50727; .NET CLR 3.0.30729; .NET CLR 3.5.30729; Tablet PC 2.0)"
173.231.242.79 - - [21/Dec/2025:22:23:37 -0500] "POST /wp-cron.php?doing_wp_cron=1766373817.1240379810333251953125 HTTP/1.0" 200 - "-" "WordPress/6.9; https://www.grandbassaparking.com"
57.141.0.59 - - [21/Dec/2025:22:23:34 -0500] "GET /wp-sitemap.xml HTTP/1.0" 301 - "-" "meta-externalagent/1.1 (+https://developers.facebook.com/docs/sharing/webmasters/crawler)"
173.231.242.79 - - [21/Dec/2025:22:57:05 -0500] "POST /wp-cron.php?doing_wp_cron=1766375825.5875520706176757812500 HTTP/1.0" 200 - "-" "WordPress/6.9; https://www.grandbassaparking.com"
46.184.53.222 - - [21/Dec/2025:22:57:02 -0500] "GET / HTTP/1.0" 200 37553 "-" "Mozilla/5.0 (Windows NT 10.0; Win64; x64) AppleWebKit/537.36 (KHTML, like Gecko) Chrome/115.0.0.0 Safari/537.36"
lrliberia.com.zeusxpressalongside.com000064000000513227151221411110014101 0ustar00173.231.242.79 - - [21/Dec/2025:02:25:27 -0500] "POST /wp-cron.php?doing_wp_cron=1766301927.3588368892669677734375 HTTP/1.0" 200 - "-" "WordPress/6.9; http://www.lrliberia.com"
121.200.216.13 - - [21/Dec/2025:02:25:25 -0500] "POST /wp-login.php HTTP/1.0" 200 2015 "-" "Mozilla/5.0 (Windows NT 10.0; Win64; x64; rv:77.0) Gecko/20100101 Firefox/77.0"
173.231.242.79 - - [21/Dec/2025:03:20:08 -0500] "POST /wp-cron.php?doing_wp_cron=1766305208.4617600440979003906250 HTTP/1.0" 200 - "-" "WordPress/6.9; http://www.lrliberia.com"
216.244.66.237 - - [21/Dec/2025:03:20:06 -0500] "GET /robots.txt HTTP/1.0" 200 269 "-" "Mozilla/5.0 (compatible; DotBot/1.2; +https://opensiteexplorer.org/dotbot; help@moz.com)"
173.231.242.79 - - [21/Dec/2025:03:20:10 -0500] "POST /wp-admin/admin-ajax.php?action=wp_1_wc_privacy_cleanup&nonce=d2792f42e4 HTTP/1.0" 200 - "-" "WordPress/6.9; http://www.lrliberia.com"
173.231.242.79 - - [21/Dec/2025:03:21:53 -0500] "POST /wp-cron.php?doing_wp_cron=1766305313.4545490741729736328125 HTTP/1.0" 200 - "-" "WordPress/6.9; http://www.lrliberia.com"
191.252.5.156 - - [21/Dec/2025:03:21:52 -0500] "POST /wp-login.php HTTP/1.0" 200 2019 "-" "Mozilla/5.0 (Windows NT 10.0; Win64; x64; rv:79.0) Gecko/20100101 Firefox/79.0"
173.231.242.79 - - [21/Dec/2025:03:26:50 -0500] "POST /wp-cron.php?doing_wp_cron=1766305610.4715220928192138671875 HTTP/1.0" 200 - "-" "WordPress/6.9; http://www.lrliberia.com"
216.244.66.237 - - [21/Dec/2025:03:26:48 -0500] "GET /product/diesel-gas-stapler-60-80-t/ HTTP/1.0" 200 245153 "-" "Mozilla/5.0 (compatible; DotBot/1.2; +https://opensiteexplorer.org/dotbot; help@moz.com)"
173.231.242.79 - - [21/Dec/2025:03:29:59 -0500] "POST /wp-cron.php?doing_wp_cron=1766305799.2576599121093750000000 HTTP/1.0" 200 - "-" "WordPress/6.9; https://www.lrliberia.com"
207.180.210.222 - - [21/Dec/2025:03:29:57 -0500] "GET /wp-login.php HTTP/1.0" 200 1864 "-" "Mozilla/5.0 (Windows NT 10.0; Win64; x64) AppleWebKit/537.36 (KHTML, like Gecko) Chrome/64.0.3282.140 Safari/537.36 OPR/51.0.2830.34"
173.231.242.79 - - [21/Dec/2025:03:30:03 -0500] "POST /wp-cron.php?doing_wp_cron=1766305802.9789679050445556640625 HTTP/1.0" 200 - "-" "WordPress/6.9; https://www.lrliberia.com"
207.180.210.222 - - [21/Dec/2025:03:30:01 -0500] "POST /wp-login.php HTTP/1.0" 200 2000 "https://lrliberia.com/wp-login.php" "Mozilla/5.0 (Windows NT 10.0; Win64; x64) AppleWebKit/537.36 (KHTML, like Gecko) Chrome/64.0.3282.140 Safari/537.36 OPR/51.0.2830.34"
173.231.242.79 - - [21/Dec/2025:03:31:15 -0500] "POST /wp-cron.php?doing_wp_cron=1766305875.0088269710540771484375 HTTP/1.0" 200 - "-" "WordPress/6.9; https://www.lrliberia.com"
47.112.205.249 - - [21/Dec/2025:03:31:13 -0500] "POST /xmlrpc.php HTTP/1.0" 200 225 "-" "Mozilla/4.0 (compatible; MSIE 7.0; Windows NT 6.1; Win64; x64; Trident/7.0; .NET CLR 2.0.50727; SLCC2; .NET4.0C; .NET4.0E; .NET CLR 3.5.30729; .NET CLR 3.0.30729)"
173.231.242.79 - - [21/Dec/2025:03:33:09 -0500] "POST /wp-cron.php?doing_wp_cron=1766305989.6024580001831054687500 HTTP/1.0" 200 - "-" "WordPress/6.9; https://www.lrliberia.com"
92.205.8.235 - - [21/Dec/2025:03:33:07 -0500] "POST /xmlrpc.php HTTP/1.0" 200 225 "-" "Mozilla/5.0 (Windows NT 6.1; WOW64; Trident/7.0; NISSC; rv:11.0) like Gecko"
173.231.242.79 - - [21/Dec/2025:03:37:35 -0500] "POST /wp-cron.php?doing_wp_cron=1766306255.0038878917694091796875 HTTP/1.0" 200 - "-" "WordPress/6.9; http://www.lrliberia.com"
180.153.236.228 - - [21/Dec/2025:03:37:32 -0500] "GET / HTTP/1.0" 200 58568 "http://www.lrliberia.com/" "Mozilla/5.0 (Windows NT 10.0; Win64; x64) AppleWebKit/537.36 (KHTML, like Gecko) Chrome/140.0.0.0 Safari/537.36 Edg/140.0.0.0; 360Spider"
173.231.242.79 - - [21/Dec/2025:03:39:22 -0500] "POST /wp-cron.php?doing_wp_cron=1766306362.2434089183807373046875 HTTP/1.0" 200 - "-" "WordPress/6.9; https://www.lrliberia.com"
20.25.250.19 - - [21/Dec/2025:03:39:20 -0500] "POST /xmlrpc.php HTTP/1.0" 200 225 "-" "Mozilla/4.0 (compatible; MSIE 7.0; Windows NT 6.2; Trident/7.0; .NET4.0C; .NET4.0E)"
160.250.187.1 - - [21/Dec/2025:03:41:50 -0500] "POST /xmlrpc.php HTTP/1.0" 406 300 "-" "Mozilla/5.0 (Windows NT 6.1; WOW64; Trident/7.0; SLCC2; .NET CLR 2.0.50727; .NET CLR 3.5.30729; .NET CLR 3.0.30729; Media Center PC 6.0; .NET4.0C; .NET4.0E; rv:11.0) like Gecko"
173.231.242.79 - - [21/Dec/2025:03:43:31 -0500] "POST /wp-cron.php?doing_wp_cron=1766306611.7213439941406250000000 HTTP/1.0" 200 - "-" "WordPress/6.9; https://www.lrliberia.com"
195.214.235.3 - - [21/Dec/2025:03:43:30 -0500] "POST /xmlrpc.php HTTP/1.0" 200 225 "-" "Mozilla/4.0 (compatible; MSIE 7.0; Windows NT 6.1; WOW64; Trident/7.0; SLCC2; .NET CLR 2.0.50727; .NET4.0C; .NET4.0E; FBViewer-6.0.4.0)"
173.231.242.79 - - [21/Dec/2025:03:44:42 -0500] "POST /wp-cron.php?doing_wp_cron=1766306682.3670070171356201171875 HTTP/1.0" 200 - "-" "WordPress/6.9; https://www.lrliberia.com"
66.175.56.121 - - [21/Dec/2025:03:44:40 -0500] "POST /xmlrpc.php HTTP/1.0" 200 225 "-" "Mozilla/5.0 (Windows NT 6.3; WOW64; Trident/7.0; MASMJS; rv:11.0) like Gecko"
173.231.242.79 - - [21/Dec/2025:03:53:36 -0500] "POST /wp-cron.php?doing_wp_cron=1766307216.7474489212036132812500 HTTP/1.0" 200 - "-" "WordPress/6.9; https://www.lrliberia.com"
162.241.225.12 - - [21/Dec/2025:03:53:33 -0500] "POST /xmlrpc.php HTTP/1.0" 200 225 "-" "Mozilla/5.0 (Macintosh; Intel Mac OS X 10_13) AppleWebKit/604.1.38 (KHTML, like Gecko) Version/11.0 Safari/604.1.38"
173.231.242.79 - - [21/Dec/2025:03:55:13 -0500] "POST /wp-cron.php?doing_wp_cron=1766307313.3286769390106201171875 HTTP/1.0" 200 - "-" "WordPress/6.9; http://www.lrliberia.com"
43.159.152.187 - - [21/Dec/2025:03:55:11 -0500] "GET / HTTP/1.0" 301 - "-" "Mozilla/5.0 (iPhone; CPU iPhone OS 13_2_3 like Mac OS X) AppleWebKit/605.1.15 (KHTML, like Gecko) Version/13.0.3 Mobile/15E148 Safari/604.1"
43.159.152.187 - - [21/Dec/2025:03:55:14 -0500] "GET / HTTP/1.0" 200 58568 "http://lrliberia.com" "Mozilla/5.0 (iPhone; CPU iPhone OS 13_2_3 like Mac OS X) AppleWebKit/605.1.15 (KHTML, like Gecko) Version/13.0.3 Mobile/15E148 Safari/604.1"
162.241.24.212 - - [21/Dec/2025:03:55:46 -0500] "POST /xmlrpc.php HTTP/1.0" 406 300 "-" "Mozilla/5.0 (Windows NT 10.0; WOW64; Trident/7.0; Touch; MDDCJS; rv:11.0) like Gecko"
173.231.242.79 - - [21/Dec/2025:04:05:18 -0500] "POST /wp-cron.php?doing_wp_cron=1766307918.7105500698089599609375 HTTP/1.0" 200 - "-" "WordPress/6.9; https://www.lrliberia.com"
139.59.33.85 - - [21/Dec/2025:04:05:16 -0500] "POST /xmlrpc.php HTTP/1.0" 200 225 "-" "Mozilla/5.0 (Windows NT 6.3; WOW64; Trident/7.0; Touch; MATBJS; rv:11.0) like Gecko"
173.231.242.79 - - [21/Dec/2025:04:07:18 -0500] "POST /wp-cron.php?doing_wp_cron=1766308038.2695229053497314453125 HTTP/1.0" 200 - "-" "WordPress/6.9; https://www.lrliberia.com"
64.31.47.106 - - [21/Dec/2025:04:07:16 -0500] "POST /xmlrpc.php HTTP/1.0" 200 225 "-" "Mozilla/5.0 (Windows NT 6.3; WOW64; Trident/7.0; Touch; MATBJS; rv:11.0) like Gecko"
173.231.242.79 - - [21/Dec/2025:04:17:22 -0500] "POST /wp-cron.php?doing_wp_cron=1766308642.9365539550781250000000 HTTP/1.0" 200 - "-" "WordPress/6.9; https://www.lrliberia.com"
103.28.36.105 - - [21/Dec/2025:04:17:21 -0500] "POST /xmlrpc.php HTTP/1.0" 200 225 "-" "Mozilla/5.0 (Windows NT 6.3; WOW64; Trident/7.0; Touch; LCJB; rv:11.0) like Gecko"
173.231.242.79 - - [21/Dec/2025:04:19:17 -0500] "POST /wp-cron.php?doing_wp_cron=1766308757.6933639049530029296875 HTTP/1.0" 200 - "-" "WordPress/6.9; https://www.lrliberia.com"
31.7.66.235 - - [21/Dec/2025:04:19:16 -0500] "POST /xmlrpc.php HTTP/1.0" 200 225 "-" "Mozilla/5.0 (Macintosh; Intel Mac OS X 10_12_6) AppleWebKit/605.1.15 (KHTML, like Gecko) Version/11.1.1 Safari/605.1.15"
173.231.242.79 - - [21/Dec/2025:04:24:57 -0500] "POST /wp-cron.php?doing_wp_cron=1766309097.6293509006500244140625 HTTP/1.0" 200 - "-" "WordPress/6.9; https://www.lrliberia.com"
103.130.216.65 - - [21/Dec/2025:04:24:55 -0500] "POST /xmlrpc.php HTTP/1.0" 200 225 "-" "Mozilla/5.0 (Windows NT 6.0; WOW64; Trident/7.0; rv:11.0) like Gecko"
173.231.242.79 - - [21/Dec/2025:04:30:20 -0500] "POST /wp-cron.php?doing_wp_cron=1766309420.5477070808410644531250 HTTP/1.0" 200 - "-" "WordPress/6.9; https://www.lrliberia.com"
85.208.96.193 - - [21/Dec/2025:04:30:18 -0500] "GET /robots.txt HTTP/1.0" 200 142 "-" "Mozilla/5.0 (compatible; SemrushBot/7~bl; +http://www.semrush.com/bot.html)"
85.208.96.212 - - [21/Dec/2025:04:30:20 -0500] "GET /sample-page/ HTTP/1.0" 200 49051 "-" "Mozilla/5.0 (compatible; SemrushBot/7~bl; +http://www.semrush.com/bot.html)"
173.231.242.79 - - [21/Dec/2025:04:35:35 -0500] "POST /wp-cron.php?doing_wp_cron=1766309735.5830988883972167968750 HTTP/1.0" 200 - "-" "WordPress/6.9; https://www.lrliberia.com"
51.222.11.119 - - [21/Dec/2025:04:35:32 -0500] "POST /xmlrpc.php HTTP/1.0" 200 225 "-" "Mozilla/5.0 (Macintosh; Intel Mac OS X 10_10_5) AppleWebKit/537.36 (KHTML, like Gecko) Chrome/66.0.3359.117 Safari/537.36"
173.231.242.79 - - [21/Dec/2025:04:36:16 -0500] "POST /wp-cron.php?doing_wp_cron=1766309776.7605481147766113281250 HTTP/1.0" 200 - "-" "WordPress/6.9; https://www.lrliberia.com"
69.57.172.110 - - [21/Dec/2025:04:36:15 -0500] "POST /xmlrpc.php HTTP/1.0" 200 225 "-" "Mozilla/5.0 (Windows NT 6.0; WOW64; Trident/7.0; rv:11.0) like Gecko"
89.46.106.139 - - [21/Dec/2025:04:36:42 -0500] "POST /xmlrpc.php HTTP/1.0" 200 225 "-" "Mozilla/5.0 (Macintosh; Intel Mac OS X 10_10_5) AppleWebKit/537.36 (KHTML, like Gecko) Chrome/66.0.3359.117 Safari/537.36"
173.231.242.79 - - [21/Dec/2025:04:38:19 -0500] "POST /wp-cron.php?doing_wp_cron=1766309899.9613699913024902343750 HTTP/1.0" 200 - "-" "WordPress/6.9; http://www.lrliberia.com"
34.74.65.65 - - [21/Dec/2025:04:38:18 -0500] "GET / HTTP/1.0" 301 - "-" "Mozilla/5.0 (Windows NT 10.0; Win64; x64) AppleWebKit/537.36 (KHTML, like Gecko) Chrome/88.0.4240.193 Safari/537.36"
34.74.65.65 - - [21/Dec/2025:04:38:21 -0500] "GET / HTTP/1.0" 200 254039 "-" "Mozilla/5.0 (Windows NT 10.0; Win64; x64) AppleWebKit/537.36 (KHTML, like Gecko) Chrome/88.0.4240.193 Safari/537.36"
34.74.65.65 - - [21/Dec/2025:04:38:23 -0500] "GET //wp-includes/wlwmanifest.xml HTTP/1.0" 301 - "-" "Mozilla/5.0 (Windows NT 10.0; Win64; x64) AppleWebKit/537.36 (KHTML, like Gecko) Chrome/88.0.4240.193 Safari/537.36"
34.74.65.65 - - [21/Dec/2025:04:38:24 -0500] "GET //xmlrpc.php?rsd HTTP/1.0" 200 810 "-" "Mozilla/5.0 (Windows NT 10.0; Win64; x64) AppleWebKit/537.36 (KHTML, like Gecko) Chrome/88.0.4240.193 Safari/537.36"
34.74.65.65 - - [21/Dec/2025:04:38:25 -0500] "GET //?author=1 HTTP/1.0" 301 - "-" "Mozilla/5.0 (Windows NT 10.0; Win64; x64) AppleWebKit/537.36 (KHTML, like Gecko) Chrome/88.0.4240.193 Safari/537.36"
34.74.65.65 - - [21/Dec/2025:04:38:26 -0500] "GET //?author=2 HTTP/1.0" 301 - "-" "Mozilla/5.0 (Windows NT 10.0; Win64; x64) AppleWebKit/537.36 (KHTML, like Gecko) Chrome/88.0.4240.193 Safari/537.36"
34.74.65.65 - - [21/Dec/2025:04:38:27 -0500] "GET //?author=3 HTTP/1.0" 301 - "-" "Mozilla/5.0 (Windows NT 10.0; Win64; x64) AppleWebKit/537.36 (KHTML, like Gecko) Chrome/88.0.4240.193 Safari/537.36"
34.74.65.65 - - [21/Dec/2025:04:38:28 -0500] "GET //wp-json/wp/v2/users/ HTTP/1.0" 200 2925 "-" "Mozilla/5.0 (Windows NT 10.0; Win64; x64) AppleWebKit/537.36 (KHTML, like Gecko) Chrome/88.0.4240.193 Safari/537.36"
34.74.65.65 - - [21/Dec/2025:04:38:30 -0500] "POST //xmlrpc.php HTTP/1.0" 200 401 "-" "Mozilla/5.0 (Windows NT 10.0; Win64; x64) AppleWebKit/537.36 (KHTML, like Gecko) Chrome/88.0.4240.193 Safari/537.36"
34.74.65.65 - - [21/Dec/2025:04:38:31 -0500] "POST //xmlrpc.php HTTP/1.0" 200 401 "-" "Mozilla/5.0 (Windows NT 10.0; Win64; x64) AppleWebKit/537.36 (KHTML, like Gecko) Chrome/88.0.4240.193 Safari/537.36"
34.74.65.65 - - [21/Dec/2025:04:38:32 -0500] "POST //xmlrpc.php HTTP/1.0" 200 401 "-" "Mozilla/5.0 (Windows NT 10.0; Win64; x64) AppleWebKit/537.36 (KHTML, like Gecko) Chrome/88.0.4240.193 Safari/537.36"
34.74.65.65 - - [21/Dec/2025:04:38:33 -0500] "POST //xmlrpc.php HTTP/1.0" 406 300 "-" "Mozilla/5.0 (Windows NT 10.0; Win64; x64) AppleWebKit/537.36 (KHTML, like Gecko) Chrome/88.0.4240.193 Safari/537.36"
34.74.65.65 - - [21/Dec/2025:04:38:33 -0500] "POST //xmlrpc.php HTTP/1.0" 200 401 "-" "Mozilla/5.0 (Windows NT 10.0; Win64; x64) AppleWebKit/537.36 (KHTML, like Gecko) Chrome/88.0.4240.193 Safari/537.36"
34.74.65.65 - - [21/Dec/2025:04:38:34 -0500] "POST //xmlrpc.php HTTP/1.0" 200 401 "-" "Mozilla/5.0 (Windows NT 10.0; Win64; x64) AppleWebKit/537.36 (KHTML, like Gecko) Chrome/88.0.4240.193 Safari/537.36"
34.74.65.65 - - [21/Dec/2025:04:38:35 -0500] "POST //xmlrpc.php HTTP/1.0" 200 401 "-" "Mozilla/5.0 (Windows NT 10.0; Win64; x64) AppleWebKit/537.36 (KHTML, like Gecko) Chrome/88.0.4240.193 Safari/537.36"
34.74.65.65 - - [21/Dec/2025:04:38:36 -0500] "POST //xmlrpc.php HTTP/1.0" 406 300 "-" "Mozilla/5.0 (Windows NT 10.0; Win64; x64) AppleWebKit/537.36 (KHTML, like Gecko) Chrome/88.0.4240.193 Safari/537.36"
164.90.154.188 - - [21/Dec/2025:04:38:48 -0500] "POST /xmlrpc.php HTTP/1.0" 406 300 "-" "Mozilla/5.0 (Windows NT 10.0; WOW64; Trident/7.0; Touch; LCTE; rv:11.0) like Gecko"
173.231.242.79 - - [21/Dec/2025:04:45:37 -0500] "POST /wp-cron.php?doing_wp_cron=1766310337.9440329074859619140625 HTTP/1.0" 200 - "-" "WordPress/6.9; https://www.lrliberia.com"
132.148.74.71 - - [21/Dec/2025:04:45:36 -0500] "POST /xmlrpc.php HTTP/1.0" 200 225 "-" "Mozilla/4.0 (compatible; MSIE 7.0; Windows NT 6.2; WOW64; Trident/7.0; .NET4.0C; .NET4.0E)"
173.231.242.79 - - [21/Dec/2025:04:47:14 -0500] "POST /wp-cron.php?doing_wp_cron=1766310434.0029768943786621093750 HTTP/1.0" 200 - "-" "WordPress/6.9; https://www.lrliberia.com"
107.190.140.138 - - [21/Dec/2025:04:47:12 -0500] "POST /xmlrpc.php HTTP/1.0" 200 225 "-" "Mozilla/5.0 (SAP NetWeaverBusinessClient; Windows NT 6.2; WOW64; Trident/7.0; rv:11.0) like Gecko"
173.231.242.79 - - [21/Dec/2025:04:50:17 -0500] "POST /wp-cron.php?doing_wp_cron=1766310617.2796878814697265625000 HTTP/1.0" 200 - "-" "WordPress/6.9; https://www.lrliberia.com"
198.136.61.8 - - [21/Dec/2025:04:50:15 -0500] "POST /xmlrpc.php HTTP/1.0" 200 225 "-" "Mozilla/4.0 (compatible; MSIE 7.0; Windows NT 6.2; WOW64; Trident/7.0; .NET4.0C; .NET4.0E)"
173.252.167.70 - - [21/Dec/2025:04:51:12 -0500] "POST /xmlrpc.php HTTP/1.0" 406 300 "-" "Mozilla/5.0 (Windows NT 10.0; WOW64) AppleWebKit/537.36 (KHTML, like Gecko) Chrome/67.0.3396.87 Safari/537.36"
173.231.242.79 - - [21/Dec/2025:04:53:06 -0500] "POST /wp-cron.php?doing_wp_cron=1766310786.5375878810882568359375 HTTP/1.0" 200 - "-" "WordPress/6.9; https://www.lrliberia.com"
162.241.253.195 - - [21/Dec/2025:04:53:04 -0500] "POST /xmlrpc.php HTTP/1.0" 200 225 "-" "Mozilla/5.0 (Macintosh; Intel Mac OS X 10_12_6) AppleWebKit/537.36 (KHTML, like Gecko) Chrome/65.0.3325.181 Safari/537.36"
173.231.242.79 - - [21/Dec/2025:05:01:41 -0500] "POST /wp-cron.php?doing_wp_cron=1766311301.3963539600372314453125 HTTP/1.0" 200 - "-" "WordPress/6.9; https://www.lrliberia.com"
103.57.220.209 - - [21/Dec/2025:05:01:39 -0500] "POST /xmlrpc.php HTTP/1.0" 200 225 "-" "Mozilla/5.0 (Windows NT 6.1; Win64; x64) AppleWebKit/537.36 (KHTML, like Gecko) Chrome/65.0.3325.162 Safari/537.36"
103.57.220.209 - - [21/Dec/2025:05:02:29 -0500] "POST /xmlrpc.php HTTP/1.0" 406 300 "-" "Mozilla/5.0 (Windows NT 10.0; WOW64) AppleWebKit/537.36 (KHTML, like Gecko) Chrome/67.0.3396.87 Safari/537.36"
173.231.242.79 - - [21/Dec/2025:05:23:48 -0500] "POST /wp-cron.php?doing_wp_cron=1766312628.7612318992614746093750 HTTP/1.0" 200 - "-" "WordPress/6.9; https://www.lrliberia.com"
162.241.24.212 - - [21/Dec/2025:05:23:46 -0500] "POST /xmlrpc.php HTTP/1.0" 200 225 "-" "Mozilla/5.0 (Macintosh; Intel Mac OS X 10_11_6) AppleWebKit/604.5.6 (KHTML, like Gecko) Version/11.0.3 Safari/604.5.6"
173.231.242.79 - - [21/Dec/2025:05:26:02 -0500] "POST /wp-cron.php?doing_wp_cron=1766312762.2168509960174560546875 HTTP/1.0" 200 - "-" "WordPress/6.9; https://www.lrliberia.com"
142.112.61.80 - - [21/Dec/2025:05:25:58 -0500] "POST /xmlrpc.php HTTP/1.0" 200 225 "-" "Mozilla/5.0 (Macintosh; Intel Mac OS X 10.12; rv:60.0) Gecko/20100101 Firefox/60.0"
173.231.242.79 - - [21/Dec/2025:05:27:09 -0500] "POST /wp-cron.php?doing_wp_cron=1766312829.8002810478210449218750 HTTP/1.0" 200 - "-" "WordPress/6.9; https://www.lrliberia.com"
137.184.171.145 - - [21/Dec/2025:05:27:08 -0500] "POST /xmlrpc.php HTTP/1.0" 200 225 "-" "Mozilla/5.0 (Windows NT 6.1; WOW64; Trident/7.0; LCJB; rv:11.0) like Gecko"
148.113.37.117 - - [21/Dec/2025:05:29:13 -0500] "POST /xmlrpc.php HTTP/1.0" 406 300 "-" "Mozilla/5.0 (Macintosh; Intel Mac OS X 10_13_3) AppleWebKit/537.36 (KHTML, like Gecko) Chrome/67.0.3396.87 Safari/537.36"
173.231.242.79 - - [21/Dec/2025:05:29:19 -0500] "POST /wp-cron.php?doing_wp_cron=1766312959.3394169807434082031250 HTTP/1.0" 200 - "-" "WordPress/6.9; https://www.lrliberia.com"
103.57.220.209 - - [21/Dec/2025:05:29:17 -0500] "GET /wp-login.php HTTP/1.0" 200 1864 "-" "Mozilla/5.0 (Windows NT 6.2; Win64; x64) AppleWebKit/537.36 (KHTML, like Gecko) Chrome/65.0.3325.181 Safari/537.36 OPR/52.0.2871.99"
103.57.220.209 - - [21/Dec/2025:05:29:23 -0500] "POST /wp-login.php HTTP/1.0" 200 2000 "https://lrliberia.com/wp-login.php" "Mozilla/5.0 (Windows NT 6.2; Win64; x64) AppleWebKit/537.36 (KHTML, like Gecko) Chrome/65.0.3325.181 Safari/537.36 OPR/52.0.2871.99"
103.8.127.155 - - [21/Dec/2025:05:29:44 -0500] "POST /xmlrpc.php HTTP/1.0" 200 225 "-" "Mozilla/5.0 (Windows NT 10.0) AppleWebKit/537.36 (KHTML, like Gecko) Chrome/66.0.3359.117 Safari/537.36"
173.231.242.79 - - [21/Dec/2025:05:30:10 -0500] "POST /wp-cron.php?doing_wp_cron=1766313010.7742021083831787109375 HTTP/1.0" 200 - "-" "WordPress/6.9; https://www.lrliberia.com"
78.157.38.104 - - [21/Dec/2025:05:30:09 -0500] "POST /xmlrpc.php HTTP/1.0" 200 403 "-" "Mozilla/5.0 (Windows NT 5.1; Win64; x64) AppleWebKit/537.36 (KHTML, like Gecko) Chrome/60.0.3112.90 Safari/537.36"
78.157.38.104 - - [21/Dec/2025:05:30:11 -0500] "POST /xmlrpc.php HTTP/1.0" 200 403 "-" "Mozilla/5.0 (Windows NT 5.1; Win64; x64) AppleWebKit/537.36 (KHTML, like Gecko) Chrome/60.0.3112.90 Safari/537.36"
78.157.38.104 - - [21/Dec/2025:05:30:13 -0500] "POST /xmlrpc.php HTTP/1.0" 406 300 "-" "Mozilla/5.0 (Windows NT 5.1; Win64; x64) AppleWebKit/537.36 (KHTML, like Gecko) Chrome/60.0.3112.90 Safari/537.36"
129.148.21.186 - - [21/Dec/2025:05:30:22 -0500] "POST /xmlrpc.php HTTP/1.0" 200 403 "-" "Mozilla/5.0 (Windows NT 10.0; Win64; x64; rv:65.0) Gecko/20100101 Firefox/65.0"
129.148.21.186 - - [21/Dec/2025:05:30:23 -0500] "POST /xmlrpc.php HTTP/1.0" 200 403 "-" "Mozilla/5.0 (Windows NT 10.0; Win64; x64; rv:65.0) Gecko/20100101 Firefox/65.0"
129.148.21.186 - - [21/Dec/2025:05:30:25 -0500] "POST /xmlrpc.php HTTP/1.0" 200 403 "-" "Mozilla/5.0 (Windows NT 10.0; Win64; x64; rv:65.0) Gecko/20100101 Firefox/65.0"
34.63.12.44 - - [21/Dec/2025:05:30:41 -0500] "POST /xmlrpc.php HTTP/1.0" 406 300 "-" "Mozilla/5.0 (Windows NT 10.0; Win64; x64) AppleWebKit/537.36 (KHTML, like Gecko) Chrome/90.0.4430.212 Safari/537.36"
34.63.12.44 - - [21/Dec/2025:05:30:42 -0500] "POST /xmlrpc.php HTTP/1.0" 200 403 "-" "Mozilla/5.0 (Windows NT 10.0; Win64; x64) AppleWebKit/537.36 (KHTML, like Gecko) Chrome/90.0.4430.212 Safari/537.36"
103.95.196.203 - - [21/Dec/2025:05:30:42 -0500] "POST /xmlrpc.php HTTP/1.0" 200 403 "-" "Mozilla/5.0 (Linux; Android 6.0.1; RedMi Note 5 Build/RB3N5C; wv) AppleWebKit/537.36 (KHTML, like Gecko) Version/4.0 Chrome/68.0.3440.91 Mobile Safari/537.36"
34.63.12.44 - - [21/Dec/2025:05:30:43 -0500] "POST /xmlrpc.php HTTP/1.0" 200 403 "-" "Mozilla/5.0 (Windows NT 10.0; Win64; x64) AppleWebKit/537.36 (KHTML, like Gecko) Chrome/90.0.4430.212 Safari/537.36"
103.95.196.203 - - [21/Dec/2025:05:30:45 -0500] "POST /xmlrpc.php HTTP/1.0" 406 300 "-" "Mozilla/5.0 (Linux; Android 6.0.1; RedMi Note 5 Build/RB3N5C; wv) AppleWebKit/537.36 (KHTML, like Gecko) Version/4.0 Chrome/68.0.3440.91 Mobile Safari/537.36"
103.95.196.203 - - [21/Dec/2025:05:30:46 -0500] "POST /xmlrpc.php HTTP/1.0" 406 300 "-" "Mozilla/5.0 (Linux; Android 6.0.1; RedMi Note 5 Build/RB3N5C; wv) AppleWebKit/537.36 (KHTML, like Gecko) Version/4.0 Chrome/68.0.3440.91 Mobile Safari/537.36"
173.231.242.79 - - [21/Dec/2025:05:31:30 -0500] "POST /wp-cron.php?doing_wp_cron=1766313090.7872650623321533203125 HTTP/1.0" 200 - "-" "WordPress/6.9; https://www.lrliberia.com"
194.9.56.124 - - [21/Dec/2025:05:31:29 -0500] "POST /xmlrpc.php HTTP/1.0" 200 403 "-" "Mozilla/5.0 (Windows NT 10.0) AppleWebKit/537.36 (KHTML, like Gecko) Chrome/72.0.3626.121 Safari/537.36"
173.231.242.79 - - [21/Dec/2025:05:32:29 -0500] "POST /wp-cron.php?doing_wp_cron=1766313149.1005060672760009765625 HTTP/1.0" 200 - "-" "WordPress/6.9; http://www.lrliberia.com"
157.55.39.222 - - [21/Dec/2025:05:32:27 -0500] "GET /robots.txt HTTP/1.0" 200 142 "-" "Mozilla/5.0 AppleWebKit/537.36 (KHTML, like Gecko; compatible; bingbot/2.0; +http://www.bing.com/bingbot.htm) Chrome/116.0.1938.76 Safari/537.36"
196.188.57.0 - - [21/Dec/2025:05:32:34 -0500] "POST /xmlrpc.php HTTP/1.0" 406 300 "-" "Mozilla/5.0 (Windows NT 6.2; Win64; x64) AppleWebKit/537.36 (KHTML, like Gecko) Chrome/66.0.3359.181 Safari/537.36"
173.231.242.79 - - [21/Dec/2025:05:34:11 -0500] "POST /wp-cron.php?doing_wp_cron=1766313251.3151040077209472656250 HTTP/1.0" 200 - "-" "WordPress/6.9; https://www.lrliberia.com"
160.191.139.193 - - [21/Dec/2025:05:34:09 -0500] "GET /wp-login.php HTTP/1.0" 200 1864 "-" "Mozilla/5.0 (Windows NT 6.1) AppleWebKit/537.36 (KHTML, like Gecko) Chrome/65.0.3325.181 Safari/537.36"
160.191.139.193 - - [21/Dec/2025:05:34:13 -0500] "POST /wp-login.php HTTP/1.0" 200 1998 "https://lrliberia.com/wp-login.php" "Mozilla/5.0 (Windows NT 6.1) AppleWebKit/537.36 (KHTML, like Gecko) Chrome/65.0.3325.181 Safari/537.36"
173.231.242.79 - - [21/Dec/2025:05:35:47 -0500] "POST /wp-cron.php?doing_wp_cron=1766313347.4140419960021972656250 HTTP/1.0" 200 - "-" "WordPress/6.9; https://www.lrliberia.com"
161.248.188.170 - - [21/Dec/2025:05:35:45 -0500] "POST /xmlrpc.php HTTP/1.0" 200 225 "-" "Mozilla/5.0 (Windows NT 6.2; Win64; x64) AppleWebKit/537.36 (KHTML, like Gecko) Chrome/66.0.3359.181 Safari/537.36"
198.235.24.43 - - [21/Dec/2025:05:39:40 -0500] "GET / HTTP/1.0" 406 300 "-" "-"
173.231.242.79 - - [21/Dec/2025:05:41:40 -0500] "POST /wp-cron.php?doing_wp_cron=1766313700.3842520713806152343750 HTTP/1.0" 200 - "-" "WordPress/6.9; http://www.lrliberia.com"
216.244.66.237 - - [21/Dec/2025:05:41:38 -0500] "GET /robots.txt HTTP/1.0" 200 269 "-" "Mozilla/5.0 (compatible; DotBot/1.2; +https://opensiteexplorer.org/dotbot; help@moz.com)"
173.231.242.79 - - [21/Dec/2025:05:42:32 -0500] "POST /wp-cron.php?doing_wp_cron=1766313752.3338880538940429687500 HTTP/1.0" 200 - "-" "WordPress/6.9; https://www.lrliberia.com"
64.90.50.17 - - [21/Dec/2025:05:42:30 -0500] "POST /xmlrpc.php HTTP/1.0" 200 225 "-" "Mozilla/5.0 (X11; Linux x86_64) AppleWebKit/537.36 (KHTML, like Gecko) Chrome/67.0.3396.62 Safari/537.36"
173.231.242.79 - - [21/Dec/2025:05:49:05 -0500] "POST /wp-cron.php?doing_wp_cron=1766314145.4194109439849853515625 HTTP/1.0" 200 - "-" "WordPress/6.9; http://www.lrliberia.com"
216.244.66.237 - - [21/Dec/2025:05:49:03 -0500] "GET /2024/05/30/safety-first-essential-forklift-safety-practices-every-operator-should-know/ HTTP/1.0" 200 223949 "-" "Mozilla/5.0 (compatible; DotBot/1.2; +https://opensiteexplorer.org/dotbot; help@moz.com)"
