201.71.133.85 - - [21/Dec/2025:18:07:00 -0500] "GET /wp-json/wp/v2/users HTTP/1.0" 200 3059 "-" "Mozilla/4.0 (compatible; Win32; WinHttp.WinHttpRequest.5)"
201.71.133.85 - - [21/Dec/2025:18:07:04 -0500] "POST /xmlrpc.php HTTP/1.0" 200 403 "-" "Mozilla/5.0 (Linux; Android 10; x86) AppleWebKit/537.36 (KHTML, like Gecko) Chrome/88.0.0.0 Safari/537.36"
173.231.242.79 - - [21/Dec/2025:18:15:51 -0500] "POST /wp-cron.php?doing_wp_cron=1766358951.4308810234069824218750 HTTP/1.0" 200 - "-" "WordPress/6.9; https://www.kamille.us"
201.71.133.85 - - [21/Dec/2025:18:15:49 -0500] "POST /xmlrpc.php HTTP/1.0" 200 403 "-" "Mozilla/5.0 (X11; Ubuntu; Linux x86_64; arm64) AppleWebKit/537.36 (KHTML, like Gecko) Chrome/106.0.0.0 Safari/537.36"
201.71.133.85 - - [21/Dec/2025:18:23:29 -0500] "POST /xmlrpc.php HTTP/1.0" 406 300 "-" "Mozilla/5.0 (X11; Ubuntu; Linux x86_64; x64) AppleWebKit/537.36 (KHTML, like Gecko) Chrome/105.0.0.0 Safari/537.36"
173.231.242.79 - - [21/Dec/2025:18:24:50 -0500] "POST /wp-cron.php?doing_wp_cron=1766359490.5344650745391845703125 HTTP/1.0" 200 - "-" "WordPress/6.9; https://www.kamille.us"
163.172.74.34 - - [21/Dec/2025:18:24:48 -0500] "GET / HTTP/1.0" 301 - "-" "Mozilla/5.0 (Windows NT 10.0; Win64; x64; rv:108.0) Gecko/20100101 Firefox/108.0"
163.172.74.34 - - [21/Dec/2025:18:24:51 -0500] "GET / HTTP/1.0" 301 - "-" "Mozilla/5.0 (Windows NT 10.0; Win64; x64; rv:108.0) Gecko/20100101 Firefox/108.0"
173.231.242.79 - - [21/Dec/2025:18:24:52 -0500] "POST /wp-admin/admin-post.php HTTP/1.0" 200 14 "-" "WordPress/6.9; https://www.kamille.us"
163.172.74.34 - - [21/Dec/2025:18:24:52 -0500] "GET / HTTP/1.0" 301 - "-" "Mozilla/5.0 (Windows NT 10.0; Win64; x64; rv:108.0) Gecko/20100101 Firefox/108.0"
163.172.74.34 - - [21/Dec/2025:18:24:54 -0500] "GET / HTTP/1.0" 301 - "-" "Mozilla/5.0 (Windows NT 10.0; Win64; x64; rv:108.0) Gecko/20100101 Firefox/108.0"
173.231.242.79 - - [21/Dec/2025:18:32:48 -0500] "POST /wp-cron.php?doing_wp_cron=1766359968.1102778911590576171875 HTTP/1.0" 200 - "-" "WordPress/6.9; https://www.kamille.us"
201.71.133.85 - - [21/Dec/2025:18:32:45 -0500] "POST /xmlrpc.php HTTP/1.0" 200 403 "-" "Mozilla/5.0 (Linux; Android 10; arm64) AppleWebKit/537.36 (KHTML, like Gecko) Opera/68.0.0.0 Safari/537.36"
201.71.133.85 - - [21/Dec/2025:18:40:23 -0500] "POST /xmlrpc.php HTTP/1.0" 406 300 "-" "Mozilla/5.0 (Windows NT 6.2; x86) AppleWebKit/537.36 (KHTML, like Gecko) Edge/83.0.0.0 Safari/537.36"
173.231.242.79 - - [21/Dec/2025:18:50:04 -0500] "POST /wp-cron.php?doing_wp_cron=1766361004.5270080566406250000000 HTTP/1.0" 200 - "-" "WordPress/6.9; https://www.kamille.us"
199.244.88.230 - - [21/Dec/2025:18:49:59 -0500] "GET / HTTP/1.0" 301 - "-" "Mozilla/5.0 (X11; Linux x86_64) AppleWebKit/537.36 (KHTML, like Gecko) Chrome/105.0.0.0 Safari/537.36"
201.71.133.85 - - [21/Dec/2025:18:50:05 -0500] "POST /xmlrpc.php HTTP/1.0" 200 403 "-" "Mozilla/5.0 (Windows NT 6.3; x86) AppleWebKit/537.36 (KHTML, like Gecko) Opera/66.0.0.0 Safari/537.36"
173.231.242.79 - - [21/Dec/2025:18:53:32 -0500] "POST /wp-cron.php?doing_wp_cron=1766361212.9448850154876708984375 HTTP/1.0" 200 - "-" "WordPress/6.9; https://www.kamille.us"
186.158.145.174 - - [21/Dec/2025:18:53:31 -0500] "GET /checkout-2 HTTP/1.0" 301 - "https://www.kamille.us/" "Mozilla/5.0 (X11; CrOS x86_64 14541.0.0) AppleWebKit/537.36 (KHTML, like Gecko) Chrome/132.0.0.0 Safari/537.36"
168.195.134.17 - - [21/Dec/2025:18:53:36 -0500] "GET /checkout-2/ HTTP/1.0" 302 - "https://www.kamille.us/" "Mozilla/5.0 (X11; CrOS x86_64 14541.0.0) AppleWebKit/537.36 (KHTML, like Gecko) Chrome/132.0.0.0 Safari/537.36"
201.71.133.85 - - [21/Dec/2025:18:55:14 -0500] "POST /xmlrpc.php HTTP/1.0" 406 300 "-" "Mozilla/5.0 (Macintosh; Intel Mac OS X 10_15_7; arm64) AppleWebKit/537.36 (KHTML, like Gecko) Chrome/80.0.0.0 Safari/537.36"
173.231.242.79 - - [21/Dec/2025:19:20:01 -0500] "POST /wp-cron.php?doing_wp_cron=1766362801.1782009601593017578125 HTTP/1.0" 200 - "-" "WordPress/6.9; https://www.kamille.us"
173.231.242.79 - - [21/Dec/2025:19:20:01 -0500] "POST /wp-cron.php?doing_wp_cron=1766362801.2563331127166748046875 HTTP/1.0" 200 - "-" "WordPress/6.9; https://www.kamille.us"
51.161.65.235 - - [21/Dec/2025:19:19:58 -0500] "GET /wp-sitemap.xml HTTP/1.0" 200 707 "-" "Mozilla/5.0 (compatible; AhrefsBot/7.0; +http://ahrefs.com/robot/)"
51.222.168.37 - - [21/Dec/2025:19:20:05 -0500] "GET /wp-sitemap-posts-post-1.xml HTTP/1.0" 200 291 "-" "Mozilla/5.0 (compatible; AhrefsBot/7.0; +http://ahrefs.com/robot/)"
54.39.136.245 - - [21/Dec/2025:19:20:09 -0500] "GET /wp-sitemap-posts-page-1.xml HTTP/1.0" 200 7251 "-" "Mozilla/5.0 (compatible; AhrefsBot/7.0; +http://ahrefs.com/robot/)"
54.39.210.80 - - [21/Dec/2025:19:20:14 -0500] "GET /wp-sitemap-posts-product-1.xml HTTP/1.0" 200 3075 "-" "Mozilla/5.0 (compatible; AhrefsBot/7.0; +http://ahrefs.com/robot/)"
54.39.89.50 - - [21/Dec/2025:19:20:20 -0500] "GET /wp-sitemap-taxonomies-category-1.xml HTTP/1.0" 200 258 "-" "Mozilla/5.0 (compatible; AhrefsBot/7.0; +http://ahrefs.com/robot/)"
51.222.168.190 - - [21/Dec/2025:19:20:24 -0500] "GET /wp-sitemap-taxonomies-product_cat-1.xml HTTP/1.0" 200 542 "-" "Mozilla/5.0 (compatible; AhrefsBot/7.0; +http://ahrefs.com/robot/)"
15.235.98.13 - - [21/Dec/2025:19:20:28 -0500] "GET /wp-sitemap-users-1.xml HTTP/1.0" 200 252 "-" "Mozilla/5.0 (compatible; AhrefsBot/7.0; +http://ahrefs.com/robot/)"
173.231.242.79 - - [21/Dec/2025:19:26:48 -0500] "POST /wp-cron.php?doing_wp_cron=1766363208.7396700382232666015625 HTTP/1.0" 200 - "-" "WordPress/6.9; https://www.kamille.us"
182.42.105.144 - - [21/Dec/2025:19:26:47 -0500] "GET / HTTP/1.0" 301 - "-" "Mozilla/5.0 (iPhone; CPU iPhone OS 13_2_3 like Mac OS X) AppleWebKit/605.1.15 (KHTML, like Gecko) Version/13.0.3 Mobile/15E148 Safari/604.1"
173.231.242.79 - - [21/Dec/2025:19:59:03 -0500] "POST /wp-cron.php?doing_wp_cron=1766365142.9088740348815917968750 HTTP/1.0" 200 - "-" "WordPress/6.9; https://www.kamille.us"
201.71.133.85 - - [21/Dec/2025:19:58:59 -0500] "POST /xmlrpc.php HTTP/1.0" 200 403 "-" "Mozilla/5.0 (Linux; Android 10; arm64) AppleWebKit/537.36 (KHTML, like Gecko) Edge/82.0.0.0 Safari/537.36"
173.231.242.79 - - [21/Dec/2025:20:05:51 -0500] "POST /wp-cron.php?doing_wp_cron=1766365551.6246380805969238281250 HTTP/1.0" 200 - "-" "WordPress/6.9; https://www.kamille.us"
43.130.106.18 - - [21/Dec/2025:20:05:49 -0500] "GET / HTTP/1.0" 301 - "-" "Mozilla/5.0 (iPhone; CPU iPhone OS 13_2_3 like Mac OS X) AppleWebKit/605.1.15 (KHTML, like Gecko) Version/13.0.3 Mobile/15E148 Safari/604.1"
173.231.242.79 - - [21/Dec/2025:20:06:09 -0500] "POST /wp-cron.php?doing_wp_cron=1766365568.9720659255981445312500 HTTP/1.0" 200 - "-" "WordPress/6.9; https://www.kamille.us"
201.71.133.85 - - [21/Dec/2025:20:06:05 -0500] "POST /xmlrpc.php HTTP/1.0" 200 403 "-" "Mozilla/5.0 (Windows NT 6.2; x86) AppleWebKit/537.36 (KHTML, like Gecko) Chrome/84.0.0.0 Safari/537.36"
173.231.242.79 - - [21/Dec/2025:20:16:53 -0500] "POST /wp-cron.php?doing_wp_cron=1766366213.7981369495391845703125 HTTP/1.0" 200 - "-" "WordPress/6.9; https://www.kamille.us"
201.71.133.85 - - [21/Dec/2025:20:16:51 -0500] "POST /xmlrpc.php HTTP/1.0" 200 403 "-" "Mozilla/5.0 (X11; Ubuntu; Linux x86_64; x86) AppleWebKit/537.36 (KHTML, like Gecko) Firefox/99.0.0.0 Safari/537.36"
173.231.242.79 - - [21/Dec/2025:20:17:58 -0500] "POST /wp-cron.php?doing_wp_cron=1766366278.4563701152801513671875 HTTP/1.0" 200 - "-" "WordPress/6.9; https://www.kamille.us"
205.169.39.53 - - [21/Dec/2025:20:17:56 -0500] "GET / HTTP/1.0" 301 - "-" "Mozilla/5.0 (Windows NT 10.0; Win64; x64) AppleWebKit/537.36 (KHTML, like Gecko) Chrome/117.0.5938.132 Safari/537.36"
205.169.39.53 - - [21/Dec/2025:20:17:59 -0500] "GET /wp-content/themes/astra/assets/css/minified/compatibility/woocommerce/woocommerce-layout-grid.min.css?ver=4.8.10 HTTP/1.0" 200 16313 "https://www.kamille.us/" "Mozilla/5.0 (Windows NT 10.0; Win64; x64) AppleWebKit/537.36 (KHTML, like Gecko) Chrome/117.0.5938.132 Safari/537.36"
205.169.39.53 - - [21/Dec/2025:20:17:59 -0500] "GET /wp-content/themes/astra/assets/css/minified/main.min.css?ver=4.8.10 HTTP/1.0" 200 43154 "https://www.kamille.us/" "Mozilla/5.0 (Windows NT 10.0; Win64; x64) AppleWebKit/537.36 (KHTML, like Gecko) Chrome/117.0.5938.132 Safari/537.36"
205.169.39.53 - - [21/Dec/2025:20:17:59 -0500] "GET /wp-content/plugins/header-footer-elementor/inc/widgets-css/frontend.css?ver=2.0.6 HTTP/1.0" 200 79563 "https://www.kamille.us/" "Mozilla/5.0 (Windows NT 10.0; Win64; x64) AppleWebKit/537.36 (KHTML, like Gecko) Chrome/117.0.5938.132 Safari/537.36"
205.169.39.53 - - [21/Dec/2025:20:17:59 -0500] "GET /wp-content/themes/astra/assets/css/minified/compatibility/woocommerce/woocommerce-grid.min.css?ver=4.8.10 HTTP/1.0" 200 117581 "https://www.kamille.us/" "Mozilla/5.0 (Windows NT 10.0; Win64; x64) AppleWebKit/537.36 (KHTML, like Gecko) Chrome/117.0.5938.132 Safari/537.36"
205.169.39.53 - - [21/Dec/2025:20:17:59 -0500] "GET /wp-content/plugins/elementor/assets/css/frontend.min.css?ver=3.26.3 HTTP/1.0" 200 53222 "https://www.kamille.us/" "Mozilla/5.0 (Windows NT 10.0; Win64; x64) AppleWebKit/537.36 (KHTML, like Gecko) Chrome/117.0.5938.132 Safari/537.36"
205.169.39.53 - - [21/Dec/2025:20:17:59 -0500] "GET /wp-content/plugins/elementor/assets/lib/eicons/css/elementor-icons.min.css?ver=5.34.0 HTTP/1.0" 200 20060 "https://www.kamille.us/" "Mozilla/5.0 (Windows NT 10.0; Win64; x64) AppleWebKit/537.36 (KHTML, like Gecko) Chrome/117.0.5938.132 Safari/537.36"
205.169.39.53 - - [21/Dec/2025:20:17:59 -0500] "GET /wp-content/plugins/header-footer-elementor/assets/css/header-footer-elementor.css?ver=2.0.6 HTTP/1.0" 200 776 "https://www.kamille.us/" "Mozilla/5.0 (Windows NT 10.0; Win64; x64) AppleWebKit/537.36 (KHTML, like Gecko) Chrome/117.0.5938.132 Safari/537.36"
205.169.39.53 - - [21/Dec/2025:20:17:59 -0500] "GET /wp-content/plugins/elementor/assets/css/widget-text-editor.min.css?ver=3.26.3 HTTP/1.0" 200 704 "https://www.kamille.us/" "Mozilla/5.0 (Windows NT 10.0; Win64; x64) AppleWebKit/537.36 (KHTML, like Gecko) Chrome/117.0.5938.132 Safari/537.36"
205.169.39.53 - - [21/Dec/2025:20:17:59 -0500] "GET /wp-content/plugins/elementor/assets/css/widget-image.min.css?ver=3.26.3 HTTP/1.0" 200 254 "https://www.kamille.us/" "Mozilla/5.0 (Windows NT 10.0; Win64; x64) AppleWebKit/537.36 (KHTML, like Gecko) Chrome/117.0.5938.132 Safari/537.36"
205.169.39.53 - - [21/Dec/2025:20:17:59 -0500] "GET /wp-content/plugins/elementor/assets/lib/animations/styles/e-animation-skew-forward.min.css?ver=3.26.3 HTTP/1.0" 200 256 "https://www.kamille.us/" "Mozilla/5.0 (Windows NT 10.0; Win64; x64) AppleWebKit/537.36 (KHTML, like Gecko) Chrome/117.0.5938.132 Safari/537.36"
205.169.39.53 - - [21/Dec/2025:20:17:59 -0500] "GET /wp-content/plugins/elementor/assets/css/widget-divider.min.css?ver=3.26.3 HTTP/1.0" 200 4298 "https://www.kamille.us/" "Mozilla/5.0 (Windows NT 10.0; Win64; x64) AppleWebKit/537.36 (KHTML, like Gecko) Chrome/117.0.5938.132 Safari/537.36"
205.169.39.53 - - [21/Dec/2025:20:17:59 -0500] "GET /wp-content/plugins/elementor/assets/css/widget-spacer.min.css?ver=3.26.3 HTTP/1.0" 200 1344 "https://www.kamille.us/" "Mozilla/5.0 (Windows NT 10.0; Win64; x64) AppleWebKit/537.36 (KHTML, like Gecko) Chrome/117.0.5938.132 Safari/537.36"
205.169.39.53 - - [21/Dec/2025:20:17:59 -0500] "GET /wp-content/plugins/elementor/assets/css/widget-testimonial.min.css?ver=3.26.3 HTTP/1.0" 200 1680 "https://www.kamille.us/" "Mozilla/5.0 (Windows NT 10.0; Win64; x64) AppleWebKit/537.36 (KHTML, like Gecko) Chrome/117.0.5938.132 Safari/537.36"
205.169.39.53 - - [21/Dec/2025:20:17:59 -0500] "GET /wp-content/plugins/elementor/assets/css/widget-heading.min.css?ver=3.26.3 HTTP/1.0" 200 600 "https://www.kamille.us/" "Mozilla/5.0 (Windows NT 10.0; Win64; x64) AppleWebKit/537.36 (KHTML, like Gecko) Chrome/117.0.5938.132 Safari/537.36"
205.169.39.53 - - [21/Dec/2025:20:17:59 -0500] "GET /wp-content/plugins/elementor/assets/lib/swiper/v8/css/swiper.min.css?ver=8.4.5 HTTP/1.0" 200 16471 "https://www.kamille.us/" "Mozilla/5.0 (Windows NT 10.0; Win64; x64) AppleWebKit/537.36 (KHTML, like Gecko) Chrome/117.0.5938.132 Safari/537.36"
205.169.39.53 - - [21/Dec/2025:20:17:59 -0500] "GET /wp-content/plugins/elementor/assets/css/widget-image-box.min.css?ver=3.26.3 HTTP/1.0" 200 1409 "https://www.kamille.us/" "Mozilla/5.0 (Windows NT 10.0; Win64; x64) AppleWebKit/537.36 (KHTML, like Gecko) Chrome/117.0.5938.132 Safari/537.36"
205.169.39.53 - - [21/Dec/2025:20:17:59 -0500] "GET /wp-content/plugins/elementor/assets/css/conditionals/e-swiper.min.css?ver=3.26.3 HTTP/1.0" 200 5486 "https://www.kamille.us/" "Mozilla/5.0 (Windows NT 10.0; Win64; x64) AppleWebKit/537.36 (KHTML, like Gecko) Chrome/117.0.5938.132 Safari/537.36"
205.169.39.53 - - [21/Dec/2025:20:17:59 -0500] "GET /wp-content/plugins/elementor/assets/css/widget-image-carousel.min.css?ver=3.26.3 HTTP/1.0" 200 382 "https://www.kamille.us/" "Mozilla/5.0 (Windows NT 10.0; Win64; x64) AppleWebKit/537.36 (KHTML, like Gecko) Chrome/117.0.5938.132 Safari/537.36"
205.169.39.53 - - [21/Dec/2025:20:17:59 -0500] "GET /wp-content/plugins/elementor/assets/css/widget-icon-list.min.css?ver=3.24.3 HTTP/1.0" 200 10310 "https://www.kamille.us/" "Mozilla/5.0 (Windows NT 10.0; Win64; x64) AppleWebKit/537.36 (KHTML, like Gecko) Chrome/117.0.5938.132 Safari/537.36"
205.169.39.53 - - [21/Dec/2025:20:17:59 -0500] "GET /wp-content/plugins/elementor/assets/css/widget-social-icons.min.css?ver=3.24.0 HTTP/1.0" 200 5150 "https://www.kamille.us/" "Mozilla/5.0 (Windows NT 10.0; Win64; x64) AppleWebKit/537.36 (KHTML, like Gecko) Chrome/117.0.5938.132 Safari/537.36"
205.169.39.53 - - [21/Dec/2025:20:17:59 -0500] "GET /wp-content/plugins/elementor/assets/lib/font-awesome/css/brands.css?ver=5.15.3 HTTP/1.0" 200 732 "https://www.kamille.us/" "Mozilla/5.0 (Windows NT 10.0; Win64; x64) AppleWebKit/537.36 (KHTML, like Gecko) Chrome/117.0.5938.132 Safari/537.36"
205.169.39.53 - - [21/Dec/2025:20:17:59 -0500] "GET /wp-content/plugins/elementor/assets/lib/font-awesome/css/fontawesome.min.css?ver=5.15.3 HTTP/1.0" 200 58071 "https://www.kamille.us/" "Mozilla/5.0 (Windows NT 10.0; Win64; x64) AppleWebKit/537.36 (KHTML, like Gecko) Chrome/117.0.5938.132 Safari/537.36"
205.169.39.53 - - [21/Dec/2025:20:17:59 -0500] "GET /wp-content/plugins/elementor/assets/lib/font-awesome/css/fontawesome.css?ver=5.15.3 HTTP/1.0" 200 72184 "https://www.kamille.us/" "Mozilla/5.0 (Windows NT 10.0; Win64; x64) AppleWebKit/537.36 (KHTML, like Gecko) Chrome/117.0.5938.132 Safari/537.36"
205.169.39.53 - - [21/Dec/2025:20:17:59 -0500] "GET /wp-content/plugins/elementor/assets/lib/font-awesome/css/solid.css?ver=5.15.3 HTTP/1.0" 200 727 "https://www.kamille.us/" "Mozilla/5.0 (Windows NT 10.0; Win64; x64) AppleWebKit/537.36 (KHTML, like Gecko) Chrome/117.0.5938.132 Safari/537.36"
205.169.39.53 - - [21/Dec/2025:20:17:59 -0500] "GET /wp-content/plugins/elementor/assets/lib/font-awesome/css/solid.min.css?ver=5.15.3 HTTP/1.0" 200 669 "https://www.kamille.us/" "Mozilla/5.0 (Windows NT 10.0; Win64; x64) AppleWebKit/537.36 (KHTML, like Gecko) Chrome/117.0.5938.132 Safari/537.36"
205.169.39.53 - - [21/Dec/2025:20:17:59 -0500] "GET /wp-content/plugins/elementor/assets/css/widget-icon-box.min.css?ver=3.26.3 HTTP/1.0" 200 10071 "https://www.kamille.us/" "Mozilla/5.0 (Windows NT 10.0; Win64; x64) AppleWebKit/537.36 (KHTML, like Gecko) Chrome/117.0.5938.132 Safari/537.36"
205.169.39.53 - - [21/Dec/2025:20:17:59 -0500] "GET /wp-content/plugins/woocommerce/assets/client/blocks/wc-blocks.css?ver=wc-9.5.2 HTTP/1.0" 200 12942 "https://www.kamille.us/" "Mozilla/5.0 (Windows NT 10.0; Win64; x64) AppleWebKit/537.36 (KHTML, like Gecko) Chrome/117.0.5938.132 Safari/537.36"
205.169.39.53 - - [21/Dec/2025:20:17:59 -0500] "GET /wp-content/plugins/elementor/assets/css/widget-toggle.min.css?ver=3.26.3 HTTP/1.0" 200 1578 "https://www.kamille.us/" "Mozilla/5.0 (Windows NT 10.0; Win64; x64) AppleWebKit/537.36 (KHTML, like Gecko) Chrome/117.0.5938.132 Safari/537.36"
205.169.39.53 - - [21/Dec/2025:20:17:59 -0500] "GET /wp-includes/js/jquery/jquery-migrate.min.js?ver=3.4.1 HTTP/1.0" 200 13577 "https://www.kamille.us/" "Mozilla/5.0 (Windows NT 10.0; Win64; x64) AppleWebKit/537.36 (KHTML, like Gecko) Chrome/117.0.5938.132 Safari/537.36"
205.169.39.53 - - [21/Dec/2025:20:17:59 -0500] "GET /wp-includes/js/jquery/jquery.min.js?ver=3.7.1 HTTP/1.0" 200 87553 "https://www.kamille.us/" "Mozilla/5.0 (Windows NT 10.0; Win64; x64) AppleWebKit/537.36 (KHTML, like Gecko) Chrome/117.0.5938.132 Safari/537.36"
205.169.39.53 - - [21/Dec/2025:20:17:59 -0500] "GET /wp-content/themes/astra/assets/js/minified/frontend.min.js?ver=4.8.10 HTTP/1.0" 200 23586 "https://www.kamille.us/" "Mozilla/5.0 (Windows NT 10.0; Win64; x64) AppleWebKit/537.36 (KHTML, like Gecko) Chrome/117.0.5938.132 Safari/537.36"
205.169.39.53 - - [21/Dec/2025:20:17:59 -0500] "GET /wp-content/plugins/astra-sites/inc/lib/onboarding/assets/dist/template-preview/main.js?ver=06758d4d807d9d22c6ea HTTP/1.0" 200 6581 "https://www.kamille.us/" "Mozilla/5.0 (Windows NT 10.0; Win64; x64) AppleWebKit/537.36 (KHTML, like Gecko) Chrome/117.0.5938.132 Safari/537.36"
205.169.39.53 - - [21/Dec/2025:20:17:59 -0500] "GET /wp-content/plugins/woocommerce/assets/js/sourcebuster/sourcebuster.min.js?ver=9.5.2 HTTP/1.0" 200 15315 "https://www.kamille.us/" "Mozilla/5.0 (Windows NT 10.0; Win64; x64) AppleWebKit/537.36 (KHTML, like Gecko) Chrome/117.0.5938.132 Safari/537.36"
205.169.39.53 - - [21/Dec/2025:20:17:59 -0500] "GET /wp-content/themes/astra/assets/js/minified/mobile-cart.min.js?ver=4.8.10 HTTP/1.0" 200 3806 "https://www.kamille.us/" "Mozilla/5.0 (Windows NT 10.0; Win64; x64) AppleWebKit/537.36 (KHTML, like Gecko) Chrome/117.0.5938.132 Safari/537.36"
205.169.39.53 - - [21/Dec/2025:20:17:59 -0500] "GET /wp-content/themes/astra/assets/js/minified/live-search.min.js?ver=4.8.10 HTTP/1.0" 200 2667 "https://www.kamille.us/" "Mozilla/5.0 (Windows NT 10.0; Win64; x64) AppleWebKit/537.36 (KHTML, like Gecko) Chrome/117.0.5938.132 Safari/537.36"
205.169.39.53 - - [21/Dec/2025:20:17:59 -0500] "GET /wp-includes/js/dist/dom-ready.min.js?ver=f77871ff7694fffea381 HTTP/1.0" 200 457 "https://www.kamille.us/" "Mozilla/5.0 (Windows NT 10.0; Win64; x64) AppleWebKit/537.36 (KHTML, like Gecko) Chrome/117.0.5938.132 Safari/537.36"
205.169.39.53 - - [21/Dec/2025:20:17:59 -0500] "GET /wp-content/plugins/woocommerce/assets/js/frontend/order-attribution.min.js?ver=9.5.2 HTTP/1.0" 200 2356 "https://www.kamille.us/" "Mozilla/5.0 (Windows NT 10.0; Win64; x64) AppleWebKit/537.36 (KHTML, like Gecko) Chrome/117.0.5938.132 Safari/537.36"
205.169.39.53 - - [21/Dec/2025:20:17:59 -0500] "GET /wp-content/plugins/elementor/assets/js/webpack.runtime.min.js?ver=3.26.3 HTTP/1.0" 200 5326 "https://www.kamille.us/" "Mozilla/5.0 (Windows NT 10.0; Win64; x64) AppleWebKit/537.36 (KHTML, like Gecko) Chrome/117.0.5938.132 Safari/537.36"
205.169.39.53 - - [21/Dec/2025:20:17:59 -0500] "GET /wp-content/plugins/elementor/assets/js/frontend-modules.min.js?ver=3.26.3 HTTP/1.0" 200 52754 "https://www.kamille.us/" "Mozilla/5.0 (Windows NT 10.0; Win64; x64) AppleWebKit/537.36 (KHTML, like Gecko) Chrome/117.0.5938.132 Safari/537.36"
205.169.39.53 - - [21/Dec/2025:20:17:59 -0500] "GET /wp-content/plugins/woocommerce/assets/js/jquery-blockui/jquery.blockUI.min.js?ver=2.7.0-wc.9.5.2 HTTP/1.0" 200 9636 "https://www.kamille.us/" "Mozilla/5.0 (Windows NT 10.0; Win64; x64) AppleWebKit/537.36 (KHTML, like Gecko) Chrome/117.0.5938.132 Safari/537.36"
205.169.39.53 - - [21/Dec/2025:20:17:59 -0500] "GET /wp-content/plugins/elementor/assets/js/frontend.min.js?ver=3.26.3 HTTP/1.0" 200 45428 "https://www.kamille.us/" "Mozilla/5.0 (Windows NT 10.0; Win64; x64) AppleWebKit/537.36 (KHTML, like Gecko) Chrome/117.0.5938.132 Safari/537.36"
205.169.39.53 - - [21/Dec/2025:20:17:59 -0500] "GET /wp-content/plugins/woocommerce/assets/js/frontend/add-to-cart.min.js?ver=9.5.2 HTTP/1.0" 200 4035 "https://www.kamille.us/" "Mozilla/5.0 (Windows NT 10.0; Win64; x64) AppleWebKit/537.36 (KHTML, like Gecko) Chrome/117.0.5938.132 Safari/537.36"
205.169.39.53 - - [21/Dec/2025:20:17:59 -0500] "GET /wp-content/plugins/woocommerce/assets/js/js-cookie/js.cookie.min.js?ver=2.1.4-wc.9.5.2 HTTP/1.0" 200 1720 "https://www.kamille.us/" "Mozilla/5.0 (Windows NT 10.0; Win64; x64) AppleWebKit/537.36 (KHTML, like Gecko) Chrome/117.0.5938.132 Safari/537.36"
205.169.39.53 - - [21/Dec/2025:20:17:59 -0500] "GET /wp-includes/js/jquery/ui/core.min.js?ver=1.13.3 HTTP/1.0" 200 21464 "https://www.kamille.us/" "Mozilla/5.0 (Windows NT 10.0; Win64; x64) AppleWebKit/537.36 (KHTML, like Gecko) Chrome/117.0.5938.132 Safari/537.36"
205.169.39.53 - - [21/Dec/2025:20:17:59 -0500] "GET /wp-content/plugins/woocommerce/assets/js/frontend/woocommerce.min.js?ver=9.5.2 HTTP/1.0" 200 3178 "https://www.kamille.us/" "Mozilla/5.0 (Windows NT 10.0; Win64; x64) AppleWebKit/537.36 (KHTML, like Gecko) Chrome/117.0.5938.132 Safari/537.36"
205.169.39.53 - - [21/Dec/2025:20:17:59 -0500] "GET /wp-content/themes/astra/assets/css/minified/compatibility/woocommerce/woocommerce-smallscreen-grid.min.css?ver=4.8.10 HTTP/1.0" 200 6005 "https://www.kamille.us/" "Mozilla/5.0 (Windows NT 10.0; Win64; x64) AppleWebKit/537.36 (KHTML, like Gecko) Chrome/117.0.5938.132 Safari/537.36"
205.169.39.53 - - [21/Dec/2025:20:17:59 -0500] "GET /wp-content/plugins/woocommerce/assets/js/frontend/cart-fragments.min.js?ver=9.5.2 HTTP/1.0" 200 2939 "https://www.kamille.us/" "Mozilla/5.0 (Windows NT 10.0; Win64; x64) AppleWebKit/537.36 (KHTML, like Gecko) Chrome/117.0.5938.132 Safari/537.36"
205.169.39.53 - - [21/Dec/2025:20:17:59 -0500] "GET /wp-content/plugins/woocommerce/assets/fonts/star.woff HTTP/1.0" 200 1304 "https://www.kamille.us/wp-content/themes/astra/assets/css/minified/compatibility/woocommerce/woocommerce-grid.min.css?ver=4.8.10" "Mozilla/5.0 (Windows NT 10.0; Win64; x64) AppleWebKit/537.36 (KHTML, like Gecko) Chrome/117.0.5938.132 Safari/537.36"
205.169.39.53 - - [21/Dec/2025:20:17:59 -0500] "GET /wp-content/plugins/elementor/assets/lib/font-awesome/webfonts/fa-solid-900.woff2 HTTP/1.0" 200 78196 "https://www.kamille.us/wp-content/plugins/elementor/assets/lib/font-awesome/css/solid.css?ver=5.15.3" "Mozilla/5.0 (Windows NT 10.0; Win64; x64) AppleWebKit/537.36 (KHTML, like Gecko) Chrome/117.0.5938.132 Safari/537.36"
205.169.39.53 - - [21/Dec/2025:20:18:01 -0500] "GET /wp-content/plugins/elementor/assets/js/toggle.5a98241a5a40d37968b0.bundle.min.js HTTP/1.0" 200 3783 "https://www.kamille.us/" "Mozilla/5.0 (Windows NT 10.0; Win64; x64) AppleWebKit/537.36 (KHTML, like Gecko) Chrome/117.0.5938.132 Safari/537.36"
205.169.39.53 - - [21/Dec/2025:20:18:01 -0500] "GET /wp-content/plugins/elementor/assets/js/text-editor.2cbb801863b5118e0825.bundle.min.js HTTP/1.0" 200 1360 "https://www.kamille.us/" "Mozilla/5.0 (Windows NT 10.0; Win64; x64) AppleWebKit/537.36 (KHTML, like Gecko) Chrome/117.0.5938.132 Safari/537.36"
205.169.39.53 - - [21/Dec/2025:20:18:01 -0500] "GET /wp-content/plugins/elementor/assets/js/image-carousel.78b881f3c7818111c2d7.bundle.min.js HTTP/1.0" 200 432 "https://www.kamille.us/" "Mozilla/5.0 (Windows NT 10.0; Win64; x64) AppleWebKit/537.36 (KHTML, like Gecko) Chrome/117.0.5938.132 Safari/537.36"
205.169.39.53 - - [21/Dec/2025:20:18:01 -0500] "GET /wp-includes/js/wp-emoji-release.min.js?ver=6.9 HTTP/1.0" 200 22762 "https://www.kamille.us/" "Mozilla/5.0 (Windows NT 10.0; Win64; x64) AppleWebKit/537.36 (KHTML, like Gecko) Chrome/117.0.5938.132 Safari/537.36"
205.169.39.53 - - [21/Dec/2025:20:18:01 -0500] "GET /wp-content/plugins/elementor/assets/lib/swiper/v8/swiper.min.js?ver=8.4.5 HTTP/1.0" 200 143709 "https://www.kamille.us/" "Mozilla/5.0 (Windows NT 10.0; Win64; x64) AppleWebKit/537.36 (KHTML, like Gecko) Chrome/117.0.5938.132 Safari/537.36"
205.169.39.53 - - [21/Dec/2025:20:18:01 -0500] "POST /?wc-ajax=get_refreshed_fragments HTTP/1.0" 200 3578 "https://www.kamille.us/" "Mozilla/5.0 (Windows NT 10.0; Win64; x64) AppleWebKit/537.36 (KHTML, like Gecko) Chrome/117.0.5938.132 Safari/537.36"
205.169.39.53 - - [21/Dec/2025:20:18:00 -0500] "GET /?wc-ajax=get_refreshed_fragments HTTP/1.0" 200 3578 "https://www.kamille.us/" "Mozilla/5.0 (Windows NT 10.0; Win64; x64) AppleWebKit/537.36 (KHTML, like Gecko) Chrome/117.0.5938.132 Safari/537.36"
173.231.242.79 - - [21/Dec/2025:20:21:06 -0500] "POST /wp-cron.php?doing_wp_cron=1766366466.5507678985595703125000 HTTP/1.0" 200 - "-" "WordPress/6.9; https://www.kamille.us"
173.231.242.79 - - [21/Dec/2025:20:21:06 -0500] "POST /wp-cron.php?doing_wp_cron=1766366466.5872969627380371093750 HTTP/1.0" 200 - "-" "WordPress/6.9; https://www.kamille.us"
195.86.10.98 - - [21/Dec/2025:20:21:04 -0500] "GET / HTTP/1.0" 301 - "http://kamille.us" "Mozilla/5.0 (Windows NT 10.0; Win64; x64) AppleWebKit/537.36 (KHTML, like Gecko) Chrome/90.0.4430.212 Safari/537.36"
173.231.242.79 - - [21/Dec/2025:20:21:33 -0500] "POST /wp-cron.php?doing_wp_cron=1766366493.7157061100006103515625 HTTP/1.0" 200 - "-" "WordPress/6.9; https://www.kamille.us"
195.86.10.78 - - [21/Dec/2025:20:21:31 -0500] "GET / HTTP/1.0" 301 - "http://kamille.us" "Mozilla/5.0+(compatible;+Googlebot/2.1;++http://www.google.com/bot.html)"
173.231.242.79 - - [21/Dec/2025:20:23:01 -0500] "POST /wp-cron.php?doing_wp_cron=1766366581.8403050899505615234375 HTTP/1.0" 200 - "-" "WordPress/6.9; https://www.kamille.us"
201.71.133.85 - - [21/Dec/2025:20:23:00 -0500] "POST /xmlrpc.php HTTP/1.0" 200 403 "-" "Mozilla/5.0 (Windows NT 6.2; x86) AppleWebKit/537.36 (KHTML, like Gecko) Firefox/78.0.0.0 Safari/537.36"
173.231.242.79 - - [21/Dec/2025:20:31:51 -0500] "POST /wp-cron.php?doing_wp_cron=1766367111.6453049182891845703125 HTTP/1.0" 200 - "-" "WordPress/6.9; https://www.kamille.us"
57.141.0.28 - - [21/Dec/2025:20:31:47 -0500] "GET /sitemap.txt HTTP/1.0" 301 - "-" "meta-externalagent/1.1 (+https://developers.facebook.com/docs/sharing/webmasters/crawler)"
201.71.133.85 - - [21/Dec/2025:20:31:58 -0500] "POST /xmlrpc.php HTTP/1.0" 406 300 "-" "Mozilla/5.0 (Windows NT 6.3; x64) AppleWebKit/537.36 (KHTML, like Gecko) Safari/11.0.0.0 Safari/537.36"
173.231.242.79 - - [21/Dec/2025:20:33:34 -0500] "GET /.well-known/acme-challenge/LMC7A4Y9QYW02XDY6ET85WQAT20BUPLA HTTP/1.0" 200 64 "-" "Cpanel-HTTP-Client/1.0"
173.231.242.79 - - [21/Dec/2025:20:33:34 -0500] "GET /.well-known/acme-challenge/4Z50M7DTKX6LNCHD7405Z_UV_-F3I_8G HTTP/1.0" 200 64 "-" "Cpanel-HTTP-Client/1.0"
173.231.242.79 - - [21/Dec/2025:20:33:34 -0500] "GET /.well-known/acme-challenge/HFI7I5V71A8ZZ4G2Q_9OVX2REZNEF94H HTTP/1.0" 200 64 "-" "Cpanel-HTTP-Client/1.0"
74.7.230.30 - - [21/Dec/2025:20:35:09 -0500] "GET /robots.txt HTTP/1.0" 200 180 "-" "Mozilla/5.0 (Macintosh; Intel Mac OS X 10_15_7) AppleWebKit/537.36 (KHTML, like Gecko) Chrome/131.0.0.0 Safari/537.36; compatible; OAI-SearchBot/1.3; robots.txt; +https://openai.com/searchbot"
173.231.242.79 - - [21/Dec/2025:20:39:30 -0500] "POST /wp-cron.php?doing_wp_cron=1766367570.3416459560394287109375 HTTP/1.0" 200 - "-" "WordPress/6.9; https://www.kamille.us"
201.71.133.85 - - [21/Dec/2025:20:39:27 -0500] "POST /xmlrpc.php HTTP/1.0" 200 403 "-" "Mozilla/5.0 (Linux; Android 10; arm64) AppleWebKit/537.36 (KHTML, like Gecko) Opera/80.0.0.0 Safari/537.36"
173.231.242.79 - - [21/Dec/2025:20:45:11 -0500] "POST /wp-cron.php?doing_wp_cron=1766367911.2344288825988769531250 HTTP/1.0" 200 - "-" "WordPress/6.9; https://www.kamille.us"
57.141.0.57 - - [21/Dec/2025:20:45:06 -0500] "GET /sitemap.xml HTTP/1.0" 301 - "-" "meta-externalagent/1.1 (+https://developers.facebook.com/docs/sharing/webmasters/crawler)"
173.231.242.79 - - [21/Dec/2025:20:47:29 -0500] "POST /wp-cron.php?doing_wp_cron=1766368049.3067989349365234375000 HTTP/1.0" 200 - "-" "WordPress/6.9; https://www.kamille.us"
101.33.55.204 - - [21/Dec/2025:20:47:27 -0500] "GET / HTTP/1.0" 301 - "-" "Mozilla/5.0 (iPhone; CPU iPhone OS 13_2_3 like Mac OS X) AppleWebKit/605.1.15 (KHTML, like Gecko) Version/13.0.3 Mobile/15E148 Safari/604.1"
173.231.242.79 - - [21/Dec/2025:20:48:14 -0500] "POST /wp-cron.php?doing_wp_cron=1766368094.1675379276275634765625 HTTP/1.0" 200 - "-" "WordPress/6.9; https://www.kamille.us"
201.71.133.85 - - [21/Dec/2025:20:48:11 -0500] "POST /xmlrpc.php HTTP/1.0" 200 403 "-" "Mozilla/5.0 (Linux; Android 10; x64) AppleWebKit/537.36 (KHTML, like Gecko) Firefox/90.0.0.0 Safari/537.36"
173.231.242.79 - - [21/Dec/2025:20:49:33 -0500] "POST /wp-cron.php?doing_wp_cron=1766368173.4339020252227783203125 HTTP/1.0" 200 - "-" "WordPress/6.9; https://www.kamille.us"
57.141.0.44 - - [21/Dec/2025:20:49:30 -0500] "GET /?p=1267 HTTP/1.0" 301 - "-" "meta-externalagent/1.1 (+https://developers.facebook.com/docs/sharing/webmasters/crawler)"
173.231.242.79 - - [21/Dec/2025:20:52:43 -0500] "POST /wp-cron.php?doing_wp_cron=1766368363.6786909103393554687500 HTTP/1.0" 200 - "-" "WordPress/6.9; https://www.kamille.us"
57.141.0.55 - - [21/Dec/2025:20:52:41 -0500] "GET /news_sitemap.xml HTTP/1.0" 301 - "-" "meta-externalagent/1.1 (+https://developers.facebook.com/docs/sharing/webmasters/crawler)"
201.71.133.85 - - [21/Dec/2025:20:55:21 -0500] "POST /xmlrpc.php HTTP/1.0" 406 300 "-" "Mozilla/5.0 (Windows NT 6.3; x86) AppleWebKit/537.36 (KHTML, like Gecko) Firefox/80.0.0.0 Safari/537.36"
173.231.242.79 - - [21/Dec/2025:21:01:25 -0500] "POST /wp-cron.php?doing_wp_cron=1766368884.9566550254821777343750 HTTP/1.0" 200 - "-" "WordPress/6.9; https://www.kamille.us"
57.141.0.14 - - [21/Dec/2025:21:01:19 -0500] "GET /sitemap-index.xml HTTP/1.0" 301 - "-" "meta-externalagent/1.1 (+https://developers.facebook.com/docs/sharing/webmasters/crawler)"
173.231.242.79 - - [21/Dec/2025:21:04:50 -0500] "POST /wp-cron.php?doing_wp_cron=1766369090.0602779388427734375000 HTTP/1.0" 200 - "-" "WordPress/6.9; https://www.kamille.us"
170.106.192.208 - - [21/Dec/2025:21:04:43 -0500] "GET / HTTP/1.0" 301 - "-" "Mozilla/5.0 (iPhone; CPU iPhone OS 13_2_3 like Mac OS X) AppleWebKit/605.1.15 (KHTML, like Gecko) Version/13.0.3 Mobile/15E148 Safari/604.1"
201.71.133.85 - - [21/Dec/2025:21:05:43 -0500] "POST /xmlrpc.php HTTP/1.0" 406 300 "-" "Mozilla/5.0 (X11; Ubuntu; Linux x86_64; x86) AppleWebKit/537.36 (KHTML, like Gecko) Opera/78.0.0.0 Safari/537.36"
173.231.242.79 - - [21/Dec/2025:21:07:01 -0500] "POST /wp-cron.php?doing_wp_cron=1766369221.0645101070404052734375 HTTP/1.0" 200 - "-" "WordPress/6.9; https://www.kamille.us"
195.86.10.240 - - [21/Dec/2025:21:06:58 -0500] "GET / HTTP/1.0" 301 - "http://www.openurls.com.cn/" "Mozilla/5.0 (Windows NT 10.0; Win64; x64) AppleWebKit/537.36 (KHTML, like Gecko) Chrome/143.0.0.0 Safari/537.36"
57.141.0.75 - - [21/Dec/2025:21:07:22 -0500] "GET /SiteMap.aspx HTTP/1.0" 301 - "-" "meta-externalagent/1.1 (+https://developers.facebook.com/docs/sharing/webmasters/crawler)"
195.86.10.156 - - [21/Dec/2025:21:07:29 -0500] "POST /?wc-ajax=get_refreshed_fragments HTTP/1.0" 200 3578 "https://www.kamille.us/" "Mozilla/5.0 (Windows NT 10.0; Win64; x64) AppleWebKit/537.36 (KHTML, like Gecko) Chrome/143.0.0.0 Safari/537.36"
173.231.242.79 - - [21/Dec/2025:21:09:45 -0500] "POST /wp-cron.php?doing_wp_cron=1766369385.5993978977203369140625 HTTP/1.0" 200 - "-" "WordPress/6.9; https://www.kamille.us"
51.89.39.44 - - [21/Dec/2025:21:09:42 -0500] "GET /?ts=wixsso HTTP/1.0" 301 - "-" "Mozilla/5.0 (Windows NT 10.0; Win64; x64) AppleWebKit/537.36 (KHTML, like Gecko) Chrome/127.0.0.0 Safari/537.36"
51.89.39.44 - - [21/Dec/2025:21:09:46 -0500] "GET /?ts=wixsso HTTP/1.0" 200 255730 "-" "Mozilla/5.0 (Windows NT 10.0; Win64; x64) AppleWebKit/537.36 (KHTML, like Gecko) Chrome/127.0.0.0 Safari/537.36"
173.231.242.79 - - [21/Dec/2025:21:14:06 -0500] "POST /wp-cron.php?doing_wp_cron=1766369646.9391651153564453125000 HTTP/1.0" 200 - "-" "WordPress/6.9; https://www.kamille.us"
57.141.0.29 - - [21/Dec/2025:21:14:04 -0500] "GET /news-sitemap.xml HTTP/1.0" 301 - "-" "meta-externalagent/1.1 (+https://developers.facebook.com/docs/sharing/webmasters/crawler)"
173.231.242.79 - - [21/Dec/2025:21:15:58 -0500] "POST /wp-cron.php?doing_wp_cron=1766369758.9662950038909912109375 HTTP/1.0" 200 - "-" "WordPress/6.9; https://www.kamille.us"
57.141.0.62 - - [21/Dec/2025:21:15:54 -0500] "GET /wp-sitemap-posts-post-1.xml HTTP/1.0" 200 291 "-" "meta-externalagent/1.1 (+https://developers.facebook.com/docs/sharing/webmasters/crawler)"
173.231.242.79 - - [21/Dec/2025:21:24:59 -0500] "POST /wp-cron.php?doing_wp_cron=1766370299.1392879486083984375000 HTTP/1.0" 200 - "-" "WordPress/6.9; https://www.kamille.us"
173.231.242.79 - - [21/Dec/2025:21:24:59 -0500] "POST /wp-cron.php?doing_wp_cron=1766370299.2181150913238525390625 HTTP/1.0" 200 - "-" "WordPress/6.9; https://www.kamille.us"
57.141.0.3 - - [21/Dec/2025:21:24:56 -0500] "GET /checkout-2/ HTTP/1.0" 302 - "-" "meta-externalagent/1.1 (+https://developers.facebook.com/docs/sharing/webmasters/crawler)"
173.231.242.79 - - [21/Dec/2025:21:26:33 -0500] "POST /wp-cron.php?doing_wp_cron=1766370393.2612040042877197265625 HTTP/1.0" 200 - "-" "WordPress/6.9; https://www.kamille.us"
38.137.58.243 - - [21/Dec/2025:21:26:31 -0500] "GET / HTTP/1.0" 301 - "-" "Mozilla/5.0 (Windows NT 11.0; Win64; x64) AppleWebKit/537.36 (KHTML, like Gecko) Chrome/143.0.0.0 Safari/537.36"
173.231.242.79 - - [21/Dec/2025:21:27:23 -0500] "POST /wp-cron.php?doing_wp_cron=1766370443.5431489944458007812500 HTTP/1.0" 200 - "-" "WordPress/6.9; https://www.kamille.us"
57.141.0.32 - - [21/Dec/2025:21:27:21 -0500] "GET /wp-sitemap-users-1.xml HTTP/1.0" 200 252 "-" "meta-externalagent/1.1 (+https://developers.facebook.com/docs/sharing/webmasters/crawler)"
173.231.242.79 - - [21/Dec/2025:21:40:49 -0500] "POST /wp-cron.php?doing_wp_cron=1766371249.4077229499816894531250 HTTP/1.0" 200 - "-" "WordPress/6.9; https://www.kamille.us"
57.141.0.11 - - [21/Dec/2025:21:40:46 -0500] "GET /wp-sitemap.xml HTTP/1.0" 200 707 "-" "meta-externalagent/1.1 (+https://developers.facebook.com/docs/sharing/webmasters/crawler)"
173.231.242.79 - - [21/Dec/2025:21:41:52 -0500] "POST /wp-cron.php?doing_wp_cron=1766371312.8987989425659179687500 HTTP/1.0" 200 - "-" "WordPress/6.9; https://www.kamille.us"
43.135.138.128 - - [21/Dec/2025:21:41:51 -0500] "GET / HTTP/1.0" 301 - "-" "Mozilla/5.0 (iPhone; CPU iPhone OS 13_2_3 like Mac OS X) AppleWebKit/605.1.15 (KHTML, like Gecko) Version/13.0.3 Mobile/15E148 Safari/604.1"
173.231.242.79 - - [21/Dec/2025:21:42:18 -0500] "POST /wp-cron.php?doing_wp_cron=1766371338.8267059326171875000000 HTTP/1.0" 200 - "-" "WordPress/6.9; https://www.kamille.us"
64.227.178.32 - - [21/Dec/2025:21:42:17 -0500] "GET / HTTP/1.0" 301 - "-" "Mozilla/5.0 (X11; Linux x86_64; rv:139.0) Gecko/20100101 Firefox/139.0"
64.227.178.32 - - [21/Dec/2025:21:42:19 -0500] "GET /favicon.ico HTTP/1.0" 302 - "http://www.kamille.us/" "Mozilla/5.0 (X11; Linux x86_64; rv:139.0) Gecko/20100101 Firefox/139.0"
173.231.242.79 - - [21/Dec/2025:21:46:55 -0500] "POST /wp-cron.php?doing_wp_cron=1766371615.0061759948730468750000 HTTP/1.0" 200 - "-" "WordPress/6.9; https://www.kamille.us"
57.141.0.44 - - [21/Dec/2025:21:46:52 -0500] "GET /wp-sitemap-posts-page-1.xml HTTP/1.0" 200 7251 "-" "meta-externalagent/1.1 (+https://developers.facebook.com/docs/sharing/webmasters/crawler)"
173.231.242.79 - - [21/Dec/2025:21:57:00 -0500] "POST /wp-cron.php?doing_wp_cron=1766372220.7507870197296142578125 HTTP/1.0" 200 - "-" "WordPress/6.9; https://www.kamille.us"
57.141.0.27 - - [21/Dec/2025:21:56:57 -0500] "GET /sitemap_index.xml HTTP/1.0" 301 - "-" "meta-externalagent/1.1 (+https://developers.facebook.com/docs/sharing/webmasters/crawler)"
173.231.242.79 - - [21/Dec/2025:21:59:20 -0500] "POST /wp-cron.php?doing_wp_cron=1766372360.3177130222320556640625 HTTP/1.0" 200 - "-" "WordPress/6.9; https://www.kamille.us"
57.141.0.43 - - [21/Dec/2025:21:59:18 -0500] "GET /sitemap-2/ HTTP/1.0" 200 199544 "-" "meta-externalagent/1.1 (+https://developers.facebook.com/docs/sharing/webmasters/crawler)"
173.231.242.79 - - [21/Dec/2025:22:05:27 -0500] "POST /wp-cron.php?doing_wp_cron=1766372726.9715859889984130859375 HTTP/1.0" 200 - "-" "WordPress/6.9; https://www.kamille.us"
57.141.0.42 - - [21/Dec/2025:22:05:24 -0500] "GET /?p=1270 HTTP/1.0" 301 - "-" "meta-externalagent/1.1 (+https://developers.facebook.com/docs/sharing/webmasters/crawler)"
173.231.242.79 - - [21/Dec/2025:22:12:27 -0500] "POST /wp-cron.php?doing_wp_cron=1766373147.9018189907073974609375 HTTP/1.0" 200 - "-" "WordPress/6.9; https://www.kamille.us"
216.244.66.243 - - [21/Dec/2025:22:12:23 -0500] "GET /robots.txt HTTP/1.0" 200 264 "-" "Mozilla/5.0 (compatible; DotBot/1.2; +https://opensiteexplorer.org/dotbot; help@moz.com)"
57.141.0.57 - - [21/Dec/2025:22:12:42 -0500] "GET /wp-sitemap-taxonomies-category-1.xml HTTP/1.0" 200 258 "-" "meta-externalagent/1.1 (+https://developers.facebook.com/docs/sharing/webmasters/crawler)"
57.141.0.22 - - [21/Dec/2025:22:12:44 -0500] "GET /sitemap.html HTTP/1.0" 301 - "-" "meta-externalagent/1.1 (+https://developers.facebook.com/docs/sharing/webmasters/crawler)"
173.231.242.79 - - [21/Dec/2025:22:13:17 -0500] "POST /wp-cron.php?doing_wp_cron=1766373197.2824969291687011718750 HTTP/1.0" 200 - "-" "WordPress/6.9; https://www.kamille.us"
216.244.66.243 - - [21/Dec/2025:22:13:15 -0500] "GET / HTTP/1.0" 301 - "-" "Mozilla/5.0 (compatible; DotBot/1.2; +https://opensiteexplorer.org/dotbot; help@moz.com)"
173.231.242.79 - - [21/Dec/2025:22:21:16 -0500] "POST /wp-cron.php?doing_wp_cron=1766373676.7007029056549072265625 HTTP/1.0" 200 - "-" "WordPress/6.9; https://www.kamille.us"
74.7.243.199 - - [21/Dec/2025:22:21:13 -0500] "GET / HTTP/1.0" 301 - "-" "Mozilla/5.0 AppleWebKit/537.36 (KHTML, like Gecko; compatible; GPTBot/1.3; +https://openai.com/gptbot)"
74.7.243.238 - - [21/Dec/2025:22:21:21 -0500] "GET / HTTP/1.0" 200 255730 "-" "Mozilla/5.0 AppleWebKit/537.36 (KHTML, like Gecko; compatible; GPTBot/1.3; +https://openai.com/gptbot)"
173.231.242.79 - - [21/Dec/2025:22:24:22 -0500] "POST /wp-cron.php?doing_wp_cron=1766373862.6617279052734375000000 HTTP/1.0" 200 - "-" "WordPress/6.9; https://www.kamille.us"
57.141.0.68 - - [21/Dec/2025:22:24:20 -0500] "GET /wp-sitemap-taxonomies-product_cat-1.xml HTTP/1.0" 200 542 "-" "meta-externalagent/1.1 (+https://developers.facebook.com/docs/sharing/webmasters/crawler)"
173.231.242.79 - - [21/Dec/2025:22:30:25 -0500] "POST /wp-cron.php?doing_wp_cron=1766374225.3577330112457275390625 HTTP/1.0" 200 - "-" "WordPress/6.9; https://www.kamille.us"
173.231.242.79 - - [21/Dec/2025:22:30:25 -0500] "POST /wp-cron.php?doing_wp_cron=1766374225.4357399940490722656250 HTTP/1.0" 200 - "-" "WordPress/6.9; https://www.kamille.us"
57.141.0.6 - - [21/Dec/2025:22:30:22 -0500] "GET /wp-sitemap-posts-product-1.xml HTTP/1.0" 200 3075 "-" "meta-externalagent/1.1 (+https://developers.facebook.com/docs/sharing/webmasters/crawler)"
57.141.0.49 - - [21/Dec/2025:22:30:36 -0500] "GET /sitemap/ HTTP/1.0" 200 199538 "-" "meta-externalagent/1.1 (+https://developers.facebook.com/docs/sharing/webmasters/crawler)"
relicwear.com.zeusxpressalongside.com000064000000000000151221411120014066 0ustar00zeusxpressalongside.com-ssl_log000064000000000000151221411120012775 0ustar00zenoxpressjobs.com.zeusxpressalongside.com000064000000351057151221411120015234 0ustar00173.231.242.79 - - [21/Dec/2025:02:26:31 -0500] "POST /wp-cron.php?doing_wp_cron=1766301991.5228090286254882812500 HTTP/1.0" 200 - "-" "WordPress/6.9; https://www.zenoxpressjobs.com"
193.70.32.184 - - [21/Dec/2025:02:26:28 -0500] "POST /wp-login.php HTTP/1.0" 200 7353 "-" "Mozilla/5.0 (Windows NT 10.0; Win64; x64; rv:88.0) Gecko/20100101 Firefox/88.0"
173.231.242.79 - - [21/Dec/2025:02:26:59 -0500] "POST /index.html/wp-cron.php?doing_wp_cron=1766302019.9422159194946289062500 HTTP/1.0" 200 - "-" "WordPress/6.9; https://www.zenoxpressjobs.com/index.html"
52.167.144.161 - - [21/Dec/2025:02:26:55 -0500] "GET /index.html/ HTTP/1.0" 200 235579 "-" "Mozilla/5.0 AppleWebKit/537.36 (KHTML, like Gecko; compatible; bingbot/2.0; +http://www.bing.com/bingbot.htm) Chrome/116.0.1938.76 Safari/537.36"
66.249.74.74 - - [21/Dec/2025:02:27:28 -0500] "GET / HTTP/1.0" 301 250 "-" "Mozilla/5.0 (Linux; Android 6.0.1; Nexus 5X Build/MMB29P) AppleWebKit/537.36 (KHTML, like Gecko) Chrome/141.0.7390.122 Mobile Safari/537.36 (compatible; Googlebot/2.1; +http://www.google.com/bot.html)"
173.231.242.79 - - [21/Dec/2025:02:27:32 -0500] "POST /index.html/wp-cron.php?doing_wp_cron=1766302051.9822978973388671875000 HTTP/1.0" 200 - "-" "WordPress/6.9; https://www.zenoxpressjobs.com/index.html"
66.249.74.76 - - [21/Dec/2025:02:27:28 -0500] "GET /index.html/ HTTP/1.0" 200 235590 "-" "Mozilla/5.0 (Linux; Android 6.0.1; Nexus 5X Build/MMB29P) AppleWebKit/537.36 (KHTML, like Gecko) Chrome/141.0.7390.122 Mobile Safari/537.36 (compatible; Googlebot/2.1; +http://www.google.com/bot.html)"
173.231.242.79 - - [21/Dec/2025:02:38:32 -0500] "GET /.well-known/acme-challenge/DI3XUOM6CCB6Y3N2X1_Q6-EO2_4951M9 HTTP/1.0" 200 64 "-" "Cpanel-HTTP-Client/1.0"
173.231.242.79 - - [21/Dec/2025:02:38:32 -0500] "GET /.well-known/acme-challenge/VJ84ZLVV5_ACXWSS4BSV0_KGH2KOZJQB HTTP/1.0" 200 64 "-" "Cpanel-HTTP-Client/1.0"
173.231.242.79 - - [21/Dec/2025:02:38:32 -0500] "GET /.well-known/acme-challenge/VDXEO8T1_11HUG_OODDOPJ3_-XEDZPGP HTTP/1.0" 200 64 "-" "Cpanel-HTTP-Client/1.0"
173.231.242.79 - - [21/Dec/2025:02:47:11 -0500] "POST /index.html/wp-cron.php?doing_wp_cron=1766303231.5200688838958740234375 HTTP/1.0" 200 - "-" "WordPress/6.9; https://www.zenoxpressjobs.com/index.html"
52.167.144.216 - - [21/Dec/2025:02:47:08 -0500] "GET /index.html/product/lemons-tshirt/ HTTP/1.0" 200 190805 "-" "Mozilla/5.0 AppleWebKit/537.36 (KHTML, like Gecko; compatible; bingbot/2.0; +http://www.bing.com/bingbot.htm) Chrome/116.0.1938.76 Safari/537.36"
173.231.242.79 - - [21/Dec/2025:03:03:03 -0500] "POST /index.html/wp-cron.php?doing_wp_cron=1766304183.0969541072845458984375 HTTP/1.0" 200 - "-" "WordPress/6.9; https://www.zenoxpressjobs.com/index.html"
40.77.167.61 - - [21/Dec/2025:03:02:58 -0500] "GET /index.html/product/dark-gray-jeans/ HTTP/1.0" 200 189952 "-" "Mozilla/5.0 AppleWebKit/537.36 (KHTML, like Gecko; compatible; bingbot/2.0; +http://www.bing.com/bingbot.htm) Chrome/116.0.1938.76 Safari/537.36"
173.231.242.79 - - [21/Dec/2025:03:05:05 -0500] "POST /wp-cron.php?doing_wp_cron=1766304304.9955210685729980468750 HTTP/1.0" 200 - "-" "WordPress/6.9; https://www.zenoxpressjobs.com"
40.77.167.61 - - [21/Dec/2025:03:04:58 -0500] "GET /2021-news-releases/ HTTP/1.0" 200 159137 "-" "Mozilla/5.0 AppleWebKit/537.36 (KHTML, like Gecko; compatible; bingbot/2.0; +http://www.bing.com/bingbot.htm) Chrome/116.0.1938.76 Safari/537.36"
180.153.236.223 - - [21/Dec/2025:03:08:16 -0500] "GET / HTTP/1.0" 301 250 "https://www.zenoxpressjobs.com/" "Mozilla/5.0 (Windows NT 10.0; Win64; x64) AppleWebKit/537.36 (KHTML, like Gecko) Chrome/140.0.0.0 Safari/537.36 Edg/140.0.0.0; 360Spider"
173.231.242.79 - - [21/Dec/2025:03:08:31 -0500] "POST /index.html/wp-cron.php?doing_wp_cron=1766304511.1784319877624511718750 HTTP/1.0" 200 - "-" "WordPress/6.9; https://www.zenoxpressjobs.com/index.html"
180.153.236.42 - - [21/Dec/2025:03:08:28 -0500] "GET /index.html/ HTTP/1.0" 200 235621 "https://www.zenoxpressjobs.com/index.html/" "Mozilla/5.0 (Windows NT 10.0; Win64; x64) AppleWebKit/537.36 (KHTML, like Gecko) Chrome/140.0.0.0 Safari/537.36 Edg/140.0.0.0; 360Spider"
180.153.236.77 - - [21/Dec/2025:03:08:35 -0500] "GET / HTTP/1.0" 301 250 "https://www.zenoxpressjobs.com/" "Mozilla/5.0 (Windows NT 10.0; Win64; x64) AppleWebKit/537.36 (KHTML, like Gecko) Chrome/140.0.0.0 Safari/537.36 Edg/140.0.0.0; 360Spider"
180.153.236.232 - - [21/Dec/2025:03:08:47 -0500] "GET /index.html/ HTTP/1.0" 200 235621 "https://www.zenoxpressjobs.com/index.html/" "Mozilla/5.0 (Windows NT 10.0; Win64; x64) AppleWebKit/537.36 (KHTML, like Gecko) Chrome/140.0.0.0 Safari/537.36 Edg/140.0.0.0; 360Spider"
43.159.140.236 - - [21/Dec/2025:03:16:58 -0500] "GET / HTTP/1.0" 301 249 "-" "Mozilla/5.0 (iPhone; CPU iPhone OS 13_2_3 like Mac OS X) AppleWebKit/605.1.15 (KHTML, like Gecko) Version/13.0.3 Mobile/15E148 Safari/604.1"
173.231.242.79 - - [21/Dec/2025:03:17:01 -0500] "POST /index.html/wp-cron.php?doing_wp_cron=1766305021.7895860671997070312500 HTTP/1.0" 200 - "-" "WordPress/6.9; https://www.zenoxpressjobs.com/index.html"
43.159.140.236 - - [21/Dec/2025:03:16:59 -0500] "GET /index.html/ HTTP/1.0" 301 - "http://www.zenoxpressjobs.com" "Mozilla/5.0 (iPhone; CPU iPhone OS 13_2_3 like Mac OS X) AppleWebKit/605.1.15 (KHTML, like Gecko) Version/13.0.3 Mobile/15E148 Safari/604.1"
43.159.140.236 - - [21/Dec/2025:03:17:02 -0500] "GET /index.html/ HTTP/1.0" 200 235632 "http://www.zenoxpressjobs.com/index.html/" "Mozilla/5.0 (iPhone; CPU iPhone OS 13_2_3 like Mac OS X) AppleWebKit/605.1.15 (KHTML, like Gecko) Version/13.0.3 Mobile/15E148 Safari/604.1"
173.231.242.79 - - [21/Dec/2025:03:20:21 -0500] "POST /wp-cron.php?doing_wp_cron=1766305221.5679049491882324218750 HTTP/1.0" 200 - "-" "WordPress/6.9; https://www.zenoxpressjobs.com"
52.167.144.158 - - [21/Dec/2025:03:20:18 -0500] "GET /wp-sitemap-posts-page-1.xml HTTP/1.0" 200 4585 "-" "Mozilla/5.0 AppleWebKit/537.36 (KHTML, like Gecko; compatible; bingbot/2.0; +http://www.bing.com/bingbot.htm) Chrome/116.0.1938.76 Safari/537.36"
173.231.242.79 - - [21/Dec/2025:03:34:59 -0500] "POST /wp-cron.php?doing_wp_cron=1766306099.5296199321746826171875 HTTP/1.0" 200 - "-" "WordPress/6.9; https://www.zenoxpressjobs.com"
209.136.158.254 - - [21/Dec/2025:03:34:56 -0500] "POST /wp-login.php HTTP/1.0" 200 7359 "-" "Mozilla/5.0 (Windows NT 10.0; Win64; x64; rv:59.0) Gecko/20100101 Firefox/59.0"
66.249.74.75 - - [21/Dec/2025:03:49:16 -0500] "GET /index.html HTTP/1.0" 301 250 "-" "Mozilla/5.0 (Linux; Android 6.0.1; Nexus 5X Build/MMB29P) AppleWebKit/537.36 (KHTML, like Gecko) Chrome/141.0.7390.122 Mobile Safari/537.36 (compatible; Googlebot/2.1; +http://www.google.com/bot.html)"
173.231.242.79 - - [21/Dec/2025:04:02:30 -0500] "POST /wp-cron.php?doing_wp_cron=1766307750.2830970287322998046875 HTTP/1.0" 200 - "-" "WordPress/6.9; https://www.zenoxpressjobs.com"
51.195.215.116 - - [21/Dec/2025:04:02:26 -0500] "GET /robots.txt HTTP/1.0" 200 272 "-" "Mozilla/5.0 (compatible; AhrefsBot/7.0; +http://ahrefs.com/robot/)"
51.75.236.131 - - [21/Dec/2025:04:02:33 -0500] "GET /wp-sitemap.xml HTTP/1.0" 200 876 "-" "Mozilla/5.0 (compatible; AhrefsBot/7.0; +http://ahrefs.com/robot/)"
173.231.242.79 - - [21/Dec/2025:04:02:40 -0500] "POST /wp-cron.php?doing_wp_cron=1766307760.7376379966735839843750 HTTP/1.0" 200 - "-" "WordPress/6.9; https://www.zenoxpressjobs.com"
54.37.118.72 - - [21/Dec/2025:04:02:38 -0500] "GET /wp-sitemap-posts-page-1.xml HTTP/1.0" 200 4585 "-" "Mozilla/5.0 (compatible; AhrefsBot/7.0; +http://ahrefs.com/robot/)"
94.23.188.204 - - [21/Dec/2025:04:02:44 -0500] "GET /wp-sitemap-posts-elementskit_template-1.xml HTTP/1.0" 200 323 "-" "Mozilla/5.0 (compatible; AhrefsBot/7.0; +http://ahrefs.com/robot/)"
176.31.139.19 - - [21/Dec/2025:04:02:48 -0500] "GET /wp-sitemap-posts-product-1.xml HTTP/1.0" 200 4002 "-" "Mozilla/5.0 (compatible; AhrefsBot/7.0; +http://ahrefs.com/robot/)"
51.75.236.142 - - [21/Dec/2025:04:02:53 -0500] "GET /wp-sitemap-posts-elementor-hf-1.xml HTTP/1.0" 200 315 "-" "Mozilla/5.0 (compatible; AhrefsBot/7.0; +http://ahrefs.com/robot/)"
51.75.236.157 - - [21/Dec/2025:04:02:58 -0500] "GET /wp-sitemap-posts-cartflows_step-1.xml HTTP/1.0" 200 421 "-" "Mozilla/5.0 (compatible; AhrefsBot/7.0; +http://ahrefs.com/robot/)"
94.23.188.204 - - [21/Dec/2025:04:03:02 -0500] "GET /wp-sitemap-taxonomies-product_cat-1.xml HTTP/1.0" 200 430 "-" "Mozilla/5.0 (compatible; AhrefsBot/7.0; +http://ahrefs.com/robot/)"
176.31.139.0 - - [21/Dec/2025:04:03:07 -0500] "GET /wp-sitemap-users-1.xml HTTP/1.0" 200 278 "-" "Mozilla/5.0 (compatible; AhrefsBot/7.0; +http://ahrefs.com/robot/)"
74.7.227.187 - - [21/Dec/2025:04:16:12 -0500] "GET / HTTP/1.0" 301 246 "-" "Mozilla/5.0 AppleWebKit/537.36 (KHTML, like Gecko; compatible; GPTBot/1.3; +https://openai.com/gptbot)"
74.7.227.187 - - [21/Dec/2025:04:16:12 -0500] "GET /index.html/ HTTP/1.0" 429 17 "-" "Mozilla/5.0 AppleWebKit/537.36 (KHTML, like Gecko; compatible; GPTBot/1.3; +https://openai.com/gptbot)"
173.231.242.79 - - [21/Dec/2025:04:27:23 -0500] "POST /wp-cron.php?doing_wp_cron=1766309243.8009929656982421875000 HTTP/1.0" 200 - "-" "WordPress/6.9; https://www.zenoxpressjobs.com"
40.77.167.123 - - [21/Dec/2025:04:27:17 -0500] "GET /about/ HTTP/1.0" 200 204428 "-" "Mozilla/5.0 AppleWebKit/537.36 (KHTML, like Gecko; compatible; bingbot/2.0; +http://www.bing.com/bingbot.htm) Chrome/116.0.1938.76 Safari/537.36"
40.77.167.123 - - [21/Dec/2025:04:27:36 -0500] "GET /wp-includes/js/jquery/jquery.min.js?ver=3.7.1 HTTP/1.0" 200 87553 "-" "Mozilla/5.0 AppleWebKit/537.36 (KHTML, like Gecko; compatible; bingbot/2.0; +http://www.bing.com/bingbot.htm) Chrome/116.0.1938.76 Safari/537.36"
40.77.167.123 - - [21/Dec/2025:04:27:36 -0500] "GET /wp-content/plugins/elementor/assets/lib/eicons/css/elementor-icons.min.css?ver=5.34.0 HTTP/1.0" 200 21218 "-" "Mozilla/5.0 AppleWebKit/537.36 (KHTML, like Gecko; compatible; bingbot/2.0; +http://www.bing.com/bingbot.htm) Chrome/116.0.1938.76 Safari/537.36"
40.77.167.123 - - [21/Dec/2025:04:27:37 -0500] "GET /wp-content/plugins/woocommerce/assets/css/photoswipe/photoswipe.min.css?ver=10.0.2 HTTP/1.0" 200 3287 "-" "Mozilla/5.0 AppleWebKit/537.36 (KHTML, like Gecko; compatible; bingbot/2.0; +http://www.bing.com/bingbot.htm) Chrome/116.0.1938.76 Safari/537.36"
40.77.167.123 - - [21/Dec/2025:04:27:37 -0500] "GET /wp-content/plugins/elementor/assets/lib/font-awesome/css/fontawesome.min.css?ver=5.15.3 HTTP/1.0" 200 58071 "-" "Mozilla/5.0 AppleWebKit/537.36 (KHTML, like Gecko; compatible; bingbot/2.0; +http://www.bing.com/bingbot.htm) Chrome/116.0.1938.76 Safari/537.36"
