139.177.229.16 - - [21/Dec/2025:03:22:44 -0500] "POST /wp-comments-post.php HTTP/1.0" 302 - "-" "Mozilla/5.0 (Windows NT 10.0; Win64; x64) AppleWebKit/537.36 (KHTML, like Gecko) Chrome/120.0.0.0 Safari/537.36"
139.177.229.16 - - [21/Dec/2025:03:23:05 -0500] "POST /wp-comments-post.php HTTP/1.0" 302 - "-" "Mozilla/5.0 (Windows NT 10.0; Win64; x64) AppleWebKit/537.36 (KHTML, like Gecko) Chrome/120.0.0.0 Safari/537.36"
139.177.229.16 - - [21/Dec/2025:03:23:07 -0500] "POST /wp-comments-post.php HTTP/1.0" 429 2512 "-" "Mozilla/5.0 (Windows NT 10.0; Win64; x64) AppleWebKit/537.36 (KHTML, like Gecko) Chrome/120.0.0.0 Safari/537.36"
139.177.229.16 - - [21/Dec/2025:03:23:08 -0500] "POST /wp-comments-post.php HTTP/1.0" 429 2512 "-" "Mozilla/5.0 (Windows NT 10.0; Win64; x64) AppleWebKit/537.36 (KHTML, like Gecko) Chrome/120.0.0.0 Safari/537.36"
173.231.242.79 - - [21/Dec/2025:03:35:31 -0500] "POST /wp-cron.php?doing_wp_cron=1766306131.2261550426483154296875 HTTP/1.0" 200 - "-" "WordPress/6.9; https://www.grandbassaparking.com"
66.175.44.22 - - [21/Dec/2025:03:35:29 -0500] "POST /xmlrpc.php HTTP/1.0" 200 225 "-" "Mozilla/5.0 (Windows NT 10.0; Win64; x64) AppleWebKit/537.36 (KHTML, like Gecko) Chrome/67.0.3396.79 Safari/537.36"
173.231.242.79 - - [21/Dec/2025:03:37:45 -0500] "POST /wp-cron.php?doing_wp_cron=1766306265.8440859317779541015625 HTTP/1.0" 200 - "-" "WordPress/6.9; https://www.grandbassaparking.com"
20.162.155.89 - - [21/Dec/2025:03:37:43 -0500] "POST /xmlrpc.php HTTP/1.0" 200 225 "-" "Mozilla/5.0 (Macintosh; Intel Mac OS X 10_11_6) AppleWebKit/537.36 (KHTML, like Gecko) Chrome/67.0.3396.62 Safari/537.36"
173.231.242.79 - - [21/Dec/2025:03:45:18 -0500] "POST /wp-cron.php?doing_wp_cron=1766306718.3116500377655029296875 HTTP/1.0" 200 - "-" "WordPress/6.9; https://www.grandbassaparking.com"
85.208.96.205 - - [21/Dec/2025:03:45:16 -0500] "GET /robots.txt HTTP/1.0" 200 125 "-" "Mozilla/5.0 (compatible; SemrushBot/7~bl; +http://www.semrush.com/bot.html)"
85.208.96.201 - - [21/Dec/2025:03:45:18 -0500] "GET /faqs/ HTTP/1.0" 200 32801 "-" "Mozilla/5.0 (compatible; SemrushBot/7~bl; +http://www.semrush.com/bot.html)"
173.231.242.79 - - [21/Dec/2025:03:46:28 -0500] "POST /wp-cron.php?doing_wp_cron=1766306788.8892920017242431640625 HTTP/1.0" 200 - "-" "WordPress/6.9; https://www.grandbassaparking.com"
162.241.224.218 - - [21/Dec/2025:03:46:27 -0500] "POST /xmlrpc.php HTTP/1.0" 200 225 "-" "Mozilla/5.0 (Macintosh; Intel Mac OS X 10_13_2) AppleWebKit/537.36 (KHTML, like Gecko) Chrome/66.0.3359.181 Safari/537.36"
173.231.242.79 - - [21/Dec/2025:03:50:16 -0500] "POST /wp-cron.php?doing_wp_cron=1766307016.1899790763854980468750 HTTP/1.0" 200 - "-" "WordPress/6.9; https://www.grandbassaparking.com"
3.138.185.30 - - [21/Dec/2025:03:50:14 -0500] "GET / HTTP/1.0" 301 - "-" "cypex.ai/scanning Mozilla/5.0 (Macintosh; Intel Mac OS X 10_15_7) Chrome/126.0.0.0 Safari/537.36"
173.231.242.79 - - [21/Dec/2025:03:51:05 -0500] "POST /wp-cron.php?doing_wp_cron=1766307065.5022020339965820312500 HTTP/1.0" 200 - "-" "WordPress/6.9; https://www.grandbassaparking.com"
92.222.108.109 - - [21/Dec/2025:03:51:03 -0500] "GET /shop/electric-pallet-jack-copy-copy-copy-copy/ HTTP/1.0" 200 36241 "-" "Mozilla/5.0 (compatible; AhrefsBot/7.0; +http://ahrefs.com/robot/)"
173.231.242.79 - - [21/Dec/2025:03:53:15 -0500] "POST /wp-cron.php?doing_wp_cron=1766307195.3587679862976074218750 HTTP/1.0" 200 - "-" "WordPress/6.9; https://www.grandbassaparking.com"
41.216.185.84 - - [21/Dec/2025:03:53:13 -0500] "GET /wp-login.php HTTP/1.0" 200 1880 "-" "Mozilla/5.0 (Windows NT 6.3; WOW64; Trident/7.0; rv:11.0) like Gecko"
41.216.185.84 - - [21/Dec/2025:03:53:15 -0500] "POST /wp-login.php HTTP/1.0" 200 2011 "https://grandbassaparking.com/wp-login.php" "Mozilla/5.0 (Windows NT 6.3; WOW64; Trident/7.0; rv:11.0) like Gecko"
173.231.242.79 - - [21/Dec/2025:04:13:08 -0500] "POST /wp-cron.php?doing_wp_cron=1766308388.3499479293823242187500 HTTP/1.0" 200 - "-" "WordPress/6.9; https://www.grandbassaparking.com"
74.7.227.51 - - [21/Dec/2025:04:13:06 -0500] "GET / HTTP/1.0" 301 - "-" "Mozilla/5.0 AppleWebKit/537.36 (KHTML, like Gecko; compatible; GPTBot/1.3; +https://openai.com/gptbot)"
173.231.242.79 - - [21/Dec/2025:04:22:57 -0500] "POST /wp-cron.php?doing_wp_cron=1766308977.0240120887756347656250 HTTP/1.0" 200 - "-" "WordPress/6.9; https://www.grandbassaparking.com"
220.249.76.27 - - [21/Dec/2025:04:22:55 -0500] "GET /wp-login.php HTTP/1.0" 200 1880 "-" "Mozilla/5.0 (Windows NT 10.0) AppleWebKit/537.36 (KHTML, like Gecko) Chrome/66.0.3359.139 Safari/537.36"
220.249.76.27 - - [21/Dec/2025:04:22:58 -0500] "POST /wp-login.php HTTP/1.0" 200 2009 "https://grandbassaparking.com/wp-login.php" "Mozilla/5.0 (Windows NT 10.0) AppleWebKit/537.36 (KHTML, like Gecko) Chrome/66.0.3359.139 Safari/537.36"
173.231.242.79 - - [21/Dec/2025:04:34:28 -0500] "POST /wp-cron.php?doing_wp_cron=1766309668.6223139762878417968750 HTTP/1.0" 200 - "-" "WordPress/6.9; https://www.grandbassaparking.com"
37.59.204.148 - - [21/Dec/2025:04:34:25 -0500] "GET /shop/hand-pallet-truck-capacity-2000-kg/ HTTP/1.0" 200 35906 "-" "Mozilla/5.0 (compatible; AhrefsBot/7.0; +http://ahrefs.com/robot/)"
173.231.242.79 - - [21/Dec/2025:04:37:17 -0500] "POST /wp-cron.php?doing_wp_cron=1766309837.8714919090270996093750 HTTP/1.0" 200 - "-" "WordPress/6.9; https://www.grandbassaparking.com"
185.191.171.13 - - [21/Dec/2025:04:37:15 -0500] "GET /services/ HTTP/1.0" 200 33090 "-" "Mozilla/5.0 (compatible; SemrushBot/7~bl; +http://www.semrush.com/bot.html)"
173.231.242.79 - - [21/Dec/2025:04:46:37 -0500] "POST /wp-cron.php?doing_wp_cron=1766310397.0323340892791748046875 HTTP/1.0" 200 - "-" "WordPress/6.9; https://www.grandbassaparking.com"
118.27.95.219 - - [21/Dec/2025:04:46:35 -0500] "POST /xmlrpc.php HTTP/1.0" 200 225 "-" "Mozilla/4.0 (compatible; MSIE 7.0; Windows NT 6.1; WOW64; Trident/7.0; SLCC2; .NET CLR 2.0.50727; .NET CLR 3.5.30729; .NET CLR 3.0.30729; Media Center PC 6.0; .NET4.0C; .NET4.0E; InfoPath.3)"
173.231.242.79 - - [21/Dec/2025:04:52:03 -0500] "POST /wp-cron.php?doing_wp_cron=1766310723.2108221054077148437500 HTTP/1.0" 200 - "-" "WordPress/6.9; https://www.grandbassaparking.com"
62.141.44.236 - - [21/Dec/2025:04:51:59 -0500] "GET / HTTP/1.0" 301 - "-" "Mozilla/5.0 (Windows NT 10.0; Win64; x64) AppleWebKit/537.36 (KHTML, like Gecko) Chrome/91.0.4472.114 Safari/537.36 Edg/91.0.864.54"
62.141.44.236 - - [21/Dec/2025:04:52:04 -0500] "GET / HTTP/1.0" 200 37554 "-" "Mozilla/5.0 (Windows NT 10.0; Win64; x64) AppleWebKit/537.36 (KHTML, like Gecko) Chrome/91.0.4472.114 Safari/537.36 Edg/91.0.864.54"
173.231.242.79 - - [21/Dec/2025:05:06:48 -0500] "POST /wp-cron.php?doing_wp_cron=1766311608.3297209739685058593750 HTTP/1.0" 200 - "-" "WordPress/6.9; https://www.grandbassaparking.com"
62.192.188.82 - - [21/Dec/2025:05:06:46 -0500] "POST /xmlrpc.php HTTP/1.0" 200 403 "-" "Mozilla/5.0 (Windows NT 5.1; WOW64; Trident/7.0; rv:11.0) like Gecko"
101.100.210.10 - - [21/Dec/2025:05:06:49 -0500] "POST /xmlrpc.php HTTP/1.0" 200 403 "-" "Mozilla/5.0 (Windows NT 10.0; Win64; x64) AppleWebKit/537.36 (KHTML, like Gecko) Chrome/63.0.3239.132 Safari/537.36 OPR/50.0.2762.58"
101.100.210.10 - - [21/Dec/2025:05:06:51 -0500] "POST /xmlrpc.php HTTP/1.0" 200 403 "-" "Mozilla/5.0 (Windows NT 10.0; Win64; x64) AppleWebKit/537.36 (KHTML, like Gecko) Chrome/63.0.3239.132 Safari/537.36 OPR/50.0.2762.58"
101.100.210.10 - - [21/Dec/2025:05:06:53 -0500] "POST /xmlrpc.php HTTP/1.0" 406 300 "-" "Mozilla/5.0 (Windows NT 10.0; Win64; x64) AppleWebKit/537.36 (KHTML, like Gecko) Chrome/63.0.3239.132 Safari/537.36 OPR/50.0.2762.58"
62.192.188.82 - - [21/Dec/2025:05:06:54 -0500] "POST /xmlrpc.php HTTP/1.0" 200 403 "-" "Mozilla/5.0 (Windows NT 5.1; WOW64; Trident/7.0; rv:11.0) like Gecko"
62.192.188.82 - - [21/Dec/2025:05:06:57 -0500] "POST /xmlrpc.php HTTP/1.0" 200 403 "-" "Mozilla/5.0 (Windows NT 5.1; WOW64; Trident/7.0; rv:11.0) like Gecko"
148.66.147.247 - - [21/Dec/2025:05:06:59 -0500] "POST /xmlrpc.php HTTP/1.0" 200 403 "-" "Mozilla/5.0 (Windows NT 10.0; Win64; x64; rv:88.0) Gecko/20100101 Firefox/88.0"
81.88.52.165 - - [21/Dec/2025:05:07:01 -0500] "POST /xmlrpc.php HTTP/1.0" 406 300 "-" "Mozilla/5.0 (Windows NT 6.1; WOW64; rv:42.0) Gecko/20100101 Firefox/42.0"
81.88.52.165 - - [21/Dec/2025:05:07:01 -0500] "POST /xmlrpc.php HTTP/1.0" 200 403 "-" "Mozilla/5.0 (Windows NT 6.1; WOW64; rv:42.0) Gecko/20100101 Firefox/42.0"
148.66.147.247 - - [21/Dec/2025:05:07:01 -0500] "POST /xmlrpc.php HTTP/1.0" 200 403 "-" "Mozilla/5.0 (Windows NT 10.0; Win64; x64; rv:88.0) Gecko/20100101 Firefox/88.0"
81.88.52.165 - - [21/Dec/2025:05:07:03 -0500] "POST /xmlrpc.php HTTP/1.0" 200 403 "-" "Mozilla/5.0 (Windows NT 6.1; WOW64; rv:42.0) Gecko/20100101 Firefox/42.0"
148.66.147.247 - - [21/Dec/2025:05:07:04 -0500] "POST /xmlrpc.php HTTP/1.0" 200 403 "-" "Mozilla/5.0 (Windows NT 10.0; Win64; x64; rv:88.0) Gecko/20100101 Firefox/88.0"
80.74.150.110 - - [21/Dec/2025:05:07:05 -0500] "POST /xmlrpc.php HTTP/1.0" 200 403 "-" "Mozilla/5.0 (iPad; CPU OS 14_6 like Mac OS X) AppleWebKit/605.1.15 (KHTML, like Gecko) CriOS/91.0.4472.80 Mobile/15E148 Safari/604.1"
80.74.150.110 - - [21/Dec/2025:05:07:06 -0500] "POST /xmlrpc.php HTTP/1.0" 406 300 "-" "Mozilla/5.0 (iPad; CPU OS 14_6 like Mac OS X) AppleWebKit/605.1.15 (KHTML, like Gecko) CriOS/91.0.4472.80 Mobile/15E148 Safari/604.1"
80.74.150.110 - - [21/Dec/2025:05:07:07 -0500] "POST /xmlrpc.php HTTP/1.0" 200 403 "-" "Mozilla/5.0 (iPad; CPU OS 14_6 like Mac OS X) AppleWebKit/605.1.15 (KHTML, like Gecko) CriOS/91.0.4472.80 Mobile/15E148 Safari/604.1"
207.90.192.128 - - [21/Dec/2025:05:07:09 -0500] "POST /xmlrpc.php HTTP/1.0" 200 403 "-" "Mozilla/5.0 (Windows NT 6.1; WOW64; rv:41.0) Gecko/20100101 Firefox/41.0"
103.68.251.168 - - [21/Dec/2025:05:07:09 -0500] "POST /xmlrpc.php HTTP/1.0" 200 403 "-" "Mozilla/5.0 (Windows NT 6.1; WOW64; Trident/7.0; ATT-IE11; rv:11.0) like Gecko"
207.90.192.128 - - [21/Dec/2025:05:07:10 -0500] "POST /xmlrpc.php HTTP/1.0" 200 403 "-" "Mozilla/5.0 (Windows NT 6.1; WOW64; rv:41.0) Gecko/20100101 Firefox/41.0"
207.90.192.128 - - [21/Dec/2025:05:07:11 -0500] "POST /xmlrpc.php HTTP/1.0" 406 300 "-" "Mozilla/5.0 (Windows NT 6.1; WOW64; rv:41.0) Gecko/20100101 Firefox/41.0"
74.91.22.90 - - [21/Dec/2025:05:07:11 -0500] "POST /xmlrpc.php HTTP/1.0" 200 403 "-" "Mozilla/5.0 (Windows NT 6.1; rv:60.0) Gecko/20100101 Firefox/60.0"
103.68.251.168 - - [21/Dec/2025:05:07:12 -0500] "POST /xmlrpc.php HTTP/1.0" 406 300 "-" "Mozilla/5.0 (Windows NT 6.1; WOW64; Trident/7.0; ATT-IE11; rv:11.0) like Gecko"
74.91.22.90 - - [21/Dec/2025:05:07:12 -0500] "POST /xmlrpc.php HTTP/1.0" 200 403 "-" "Mozilla/5.0 (Windows NT 6.1; rv:60.0) Gecko/20100101 Firefox/60.0"
74.91.22.90 - - [21/Dec/2025:05:07:13 -0500] "POST /xmlrpc.php HTTP/1.0" 200 403 "-" "Mozilla/5.0 (Windows NT 6.1; rv:60.0) Gecko/20100101 Firefox/60.0"
103.68.251.168 - - [21/Dec/2025:05:07:14 -0500] "POST /xmlrpc.php HTTP/1.0" 200 403 "-" "Mozilla/5.0 (Windows NT 6.1; WOW64; Trident/7.0; ATT-IE11; rv:11.0) like Gecko"
185.213.27.160 - - [21/Dec/2025:05:07:16 -0500] "POST /xmlrpc.php HTTP/1.0" 406 300 "-" "Mozilla/5.0 (Windows NT 6.3; Win64; x64; rv:73.0) Gecko/20100101 Firefox/73.0"
47.95.0.90 - - [21/Dec/2025:05:07:17 -0500] "POST /xmlrpc.php HTTP/1.0" 200 403 "-" "Mozilla/5.0 (Windows NT 6.3; Win64; x64; rv:60.0) Gecko/20100101 Firefox/60.0"
47.95.0.90 - - [21/Dec/2025:05:07:20 -0500] "POST /xmlrpc.php HTTP/1.0" 406 300 "-" "Mozilla/5.0 (Windows NT 6.3; Win64; x64; rv:60.0) Gecko/20100101 Firefox/60.0"
47.95.0.90 - - [21/Dec/2025:05:07:21 -0500] "POST /xmlrpc.php HTTP/1.0" 200 403 "-" "Mozilla/5.0 (Windows NT 6.3; Win64; x64; rv:60.0) Gecko/20100101 Firefox/60.0"
103.15.67.130 - - [21/Dec/2025:05:07:22 -0500] "POST /xmlrpc.php HTTP/1.0" 200 403 "-" "Mozilla/5.0 (Macintosh; Intel Mac OS X 10.13; rv:60.0) Gecko/20100101 Firefox/60.0"
103.15.67.130 - - [21/Dec/2025:05:07:25 -0500] "POST /xmlrpc.php HTTP/1.0" 200 403 "-" "Mozilla/5.0 (Macintosh; Intel Mac OS X 10.13; rv:60.0) Gecko/20100101 Firefox/60.0"
103.90.227.32 - - [21/Dec/2025:05:07:25 -0500] "POST /xmlrpc.php HTTP/1.0" 200 403 "-" "Mozilla/5.0 (Windows NT 6.1; WOW64; Trident/7.0; EIE10;ENUSMSN; rv:11.0) like Gecko"
103.15.67.130 - - [21/Dec/2025:05:07:27 -0500] "POST /xmlrpc.php HTTP/1.0" 200 403 "-" "Mozilla/5.0 (Macintosh; Intel Mac OS X 10.13; rv:60.0) Gecko/20100101 Firefox/60.0"
103.90.227.32 - - [21/Dec/2025:05:07:27 -0500] "POST /xmlrpc.php HTTP/1.0" 200 403 "-" "Mozilla/5.0 (Windows NT 6.1; WOW64; Trident/7.0; EIE10;ENUSMSN; rv:11.0) like Gecko"
103.90.227.32 - - [21/Dec/2025:05:07:30 -0500] "POST /xmlrpc.php HTTP/1.0" 406 300 "-" "Mozilla/5.0 (Windows NT 6.1; WOW64; Trident/7.0; EIE10;ENUSMSN; rv:11.0) like Gecko"
173.231.242.79 - - [21/Dec/2025:05:07:33 -0500] "POST /wp-cron.php?doing_wp_cron=1766311653.7417109012603759765625 HTTP/1.0" 200 - "-" "WordPress/6.9; https://www.grandbassaparking.com"
31.186.11.162 - - [21/Dec/2025:05:07:32 -0500] "POST /xmlrpc.php HTTP/1.0" 200 403 "-" "Mozilla/5.0 (Windows NT 6.3; Win64; x64) AppleWebKit/537.36 (KHTML, like Gecko) Chrome/65.0.3325.181 Safari/537.36 OPR/52.0.2871.99"
31.186.11.162 - - [21/Dec/2025:05:07:34 -0500] "POST /xmlrpc.php HTTP/1.0" 406 300 "-" "Mozilla/5.0 (Windows NT 6.3; Win64; x64) AppleWebKit/537.36 (KHTML, like Gecko) Chrome/65.0.3325.181 Safari/537.36 OPR/52.0.2871.99"
31.186.11.162 - - [21/Dec/2025:05:07:35 -0500] "POST /xmlrpc.php HTTP/1.0" 406 300 "-" "Mozilla/5.0 (Windows NT 6.3; Win64; x64) AppleWebKit/537.36 (KHTML, like Gecko) Chrome/65.0.3325.181 Safari/537.36 OPR/52.0.2871.99"
88.198.14.6 - - [21/Dec/2025:05:07:37 -0500] "POST /xmlrpc.php HTTP/1.0" 200 403 "-" "Mozilla/5.0 (Windows NT 6.3; Win64; x64) AppleWebKit/537.36 (KHTML, like Gecko) Chrome/60.0.3112.113 Safari/537.36"
8.218.72.170 - - [21/Dec/2025:05:07:37 -0500] "POST /xmlrpc.php HTTP/1.0" 200 403 "-" "Mozilla/5.0 (Windows NT 5.1; rv:40.0) Gecko/20100101 Firefox/40.0"
88.198.14.6 - - [21/Dec/2025:05:07:38 -0500] "POST /xmlrpc.php HTTP/1.0" 200 403 "-" "Mozilla/5.0 (Windows NT 6.3; Win64; x64) AppleWebKit/537.36 (KHTML, like Gecko) Chrome/60.0.3112.113 Safari/537.36"
8.218.72.170 - - [21/Dec/2025:05:07:39 -0500] "POST /xmlrpc.php HTTP/1.0" 406 300 "-" "Mozilla/5.0 (Windows NT 5.1; rv:40.0) Gecko/20100101 Firefox/40.0"
88.198.14.6 - - [21/Dec/2025:05:07:40 -0500] "POST /xmlrpc.php HTTP/1.0" 200 403 "-" "Mozilla/5.0 (Windows NT 6.3; Win64; x64) AppleWebKit/537.36 (KHTML, like Gecko) Chrome/60.0.3112.113 Safari/537.36"
8.218.72.170 - - [21/Dec/2025:05:07:41 -0500] "POST /xmlrpc.php HTTP/1.0" 200 403 "-" "Mozilla/5.0 (Windows NT 5.1; rv:40.0) Gecko/20100101 Firefox/40.0"
64.31.40.162 - - [21/Dec/2025:05:07:42 -0500] "POST /xmlrpc.php HTTP/1.0" 200 403 "-" "Mozilla/5.0 (Macintosh; Intel Mac OS X 11_4) AppleWebKit/537.36 (KHTML, like Gecko) Chrome/91.0.4472.114 Safari/537.36"
64.31.40.162 - - [21/Dec/2025:05:07:44 -0500] "POST /xmlrpc.php HTTP/1.0" 200 403 "-" "Mozilla/5.0 (Macintosh; Intel Mac OS X 11_4) AppleWebKit/537.36 (KHTML, like Gecko) Chrome/91.0.4472.114 Safari/537.36"
64.31.40.162 - - [21/Dec/2025:05:07:45 -0500] "POST /xmlrpc.php HTTP/1.0" 406 300 "-" "Mozilla/5.0 (Macintosh; Intel Mac OS X 11_4) AppleWebKit/537.36 (KHTML, like Gecko) Chrome/91.0.4472.114 Safari/537.36"
84.235.250.197 - - [21/Dec/2025:05:07:46 -0500] "POST /xmlrpc.php HTTP/1.0" 200 403 "-" "Mozilla/5.0 (Windows NT 10.0; Win64; x64) AppleWebKit/537.36 (KHTML, like Gecko) Chrome/61.0.3163.100 Safari/537.36"
84.235.250.197 - - [21/Dec/2025:05:07:48 -0500] "POST /xmlrpc.php HTTP/1.0" 200 403 "-" "Mozilla/5.0 (Windows NT 10.0; Win64; x64) AppleWebKit/537.36 (KHTML, like Gecko) Chrome/61.0.3163.100 Safari/537.36"
84.235.250.197 - - [21/Dec/2025:05:07:50 -0500] "POST /xmlrpc.php HTTP/1.0" 200 403 "-" "Mozilla/5.0 (Windows NT 10.0; Win64; x64) AppleWebKit/537.36 (KHTML, like Gecko) Chrome/61.0.3163.100 Safari/537.36"
52.191.170.171 - - [21/Dec/2025:05:07:56 -0500] "POST /xmlrpc.php HTTP/1.0" 406 300 "-" "Mozilla/5.0 (Windows NT 6.1; WOW64; Trident/7.0; CTL_11; rv:11.0) like Gecko"
52.191.170.171 - - [21/Dec/2025:05:07:56 -0500] "POST /xmlrpc.php HTTP/1.0" 200 403 "-" "Mozilla/5.0 (Windows NT 6.1; WOW64; Trident/7.0; CTL_11; rv:11.0) like Gecko"
220.158.232.162 - - [21/Dec/2025:05:07:57 -0500] "POST /xmlrpc.php HTTP/1.0" 200 403 "-" "Mozilla/5.0 (Windows NT 10.0; Win64; x64) AppleWebKit/537.36 (KHTML, like Gecko) Chrome/87.0.4280.141 Safari/537.36"
52.191.170.171 - - [21/Dec/2025:05:07:57 -0500] "POST /xmlrpc.php HTTP/1.0" 200 403 "-" "Mozilla/5.0 (Windows NT 6.1; WOW64; Trident/7.0; CTL_11; rv:11.0) like Gecko"
51.79.229.102 - - [21/Dec/2025:05:07:58 -0500] "POST /xmlrpc.php HTTP/1.0" 200 403 "-" "Mozilla/5.0 (Windows NT 10.0; Win64; x64; rv:59.0) Gecko/20100101 Firefox/59.0"
51.79.229.102 - - [21/Dec/2025:05:08:02 -0500] "POST /xmlrpc.php HTTP/1.0" 200 403 "-" "Mozilla/5.0 (Windows NT 10.0; Win64; x64; rv:59.0) Gecko/20100101 Firefox/59.0"
220.158.232.162 - - [21/Dec/2025:05:08:02 -0500] "POST /xmlrpc.php HTTP/1.0" 200 403 "-" "Mozilla/5.0 (Windows NT 10.0; Win64; x64) AppleWebKit/537.36 (KHTML, like Gecko) Chrome/87.0.4280.141 Safari/537.36"
51.79.229.102 - - [21/Dec/2025:05:08:04 -0500] "POST /xmlrpc.php HTTP/1.0" 406 300 "-" "Mozilla/5.0 (Windows NT 10.0; Win64; x64; rv:59.0) Gecko/20100101 Firefox/59.0"
46.250.226.232 - - [21/Dec/2025:05:08:05 -0500] "POST /xmlrpc.php HTTP/1.0" 200 403 "-" "Mozilla/5.0 (Windows NT 6.1; WOW64; Trident/7.0; yie10; rv:11.0) like Gecko"
220.158.232.162 - - [21/Dec/2025:05:08:06 -0500] "POST /xmlrpc.php HTTP/1.0" 200 403 "-" "Mozilla/5.0 (Windows NT 10.0; Win64; x64) AppleWebKit/537.36 (KHTML, like Gecko) Chrome/87.0.4280.141 Safari/537.36"
46.250.226.232 - - [21/Dec/2025:05:08:08 -0500] "POST /xmlrpc.php HTTP/1.0" 200 403 "-" "Mozilla/5.0 (Windows NT 6.1; WOW64; Trident/7.0; yie10; rv:11.0) like Gecko"
46.250.226.232 - - [21/Dec/2025:05:08:10 -0500] "POST /xmlrpc.php HTTP/1.0" 200 403 "-" "Mozilla/5.0 (Windows NT 6.1; WOW64; Trident/7.0; yie10; rv:11.0) like Gecko"
103.15.67.130 - - [21/Dec/2025:05:08:16 -0500] "POST /xmlrpc.php HTTP/1.0" 406 300 "-" "Mozilla/5.0 (Macintosh; Intel Mac OS X 10_13_4) AppleWebKit/537.36 (KHTML, like Gecko) Chrome/67.0.3396.79 Safari/537.36"
103.15.67.130 - - [21/Dec/2025:05:08:18 -0500] "POST /xmlrpc.php HTTP/1.0" 200 403 "-" "Mozilla/5.0 (Macintosh; Intel Mac OS X 10_13_4) AppleWebKit/537.36 (KHTML, like Gecko) Chrome/67.0.3396.79 Safari/537.36"
103.15.67.130 - - [21/Dec/2025:05:08:21 -0500] "POST /xmlrpc.php HTTP/1.0" 200 403 "-" "Mozilla/5.0 (Macintosh; Intel Mac OS X 10_13_4) AppleWebKit/537.36 (KHTML, like Gecko) Chrome/67.0.3396.79 Safari/537.36"
220.158.232.162 - - [21/Dec/2025:05:08:22 -0500] "POST /xmlrpc.php HTTP/1.0" 200 403 "-" "Mozilla/4.0 (compatible; MSIE 7.0; Windows NT 6.2; WOW64; Trident/7.0; .NET4.0C; .NET4.0E; .NET CLR 2.0.50727; .NET CLR 3.0.30729; .NET CLR 3.5.30729; Tablet PC 2.0; InfoPath.3)"
220.158.232.162 - - [21/Dec/2025:05:08:25 -0500] "POST /xmlrpc.php HTTP/1.0" 406 300 "-" "Mozilla/4.0 (compatible; MSIE 7.0; Windows NT 6.2; WOW64; Trident/7.0; .NET4.0C; .NET4.0E; .NET CLR 2.0.50727; .NET CLR 3.0.30729; .NET CLR 3.5.30729; Tablet PC 2.0; InfoPath.3)"
220.158.232.162 - - [21/Dec/2025:05:08:27 -0500] "POST /xmlrpc.php HTTP/1.0" 200 403 "-" "Mozilla/4.0 (compatible; MSIE 7.0; Windows NT 6.2; WOW64; Trident/7.0; .NET4.0C; .NET4.0E; .NET CLR 2.0.50727; .NET CLR 3.0.30729; .NET CLR 3.5.30729; Tablet PC 2.0; InfoPath.3)"
125.212.243.37 - - [21/Dec/2025:05:08:30 -0500] "POST /xmlrpc.php HTTP/1.0" 200 403 "-" "Mozilla/5.0 (Windows NT 10.0; WOW64; Trident/7.0; rv:11.0) like Gecko"
173.231.242.79 - - [21/Dec/2025:05:08:35 -0500] "POST /wp-cron.php?doing_wp_cron=1766311715.1919870376586914062500 HTTP/1.0" 200 - "-" "WordPress/6.9; https://www.grandbassaparking.com"
125.212.243.37 - - [21/Dec/2025:05:08:34 -0500] "POST /xmlrpc.php HTTP/1.0" 200 403 "-" "Mozilla/5.0 (Windows NT 10.0; WOW64; Trident/7.0; rv:11.0) like Gecko"
125.212.243.37 - - [21/Dec/2025:05:08:39 -0500] "POST /xmlrpc.php HTTP/1.0" 406 300 "-" "Mozilla/5.0 (Windows NT 10.0; WOW64; Trident/7.0; rv:11.0) like Gecko"
173.231.242.79 - - [21/Dec/2025:05:33:13 -0500] "POST /wp-cron.php?doing_wp_cron=1766313193.3635649681091308593750 HTTP/1.0" 200 - "-" "WordPress/6.9; https://www.grandbassaparking.com"
157.66.46.84 - - [21/Dec/2025:05:33:11 -0500] "POST /xmlrpc.php HTTP/1.0" 200 225 "-" "Mozilla/5.0 (Macintosh; Intel Mac OS X 10_12) AppleWebKit/602.1.50 (KHTML, like Gecko) Version/10.0 Safari/602.1.50"
173.231.242.79 - - [21/Dec/2025:05:34:44 -0500] "POST /wp-cron.php?doing_wp_cron=1766313284.5116760730743408203125 HTTP/1.0" 200 - "-" "WordPress/6.9; https://www.grandbassaparking.com"
213.136.73.46 - - [21/Dec/2025:05:34:43 -0500] "GET /wp-login.php HTTP/1.0" 200 1880 "-" "Mozilla/5.0 (Windows NT 6.1; WOW64; Trident/7.0; MDDSJS; rv:11.0) like Gecko"
213.136.73.46 - - [21/Dec/2025:05:34:48 -0500] "POST /wp-login.php HTTP/1.0" 200 2011 "https://grandbassaparking.com/wp-login.php" "Mozilla/5.0 (Windows NT 6.1; WOW64; Trident/7.0; MDDSJS; rv:11.0) like Gecko"
173.231.242.79 - - [21/Dec/2025:05:37:51 -0500] "POST /wp-cron.php?doing_wp_cron=1766313471.5359420776367187500000 HTTP/1.0" 200 - "-" "WordPress/6.9; https://www.grandbassaparking.com"
185.182.56.231 - - [21/Dec/2025:05:37:50 -0500] "GET /wp-login.php HTTP/1.0" 200 1880 "-" "Mozilla/5.0 (Windows NT 6.3; Win64; x64; Trident/7.0; Touch; MDDCJS; rv:11.0) like Gecko"
185.182.56.231 - - [21/Dec/2025:05:37:51 -0500] "POST /wp-login.php HTTP/1.0" 200 2011 "https://grandbassaparking.com/wp-login.php" "Mozilla/5.0 (Windows NT 6.3; Win64; x64; Trident/7.0; Touch; MDDCJS; rv:11.0) like Gecko"
173.231.242.79 - - [21/Dec/2025:06:05:57 -0500] "POST /wp-cron.php?doing_wp_cron=1766315157.0006449222564697265625 HTTP/1.0" 200 - "-" "WordPress/6.9; https://www.grandbassaparking.com"
170.106.110.146 - - [21/Dec/2025:06:05:54 -0500] "GET / HTTP/1.0" 301 - "-" "Mozilla/5.0 (iPhone; CPU iPhone OS 13_2_3 like Mac OS X) AppleWebKit/605.1.15 (KHTML, like Gecko) Version/13.0.3 Mobile/15E148 Safari/604.1"
170.106.110.146 - - [21/Dec/2025:06:05:58 -0500] "GET / HTTP/1.0" 200 37554 "http://www.grandbassaparking.com" "Mozilla/5.0 (iPhone; CPU iPhone OS 13_2_3 like Mac OS X) AppleWebKit/605.1.15 (KHTML, like Gecko) Version/13.0.3 Mobile/15E148 Safari/604.1"
173.231.242.79 - - [21/Dec/2025:06:16:15 -0500] "POST /wp-cron.php?doing_wp_cron=1766315775.5824489593505859375000 HTTP/1.0" 200 - "-" "WordPress/6.9; https://www.grandbassaparking.com"
207.46.13.229 - - [21/Dec/2025:06:16:13 -0500] "GET /robots.txt HTTP/1.0" 301 - "-" "Mozilla/5.0 AppleWebKit/537.36 (KHTML, like Gecko; compatible; bingbot/2.0; +http://www.bing.com/bingbot.htm) Chrome/116.0.1938.76 Safari/537.36"
207.46.13.229 - - [21/Dec/2025:06:16:15 -0500] "GET /robots.txt HTTP/1.0" 200 125 "-" "Mozilla/5.0 AppleWebKit/537.36 (KHTML, like Gecko; compatible; bingbot/2.0; +http://www.bing.com/bingbot.htm) Chrome/116.0.1938.76 Safari/537.36"
52.167.144.210 - - [21/Dec/2025:06:16:27 -0500] "GET / HTTP/1.0" 301 - "-" "Mozilla/5.0 AppleWebKit/537.36 (KHTML, like Gecko; compatible; bingbot/2.0; +http://www.bing.com/bingbot.htm) Chrome/116.0.1938.76 Safari/537.36"
173.231.242.79 - - [21/Dec/2025:06:43:48 -0500] "POST /wp-cron.php?doing_wp_cron=1766317428.2833271026611328125000 HTTP/1.0" 200 - "-" "WordPress/6.9; https://www.grandbassaparking.com"
49.51.183.75 - - [21/Dec/2025:06:43:46 -0500] "GET / HTTP/1.0" 301 - "-" "Mozilla/5.0 (iPhone; CPU iPhone OS 13_2_3 like Mac OS X) AppleWebKit/605.1.15 (KHTML, like Gecko) Version/13.0.3 Mobile/15E148 Safari/604.1"
173.231.242.79 - - [21/Dec/2025:06:45:38 -0500] "POST /wp-cron.php?doing_wp_cron=1766317538.7266778945922851562500 HTTP/1.0" 200 - "-" "WordPress/6.9; https://www.grandbassaparking.com"
148.72.244.27 - - [21/Dec/2025:06:45:37 -0500] "GET /wp-login.php HTTP/1.0" 200 1880 "-" "Mozilla/5.0 (Macintosh; Intel Mac OS X 10_13_4) AppleWebKit/537.36 (KHTML, like Gecko) Chrome/66.0.3359.139 Safari/537.36"
148.72.244.27 - - [21/Dec/2025:06:45:42 -0500] "POST /wp-login.php HTTP/1.0" 200 2009 "https://grandbassaparking.com/wp-login.php" "Mozilla/5.0 (Macintosh; Intel Mac OS X 10_13_4) AppleWebKit/537.36 (KHTML, like Gecko) Chrome/66.0.3359.139 Safari/537.36"
183.90.241.79 - - [21/Dec/2025:06:46:00 -0500] "GET /wp-login.php HTTP/1.0" 200 1880 "-" "Mozilla/5.0 (Windows NT 5.1; Win64; x64) AppleWebKit/537.36 (KHTML, like Gecko) Chrome/66.0.3359.117 Safari/537.36"
183.90.241.79 - - [21/Dec/2025:06:46:02 -0500] "POST /wp-login.php HTTP/1.0" 200 2011 "https://grandbassaparking.com/wp-login.php" "Mozilla/5.0 (Windows NT 5.1; Win64; x64) AppleWebKit/537.36 (KHTML, like Gecko) Chrome/66.0.3359.117 Safari/537.36"
173.231.242.79 - - [21/Dec/2025:07:15:32 -0500] "POST /wp-cron.php?doing_wp_cron=1766319332.0185699462890625000000 HTTP/1.0" 200 - "-" "WordPress/6.9; https://www.grandbassaparking.com"
122.51.236.174 - - [21/Dec/2025:07:15:29 -0500] "GET / HTTP/1.0" 301 - "-" "Mozilla/5.0 (iPhone; CPU iPhone OS 13_2_3 like Mac OS X) AppleWebKit/605.1.15 (KHTML, like Gecko) Version/13.0.3 Mobile/15E148 Safari/604.1"
2a06:98c0:3600::103 - - [21/Dec/2025:07:21:04 -0500] "GET /wp-admin/setup-config.php HTTP/1.0" 409 2665 "-" "Mozilla/5.0 (Windows NT 10.0; Win64; x64) AppleWebKit/537.36 (KHTML, like Gecko) Chrome/143.0.0.0 Safari/537.36"
173.231.242.79 - - [21/Dec/2025:07:22:14 -0500] "POST /wp-cron.php?doing_wp_cron=1766319734.6469678878784179687500 HTTP/1.0" 200 - "-" "WordPress/6.9; https://www.grandbassaparking.com"
185.191.171.15 - - [21/Dec/2025:07:22:13 -0500] "GET /robots.txt HTTP/1.0" 200 125 "-" "Mozilla/5.0 (compatible; SemrushBot/7~bl; +http://www.semrush.com/bot.html)"
85.208.96.193 - - [21/Dec/2025:07:22:14 -0500] "GET /shop/heavy-duty-telehandler-copy-copy-copy/ HTTP/1.0" 200 36205 "-" "Mozilla/5.0 (compatible; SemrushBot/7~bl; +http://www.semrush.com/bot.html)"
2a06:98c0:3600::103 - - [21/Dec/2025:07:23:04 -0500] "GET /wp-admin/setup-config.php HTTP/1.0" 409 2665 "-" "Mozilla/5.0 (Windows NT 10.0; Win64; x64) AppleWebKit/537.36 (KHTML, like Gecko) Chrome/143.0.0.0 Safari/537.36"
173.231.242.79 - - [21/Dec/2025:07:23:38 -0500] "POST /wp-cron.php?doing_wp_cron=1766319818.4368140697479248046875 HTTP/1.0" 200 - "-" "WordPress/6.9; https://www.grandbassaparking.com"
2a06:98c0:3600::103 - - [21/Dec/2025:07:23:36 -0500] "GET /wordpress/wp-admin/setup-config.php HTTP/1.0" 301 - "-" "https://grandbassaparking.com/wordpress/wp-admin/setup-config.php"
2a06:98c0:3600::103 - - [21/Dec/2025:07:23:39 -0500] "GET /wordpress/wp-admin/setup-config.php HTTP/1.0" 404 133959 "-" "https://grandbassaparking.com/wordpress/wp-admin/setup-config.php"
2a06:98c0:3600::103 - - [21/Dec/2025:07:23:41 -0500] "GET /wordpress/wp-admin/setup-config.php HTTP/1.0" 301 - "-" "Mozilla/5.0 (Windows NT 10.0; Win64; x64) AppleWebKit/537.36 (KHTML, like Gecko) Chrome/143.0.0.0 Safari/537.36"
2a06:98c0:3600::103 - - [21/Dec/2025:07:23:42 -0500] "GET /wordpress/wp-admin/setup-config.php HTTP/1.0" 404 133843 "-" "Mozilla/5.0 (Windows NT 10.0; Win64; x64) AppleWebKit/537.36 (KHTML, like Gecko) Chrome/143.0.0.0 Safari/537.36"
220.158.232.162 - - [21/Dec/2025:07:24:11 -0500] "POST /xmlrpc.php HTTP/1.0" 406 300 "-" "Mozilla/5.0 (Windows NT 6.1; Win64; x64; rv:25.0) Gecko/20100101 Firefox/29.0"
220.158.232.162 - - [21/Dec/2025:07:24:14 -0500] "POST /xmlrpc.php HTTP/1.0" 406 300 "-" "Mozilla/5.0 (Windows NT 6.1; Win64; x64; rv:25.0) Gecko/20100101 Firefox/29.0"
129.154.50.81 - - [21/Dec/2025:07:24:11 -0500] "POST /xmlrpc.php HTTP/1.0" 200 403 "-" "Mozilla/5.0 (Windows NT 6.1; WOW64; rv:40.0) Gecko/20100101 Firefox/40.1"
220.158.232.162 - - [21/Dec/2025:07:24:16 -0500] "POST /xmlrpc.php HTTP/1.0" 406 300 "-" "Mozilla/5.0 (Windows NT 6.1; Win64; x64; rv:25.0) Gecko/20100101 Firefox/29.0"
129.154.50.81 - - [21/Dec/2025:07:24:15 -0500] "POST /xmlrpc.php HTTP/1.0" 200 403 "-" "Mozilla/5.0 (Windows NT 6.1; WOW64; rv:40.0) Gecko/20100101 Firefox/40.1"
129.154.50.81 - - [21/Dec/2025:07:24:17 -0500] "POST /xmlrpc.php HTTP/1.0" 200 403 "-" "Mozilla/5.0 (Windows NT 6.1; WOW64; rv:40.0) Gecko/20100101 Firefox/40.1"
196.216.167.173 - - [21/Dec/2025:07:24:30 -0500] "POST /xmlrpc.php HTTP/1.0" 406 300 "-" "Mozilla/5.0 (Windows NT 10.0; Win64; x64) AppleWebKit/537.36 (KHTML, like Gecko) Chrome/64.0.3282.186 Safari/537.36"
52.55.206.244 - - [21/Dec/2025:07:24:30 -0500] "POST /xmlrpc.php HTTP/1.0" 200 403 "-" "Mozilla/5.0 (Windows NT 6.2; Win64; x64) AppleWebKit/537.36 (KHTML, like Gecko) Chrome/60.0.3112.90 Safari/537.36"
196.216.167.173 - - [21/Dec/2025:07:24:31 -0500] "POST /xmlrpc.php HTTP/1.0" 200 403 "-" "Mozilla/5.0 (Windows NT 10.0; Win64; x64) AppleWebKit/537.36 (KHTML, like Gecko) Chrome/64.0.3282.186 Safari/537.36"
52.55.206.244 - - [21/Dec/2025:07:24:31 -0500] "POST /xmlrpc.php HTTP/1.0" 200 403 "-" "Mozilla/5.0 (Windows NT 6.2; Win64; x64) AppleWebKit/537.36 (KHTML, like Gecko) Chrome/60.0.3112.90 Safari/537.36"
173.231.242.79 - - [21/Dec/2025:07:24:33 -0500] "POST /wp-cron.php?doing_wp_cron=1766319873.5211639404296875000000 HTTP/1.0" 200 - "-" "WordPress/6.9; https://www.grandbassaparking.com"
52.55.206.244 - - [21/Dec/2025:07:24:32 -0500] "POST /xmlrpc.php HTTP/1.0" 200 403 "-" "Mozilla/5.0 (Windows NT 6.2; Win64; x64) AppleWebKit/537.36 (KHTML, like Gecko) Chrome/60.0.3112.90 Safari/537.36"
196.216.167.173 - - [21/Dec/2025:07:24:34 -0500] "POST /xmlrpc.php HTTP/1.0" 406 300 "-" "Mozilla/5.0 (Windows NT 10.0; Win64; x64) AppleWebKit/537.36 (KHTML, like Gecko) Chrome/64.0.3282.186 Safari/537.36"
103.37.60.104 - - [21/Dec/2025:07:24:51 -0500] "POST /xmlrpc.php HTTP/1.0" 200 403 "-" "Mozilla/5.0 (Windows NT 6.2; Win64; x64) AppleWebKit/537.36 (KHTML, like Gecko) Chrome/60.0.3112.90 Safari/537.36"
103.37.60.104 - - [21/Dec/2025:07:24:55 -0500] "POST /xmlrpc.php HTTP/1.0" 200 403 "-" "Mozilla/5.0 (Windows NT 6.2; Win64; x64) AppleWebKit/537.36 (KHTML, like Gecko) Chrome/60.0.3112.90 Safari/537.36"
103.37.60.104 - - [21/Dec/2025:07:25:00 -0500] "POST /xmlrpc.php HTTP/1.0" 200 403 "-" "Mozilla/5.0 (Windows NT 6.2; Win64; x64) AppleWebKit/537.36 (KHTML, like Gecko) Chrome/60.0.3112.90 Safari/537.36"
185.102.21.36 - - [21/Dec/2025:07:25:06 -0500] "POST /xmlrpc.php HTTP/1.0" 406 300 "-" "Mozilla/5.0 (Windows NT 10.0; Win64; x64) AppleWebKit/537.36 (KHTML, like Gecko) Chrome/72.0.3626.121 Safari/537.36"
185.102.21.36 - - [21/Dec/2025:07:25:07 -0500] "POST /xmlrpc.php HTTP/1.0" 200 403 "-" "Mozilla/5.0 (Windows NT 10.0; Win64; x64) AppleWebKit/537.36 (KHTML, like Gecko) Chrome/72.0.3626.121 Safari/537.36"
185.102.21.36 - - [21/Dec/2025:07:25:09 -0500] "POST /xmlrpc.php HTTP/1.0" 200 403 "-" "Mozilla/5.0 (Windows NT 10.0; Win64; x64) AppleWebKit/537.36 (KHTML, like Gecko) Chrome/72.0.3626.121 Safari/537.36"
121.40.46.168 - - [21/Dec/2025:07:25:21 -0500] "POST /xmlrpc.php HTTP/1.0" 200 403 "-" "Mozilla/5.0 (Windows NT 10.0; Win64; x64) AppleWebKit/537.36 (KHTML, like Gecko) Chrome/67.0.3396.99 Safari/537.36"
20.246.140.155 - - [21/Dec/2025:07:25:21 -0500] "POST /xmlrpc.php HTTP/1.0" 200 403 "-" "Mozilla/5.0 (Windows NT 6.1; Win64; x64) AppleWebKit/537.36 (KHTML, like Gecko) Chrome/64.0.3282.186 Safari/537.36 OPR/51.0.2830.55"
20.246.140.155 - - [21/Dec/2025:07:25:23 -0500] "POST /xmlrpc.php HTTP/1.0" 406 300 "-" "Mozilla/5.0 (Windows NT 6.1; Win64; x64) AppleWebKit/537.36 (KHTML, like Gecko) Chrome/64.0.3282.186 Safari/537.36 OPR/51.0.2830.55"
20.246.140.155 - - [21/Dec/2025:07:25:23 -0500] "POST /xmlrpc.php HTTP/1.0" 200 403 "-" "Mozilla/5.0 (Windows NT 6.1; Win64; x64) AppleWebKit/537.36 (KHTML, like Gecko) Chrome/64.0.3282.186 Safari/537.36 OPR/51.0.2830.55"
121.40.46.168 - - [21/Dec/2025:07:25:24 -0500] "POST /xmlrpc.php HTTP/1.0" 200 403 "-" "Mozilla/5.0 (Windows NT 10.0; Win64; x64) AppleWebKit/537.36 (KHTML, like Gecko) Chrome/67.0.3396.99 Safari/537.36"
121.40.46.168 - - [21/Dec/2025:07:25:26 -0500] "POST /xmlrpc.php HTTP/1.0" 200 403 "-" "Mozilla/5.0 (Windows NT 10.0; Win64; x64) AppleWebKit/537.36 (KHTML, like Gecko) Chrome/67.0.3396.99 Safari/537.36"
162.254.86.33 - - [21/Dec/2025:07:25:26 -0500] "POST /xmlrpc.php HTTP/1.0" 200 403 "-" "Mozilla/5.0 (Macintosh; Intel Mac OS X 10_12_1) AppleWebKit/602.2.14 (KHTML, like Gecko) Version/10.0.1 Safari/602.2.14"
162.254.86.33 - - [21/Dec/2025:07:25:29 -0500] "POST /xmlrpc.php HTTP/1.0" 406 300 "-" "Mozilla/5.0 (Macintosh; Intel Mac OS X 10_12_1) AppleWebKit/602.2.14 (KHTML, like Gecko) Version/10.0.1 Safari/602.2.14"
162.254.86.33 - - [21/Dec/2025:07:25:30 -0500] "POST /xmlrpc.php HTTP/1.0" 200 403 "-" "Mozilla/5.0 (Macintosh; Intel Mac OS X 10_12_1) AppleWebKit/602.2.14 (KHTML, like Gecko) Version/10.0.1 Safari/602.2.14"
173.231.242.79 - - [21/Dec/2025:07:25:51 -0500] "POST /wp-cron.php?doing_wp_cron=1766319951.5093569755554199218750 HTTP/1.0" 200 - "-" "WordPress/6.9; https://www.grandbassaparking.com"
5.223.61.22 - - [21/Dec/2025:07:25:50 -0500] "POST /xmlrpc.php HTTP/1.0" 200 403 "-" "Mozilla/5.0 (Windows NT 6.1; Win64; x64) AppleWebKit/537.36 (KHTML, like Gecko) Chrome/66.0.3359.170 Safari/537.36 OPR/53.0.2907.99"
5.223.61.22 - - [21/Dec/2025:07:25:53 -0500] "POST /xmlrpc.php HTTP/1.0" 200 403 "-" "Mozilla/5.0 (Windows NT 6.1; Win64; x64) AppleWebKit/537.36 (KHTML, like Gecko) Chrome/66.0.3359.170 Safari/537.36 OPR/53.0.2907.99"
5.223.61.22 - - [21/Dec/2025:07:25:55 -0500] "POST /xmlrpc.php HTTP/1.0" 406 300 "-" "Mozilla/5.0 (Windows NT 6.1; Win64; x64) AppleWebKit/537.36 (KHTML, like Gecko) Chrome/66.0.3359.170 Safari/537.36 OPR/53.0.2907.99"
114.55.73.174 - - [21/Dec/2025:07:25:58 -0500] "POST /xmlrpc.php HTTP/1.0" 200 403 "-" "Mozilla/5.0 (Windows NT 5.1) AppleWebKit/537.36 (KHTML, like Gecko) Chrome/46.0.2490.71 Safari/537.36"
114.55.73.174 - - [21/Dec/2025:07:26:00 -0500] "POST /xmlrpc.php HTTP/1.0" 200 403 "-" "Mozilla/5.0 (Windows NT 5.1) AppleWebKit/537.36 (KHTML, like Gecko) Chrome/46.0.2490.71 Safari/537.36"
114.55.73.174 - - [21/Dec/2025:07:26:02 -0500] "POST /xmlrpc.php HTTP/1.0" 200 403 "-" "Mozilla/5.0 (Windows NT 5.1) AppleWebKit/537.36 (KHTML, like Gecko) Chrome/46.0.2490.71 Safari/537.36"
15.235.203.43 - - [21/Dec/2025:07:26:17 -0500] "POST /xmlrpc.php HTTP/1.0" 406 300 "-" "Mozilla/5.0 (Windows NT 10.0; Win64; x64) AppleWebKit/537.36 (KHTML, like Gecko) Chrome/67.0.3396.79 Safari/537.36"
15.235.203.43 - - [21/Dec/2025:07:26:19 -0500] "POST /xmlrpc.php HTTP/1.0" 200 403 "-" "Mozilla/5.0 (Windows NT 10.0; Win64; x64) AppleWebKit/537.36 (KHTML, like Gecko) Chrome/67.0.3396.79 Safari/537.36"
15.235.203.43 - - [21/Dec/2025:07:26:22 -0500] "POST /xmlrpc.php HTTP/1.0" 200 403 "-" "Mozilla/5.0 (Windows NT 10.0; Win64; x64) AppleWebKit/537.36 (KHTML, like Gecko) Chrome/67.0.3396.79 Safari/537.36"
198.187.29.33 - - [21/Dec/2025:07:26:30 -0500] "POST /xmlrpc.php HTTP/1.0" 200 403 "-" "Mozilla/5.0 (X11; Linux x86_64; rv:61.0) Gecko/20100101 Firefox/61.0"
198.187.29.33 - - [21/Dec/2025:07:26:32 -0500] "POST /xmlrpc.php HTTP/1.0" 406 300 "-" "Mozilla/5.0 (X11; Linux x86_64; rv:61.0) Gecko/20100101 Firefox/61.0"
173.231.242.79 - - [21/Dec/2025:07:26:33 -0500] "POST /wp-cron.php?doing_wp_cron=1766319993.2700510025024414062500 HTTP/1.0" 200 - "-" "WordPress/6.9; https://www.grandbassaparking.com"
198.187.29.33 - - [21/Dec/2025:07:26:32 -0500] "POST /xmlrpc.php HTTP/1.0" 200 403 "-" "Mozilla/5.0 (X11; Linux x86_64; rv:61.0) Gecko/20100101 Firefox/61.0"
213.8.103.81 - - [21/Dec/2025:07:26:49 -0500] "POST /xmlrpc.php HTTP/1.0" 200 403 "-" "Mozilla/5.0 (Windows NT 6.1; WOW64; Trident/7.0; MANM; rv:11.0) like Gecko"
213.8.103.81 - - [21/Dec/2025:07:26:51 -0500] "POST /xmlrpc.php HTTP/1.0" 200 403 "-" "Mozilla/5.0 (Windows NT 6.1; WOW64; Trident/7.0; MANM; rv:11.0) like Gecko"
213.8.103.81 - - [21/Dec/2025:07:26:53 -0500] "POST /xmlrpc.php HTTP/1.0" 406 300 "-" "Mozilla/5.0 (Windows NT 6.1; WOW64; Trident/7.0; MANM; rv:11.0) like Gecko"
47.90.163.154 - - [21/Dec/2025:07:27:30 -0500] "POST /xmlrpc.php HTTP/1.0" 200 403 "-" "Mozilla/5.0 (Windows NT 10.0; WOW64; Trident/7.0; FSJB; rv:11.0) like Gecko"
173.231.242.79 - - [21/Dec/2025:07:27:33 -0500] "POST /wp-cron.php?doing_wp_cron=1766320053.2127940654754638671875 HTTP/1.0" 200 - "-" "WordPress/6.9; https://www.grandbassaparking.com"
47.90.163.154 - - [21/Dec/2025:07:27:32 -0500] "POST /xmlrpc.php HTTP/1.0" 200 403 "-" "Mozilla/5.0 (Windows NT 10.0; WOW64; Trident/7.0; FSJB; rv:11.0) like Gecko"
47.90.163.154 - - [21/Dec/2025:07:27:33 -0500] "POST /xmlrpc.php HTTP/1.0" 200 403 "-" "Mozilla/5.0 (Windows NT 10.0; WOW64; Trident/7.0; FSJB; rv:11.0) like Gecko"
156.224.140.2 - - [21/Dec/2025:07:27:40 -0500] "POST /xmlrpc.php HTTP/1.0" 406 300 "-" "Mozilla/4.0 (compatible; MSIE 7.0; Windows NT 6.1; Trident/7.0; SLCC2; .NET CLR 2.0.50727; .NET CLR 3.5.30729; .NET CLR 3.0.30729; Media Center PC 6.0; .NET4.0C; .NET4.0E; Tablet PC 2.0; .NET CLR 1.1.4322; Alexa Toolbar)"
156.224.140.2 - - [21/Dec/2025:07:27:40 -0500] "POST /xmlrpc.php HTTP/1.0" 200 403 "-" "Mozilla/4.0 (compatible; MSIE 7.0; Windows NT 6.1; Trident/7.0; SLCC2; .NET CLR 2.0.50727; .NET CLR 3.5.30729; .NET CLR 3.0.30729; Media Center PC 6.0; .NET4.0C; .NET4.0E; Tablet PC 2.0; .NET CLR 1.1.4322; Alexa Toolbar)"
156.224.140.2 - - [21/Dec/2025:07:27:42 -0500] "POST /xmlrpc.php HTTP/1.0" 200 403 "-" "Mozilla/4.0 (compatible; MSIE 7.0; Windows NT 6.1; Trident/7.0; SLCC2; .NET CLR 2.0.50727; .NET CLR 3.5.30729; .NET CLR 3.0.30729; Media Center PC 6.0; .NET4.0C; .NET4.0E; Tablet PC 2.0; .NET CLR 1.1.4322; Alexa Toolbar)"
101.100.203.20 - - [21/Dec/2025:07:27:51 -0500] "POST /xmlrpc.php HTTP/1.0" 200 403 "-" "Mozilla/4.0 (compatible; MSIE 7.0; Windows NT 6.2; Win64; x64; Trident/7.0; .NET4.0C; .NET4.0E; .NET CLR 2.0.50727; .NET CLR 3.0.30729; .NET CLR 3.5.30729; InfoPath.3)"
101.100.203.20 - - [21/Dec/2025:07:27:54 -0500] "POST /xmlrpc.php HTTP/1.0" 406 300 "-" "Mozilla/4.0 (compatible; MSIE 7.0; Windows NT 6.2; Win64; x64; Trident/7.0; .NET4.0C; .NET4.0E; .NET CLR 2.0.50727; .NET CLR 3.0.30729; .NET CLR 3.5.30729; InfoPath.3)"
101.100.203.20 - - [21/Dec/2025:07:27:55 -0500] "POST /xmlrpc.php HTTP/1.0" 200 403 "-" "Mozilla/4.0 (compatible; MSIE 7.0; Windows NT 6.2; Win64; x64; Trident/7.0; .NET4.0C; .NET4.0E; .NET CLR 2.0.50727; .NET CLR 3.0.30729; .NET CLR 3.5.30729; InfoPath.3)"
173.231.242.79 - - [21/Dec/2025:07:36:12 -0500] "POST /wp-cron.php?doing_wp_cron=1766320572.5616168975830078125000 HTTP/1.0" 200 - "-" "WordPress/6.9; https://www.grandbassaparking.com"
51.75.236.132 - - [21/Dec/2025:07:36:08 -0500] "GET /robots.txt HTTP/1.0" 200 125 "-" "Mozilla/5.0 (compatible; AhrefsBot/7.0; +http://ahrefs.com/robot/)"
92.222.108.121 - - [21/Dec/2025:07:36:15 -0500] "GET /product-category/telehandler/ HTTP/1.0" 200 35940 "-" "Mozilla/5.0 (compatible; AhrefsBot/7.0; +http://ahrefs.com/robot/)"
173.231.242.79 - - [21/Dec/2025:08:00:22 -0500] "POST /wp-cron.php?doing_wp_cron=1766322022.7937140464782714843750 HTTP/1.0" 200 - "-" "WordPress/6.9; https://www.grandbassaparking.com"
139.59.33.85 - - [21/Dec/2025:08:00:20 -0500] "GET /wp-login.php HTTP/1.0" 200 1880 "-" "Mozilla/5.0 (Macintosh; Intel Mac OS X 10_12_6) AppleWebKit/605.1.15 (KHTML, like Gecko) Version/11.1.2 Safari/605.1.15"
139.59.33.85 - - [21/Dec/2025:08:00:24 -0500] "POST /wp-login.php HTTP/1.0" 200 2009 "https://grandbassaparking.com/wp-login.php" "Mozilla/5.0 (Macintosh; Intel Mac OS X 10_12_6) AppleWebKit/605.1.15 (KHTML, like Gecko) Version/11.1.2 Safari/605.1.15"
173.231.242.79 - - [21/Dec/2025:08:05:51 -0500] "POST /wp-cron.php?doing_wp_cron=1766322351.8346509933471679687500 HTTP/1.0" 200 - "-" "WordPress/6.9; https://www.grandbassaparking.com"
162.241.253.195 - - [21/Dec/2025:08:05:50 -0500] "GET /wp-login.php HTTP/1.0" 200 1880 "-" "Mozilla/5.0 (Windows NT 10.0; Win64; x64) AppleWebKit/537.36 (KHTML, like Gecko) Chrome/130.0.0.0 Safari/537.36"
162.241.253.195 - - [21/Dec/2025:08:06:01 -0500] "POST /wp-login.php HTTP/1.0" 200 2001 "https://grandbassaparking.com/wp-login.php" "Mozilla/5.0 (Windows NT 10.0; Win64; x64) AppleWebKit/537.36 (KHTML, like Gecko) Chrome/130.0.0.0 Safari/537.36"
173.231.242.79 - - [21/Dec/2025:08:09:46 -0500] "POST /wp-cron.php?doing_wp_cron=1766322586.7388219833374023437500 HTTP/1.0" 200 - "-" "WordPress/6.9; https://www.grandbassaparking.com"
162.241.24.197 - - [21/Dec/2025:08:09:44 -0500] "GET /wp-login.php HTTP/1.0" 200 1880 "-" "Mozilla/5.0 (Windows NT 10.0; Win64; x64) AppleWebKit/537.36 (KHTML, like Gecko) Chrome/130.0.0.0 Safari/537.36"
162.241.24.197 - - [21/Dec/2025:08:09:56 -0500] "POST /wp-login.php HTTP/1.0" 200 2001 "https://grandbassaparking.com/wp-login.php" "Mozilla/5.0 (Windows NT 10.0; Win64; x64) AppleWebKit/537.36 (KHTML, like Gecko) Chrome/130.0.0.0 Safari/537.36"
173.231.242.79 - - [21/Dec/2025:08:12:54 -0500] "POST /wp-cron.php?doing_wp_cron=1766322774.5176761150360107421875 HTTP/1.0" 200 - "-" "WordPress/6.9; https://www.grandbassaparking.com"
85.208.96.196 - - [21/Dec/2025:08:12:52 -0500] "GET /about-us/ HTTP/1.0" 200 38791 "-" "Mozilla/5.0 (compatible; SemrushBot/7~bl; +http://www.semrush.com/bot.html)"
173.231.242.79 - - [21/Dec/2025:08:15:43 -0500] "POST /wp-cron.php?doing_wp_cron=1766322943.4803290367126464843750 HTTP/1.0" 200 - "-" "WordPress/6.9; https://www.grandbassaparking.com"
66.175.44.22 - - [21/Dec/2025:08:15:41 -0500] "GET /wp-login.php HTTP/1.0" 200 1880 "-" "Mozilla/5.0 (Windows NT 10.0; Win64; x64) AppleWebKit/537.36 (KHTML, like Gecko) Chrome/130.0.0.0 Safari/537.36"
66.175.44.22 - - [21/Dec/2025:08:15:50 -0500] "POST /wp-login.php HTTP/1.0" 200 2001 "https://grandbassaparking.com/wp-login.php" "Mozilla/5.0 (Windows NT 10.0; Win64; x64) AppleWebKit/537.36 (KHTML, like Gecko) Chrome/130.0.0.0 Safari/537.36"
173.231.242.79 - - [21/Dec/2025:08:17:27 -0500] "POST /wp-cron.php?doing_wp_cron=1766323047.6796109676361083984375 HTTP/1.0" 200 - "-" "WordPress/6.9; https://www.grandbassaparking.com"
162.241.24.197 - - [21/Dec/2025:08:17:26 -0500] "GET /wp-login.php HTTP/1.0" 200 1880 "-" "Mozilla/5.0 (Windows NT 10.0; Win64; x64) AppleWebKit/537.36 (KHTML, like Gecko) Chrome/130.0.0.0 Safari/537.36"
173.231.242.79 - - [21/Dec/2025:08:17:37 -0500] "POST /wp-cron.php?doing_wp_cron=1766323057.7427508831024169921875 HTTP/1.0" 200 - "-" "WordPress/6.9; https://www.grandbassaparking.com"
162.241.24.197 - - [21/Dec/2025:08:17:36 -0500] "POST /wp-login.php HTTP/1.0" 200 2001 "https://grandbassaparking.com/wp-login.php" "Mozilla/5.0 (Windows NT 10.0; Win64; x64) AppleWebKit/537.36 (KHTML, like Gecko) Chrome/130.0.0.0 Safari/537.36"
173.231.242.79 - - [21/Dec/2025:08:18:24 -0500] "POST /wp-cron.php?doing_wp_cron=1766323104.4271769523620605468750 HTTP/1.0" 200 - "-" "WordPress/6.9; https://www.grandbassaparking.com"
85.208.96.205 - - [21/Dec/2025:08:18:22 -0500] "GET /shop/walkie-pallet-jack/ HTTP/1.0" 200 36114 "-" "Mozilla/5.0 (compatible; SemrushBot/7~bl; +http://www.semrush.com/bot.html)"
173.231.242.79 - - [21/Dec/2025:08:19:50 -0500] "POST /wp-cron.php?doing_wp_cron=1766323190.2790129184722900390625 HTTP/1.0" 200 - "-" "WordPress/6.9; https://www.grandbassaparking.com"
148.72.244.27 - - [21/Dec/2025:08:19:48 -0500] "GET /wp-login.php HTTP/1.0" 200 1880 "-" "Mozilla/5.0 (Windows NT 10.0; Win64; x64) AppleWebKit/537.36 (KHTML, like Gecko) Chrome/130.0.0.0 Safari/537.36"
148.72.244.27 - - [21/Dec/2025:08:19:54 -0500] "POST /wp-login.php HTTP/1.0" 200 2001 "https://grandbassaparking.com/wp-login.php" "Mozilla/5.0 (Windows NT 10.0; Win64; x64) AppleWebKit/537.36 (KHTML, like Gecko) Chrome/130.0.0.0 Safari/537.36"
173.231.242.79 - - [21/Dec/2025:08:22:38 -0500] "POST /wp-cron.php?doing_wp_cron=1766323358.7834670543670654296875 HTTP/1.0" 200 - "-" "WordPress/6.9; https://www.grandbassaparking.com"
103.28.36.220 - - [21/Dec/2025:08:22:36 -0500] "GET /wp-login.php HTTP/1.0" 200 1880 "-" "Mozilla/5.0 (Windows NT 10.0; Win64; x64) AppleWebKit/537.36 (KHTML, like Gecko) Chrome/130.0.0.0 Safari/537.36"
103.28.36.220 - - [21/Dec/2025:08:22:41 -0500] "POST /wp-login.php HTTP/1.0" 200 2001 "https://grandbassaparking.com/wp-login.php" "Mozilla/5.0 (Windows NT 10.0; Win64; x64) AppleWebKit/537.36 (KHTML, like Gecko) Chrome/130.0.0.0 Safari/537.36"
173.231.242.79 - - [21/Dec/2025:08:23:37 -0500] "POST /wp-cron.php?doing_wp_cron=1766323417.3823919296264648437500 HTTP/1.0" 200 - "-" "WordPress/6.9; https://www.grandbassaparking.com"
162.241.253.195 - - [21/Dec/2025:08:23:36 -0500] "GET /wp-login.php HTTP/1.0" 200 1880 "-" "Mozilla/5.0 (Windows NT 10.0; Win64; x64) AppleWebKit/537.36 (KHTML, like Gecko) Chrome/130.0.0.0 Safari/537.36"
162.241.253.195 - - [21/Dec/2025:08:23:42 -0500] "POST /wp-login.php HTTP/1.0" 200 2001 "https://grandbassaparking.com/wp-login.php" "Mozilla/5.0 (Windows NT 10.0; Win64; x64) AppleWebKit/537.36 (KHTML, like Gecko) Chrome/130.0.0.0 Safari/537.36"
66.175.56.92 - - [21/Dec/2025:08:24:28 -0500] "GET /wp-login.php HTTP/1.0" 200 1880 "-" "Mozilla/5.0 (Windows NT 10.0; Win64; x64) AppleWebKit/537.36 (KHTML, like Gecko) Chrome/130.0.0.0 Safari/537.36"
173.231.242.79 - - [21/Dec/2025:08:24:41 -0500] "POST /wp-cron.php?doing_wp_cron=1766323481.5198180675506591796875 HTTP/1.0" 200 - "-" "WordPress/6.9; https://www.grandbassaparking.com"
66.175.56.92 - - [21/Dec/2025:08:24:40 -0500] "POST /wp-login.php HTTP/1.0" 200 2001 "https://grandbassaparking.com/wp-login.php" "Mozilla/5.0 (Windows NT 10.0; Win64; x64) AppleWebKit/537.36 (KHTML, like Gecko) Chrome/130.0.0.0 Safari/537.36"
173.231.242.79 - - [21/Dec/2025:08:25:39 -0500] "POST /wp-cron.php?doing_wp_cron=1766323539.0919780731201171875000 HTTP/1.0" 200 - "-" "WordPress/6.9; https://www.grandbassaparking.com"
162.241.253.195 - - [21/Dec/2025:08:25:37 -0500] "GET /wp-login.php HTTP/1.0" 200 1880 "-" "Mozilla/5.0 (Windows NT 10.0; Win64; x64) AppleWebKit/537.36 (KHTML, like Gecko) Chrome/130.0.0.0 Safari/537.36"
162.241.253.195 - - [21/Dec/2025:08:25:43 -0500] "POST /wp-login.php HTTP/1.0" 200 2001 "https://grandbassaparking.com/wp-login.php" "Mozilla/5.0 (Windows NT 10.0; Win64; x64) AppleWebKit/537.36 (KHTML, like Gecko) Chrome/130.0.0.0 Safari/537.36"
160.250.186.135 - - [21/Dec/2025:08:26:00 -0500] "GET /wp-login.php HTTP/1.0" 200 1880 "-" "Mozilla/5.0 (Windows NT 10.0; Win64; x64) AppleWebKit/537.36 (KHTML, like Gecko) Chrome/130.0.0.0 Safari/537.36"
160.250.186.135 - - [21/Dec/2025:08:26:05 -0500] "POST /wp-login.php HTTP/1.0" 200 2001 "https://grandbassaparking.com/wp-login.php" "Mozilla/5.0 (Windows NT 10.0; Win64; x64) AppleWebKit/537.36 (KHTML, like Gecko) Chrome/130.0.0.0 Safari/537.36"
173.231.242.79 - - [21/Dec/2025:08:29:10 -0500] "POST /wp-cron.php?doing_wp_cron=1766323750.0341079235076904296875 HTTP/1.0" 200 - "-" "WordPress/6.9; https://www.grandbassaparking.com"
66.175.56.92 - - [21/Dec/2025:08:29:06 -0500] "GET /wp-login.php HTTP/1.0" 200 1880 "-" "Mozilla/5.0 (Windows NT 10.0; Win64; x64) AppleWebKit/537.36 (KHTML, like Gecko) Chrome/130.0.0.0 Safari/537.36"
66.175.56.92 - - [21/Dec/2025:08:29:16 -0500] "POST /wp-login.php HTTP/1.0" 200 2001 "https://grandbassaparking.com/wp-login.php" "Mozilla/5.0 (Windows NT 10.0; Win64; x64) AppleWebKit/537.36 (KHTML, like Gecko) Chrome/130.0.0.0 Safari/537.36"
173.231.242.79 - - [21/Dec/2025:08:40:53 -0500] "POST /wp-cron.php?doing_wp_cron=1766324453.3706541061401367187500 HTTP/1.0" 200 - "-" "WordPress/6.9; https://www.grandbassaparking.com"
193.122.100.159 - - [21/Dec/2025:08:40:51 -0500] "GET /wp-login.php HTTP/1.0" 200 1880 "-" "Mozilla/5.0 (Windows NT 10.0; Win64; x64) AppleWebKit/537.36 (KHTML, like Gecko) Chrome/130.0.0.0 Safari/537.36"
193.122.100.159 - - [21/Dec/2025:08:40:58 -0500] "POST /wp-login.php HTTP/1.0" 200 2001 "https://grandbassaparking.com/wp-login.php" "Mozilla/5.0 (Windows NT 10.0; Win64; x64) AppleWebKit/537.36 (KHTML, like Gecko) Chrome/130.0.0.0 Safari/537.36"
162.243.244.193 - - [21/Dec/2025:08:41:04 -0500] "GET /wp-login.php HTTP/1.0" 200 1880 "-" "Mozilla/5.0 (Windows NT 10.0; Win64; x64) AppleWebKit/537.36 (KHTML, like Gecko) Chrome/130.0.0.0 Safari/537.36"
162.243.244.193 - - [21/Dec/2025:08:41:06 -0500] "POST /wp-login.php HTTP/1.0" 200 2001 "https://grandbassaparking.com/wp-login.php" "Mozilla/5.0 (Windows NT 10.0; Win64; x64) AppleWebKit/537.36 (KHTML, like Gecko) Chrome/130.0.0.0 Safari/537.36"
173.231.242.79 - - [21/Dec/2025:08:46:26 -0500] "POST /wp-cron.php?doing_wp_cron=1766324786.8341789245605468750000 HTTP/1.0" 200 - "-" "WordPress/6.9; https://www.grandbassaparking.com"
85.208.96.198 - - [21/Dec/2025:08:46:25 -0500] "GET /robots.txt HTTP/1.0" 200 125 "-" "Mozilla/5.0 (compatible; SemrushBot/7~bl; +http://www.semrush.com/bot.html)"
185.191.171.1 - - [21/Dec/2025:08:46:27 -0500] "GET /shop/heavy-duty-telehandler-copy-copy/ HTTP/1.0" 200 36200 "-" "Mozilla/5.0 (compatible; SemrushBot/7~bl; +http://www.semrush.com/bot.html)"
173.231.242.79 - - [21/Dec/2025:08:53:17 -0500] "POST /wp-cron.php?doing_wp_cron=1766325197.9167931079864501953125 HTTP/1.0" 200 - "-" "WordPress/6.9; https://www.grandbassaparking.com"
66.175.56.96 - - [21/Dec/2025:08:53:15 -0500] "GET /wp-login.php HTTP/1.0" 200 1880 "-" "Mozilla/5.0 (Windows NT 10.0; Win64; x64) AppleWebKit/537.36 (KHTML, like Gecko) Chrome/130.0.0.0 Safari/537.36"
66.175.56.96 - - [21/Dec/2025:08:53:23 -0500] "POST /wp-login.php HTTP/1.0" 200 2001 "https://grandbassaparking.com/wp-login.php" "Mozilla/5.0 (Windows NT 10.0; Win64; x64) AppleWebKit/537.36 (KHTML, like Gecko) Chrome/130.0.0.0 Safari/537.36"
173.231.242.79 - - [21/Dec/2025:09:00:23 -0500] "POST /wp-cron.php?doing_wp_cron=1766325623.8951790332794189453125 HTTP/1.0" 200 - "-" "WordPress/6.9; https://www.grandbassaparking.com"
206.189.55.84 - - [21/Dec/2025:09:00:22 -0500] "POST / HTTP/1.0" 200 195481 "-" "Python/3.14 aiohttp/3.13.2"
173.231.242.79 - - [21/Dec/2025:09:01:40 -0500] "POST /wp-cron.php?doing_wp_cron=1766325700.4626789093017578125000 HTTP/1.0" 200 - "-" "WordPress/6.9; https://www.grandbassaparking.com"
