160.191.139.193 - - [21/Dec/2025:14:32:01 -0500] "POST /wp-login.php HTTP/1.0" 200 2001 "https://grandbassaparking.com/wp-login.php" "Mozilla/5.0 (Windows NT 10.0; Win64; x64) AppleWebKit/537.36 (KHTML, like Gecko) Chrome/130.0.0.0 Safari/537.36"
88.7.150.219 - - [21/Dec/2025:14:32:21 -0500] "POST /xmlrpc.php HTTP/1.0" 200 403 "-" "Mozilla/5.0 (Windows NT 6.3; arm64) AppleWebKit/537.36 (KHTML, like Gecko) Opera/66.0.0.0 Safari/537.36"
173.231.242.79 - - [21/Dec/2025:14:33:29 -0500] "POST /wp-cron.php?doing_wp_cron=1766345609.3801679611206054687500 HTTP/1.0" 200 - "-" "WordPress/6.9; https://www.grandbassaparking.com"
88.7.150.219 - - [21/Dec/2025:14:33:27 -0500] "POST /xmlrpc.php HTTP/1.0" 200 403 "-" "Mozilla/5.0 (Windows NT 6.2; x64) AppleWebKit/537.36 (KHTML, like Gecko) Edge/84.0.0.0 Safari/537.36"
34.247.172.200 - - [21/Dec/2025:14:33:31 -0500] "GET /wp-login.php HTTP/1.0" 200 1880 "-" "Mozilla/5.0 (Windows NT 10.0; Win64; x64) AppleWebKit/537.36 (KHTML, like Gecko) Chrome/130.0.0.0 Safari/537.36"
173.231.242.79 - - [21/Dec/2025:14:33:36 -0500] "POST /wp-cron.php?doing_wp_cron=1766345616.6420660018920898437500 HTTP/1.0" 200 - "-" "WordPress/6.9; https://www.grandbassaparking.com"
34.247.172.200 - - [21/Dec/2025:14:33:35 -0500] "POST /wp-login.php HTTP/1.0" 200 2001 "https://grandbassaparking.com/wp-login.php" "Mozilla/5.0 (Windows NT 10.0; Win64; x64) AppleWebKit/537.36 (KHTML, like Gecko) Chrome/130.0.0.0 Safari/537.36"
173.231.242.79 - - [21/Dec/2025:14:34:34 -0500] "POST /wp-cron.php?doing_wp_cron=1766345674.5212299823760986328125 HTTP/1.0" 200 - "-" "WordPress/6.9; https://www.grandbassaparking.com"
81.169.144.135 - - [21/Dec/2025:14:34:32 -0500] "GET /wp-login.php HTTP/1.0" 200 1880 "-" "Mozilla/5.0 (Windows NT 10.0; Win64; x64) AppleWebKit/537.36 (KHTML, like Gecko) Chrome/130.0.0.0 Safari/537.36"
81.169.144.135 - - [21/Dec/2025:14:34:34 -0500] "POST /wp-login.php HTTP/1.0" 200 2001 "https://grandbassaparking.com/wp-login.php" "Mozilla/5.0 (Windows NT 10.0; Win64; x64) AppleWebKit/537.36 (KHTML, like Gecko) Chrome/130.0.0.0 Safari/537.36"
88.7.150.219 - - [21/Dec/2025:14:34:56 -0500] "POST /xmlrpc.php HTTP/1.0" 406 300 "-" "Mozilla/5.0 (X11; Ubuntu; Linux x86_64; arm64) AppleWebKit/537.36 (KHTML, like Gecko) Chrome/114.0.0.0 Safari/537.36"
157.66.46.84 - - [21/Dec/2025:14:35:16 -0500] "GET /wp-login.php HTTP/1.0" 200 1880 "-" "Mozilla/5.0 (Windows NT 10.0; Win64; x64) AppleWebKit/537.36 (KHTML, like Gecko) Chrome/130.0.0.0 Safari/537.36"
157.66.46.84 - - [21/Dec/2025:14:35:19 -0500] "POST /wp-login.php HTTP/1.0" 200 2001 "https://grandbassaparking.com/wp-login.php" "Mozilla/5.0 (Windows NT 10.0; Win64; x64) AppleWebKit/537.36 (KHTML, like Gecko) Chrome/130.0.0.0 Safari/537.36"
173.231.242.79 - - [21/Dec/2025:14:35:41 -0500] "POST /wp-cron.php?doing_wp_cron=1766345741.8724579811096191406250 HTTP/1.0" 200 - "-" "WordPress/6.9; https://www.grandbassaparking.com"
103.82.92.35 - - [21/Dec/2025:14:35:40 -0500] "GET /wp-login.php HTTP/1.0" 200 1880 "-" "Mozilla/5.0 (Windows NT 10.0; Win64; x64) AppleWebKit/537.36 (KHTML, like Gecko) Chrome/130.0.0.0 Safari/537.36"
103.82.92.35 - - [21/Dec/2025:14:35:44 -0500] "POST /wp-login.php HTTP/1.0" 200 2001 "https://grandbassaparking.com/wp-login.php" "Mozilla/5.0 (Windows NT 10.0; Win64; x64) AppleWebKit/537.36 (KHTML, like Gecko) Chrome/130.0.0.0 Safari/537.36"
88.7.150.219 - - [21/Dec/2025:14:36:19 -0500] "POST /xmlrpc.php HTTP/1.0" 200 403 "-" "Mozilla/5.0 (Windows NT 6.3; x86) AppleWebKit/537.36 (KHTML, like Gecko) Opera/68.0.0.0 Safari/537.36"
69.197.191.106 - - [21/Dec/2025:14:36:26 -0500] "GET /wp-login.php HTTP/1.0" 200 1880 "-" "Mozilla/5.0 (Windows NT 10.0; Win64; x64) AppleWebKit/537.36 (KHTML, like Gecko) Chrome/130.0.0.0 Safari/537.36"
69.197.191.106 - - [21/Dec/2025:14:36:27 -0500] "POST /wp-login.php HTTP/1.0" 200 2001 "https://grandbassaparking.com/wp-login.php" "Mozilla/5.0 (Windows NT 10.0; Win64; x64) AppleWebKit/537.36 (KHTML, like Gecko) Chrome/130.0.0.0 Safari/537.36"
157.66.46.84 - - [21/Dec/2025:14:37:35 -0500] "GET /wp-login.php HTTP/1.0" 302 219 "-" "Mozilla/5.0 (Windows NT 10.0; Win64; x64) AppleWebKit/537.36 (KHTML, like Gecko) Chrome/130.0.0.0 Safari/537.36"
157.66.46.84 - - [21/Dec/2025:14:37:36 -0500] "GET /mod-security-error/rule-13051.html HTTP/1.0" 200 963 "https://grandbassaparking.com/wp-login.php" "Mozilla/5.0 (Windows NT 10.0; Win64; x64) AppleWebKit/537.36 (KHTML, like Gecko) Chrome/130.0.0.0 Safari/537.36"
88.7.150.219 - - [21/Dec/2025:14:38:01 -0500] "POST /xmlrpc.php HTTP/1.0" 200 403 "-" "Mozilla/5.0 (Macintosh; Intel Mac OS X 10_15_7; x64) AppleWebKit/537.36 (KHTML, like Gecko) Safari/10.0.0.0 Safari/537.36"
173.231.242.79 - - [21/Dec/2025:14:38:02 -0500] "POST /wp-cron.php?doing_wp_cron=1766345882.7064259052276611328125 HTTP/1.0" 200 - "-" "WordPress/6.9; https://www.grandbassaparking.com"
173.231.242.79 - - [21/Dec/2025:14:39:36 -0500] "POST /wp-cron.php?doing_wp_cron=1766345976.9361689090728759765625 HTTP/1.0" 200 - "-" "WordPress/6.9; https://www.grandbassaparking.com"
88.7.150.219 - - [21/Dec/2025:14:39:34 -0500] "POST /xmlrpc.php HTTP/1.0" 200 403 "-" "Mozilla/5.0 (Linux; Android 10; arm64) AppleWebKit/537.36 (KHTML, like Gecko) Opera/69.0.0.0 Safari/537.36"
88.7.150.219 - - [21/Dec/2025:14:41:09 -0500] "POST /xmlrpc.php HTTP/1.0" 406 300 "-" "Mozilla/5.0 (Windows NT 6.2; arm64) AppleWebKit/537.36 (KHTML, like Gecko) Safari/14.0.0.0 Safari/537.36"
173.231.242.79 - - [21/Dec/2025:14:42:45 -0500] "POST /wp-cron.php?doing_wp_cron=1766346165.5774500370025634765625 HTTP/1.0" 200 - "-" "WordPress/6.9; https://www.grandbassaparking.com"
88.7.150.219 - - [21/Dec/2025:14:42:43 -0500] "POST /xmlrpc.php HTTP/1.0" 200 403 "-" "Mozilla/5.0 (X11; Ubuntu; Linux x86_64; arm64) AppleWebKit/537.36 (KHTML, like Gecko) Firefox/76.0.0.0 Safari/537.36"
173.231.242.79 - - [21/Dec/2025:14:44:07 -0500] "POST /wp-cron.php?doing_wp_cron=1766346247.1246690750122070312500 HTTP/1.0" 200 - "-" "WordPress/6.9; https://www.grandbassaparking.com"
88.7.150.219 - - [21/Dec/2025:14:44:05 -0500] "POST /xmlrpc.php HTTP/1.0" 200 403 "-" "Mozilla/5.0 (X11; Ubuntu; Linux x86_64; x86) AppleWebKit/537.36 (KHTML, like Gecko) Chrome/85.0.0.0 Safari/537.36"
88.7.150.219 - - [21/Dec/2025:14:45:37 -0500] "POST /xmlrpc.php HTTP/1.0" 406 300 "-" "Mozilla/5.0 (Linux; Android 10; x64) AppleWebKit/537.36 (KHTML, like Gecko) Safari/11.0.0.0 Safari/537.36"
88.7.150.219 - - [21/Dec/2025:14:46:53 -0500] "POST /xmlrpc.php HTTP/1.0" 406 300 "-" "Mozilla/5.0 (Windows NT 10.0; arm64) AppleWebKit/537.36 (KHTML, like Gecko) Safari/10.0.0.0 Safari/537.36"
173.231.242.79 - - [21/Dec/2025:14:48:05 -0500] "POST /wp-cron.php?doing_wp_cron=1766346485.4802529811859130859375 HTTP/1.0" 200 - "-" "WordPress/6.9; https://www.grandbassaparking.com"
88.7.150.219 - - [21/Dec/2025:14:48:03 -0500] "POST /xmlrpc.php HTTP/1.0" 200 403 "-" "Mozilla/5.0 (Macintosh; Intel Mac OS X 10_15_7; x86) AppleWebKit/537.36 (KHTML, like Gecko) Edge/99.0.0.0 Safari/537.36"
160.251.148.85 - - [21/Dec/2025:14:48:40 -0500] "POST /xmlrpc.php HTTP/1.0" 406 300 "-" "Mozilla/5.0 (Macintosh; Intel Mac OS X 10_11_6) AppleWebKit/537.36 (KHTML, like Gecko) Chrome/65.0.3325.181 Safari/537.36"
173.231.242.79 - - [21/Dec/2025:14:48:43 -0500] "POST /wp-cron.php?doing_wp_cron=1766346523.4356739521026611328125 HTTP/1.0" 200 - "-" "WordPress/6.9; https://www.grandbassaparking.com"
160.251.148.85 - - [21/Dec/2025:14:48:41 -0500] "POST /xmlrpc.php HTTP/1.0" 200 403 "-" "Mozilla/5.0 (Macintosh; Intel Mac OS X 10_11_6) AppleWebKit/537.36 (KHTML, like Gecko) Chrome/65.0.3325.181 Safari/537.36"
160.251.148.85 - - [21/Dec/2025:14:48:44 -0500] "POST /xmlrpc.php HTTP/1.0" 200 403 "-" "Mozilla/5.0 (Macintosh; Intel Mac OS X 10_11_6) AppleWebKit/537.36 (KHTML, like Gecko) Chrome/65.0.3325.181 Safari/537.36"
103.217.92.186 - - [21/Dec/2025:14:48:50 -0500] "POST /xmlrpc.php HTTP/1.0" 200 403 "-" "Mozilla/5.0 (Windows NT 10.0; WOW64; Trident/7.0; MDDRJS; rv:11.0) like Gecko"
103.217.92.186 - - [21/Dec/2025:14:48:53 -0500] "POST /xmlrpc.php HTTP/1.0" 406 300 "-" "Mozilla/5.0 (Windows NT 10.0; WOW64; Trident/7.0; MDDRJS; rv:11.0) like Gecko"
103.217.92.186 - - [21/Dec/2025:14:48:55 -0500] "POST /xmlrpc.php HTTP/1.0" 200 403 "-" "Mozilla/5.0 (Windows NT 10.0; WOW64; Trident/7.0; MDDRJS; rv:11.0) like Gecko"
36.50.135.109 - - [21/Dec/2025:14:49:03 -0500] "POST /xmlrpc.php HTTP/1.0" 406 300 "-" "Mozilla/5.0 (Windows NT 10.0; Win64; x64) AppleWebKit/537.36 (KHTML, like Gecko) Chrome/65.0.3325.181 Safari/537.36"
36.50.135.109 - - [21/Dec/2025:14:49:05 -0500] "POST /xmlrpc.php HTTP/1.0" 406 300 "-" "Mozilla/5.0 (Windows NT 10.0; Win64; x64) AppleWebKit/537.36 (KHTML, like Gecko) Chrome/65.0.3325.181 Safari/537.36"
123.57.79.137 - - [21/Dec/2025:14:49:12 -0500] "POST /xmlrpc.php HTTP/1.0" 200 403 "-" "Mozilla/5.0 (X11; CrOS x86_64 10452.96.0) AppleWebKit/537.36 (KHTML, like Gecko) Chrome/66.0.3359.181 Safari/537.36"
88.7.150.219 - - [21/Dec/2025:14:49:14 -0500] "POST /xmlrpc.php HTTP/1.0" 406 300 "-" "Mozilla/5.0 (Windows NT 6.2; x64) AppleWebKit/537.36 (KHTML, like Gecko) Chrome/81.0.0.0 Safari/537.36"
123.57.79.137 - - [21/Dec/2025:14:49:16 -0500] "POST /xmlrpc.php HTTP/1.0" 200 403 "-" "Mozilla/5.0 (X11; CrOS x86_64 10452.96.0) AppleWebKit/537.36 (KHTML, like Gecko) Chrome/66.0.3359.181 Safari/537.36"
123.57.79.137 - - [21/Dec/2025:14:49:18 -0500] "POST /xmlrpc.php HTTP/1.0" 406 300 "-" "Mozilla/5.0 (X11; CrOS x86_64 10452.96.0) AppleWebKit/537.36 (KHTML, like Gecko) Chrome/66.0.3359.181 Safari/537.36"
203.161.54.74 - - [21/Dec/2025:14:49:21 -0500] "POST /xmlrpc.php HTTP/1.0" 200 403 "-" "Mozilla/5.0 (Macintosh; Intel Mac OS X 10_12_6) AppleWebKit/604.1.38 (KHTML, like Gecko) Version/11.0 Safari/604.1.38"
203.161.54.74 - - [21/Dec/2025:14:49:23 -0500] "POST /xmlrpc.php HTTP/1.0" 200 403 "-" "Mozilla/5.0 (Macintosh; Intel Mac OS X 10_12_6) AppleWebKit/604.1.38 (KHTML, like Gecko) Version/11.0 Safari/604.1.38"
203.161.54.74 - - [21/Dec/2025:14:49:24 -0500] "POST /xmlrpc.php HTTP/1.0" 200 403 "-" "Mozilla/5.0 (Macintosh; Intel Mac OS X 10_12_6) AppleWebKit/604.1.38 (KHTML, like Gecko) Version/11.0 Safari/604.1.38"
117.72.201.236 - - [21/Dec/2025:14:49:28 -0500] "POST /xmlrpc.php HTTP/1.0" 406 300 "-" "Mozilla/5.0 (Windows NT 6.1; WOW64; Trident/7.0; rv:11.0; MSN 9.0;MSN 9.1;MSN 9.6;MSN 10.0;MSN 10.2;MSN 10.5; MSNbMSNI; MSNmen-us; MSNcIA)"
117.72.201.236 - - [21/Dec/2025:14:49:29 -0500] "POST /xmlrpc.php HTTP/1.0" 200 403 "-" "Mozilla/5.0 (Windows NT 6.1; WOW64; Trident/7.0; rv:11.0; MSN 9.0;MSN 9.1;MSN 9.6;MSN 10.0;MSN 10.2;MSN 10.5; MSNbMSNI; MSNmen-us; MSNcIA)"
173.231.242.79 - - [21/Dec/2025:14:49:34 -0500] "POST /wp-cron.php?doing_wp_cron=1766346574.5036311149597167968750 HTTP/1.0" 200 - "-" "WordPress/6.9; https://www.grandbassaparking.com"
117.72.201.236 - - [21/Dec/2025:14:49:32 -0500] "POST /xmlrpc.php HTTP/1.0" 200 403 "-" "Mozilla/5.0 (Windows NT 6.1; WOW64; Trident/7.0; rv:11.0; MSN 9.0;MSN 9.1;MSN 9.6;MSN 10.0;MSN 10.2;MSN 10.5; MSNbMSNI; MSNmen-us; MSNcIA)"
47.90.163.154 - - [21/Dec/2025:14:49:51 -0500] "POST /xmlrpc.php HTTP/1.0" 200 403 "-" "Mozilla/5.0 (Macintosh; Intel Mac OS X 10_11_6) AppleWebKit/602.1.50 (KHTML, like Gecko) Version/10.0 Safari/602.1.50"
47.90.163.154 - - [21/Dec/2025:14:49:53 -0500] "POST /xmlrpc.php HTTP/1.0" 406 300 "-" "Mozilla/5.0 (Macintosh; Intel Mac OS X 10_11_6) AppleWebKit/602.1.50 (KHTML, like Gecko) Version/10.0 Safari/602.1.50"
47.90.163.154 - - [21/Dec/2025:14:49:53 -0500] "POST /xmlrpc.php HTTP/1.0" 200 403 "-" "Mozilla/5.0 (Macintosh; Intel Mac OS X 10_11_6) AppleWebKit/602.1.50 (KHTML, like Gecko) Version/10.0 Safari/602.1.50"
103.217.92.186 - - [21/Dec/2025:14:49:53 -0500] "POST /xmlrpc.php HTTP/1.0" 200 403 "-" "Mozilla/5.0 (Windows NT 10.0; Win64; x64; WebView/3.0) AppleWebKit/537.36 (KHTML, like Gecko) Chrome/58.0.3029.110 Safari/537.36 Edge/16.16299"
103.217.92.186 - - [21/Dec/2025:14:49:56 -0500] "POST /xmlrpc.php HTTP/1.0" 200 403 "-" "Mozilla/5.0 (Windows NT 10.0; Win64; x64; WebView/3.0) AppleWebKit/537.36 (KHTML, like Gecko) Chrome/58.0.3029.110 Safari/537.36 Edge/16.16299"
88.7.150.219 - - [21/Dec/2025:14:49:59 -0500] "POST /xmlrpc.php HTTP/1.0" 406 300 "-" "Mozilla/5.0 (Linux; Android 10; arm64) AppleWebKit/537.36 (KHTML, like Gecko) Edge/96.0.0.0 Safari/537.36"
103.217.92.186 - - [21/Dec/2025:14:49:59 -0500] "POST /xmlrpc.php HTTP/1.0" 200 403 "-" "Mozilla/5.0 (Windows NT 10.0; Win64; x64; WebView/3.0) AppleWebKit/537.36 (KHTML, like Gecko) Chrome/58.0.3029.110 Safari/537.36 Edge/16.16299"
13.215.177.9 - - [21/Dec/2025:14:50:01 -0500] "POST /xmlrpc.php HTTP/1.0" 406 300 "-" "Mozilla/5.0 (Windows NT 6.1; Trident/7.0; SLCC2; .NET CLR 2.0.50727; .NET CLR 3.5.30729; .NET CLR 3.0.30729; Media Center PC 6.0; InfoPath.2; .NET4.0C; rv:11.0) like Gecko"
13.215.177.9 - - [21/Dec/2025:14:50:03 -0500] "POST /xmlrpc.php HTTP/1.0" 200 403 "-" "Mozilla/5.0 (Windows NT 6.1; Trident/7.0; SLCC2; .NET CLR 2.0.50727; .NET CLR 3.5.30729; .NET CLR 3.0.30729; Media Center PC 6.0; InfoPath.2; .NET4.0C; rv:11.0) like Gecko"
119.59.120.42 - - [21/Dec/2025:14:50:03 -0500] "POST /xmlrpc.php HTTP/1.0" 200 403 "-" "Mozilla/5.0 (Windows NT 6.1; Win64; x64) AppleWebKit/537.36 (KHTML, like Gecko) Chrome/65.0.3325.181 Safari/537.36 OPR/52.0.2871.64"
13.215.177.9 - - [21/Dec/2025:14:50:05 -0500] "POST /xmlrpc.php HTTP/1.0" 200 403 "-" "Mozilla/5.0 (Windows NT 6.1; Trident/7.0; SLCC2; .NET CLR 2.0.50727; .NET CLR 3.5.30729; .NET CLR 3.0.30729; Media Center PC 6.0; InfoPath.2; .NET4.0C; rv:11.0) like Gecko"
38.242.209.73 - - [21/Dec/2025:14:50:05 -0500] "POST /xmlrpc.php HTTP/1.0" 200 403 "-" "Mozilla/5.0 (Windows NT 10.0; WOW64; Trident/7.0; TNJB; rv:11.0) like Gecko"
119.59.120.42 - - [21/Dec/2025:14:50:06 -0500] "POST /xmlrpc.php HTTP/1.0" 200 403 "-" "Mozilla/5.0 (Windows NT 6.1; Win64; x64) AppleWebKit/537.36 (KHTML, like Gecko) Chrome/65.0.3325.181 Safari/537.36 OPR/52.0.2871.64"
38.242.209.73 - - [21/Dec/2025:14:50:07 -0500] "POST /xmlrpc.php HTTP/1.0" 200 403 "-" "Mozilla/5.0 (Windows NT 10.0; WOW64; Trident/7.0; TNJB; rv:11.0) like Gecko"
38.242.209.73 - - [21/Dec/2025:14:50:09 -0500] "POST /xmlrpc.php HTTP/1.0" 406 300 "-" "Mozilla/5.0 (Windows NT 10.0; WOW64; Trident/7.0; TNJB; rv:11.0) like Gecko"
119.59.120.42 - - [21/Dec/2025:14:50:09 -0500] "POST /xmlrpc.php HTTP/1.0" 200 403 "-" "Mozilla/5.0 (Windows NT 6.1; Win64; x64) AppleWebKit/537.36 (KHTML, like Gecko) Chrome/65.0.3325.181 Safari/537.36 OPR/52.0.2871.64"
74.91.22.90 - - [21/Dec/2025:14:50:22 -0500] "POST /xmlrpc.php HTTP/1.0" 200 403 "-" "Mozilla/4.0 (compatible; MSIE 7.0; Windows NT 6.2; WOW64; Trident/7.0; .NET4.0C; .NET4.0E; InfoPath.3; .NET CLR 2.0.50727; .NET CLR 3.0.30729; .NET CLR 3.5.30729)"
74.91.22.90 - - [21/Dec/2025:14:50:24 -0500] "POST /xmlrpc.php HTTP/1.0" 200 403 "-" "Mozilla/4.0 (compatible; MSIE 7.0; Windows NT 6.2; WOW64; Trident/7.0; .NET4.0C; .NET4.0E; InfoPath.3; .NET CLR 2.0.50727; .NET CLR 3.0.30729; .NET CLR 3.5.30729)"
74.91.22.90 - - [21/Dec/2025:14:50:25 -0500] "POST /xmlrpc.php HTTP/1.0" 406 300 "-" "Mozilla/4.0 (compatible; MSIE 7.0; Windows NT 6.2; WOW64; Trident/7.0; .NET4.0C; .NET4.0E; InfoPath.3; .NET CLR 2.0.50727; .NET CLR 3.0.30729; .NET CLR 3.5.30729)"
173.231.242.79 - - [21/Dec/2025:15:03:28 -0500] "POST /wp-cron.php?doing_wp_cron=1766347408.7778930664062500000000 HTTP/1.0" 200 - "-" "WordPress/6.9; https://www.grandbassaparking.com"
160.250.186.193 - - [21/Dec/2025:15:03:26 -0500] "GET /wp-login.php HTTP/1.0" 200 1880 "-" "Mozilla/5.0 (Windows NT 10.0; Win64; x64) AppleWebKit/537.36 (KHTML, like Gecko) Chrome/130.0.0.0 Safari/537.36"
160.250.186.193 - - [21/Dec/2025:15:03:29 -0500] "POST /wp-login.php HTTP/1.0" 200 2001 "https://grandbassaparking.com/wp-login.php" "Mozilla/5.0 (Windows NT 10.0; Win64; x64) AppleWebKit/537.36 (KHTML, like Gecko) Chrome/130.0.0.0 Safari/537.36"
173.231.242.79 - - [21/Dec/2025:15:08:07 -0500] "POST /wp-cron.php?doing_wp_cron=1766347687.0907928943634033203125 HTTP/1.0" 200 - "-" "WordPress/6.9; https://www.grandbassaparking.com"
103.82.92.35 - - [21/Dec/2025:15:08:05 -0500] "GET /wp-login.php HTTP/1.0" 200 1880 "-" "Mozilla/5.0 (Windows NT 10.0; Win64; x64) AppleWebKit/537.36 (KHTML, like Gecko) Chrome/130.0.0.0 Safari/537.36"
103.82.92.35 - - [21/Dec/2025:15:08:08 -0500] "POST /wp-login.php HTTP/1.0" 200 2001 "https://grandbassaparking.com/wp-login.php" "Mozilla/5.0 (Windows NT 10.0; Win64; x64) AppleWebKit/537.36 (KHTML, like Gecko) Chrome/130.0.0.0 Safari/537.36"
173.231.242.79 - - [21/Dec/2025:15:08:51 -0500] "POST /wp-cron.php?doing_wp_cron=1766347731.6581959724426269531250 HTTP/1.0" 200 - "-" "WordPress/6.9; https://www.grandbassaparking.com"
67.227.192.78 - - [21/Dec/2025:15:08:50 -0500] "GET /wp-login.php HTTP/1.0" 200 1880 "-" "Mozilla/5.0 (Windows NT 10.0; Win64; x64) AppleWebKit/537.36 (KHTML, like Gecko) Chrome/130.0.0.0 Safari/537.36"
67.227.192.78 - - [21/Dec/2025:15:08:52 -0500] "POST /wp-login.php HTTP/1.0" 200 2001 "https://grandbassaparking.com/wp-login.php" "Mozilla/5.0 (Windows NT 10.0; Win64; x64) AppleWebKit/537.36 (KHTML, like Gecko) Chrome/130.0.0.0 Safari/537.36"
173.231.242.79 - - [21/Dec/2025:15:14:17 -0500] "POST /wp-cron.php?doing_wp_cron=1766348057.0260550975799560546875 HTTP/1.0" 200 - "-" "WordPress/6.9; https://www.grandbassaparking.com"
66.175.44.70 - - [21/Dec/2025:15:14:15 -0500] "GET /wp-login.php HTTP/1.0" 200 1880 "-" "Mozilla/5.0 (Windows NT 10.0; Win64; x64) AppleWebKit/537.36 (KHTML, like Gecko) Chrome/130.0.0.0 Safari/537.36"
66.175.44.70 - - [21/Dec/2025:15:14:17 -0500] "POST /wp-login.php HTTP/1.0" 200 2001 "https://grandbassaparking.com/wp-login.php" "Mozilla/5.0 (Windows NT 10.0; Win64; x64) AppleWebKit/537.36 (KHTML, like Gecko) Chrome/130.0.0.0 Safari/537.36"
173.231.242.79 - - [21/Dec/2025:15:16:17 -0500] "POST /wp-cron.php?doing_wp_cron=1766348177.8845748901367187500000 HTTP/1.0" 200 - "-" "WordPress/6.9; https://www.grandbassaparking.com"
160.250.186.135 - - [21/Dec/2025:15:16:15 -0500] "GET /wp-login.php HTTP/1.0" 200 1880 "-" "Mozilla/5.0 (Windows NT 10.0; Win64; x64) AppleWebKit/537.36 (KHTML, like Gecko) Chrome/130.0.0.0 Safari/537.36"
160.250.186.135 - - [21/Dec/2025:15:16:18 -0500] "POST /wp-login.php HTTP/1.0" 200 2001 "https://grandbassaparking.com/wp-login.php" "Mozilla/5.0 (Windows NT 10.0; Win64; x64) AppleWebKit/537.36 (KHTML, like Gecko) Chrome/130.0.0.0 Safari/537.36"
173.231.242.79 - - [21/Dec/2025:15:17:33 -0500] "POST /wp-cron.php?doing_wp_cron=1766348253.8347389698028564453125 HTTP/1.0" 200 - "-" "WordPress/6.9; https://www.grandbassaparking.com"
160.191.139.215 - - [21/Dec/2025:15:17:31 -0500] "GET /wp-login.php HTTP/1.0" 200 1880 "-" "Mozilla/5.0 (Windows NT 10.0; Win64; x64) AppleWebKit/537.36 (KHTML, like Gecko) Chrome/130.0.0.0 Safari/537.36"
160.191.139.215 - - [21/Dec/2025:15:17:34 -0500] "POST /wp-login.php HTTP/1.0" 200 2001 "https://grandbassaparking.com/wp-login.php" "Mozilla/5.0 (Windows NT 10.0; Win64; x64) AppleWebKit/537.36 (KHTML, like Gecko) Chrome/130.0.0.0 Safari/537.36"
173.231.242.79 - - [21/Dec/2025:15:18:15 -0500] "POST /wp-cron.php?doing_wp_cron=1766348295.1261689662933349609375 HTTP/1.0" 200 - "-" "WordPress/6.9; https://www.grandbassaparking.com"
161.248.201.51 - - [21/Dec/2025:15:18:13 -0500] "GET /wp-login.php HTTP/1.0" 200 1880 "-" "Mozilla/5.0 (Windows NT 10.0; Win64; x64) AppleWebKit/537.36 (KHTML, like Gecko) Chrome/130.0.0.0 Safari/537.36"
161.248.201.51 - - [21/Dec/2025:15:18:16 -0500] "POST /wp-login.php HTTP/1.0" 200 2001 "https://grandbassaparking.com/wp-login.php" "Mozilla/5.0 (Windows NT 10.0; Win64; x64) AppleWebKit/537.36 (KHTML, like Gecko) Chrome/130.0.0.0 Safari/537.36"
173.231.242.79 - - [21/Dec/2025:15:18:48 -0500] "POST /wp-cron.php?doing_wp_cron=1766348328.1681070327758789062500 HTTP/1.0" 200 - "-" "WordPress/6.9; https://www.grandbassaparking.com"
66.175.44.37 - - [21/Dec/2025:15:18:46 -0500] "GET /wp-login.php HTTP/1.0" 200 1880 "-" "Mozilla/5.0 (Windows NT 10.0; Win64; x64) AppleWebKit/537.36 (KHTML, like Gecko) Chrome/130.0.0.0 Safari/537.36"
66.175.44.37 - - [21/Dec/2025:15:18:48 -0500] "POST /wp-login.php HTTP/1.0" 200 2001 "https://grandbassaparking.com/wp-login.php" "Mozilla/5.0 (Windows NT 10.0; Win64; x64) AppleWebKit/537.36 (KHTML, like Gecko) Chrome/130.0.0.0 Safari/537.36"
173.231.242.79 - - [21/Dec/2025:15:23:25 -0500] "POST /wp-cron.php?doing_wp_cron=1766348605.6279430389404296875000 HTTP/1.0" 200 - "-" "WordPress/6.9; https://www.grandbassaparking.com"
160.250.186.135 - - [21/Dec/2025:15:23:23 -0500] "GET /wp-login.php HTTP/1.0" 200 1880 "-" "Mozilla/5.0 (Windows NT 10.0; Win64; x64) AppleWebKit/537.36 (KHTML, like Gecko) Chrome/130.0.0.0 Safari/537.36"
160.250.186.135 - - [21/Dec/2025:15:23:27 -0500] "POST /wp-login.php HTTP/1.0" 200 2001 "https://grandbassaparking.com/wp-login.php" "Mozilla/5.0 (Windows NT 10.0; Win64; x64) AppleWebKit/537.36 (KHTML, like Gecko) Chrome/130.0.0.0 Safari/537.36"
173.231.242.79 - - [21/Dec/2025:15:25:14 -0500] "POST /wp-cron.php?doing_wp_cron=1766348714.1076300144195556640625 HTTP/1.0" 200 - "-" "WordPress/6.9; https://www.grandbassaparking.com"
103.82.92.35 - - [21/Dec/2025:15:25:12 -0500] "GET /wp-login.php HTTP/1.0" 200 1880 "-" "Mozilla/5.0 (Windows NT 10.0; Win64; x64) AppleWebKit/537.36 (KHTML, like Gecko) Chrome/130.0.0.0 Safari/537.36"
103.82.92.35 - - [21/Dec/2025:15:25:15 -0500] "POST /wp-login.php HTTP/1.0" 200 2001 "https://grandbassaparking.com/wp-login.php" "Mozilla/5.0 (Windows NT 10.0; Win64; x64) AppleWebKit/537.36 (KHTML, like Gecko) Chrome/130.0.0.0 Safari/537.36"
173.231.242.79 - - [21/Dec/2025:15:28:20 -0500] "POST /wp-cron.php?doing_wp_cron=1766348900.5479118824005126953125 HTTP/1.0" 200 - "-" "WordPress/6.9; https://www.grandbassaparking.com"
103.82.92.35 - - [21/Dec/2025:15:28:19 -0500] "GET /wp-login.php HTTP/1.0" 200 1880 "-" "Mozilla/5.0 (Windows NT 10.0; Win64; x64) AppleWebKit/537.36 (KHTML, like Gecko) Chrome/130.0.0.0 Safari/537.36"
103.82.92.35 - - [21/Dec/2025:15:28:21 -0500] "POST /wp-login.php HTTP/1.0" 200 2001 "https://grandbassaparking.com/wp-login.php" "Mozilla/5.0 (Windows NT 10.0; Win64; x64) AppleWebKit/537.36 (KHTML, like Gecko) Chrome/130.0.0.0 Safari/537.36"
173.231.242.79 - - [21/Dec/2025:15:31:51 -0500] "POST /wp-cron.php?doing_wp_cron=1766349111.0242509841918945312500 HTTP/1.0" 200 - "-" "WordPress/6.9; https://www.grandbassaparking.com"
51.75.236.131 - - [21/Dec/2025:15:31:48 -0500] "GET /shop/heavy-duty-telehandler-copy-copy-copy/ HTTP/1.0" 200 36204 "-" "Mozilla/5.0 (compatible; AhrefsBot/7.0; +http://ahrefs.com/robot/)"
173.231.242.79 - - [21/Dec/2025:15:35:02 -0500] "POST /wp-cron.php?doing_wp_cron=1766349302.8849959373474121093750 HTTP/1.0" 200 - "-" "WordPress/6.9; https://www.grandbassaparking.com"
148.113.37.117 - - [21/Dec/2025:15:35:01 -0500] "GET /wp-login.php HTTP/1.0" 200 1880 "-" "Mozilla/5.0 (Macintosh; Intel Mac OS X 10_12_3) AppleWebKit/602.4.8 (KHTML, like Gecko) Version/10.0.3 Safari/602.4.8"
148.113.37.117 - - [21/Dec/2025:15:35:03 -0500] "POST /wp-login.php HTTP/1.0" 200 2011 "https://grandbassaparking.com/wp-login.php" "Mozilla/5.0 (Macintosh; Intel Mac OS X 10_12_3) AppleWebKit/602.4.8 (KHTML, like Gecko) Version/10.0.3 Safari/602.4.8"
173.231.242.79 - - [21/Dec/2025:15:35:59 -0500] "POST /wp-cron.php?doing_wp_cron=1766349359.0648009777069091796875 HTTP/1.0" 200 - "-" "WordPress/6.9; https://www.grandbassaparking.com"
66.175.44.37 - - [21/Dec/2025:15:35:57 -0500] "GET /wp-login.php HTTP/1.0" 200 1880 "-" "Mozilla/5.0 (Windows NT 10.0; Win64; x64) AppleWebKit/537.36 (KHTML, like Gecko) Chrome/130.0.0.0 Safari/537.36"
66.175.44.37 - - [21/Dec/2025:15:35:59 -0500] "POST /wp-login.php HTTP/1.0" 200 2001 "https://grandbassaparking.com/wp-login.php" "Mozilla/5.0 (Windows NT 10.0; Win64; x64) AppleWebKit/537.36 (KHTML, like Gecko) Chrome/130.0.0.0 Safari/537.36"
173.231.242.79 - - [21/Dec/2025:15:38:06 -0500] "POST /wp-cron.php?doing_wp_cron=1766349486.8265469074249267578125 HTTP/1.0" 200 - "-" "WordPress/6.9; https://www.grandbassaparking.com"
164.90.229.64 - - [21/Dec/2025:15:38:05 -0500] "GET /wp-login.php HTTP/1.0" 200 1880 "-" "Mozilla/5.0 (Windows NT 10.0; Win64; x64) AppleWebKit/537.36 (KHTML, like Gecko) Chrome/130.0.0.0 Safari/537.36"
164.90.229.64 - - [21/Dec/2025:15:38:07 -0500] "POST /wp-login.php HTTP/1.0" 200 2001 "https://grandbassaparking.com/wp-login.php" "Mozilla/5.0 (Windows NT 10.0; Win64; x64) AppleWebKit/537.36 (KHTML, like Gecko) Chrome/130.0.0.0 Safari/537.36"
173.231.242.79 - - [21/Dec/2025:15:43:27 -0500] "POST /wp-cron.php?doing_wp_cron=1766349807.3831629753112792968750 HTTP/1.0" 200 - "-" "WordPress/6.9; https://www.grandbassaparking.com"
163.223.13.96 - - [21/Dec/2025:15:43:25 -0500] "GET /wp-login.php HTTP/1.0" 200 1880 "-" "Mozilla/5.0 (Windows NT 10.0; Win64; x64) AppleWebKit/537.36 (KHTML, like Gecko) Chrome/130.0.0.0 Safari/537.36"
163.223.13.96 - - [21/Dec/2025:15:43:29 -0500] "POST /wp-login.php HTTP/1.0" 200 2001 "https://grandbassaparking.com/wp-login.php" "Mozilla/5.0 (Windows NT 10.0; Win64; x64) AppleWebKit/537.36 (KHTML, like Gecko) Chrome/130.0.0.0 Safari/537.36"
173.231.242.79 - - [21/Dec/2025:15:46:14 -0500] "POST /wp-cron.php?doing_wp_cron=1766349974.2834780216217041015625 HTTP/1.0" 200 - "-" "WordPress/6.9; https://www.grandbassaparking.com"
154.12.253.211 - - [21/Dec/2025:15:46:12 -0500] "GET /wp-login.php HTTP/1.0" 200 1880 "-" "Mozilla/5.0 (Windows NT 10.0; Win64; x64) AppleWebKit/537.36 (KHTML, like Gecko) Chrome/130.0.0.0 Safari/537.36"
154.12.253.211 - - [21/Dec/2025:15:46:15 -0500] "POST /wp-login.php HTTP/1.0" 200 2001 "https://grandbassaparking.com/wp-login.php" "Mozilla/5.0 (Windows NT 10.0; Win64; x64) AppleWebKit/537.36 (KHTML, like Gecko) Chrome/130.0.0.0 Safari/537.36"
173.231.242.79 - - [21/Dec/2025:15:48:58 -0500] "POST /wp-cron.php?doing_wp_cron=1766350138.0096011161804199218750 HTTP/1.0" 200 - "-" "WordPress/6.9; https://www.grandbassaparking.com"
35.195.201.3 - - [21/Dec/2025:15:48:56 -0500] "GET /wp-login.php HTTP/1.0" 200 1880 "-" "Mozilla/5.0 (Windows NT 10.0; Win64; x64) AppleWebKit/537.36 (KHTML, like Gecko) Chrome/130.0.0.0 Safari/537.36"
35.195.201.3 - - [21/Dec/2025:15:48:58 -0500] "POST /wp-login.php HTTP/1.0" 200 2001 "https://grandbassaparking.com/wp-login.php" "Mozilla/5.0 (Windows NT 10.0; Win64; x64) AppleWebKit/537.36 (KHTML, like Gecko) Chrome/130.0.0.0 Safari/537.36"
173.231.242.79 - - [21/Dec/2025:15:54:55 -0500] "POST /wp-cron.php?doing_wp_cron=1766350495.6442480087280273437500 HTTP/1.0" 200 - "-" "WordPress/6.9; https://www.grandbassaparking.com"
164.90.229.64 - - [21/Dec/2025:15:54:53 -0500] "GET /wp-login.php HTTP/1.0" 200 1880 "-" "Mozilla/5.0 (Windows NT 10.0; Win64; x64) AppleWebKit/537.36 (KHTML, like Gecko) Chrome/130.0.0.0 Safari/537.36"
164.90.229.64 - - [21/Dec/2025:15:54:56 -0500] "POST /wp-login.php HTTP/1.0" 200 2001 "https://grandbassaparking.com/wp-login.php" "Mozilla/5.0 (Windows NT 10.0; Win64; x64) AppleWebKit/537.36 (KHTML, like Gecko) Chrome/130.0.0.0 Safari/537.36"
173.231.242.79 - - [21/Dec/2025:15:58:28 -0500] "POST /wp-cron.php?doing_wp_cron=1766350708.4904510974884033203125 HTTP/1.0" 200 - "-" "WordPress/6.9; https://www.grandbassaparking.com"
162.241.253.60 - - [21/Dec/2025:15:58:26 -0500] "GET /wp-login.php HTTP/1.0" 200 1880 "-" "Mozilla/5.0 (Windows NT 10.0; Win64; x64) AppleWebKit/537.36 (KHTML, like Gecko) Chrome/130.0.0.0 Safari/537.36"
162.241.253.60 - - [21/Dec/2025:15:58:29 -0500] "POST /wp-login.php HTTP/1.0" 200 2001 "https://grandbassaparking.com/wp-login.php" "Mozilla/5.0 (Windows NT 10.0; Win64; x64) AppleWebKit/537.36 (KHTML, like Gecko) Chrome/130.0.0.0 Safari/537.36"
103.59.160.170 - - [21/Dec/2025:16:00:06 -0500] "GET /wp-login.php HTTP/1.0" 200 1880 "-" "Mozilla/5.0 (Windows NT 10.0; Win64; x64) AppleWebKit/537.36 (KHTML, like Gecko) Chrome/130.0.0.0 Safari/537.36"
173.231.242.79 - - [21/Dec/2025:16:00:08 -0500] "POST /wp-cron.php?doing_wp_cron=1766350808.2412369251251220703125 HTTP/1.0" 200 - "-" "WordPress/6.9; https://www.grandbassaparking.com"
103.59.160.170 - - [21/Dec/2025:16:00:09 -0500] "POST /wp-login.php HTTP/1.0" 200 2001 "https://grandbassaparking.com/wp-login.php" "Mozilla/5.0 (Windows NT 10.0; Win64; x64) AppleWebKit/537.36 (KHTML, like Gecko) Chrome/130.0.0.0 Safari/537.36"
173.231.242.79 - - [21/Dec/2025:16:02:31 -0500] "POST /wp-cron.php?doing_wp_cron=1766350951.8174540996551513671875 HTTP/1.0" 200 - "-" "WordPress/6.9; https://www.grandbassaparking.com"
187.115.88.131 - - [21/Dec/2025:16:02:30 -0500] "GET /wp-login.php HTTP/1.0" 200 1880 "-" "Mozilla/5.0 (Windows NT 10.0; Win64; x64) AppleWebKit/537.36 (KHTML, like Gecko) Chrome/130.0.0.0 Safari/537.36"
187.115.88.131 - - [21/Dec/2025:16:02:32 -0500] "POST /wp-login.php HTTP/1.0" 200 2001 "https://grandbassaparking.com/wp-login.php" "Mozilla/5.0 (Windows NT 10.0; Win64; x64) AppleWebKit/537.36 (KHTML, like Gecko) Chrome/130.0.0.0 Safari/537.36"
173.231.242.79 - - [21/Dec/2025:16:05:58 -0500] "POST /wp-cron.php?doing_wp_cron=1766351158.1727840900421142578125 HTTP/1.0" 200 - "-" "WordPress/6.9; https://www.grandbassaparking.com"
160.191.139.215 - - [21/Dec/2025:16:05:56 -0500] "GET /wp-login.php HTTP/1.0" 200 1880 "-" "Mozilla/5.0 (Windows NT 10.0; Win64; x64) AppleWebKit/537.36 (KHTML, like Gecko) Chrome/130.0.0.0 Safari/537.36"
160.191.139.215 - - [21/Dec/2025:16:05:59 -0500] "POST /wp-login.php HTTP/1.0" 200 2001 "https://grandbassaparking.com/wp-login.php" "Mozilla/5.0 (Windows NT 10.0; Win64; x64) AppleWebKit/537.36 (KHTML, like Gecko) Chrome/130.0.0.0 Safari/537.36"
173.231.242.79 - - [21/Dec/2025:16:09:55 -0500] "POST /wp-cron.php?doing_wp_cron=1766351395.1339650154113769531250 HTTP/1.0" 200 - "-" "WordPress/6.9; https://www.grandbassaparking.com"
15.235.203.43 - - [21/Dec/2025:16:09:51 -0500] "GET /wp-login.php HTTP/1.0" 200 1880 "-" "Mozilla/5.0 (Windows NT 10.0; Win64; x64) AppleWebKit/537.36 (KHTML, like Gecko) Chrome/130.0.0.0 Safari/537.36"
15.235.203.43 - - [21/Dec/2025:16:09:55 -0500] "POST /wp-login.php HTTP/1.0" 200 2001 "https://grandbassaparking.com/wp-login.php" "Mozilla/5.0 (Windows NT 10.0; Win64; x64) AppleWebKit/537.36 (KHTML, like Gecko) Chrome/130.0.0.0 Safari/537.36"
160.191.139.215 - - [21/Dec/2025:16:10:28 -0500] "GET /wp-login.php HTTP/1.0" 200 1880 "-" "Mozilla/5.0 (Windows NT 10.0; Win64; x64) AppleWebKit/537.36 (KHTML, like Gecko) Chrome/130.0.0.0 Safari/537.36"
173.231.242.79 - - [21/Dec/2025:16:10:34 -0500] "POST /wp-cron.php?doing_wp_cron=1766351434.5536909103393554687500 HTTP/1.0" 200 - "-" "WordPress/6.9; https://www.grandbassaparking.com"
160.191.139.215 - - [21/Dec/2025:16:10:33 -0500] "POST /wp-login.php HTTP/1.0" 200 2001 "https://grandbassaparking.com/wp-login.php" "Mozilla/5.0 (Windows NT 10.0; Win64; x64) AppleWebKit/537.36 (KHTML, like Gecko) Chrome/130.0.0.0 Safari/537.36"
103.59.160.170 - - [21/Dec/2025:16:10:45 -0500] "GET /wp-login.php HTTP/1.0" 200 1880 "-" "Mozilla/5.0 (Windows NT 10.0; Win64; x64) AppleWebKit/537.36 (KHTML, like Gecko) Chrome/130.0.0.0 Safari/537.36"
103.59.160.170 - - [21/Dec/2025:16:10:47 -0500] "POST /wp-login.php HTTP/1.0" 200 2001 "https://grandbassaparking.com/wp-login.php" "Mozilla/5.0 (Windows NT 10.0; Win64; x64) AppleWebKit/537.36 (KHTML, like Gecko) Chrome/130.0.0.0 Safari/537.36"
163.223.13.39 - - [21/Dec/2025:16:10:57 -0500] "POST /xmlrpc.php HTTP/1.0" 200 403 "-" "Mozilla/5.0 (Windows NT 10.0; Win64; x64) AppleWebKit/537.36 (KHTML, like Gecko) Chrome/68.0.3440.106 Safari/537.36"
163.223.13.39 - - [21/Dec/2025:16:11:00 -0500] "POST /xmlrpc.php HTTP/1.0" 200 403 "-" "Mozilla/5.0 (Windows NT 10.0; Win64; x64) AppleWebKit/537.36 (KHTML, like Gecko) Chrome/68.0.3440.106 Safari/537.36"
163.223.13.39 - - [21/Dec/2025:16:11:04 -0500] "POST /xmlrpc.php HTTP/1.0" 200 403 "-" "Mozilla/5.0 (Windows NT 10.0; Win64; x64) AppleWebKit/537.36 (KHTML, like Gecko) Chrome/68.0.3440.106 Safari/537.36"
173.231.242.79 - - [21/Dec/2025:16:12:03 -0500] "POST /wp-cron.php?doing_wp_cron=1766351523.2620511054992675781250 HTTP/1.0" 200 - "-" "WordPress/6.9; https://www.grandbassaparking.com"
5.175.45.198 - - [21/Dec/2025:16:12:01 -0500] "GET /wp-login.php HTTP/1.0" 200 1880 "-" "Mozilla/5.0 (Windows NT 10.0; Win64; x64) AppleWebKit/537.36 (KHTML, like Gecko) Chrome/130.0.0.0 Safari/537.36"
5.175.45.198 - - [21/Dec/2025:16:12:03 -0500] "POST /wp-login.php HTTP/1.0" 200 2001 "https://grandbassaparking.com/wp-login.php" "Mozilla/5.0 (Windows NT 10.0; Win64; x64) AppleWebKit/537.36 (KHTML, like Gecko) Chrome/130.0.0.0 Safari/537.36"
149.104.21.4 - - [21/Dec/2025:16:12:27 -0500] "POST /xmlrpc.php HTTP/1.0" 406 300 "-" "Mozilla/5.0 (Windows NT 6.1; WOW64; rv:41.0) Gecko/20100101 Firefox/41.0"
149.104.21.4 - - [21/Dec/2025:16:12:29 -0500] "POST /xmlrpc.php HTTP/1.0" 200 403 "-" "Mozilla/5.0 (Windows NT 6.1; WOW64; rv:41.0) Gecko/20100101 Firefox/41.0"
173.231.242.79 - - [21/Dec/2025:16:12:33 -0500] "POST /wp-cron.php?doing_wp_cron=1766351553.7207920551300048828125 HTTP/1.0" 200 - "-" "WordPress/6.9; https://www.grandbassaparking.com"
149.104.21.4 - - [21/Dec/2025:16:12:32 -0500] "POST /xmlrpc.php HTTP/1.0" 200 403 "-" "Mozilla/5.0 (Windows NT 6.1; WOW64; rv:41.0) Gecko/20100101 Firefox/41.0"
173.231.242.79 - - [21/Dec/2025:16:14:24 -0500] "POST /wp-cron.php?doing_wp_cron=1766351664.4865689277648925781250 HTTP/1.0" 200 - "-" "WordPress/6.9; https://www.grandbassaparking.com"
87.121.113.61 - - [21/Dec/2025:16:14:22 -0500] "GET /wp-login.php HTTP/1.0" 200 1880 "-" "Mozilla/4.0 (compatible; MSIE 7.0; Windows NT 6.1; WOW64; Trident/7.0; SLCC2; .NET CLR 2.0.50727; .NET CLR 3.5.30729; .NET CLR 3.0.30729; InfoPath.2; .NET4.0C; .NET4.0E)"
87.121.113.61 - - [21/Dec/2025:16:14:24 -0500] "POST /wp-login.php HTTP/1.0" 200 2009 "https://grandbassaparking.com/wp-login.php" "Mozilla/4.0 (compatible; MSIE 7.0; Windows NT 6.1; WOW64; Trident/7.0; SLCC2; .NET CLR 2.0.50727; .NET CLR 3.5.30729; .NET CLR 3.0.30729; InfoPath.2; .NET4.0C; .NET4.0E)"
173.231.242.79 - - [21/Dec/2025:16:19:40 -0500] "POST /wp-cron.php?doing_wp_cron=1766351980.3532850742340087890625 HTTP/1.0" 200 - "-" "WordPress/6.9; https://www.grandbassaparking.com"
66.175.44.70 - - [21/Dec/2025:16:19:38 -0500] "POST /xmlrpc.php HTTP/1.0" 200 225 "-" "Mozilla/5.0 (Windows NT 6.1; Win64; x64) AppleWebKit/537.36 (KHTML, like Gecko) Chrome/66.0.3359.117 Safari/537.36"
173.231.242.79 - - [21/Dec/2025:16:21:27 -0500] "POST /wp-cron.php?doing_wp_cron=1766352086.9719629287719726562500 HTTP/1.0" 200 - "-" "WordPress/6.9; https://www.grandbassaparking.com"
142.112.61.80 - - [21/Dec/2025:16:21:25 -0500] "GET /wp-login.php HTTP/1.0" 200 1880 "-" "Mozilla/5.0 (Windows NT 10.0; Win64; x64) AppleWebKit/537.36 (KHTML, like Gecko) Chrome/130.0.0.0 Safari/537.36"
142.112.61.80 - - [21/Dec/2025:16:21:28 -0500] "POST /wp-login.php HTTP/1.0" 200 2001 "https://grandbassaparking.com/wp-login.php" "Mozilla/5.0 (Windows NT 10.0; Win64; x64) AppleWebKit/537.36 (KHTML, like Gecko) Chrome/130.0.0.0 Safari/537.36"
173.231.242.79 - - [21/Dec/2025:16:25:29 -0500] "POST /wp-cron.php?doing_wp_cron=1766352329.0854969024658203125000 HTTP/1.0" 200 - "-" "WordPress/6.9; https://www.grandbassaparking.com"
164.90.229.64 - - [21/Dec/2025:16:25:27 -0500] "GET /wp-login.php HTTP/1.0" 200 1880 "-" "Mozilla/5.0 (Windows NT 10.0; Win64; x64) AppleWebKit/537.36 (KHTML, like Gecko) Chrome/130.0.0.0 Safari/537.36"
164.90.229.64 - - [21/Dec/2025:16:25:29 -0500] "POST /wp-login.php HTTP/1.0" 200 2001 "https://grandbassaparking.com/wp-login.php" "Mozilla/5.0 (Windows NT 10.0; Win64; x64) AppleWebKit/537.36 (KHTML, like Gecko) Chrome/130.0.0.0 Safari/537.36"
173.231.242.79 - - [21/Dec/2025:16:28:11 -0500] "POST /wp-cron.php?doing_wp_cron=1766352491.0044589042663574218750 HTTP/1.0" 200 - "-" "WordPress/6.9; https://www.grandbassaparking.com"
107.151.247.185 - - [21/Dec/2025:16:28:08 -0500] "GET /wp-login.php HTTP/1.0" 200 1880 "-" "Mozilla/5.0 (Windows NT 10.0; Win64; x64) AppleWebKit/537.36 (KHTML, like Gecko) Chrome/130.0.0.0 Safari/537.36"
107.151.247.185 - - [21/Dec/2025:16:28:24 -0500] "POST /wp-login.php HTTP/1.0" 200 2001 "https://grandbassaparking.com/wp-login.php" "Mozilla/5.0 (Windows NT 10.0; Win64; x64) AppleWebKit/537.36 (KHTML, like Gecko) Chrome/130.0.0.0 Safari/537.36"
173.231.242.79 - - [21/Dec/2025:16:32:20 -0500] "POST /wp-cron.php?doing_wp_cron=1766352740.2878289222717285156250 HTTP/1.0" 200 - "-" "WordPress/6.9; https://www.grandbassaparking.com"
65.181.111.160 - - [21/Dec/2025:16:32:18 -0500] "GET /wp-login.php HTTP/1.0" 200 1880 "-" "Mozilla/5.0 (Windows NT 10.0; Win64; x64) AppleWebKit/537.36 (KHTML, like Gecko) Chrome/130.0.0.0 Safari/537.36"
173.231.242.79 - - [21/Dec/2025:16:34:59 -0500] "POST /wp-cron.php?doing_wp_cron=1766352899.0743839740753173828125 HTTP/1.0" 200 - "-" "WordPress/6.9; https://www.grandbassaparking.com"
173.236.230.187 - - [21/Dec/2025:16:34:57 -0500] "GET /wp-login.php HTTP/1.0" 200 1880 "-" "Mozilla/5.0 (Windows NT 10.0; Win64; x64) AppleWebKit/537.36 (KHTML, like Gecko) Chrome/64.0.3282.140 Safari/537.36 Edge/17.17134"
173.236.230.187 - - [21/Dec/2025:16:34:59 -0500] "POST /wp-login.php HTTP/1.0" 200 2011 "https://grandbassaparking.com/wp-login.php" "Mozilla/5.0 (Windows NT 10.0; Win64; x64) AppleWebKit/537.36 (KHTML, like Gecko) Chrome/64.0.3282.140 Safari/537.36 Edge/17.17134"
173.231.242.79 - - [21/Dec/2025:16:36:03 -0500] "POST /wp-cron.php?doing_wp_cron=1766352963.4664781093597412109375 HTTP/1.0" 200 - "-" "WordPress/6.9; https://www.grandbassaparking.com"
103.159.85.179 - - [21/Dec/2025:16:36:01 -0500] "GET /wp-login.php HTTP/1.0" 200 1880 "-" "Mozilla/5.0 (Windows NT 10.0; Win64; x64) AppleWebKit/537.36 (KHTML, like Gecko) Chrome/130.0.0.0 Safari/537.36"
103.159.85.179 - - [21/Dec/2025:16:36:05 -0500] "POST /wp-login.php HTTP/1.0" 200 2001 "https://grandbassaparking.com/wp-login.php" "Mozilla/5.0 (Windows NT 10.0; Win64; x64) AppleWebKit/537.36 (KHTML, like Gecko) Chrome/130.0.0.0 Safari/537.36"
173.231.242.79 - - [21/Dec/2025:16:38:45 -0500] "POST /wp-cron.php?doing_wp_cron=1766353125.4976749420166015625000 HTTP/1.0" 200 - "-" "WordPress/6.9; https://www.grandbassaparking.com"
160.191.139.215 - - [21/Dec/2025:16:38:44 -0500] "GET /wp-login.php HTTP/1.0" 200 1880 "-" "Mozilla/5.0 (Windows NT 10.0; Win64; x64) AppleWebKit/537.36 (KHTML, like Gecko) Chrome/130.0.0.0 Safari/537.36"
160.191.139.215 - - [21/Dec/2025:16:38:46 -0500] "POST /wp-login.php HTTP/1.0" 200 2001 "https://grandbassaparking.com/wp-login.php" "Mozilla/5.0 (Windows NT 10.0; Win64; x64) AppleWebKit/537.36 (KHTML, like Gecko) Chrome/130.0.0.0 Safari/537.36"
34.247.172.200 - - [21/Dec/2025:16:38:50 -0500] "GET /wp-login.php HTTP/1.0" 200 1880 "-" "Mozilla/5.0 (Windows NT 10.0; Win64; x64) AppleWebKit/537.36 (KHTML, like Gecko) Chrome/130.0.0.0 Safari/537.36"
34.247.172.200 - - [21/Dec/2025:16:38:56 -0500] "POST /wp-login.php HTTP/1.0" 200 2001 "https://grandbassaparking.com/wp-login.php" "Mozilla/5.0 (Windows NT 10.0; Win64; x64) AppleWebKit/537.36 (KHTML, like Gecko) Chrome/130.0.0.0 Safari/537.36"
173.231.242.79 - - [21/Dec/2025:16:39:51 -0500] "POST /wp-cron.php?doing_wp_cron=1766353191.1890430450439453125000 HTTP/1.0" 200 - "-" "WordPress/6.9; https://www.grandbassaparking.com"
103.28.36.105 - - [21/Dec/2025:16:39:49 -0500] "GET /wp-login.php HTTP/1.0" 200 1880 "-" "Mozilla/5.0 (Windows NT 10.0; Win64; x64) AppleWebKit/537.36 (KHTML, like Gecko) Chrome/130.0.0.0 Safari/537.36"
103.28.36.105 - - [21/Dec/2025:16:39:55 -0500] "POST /wp-login.php HTTP/1.0" 200 2001 "https://grandbassaparking.com/wp-login.php" "Mozilla/5.0 (Windows NT 10.0; Win64; x64) AppleWebKit/537.36 (KHTML, like Gecko) Chrome/130.0.0.0 Safari/537.36"
173.231.242.79 - - [21/Dec/2025:16:42:03 -0500] "POST /wp-cron.php?doing_wp_cron=1766353323.7073349952697753906250 HTTP/1.0" 200 - "-" "WordPress/6.9; https://www.grandbassaparking.com"
139.177.229.1 - - [21/Dec/2025:16:42:01 -0500] "GET /wp-json/wp/v2/posts HTTP/1.0" 200 49797 "-" "Mozilla/5.0 (Windows NT 10.0; Win64; x64) AppleWebKit/537.36 (KHTML, like Gecko) Chrome/120.0.0.0 Safari/537.36"
139.177.229.1 - - [21/Dec/2025:16:42:04 -0500] "POST /wp-comments-post.php HTTP/1.0" 302 - "-" "Mozilla/5.0 (Windows NT 10.0; Win64; x64) AppleWebKit/537.36 (KHTML, like Gecko) Chrome/120.0.0.0 Safari/537.36"
139.177.229.1 - - [21/Dec/2025:16:42:05 -0500] "POST /wp-comments-post.php HTTP/1.0" 429 2512 "-" "Mozilla/5.0 (Windows NT 10.0; Win64; x64) AppleWebKit/537.36 (KHTML, like Gecko) Chrome/120.0.0.0 Safari/537.36"
139.177.229.1 - - [21/Dec/2025:16:42:13 -0500] "POST /wp-comments-post.php HTTP/1.0" 429 2512 "-" "Mozilla/5.0 (Windows NT 10.0; Win64; x64) AppleWebKit/537.36 (KHTML, like Gecko) Chrome/120.0.0.0 Safari/537.36"
139.177.229.1 - - [21/Dec/2025:16:42:25 -0500] "POST /wp-comments-post.php HTTP/1.0" 302 - "-" "Mozilla/5.0 (Windows NT 10.0; Win64; x64) AppleWebKit/537.36 (KHTML, like Gecko) Chrome/120.0.0.0 Safari/537.36"
139.177.229.1 - - [21/Dec/2025:16:42:27 -0500] "POST /wp-comments-post.php HTTP/1.0" 429 2512 "-" "Mozilla/5.0 (Windows NT 10.0; Win64; x64) AppleWebKit/537.36 (KHTML, like Gecko) Chrome/120.0.0.0 Safari/537.36"
173.231.242.79 - - [21/Dec/2025:16:55:05 -0500] "POST /wp-cron.php?doing_wp_cron=1766354105.7851130962371826171875 HTTP/1.0" 200 - "-" "WordPress/6.9; https://www.grandbassaparking.com"
103.221.221.121 - - [21/Dec/2025:16:55:03 -0500] "GET /wp-login.php HTTP/1.0" 200 1880 "-" "Mozilla/5.0 (Windows NT 10.0; Win64; x64) AppleWebKit/537.36 (KHTML, like Gecko) Chrome/130.0.0.0 Safari/537.36"
103.221.221.121 - - [21/Dec/2025:16:55:06 -0500] "POST /wp-login.php HTTP/1.0" 200 2001 "https://grandbassaparking.com/wp-login.php" "Mozilla/5.0 (Windows NT 10.0; Win64; x64) AppleWebKit/537.36 (KHTML, like Gecko) Chrome/130.0.0.0 Safari/537.36"
173.231.242.79 - - [21/Dec/2025:16:55:40 -0500] "POST /wp-cron.php?doing_wp_cron=1766354140.0543599128723144531250 HTTP/1.0" 200 - "-" "WordPress/6.9; https://www.grandbassaparking.com"
103.59.160.170 - - [21/Dec/2025:16:55:38 -0500] "GET /wp-login.php HTTP/1.0" 200 1880 "-" "Mozilla/5.0 (Windows NT 10.0; Win64; x64) AppleWebKit/537.36 (KHTML, like Gecko) Chrome/130.0.0.0 Safari/537.36"
103.59.160.170 - - [21/Dec/2025:16:55:40 -0500] "POST /wp-login.php HTTP/1.0" 200 2001 "https://grandbassaparking.com/wp-login.php" "Mozilla/5.0 (Windows NT 10.0; Win64; x64) AppleWebKit/537.36 (KHTML, like Gecko) Chrome/130.0.0.0 Safari/537.36"
213.157.205.208 - - [21/Dec/2025:16:56:13 -0500] "GET /wp-login.php HTTP/1.0" 200 1880 "-" "Mozilla/5.0 (Windows NT 10.0; Win64; x64) AppleWebKit/537.36 (KHTML, like Gecko) Chrome/130.0.0.0 Safari/537.36"
213.157.205.208 - - [21/Dec/2025:16:56:15 -0500] "POST /wp-login.php HTTP/1.0" 200 2001 "https://grandbassaparking.com/wp-login.php" "Mozilla/5.0 (Windows NT 10.0; Win64; x64) AppleWebKit/537.36 (KHTML, like Gecko) Chrome/130.0.0.0 Safari/537.36"
173.231.242.79 - - [21/Dec/2025:16:57:33 -0500] "POST /wp-cron.php?doing_wp_cron=1766354253.3712608814239501953125 HTTP/1.0" 200 - "-" "WordPress/6.9; https://www.grandbassaparking.com"
154.12.253.211 - - [21/Dec/2025:16:57:31 -0500] "GET /wp-login.php HTTP/1.0" 200 1880 "-" "Mozilla/5.0 (Windows NT 10.0; Win64; x64) AppleWebKit/537.36 (KHTML, like Gecko) Chrome/130.0.0.0 Safari/537.36"
154.12.253.211 - - [21/Dec/2025:16:57:34 -0500] "POST /wp-login.php HTTP/1.0" 200 2001 "https://grandbassaparking.com/wp-login.php" "Mozilla/5.0 (Windows NT 10.0; Win64; x64) AppleWebKit/537.36 (KHTML, like Gecko) Chrome/130.0.0.0 Safari/537.36"
173.231.242.79 - - [21/Dec/2025:17:00:31 -0500] "POST /wp-cron.php?doing_wp_cron=1766354431.1933629512786865234375 HTTP/1.0" 200 - "-" "WordPress/6.9; https://www.grandbassaparking.com"
66.175.44.62 - - [21/Dec/2025:17:00:29 -0500] "GET /wp-login.php HTTP/1.0" 200 1880 "-" "Mozilla/5.0 (Windows NT 10.0; Win64; x64) AppleWebKit/537.36 (KHTML, like Gecko) Chrome/130.0.0.0 Safari/537.36"
173.231.242.79 - - [21/Dec/2025:17:00:36 -0500] "POST /wp-cron.php?doing_wp_cron=1766354436.5314009189605712890625 HTTP/1.0" 200 - "-" "WordPress/6.9; https://www.grandbassaparking.com"
66.175.44.62 - - [21/Dec/2025:17:00:35 -0500] "POST /wp-login.php HTTP/1.0" 200 2001 "https://grandbassaparking.com/wp-login.php" "Mozilla/5.0 (Windows NT 10.0; Win64; x64) AppleWebKit/537.36 (KHTML, like Gecko) Chrome/130.0.0.0 Safari/537.36"
173.231.242.79 - - [21/Dec/2025:17:04:13 -0500] "POST /wp-cron.php?doing_wp_cron=1766354653.0684518814086914062500 HTTP/1.0" 200 - "-" "WordPress/6.9; https://www.grandbassaparking.com"
187.115.88.131 - - [21/Dec/2025:17:04:11 -0500] "GET /wp-login.php HTTP/1.0" 200 1880 "-" "Mozilla/5.0 (Windows NT 10.0; Win64; x64) AppleWebKit/537.36 (KHTML, like Gecko) Chrome/130.0.0.0 Safari/537.36"
187.115.88.131 - - [21/Dec/2025:17:04:13 -0500] "POST /wp-login.php HTTP/1.0" 200 2001 "https://grandbassaparking.com/wp-login.php" "Mozilla/5.0 (Windows NT 10.0; Win64; x64) AppleWebKit/537.36 (KHTML, like Gecko) Chrome/130.0.0.0 Safari/537.36"
173.231.242.79 - - [21/Dec/2025:17:05:41 -0500] "POST /wp-cron.php?doing_wp_cron=1766354741.4533910751342773437500 HTTP/1.0" 200 - "-" "WordPress/6.9; https://www.grandbassaparking.com"
34.46.214.79 - - [21/Dec/2025:17:05:39 -0500] "GET / HTTP/1.0" 301 - "-" "Mozilla/5.0 (compatible; NotionDomainChecker/1.0)"
34.46.214.79 - - [21/Dec/2025:17:05:41 -0500] "GET / HTTP/1.0" 200 37553 "-" "Mozilla/5.0 (compatible; NotionDomainChecker/1.0)"
173.231.242.79 - - [21/Dec/2025:17:19:20 -0500] "POST /wp-cron.php?doing_wp_cron=1766355560.5794970989227294921875 HTTP/1.0" 200 - "-" "WordPress/6.9; https://www.grandbassaparking.com"
109.234.160.91 - - [21/Dec/2025:17:19:18 -0500] "GET /wp-login.php HTTP/1.0" 200 1880 "-" "Mozilla/5.0 (Windows NT 6.1; WOW64) AppleWebKit/537.36 (KHTML, like Gecko) Chrome/66.0.3359.139 Safari/537.36"
109.234.160.91 - - [21/Dec/2025:17:19:23 -0500] "POST /wp-login.php HTTP/1.0" 200 2011 "https://grandbassaparking.com/wp-login.php" "Mozilla/5.0 (Windows NT 6.1; WOW64) AppleWebKit/537.36 (KHTML, like Gecko) Chrome/66.0.3359.139 Safari/537.36"
173.231.242.79 - - [21/Dec/2025:17:22:55 -0500] "POST /wp-cron.php?doing_wp_cron=1766355775.7101919651031494140625 HTTP/1.0" 200 - "-" "WordPress/6.9; https://www.grandbassaparking.com"
160.191.139.215 - - [21/Dec/2025:17:22:53 -0500] "GET /wp-login.php HTTP/1.0" 200 1880 "-" "Mozilla/5.0 (Windows NT 10.0; Win64; x64) AppleWebKit/537.36 (KHTML, like Gecko) Chrome/130.0.0.0 Safari/537.36"
160.191.139.215 - - [21/Dec/2025:17:22:57 -0500] "POST /wp-login.php HTTP/1.0" 200 2001 "https://grandbassaparking.com/wp-login.php" "Mozilla/5.0 (Windows NT 10.0; Win64; x64) AppleWebKit/537.36 (KHTML, like Gecko) Chrome/130.0.0.0 Safari/537.36"
116.202.134.139 - - [21/Dec/2025:17:23:16 -0500] "POST /xmlrpc.php HTTP/1.0" 200 403 "-" "Mozilla/5.0 (Windows NT 6.3; Win64; x64; Trident/7.0; TNJB; rv:11.0) like Gecko"
116.202.134.139 - - [21/Dec/2025:17:23:18 -0500] "POST /xmlrpc.php HTTP/1.0" 200 403 "-" "Mozilla/5.0 (Windows NT 6.3; Win64; x64; Trident/7.0; TNJB; rv:11.0) like Gecko"
116.202.134.139 - - [21/Dec/2025:17:23:20 -0500] "POST /xmlrpc.php HTTP/1.0" 200 403 "-" "Mozilla/5.0 (Windows NT 6.3; Win64; x64; Trident/7.0; TNJB; rv:11.0) like Gecko"
154.82.44.162 - - [21/Dec/2025:17:23:52 -0500] "POST /xmlrpc.php HTTP/1.0" 406 300 "-" "Mozilla/5.0 (Windows NT 6.1; Win64; x64) AppleWebKit/537.36 (KHTML, like Gecko) Chrome/66.0.3359.139 Safari/537.36"
173.231.242.79 - - [21/Dec/2025:17:23:57 -0500] "POST /wp-cron.php?doing_wp_cron=1766355837.3066170215606689453125 HTTP/1.0" 200 - "-" "WordPress/6.9; https://www.grandbassaparking.com"
154.82.44.162 - - [21/Dec/2025:17:23:54 -0500] "POST /xmlrpc.php HTTP/1.0" 200 403 "-" "Mozilla/5.0 (Windows NT 6.1; Win64; x64) AppleWebKit/537.36 (KHTML, like Gecko) Chrome/66.0.3359.139 Safari/537.36"
154.82.44.162 - - [21/Dec/2025:17:23:59 -0500] "POST /xmlrpc.php HTTP/1.0" 200 403 "-" "Mozilla/5.0 (Windows NT 6.1; Win64; x64) AppleWebKit/537.36 (KHTML, like Gecko) Chrome/66.0.3359.139 Safari/537.36"
47.239.109.32 - - [21/Dec/2025:17:24:16 -0500] "POST /xmlrpc.php HTTP/1.0" 200 403 "-" "Mozilla/5.0 (Windows NT 6.1; WOW64; Trident/7.0; MATP; MATP; MATPJS; rv:11.0) like Gecko"
47.239.109.32 - - [21/Dec/2025:17:24:19 -0500] "POST /xmlrpc.php HTTP/1.0" 406 300 "-" "Mozilla/5.0 (Windows NT 6.1; WOW64; Trident/7.0; MATP; MATP; MATPJS; rv:11.0) like Gecko"
47.239.109.32 - - [21/Dec/2025:17:24:21 -0500] "POST /xmlrpc.php HTTP/1.0" 200 403 "-" "Mozilla/5.0 (Windows NT 6.1; WOW64; Trident/7.0; MATP; MATP; MATPJS; rv:11.0) like Gecko"
47.252.25.140 - - [21/Dec/2025:17:24:28 -0500] "POST /xmlrpc.php HTTP/1.0" 200 403 "-" "Mozilla/5.0 (Macintosh; Intel Mac OS X 10_13_5) AppleWebKit/537.36 (KHTML, like Gecko) Chrome/67.0.3396.87 Safari/537.36"
103.212.121.158 - - [21/Dec/2025:17:24:28 -0500] "POST /xmlrpc.php HTTP/1.0" 200 403 "-" "Mozilla/5.0 (Windows NT 6.3; WOW64; Trident/7.0; Touch; MDDCJS; rv:11.0) like Gecko"
47.252.25.140 - - [21/Dec/2025:17:24:29 -0500] "POST /xmlrpc.php HTTP/1.0" 200 403 "-" "Mozilla/5.0 (Macintosh; Intel Mac OS X 10_13_5) AppleWebKit/537.36 (KHTML, like Gecko) Chrome/67.0.3396.87 Safari/537.36"
47.252.25.140 - - [21/Dec/2025:17:24:30 -0500] "POST /xmlrpc.php HTTP/1.0" 406 300 "-" "Mozilla/5.0 (Macintosh; Intel Mac OS X 10_13_5) AppleWebKit/537.36 (KHTML, like Gecko) Chrome/67.0.3396.87 Safari/537.36"
103.212.121.158 - - [21/Dec/2025:17:24:31 -0500] "POST /xmlrpc.php HTTP/1.0" 200 403 "-" "Mozilla/5.0 (Windows NT 6.3; WOW64; Trident/7.0; Touch; MDDCJS; rv:11.0) like Gecko"
173.231.242.79 - - [21/Dec/2025:17:24:34 -0500] "POST /wp-cron.php?doing_wp_cron=1766355874.7811589241027832031250 HTTP/1.0" 200 - "-" "WordPress/6.9; https://www.grandbassaparking.com"
103.212.121.158 - - [21/Dec/2025:17:24:33 -0500] "POST /xmlrpc.php HTTP/1.0" 200 403 "-" "Mozilla/5.0 (Windows NT 6.3; WOW64; Trident/7.0; Touch; MDDCJS; rv:11.0) like Gecko"
