74.7.241.134 - - [21/Dec/2025:21:43:35 -0500] "GET /robots.txt HTTP/1.0" 404 236 "-" "Mozilla/5.0 (Macintosh; Intel Mac OS X 10_15_7) AppleWebKit/537.36 (KHTML, like Gecko) Chrome/131.0.0.0 Safari/537.36; compatible; OAI-SearchBot/1.3; robots.txt; +https://openai.com/searchbot"
74.7.227.149 - - [21/Dec/2025:21:43:50 -0500] "GET /tags-box.min.js.min.js.tar.gz HTTP/1.0" 200 1426 "-" "Mozilla/5.0 AppleWebKit/537.36 (KHTML, like Gecko; compatible; GPTBot/1.3; +https://openai.com/gptbot)"
74.7.241.39 - - [21/Dec/2025:21:44:01 -0500] "GET /ant.php?fm=true&path=/home/zeusxp5/kamilletv.net/wp-includes/blocks/rss/. HTTP/1.0" 200 31231 "-" "Mozilla/5.0 AppleWebKit/537.36 (KHTML, like Gecko; compatible; GPTBot/1.3; +https://openai.com/gptbot)"
74.7.227.149 - - [21/Dec/2025:21:44:04 -0500] "GET /style.min.css.tar HTTP/1.0" 200 3072 "-" "Mozilla/5.0 AppleWebKit/537.36 (KHTML, like Gecko; compatible; GPTBot/1.3; +https://openai.com/gptbot)"
74.7.227.149 - - [21/Dec/2025:21:44:17 -0500] "GET /style-rtl.css.tar HTTP/1.0" 200 3584 "-" "Mozilla/5.0 AppleWebKit/537.36 (KHTML, like Gecko; compatible; GPTBot/1.3; +https://openai.com/gptbot)"
74.7.241.39 - - [21/Dec/2025:21:44:39 -0500] "GET /ant.php?edit=profile.php&fm=true&path=/home/zeusxp5/kamilletv.net/wp-admin/ HTTP/1.0" 200 16456 "-" "Mozilla/5.0 AppleWebKit/537.36 (KHTML, like Gecko; compatible; GPTBot/1.3; +https://openai.com/gptbot)"
74.7.241.39 - - [21/Dec/2025:21:44:47 -0500] "GET /ant.php?gz=L2hvbWUvemV1c3hwNS8udHJhc2g= HTTP/1.0" 200 8142 "-" "Mozilla/5.0 AppleWebKit/537.36 (KHTML, like Gecko; compatible; GPTBot/1.3; +https://openai.com/gptbot)"
74.7.241.39 - - [21/Dec/2025:21:45:17 -0500] "GET /ant.php?zip=L2hvbWUvemV1c3hwNS96ZW5veHByZXNzYWxvbmdzaWRlLm5ldC9lbg== HTTP/1.0" 200 8142 "-" "Mozilla/5.0 AppleWebKit/537.36 (KHTML, like Gecko; compatible; GPTBot/1.3; +https://openai.com/gptbot)"
74.7.241.39 - - [21/Dec/2025:21:46:16 -0500] "GET /ant.php?gz=L2hvbWUvemV1c3hwNS9rYW1pbGxldHYubmV0L3dwLWFkbWluL2Nzcw== HTTP/1.0" 404 - "-" "Mozilla/5.0 AppleWebKit/537.36 (KHTML, like Gecko; compatible; GPTBot/1.3; +https://openai.com/gptbot)"
74.7.241.39 - - [21/Dec/2025:21:47:20 -0500] "GET /ant.php?gz=L2hvbWUvemV1c3hwNQ== HTTP/1.0" 404 - "-" "Mozilla/5.0 AppleWebKit/537.36 (KHTML, like Gecko; compatible; GPTBot/1.3; +https://openai.com/gptbot)"
74.7.241.134 - - [21/Dec/2025:21:48:51 -0500] "GET /robots.txt HTTP/1.0" 404 236 "-" "Mozilla/5.0 (Macintosh; Intel Mac OS X 10_15_7) AppleWebKit/537.36 (KHTML, like Gecko) Chrome/131.0.0.0 Safari/537.36; compatible; OAI-SearchBot/1.3; robots.txt; +https://openai.com/searchbot"
74.7.241.39 - - [21/Dec/2025:21:48:42 -0500] "GET /ant.php?zip=L2hvbWUvemV1c3hwNQ== HTTP/1.0" 404 - "-" "Mozilla/5.0 AppleWebKit/537.36 (KHTML, like Gecko; compatible; GPTBot/1.3; +https://openai.com/gptbot)"
74.7.228.42 - - [21/Dec/2025:21:50:40 -0500] "GET /robots.txt HTTP/1.0" 404 236 "-" "Mozilla/5.0 (Macintosh; Intel Mac OS X 10_15_7) AppleWebKit/537.36 (KHTML, like Gecko) Chrome/131.0.0.0 Safari/537.36; compatible; OAI-SearchBot/1.3; robots.txt; +https://openai.com/searchbot"
74.7.227.158 - - [21/Dec/2025:21:50:40 -0500] "GET / HTTP/1.0" 200 17190 "-" "Mozilla/5.0 AppleWebKit/537.36 (KHTML, like Gecko; compatible; GPTBot/1.3; +https://openai.com/gptbot)"
74.7.227.158 - - [21/Dec/2025:21:50:44 -0500] "GET /ID3.tar.gz HTTP/1.0" 200 240817 "-" "Mozilla/5.0 AppleWebKit/537.36 (KHTML, like Gecko; compatible; GPTBot/1.3; +https://openai.com/gptbot)"
74.7.227.158 - - [21/Dec/2025:21:50:46 -0500] "GET /?C=N;O=D HTTP/1.0" 429 17 "-" "Mozilla/5.0 AppleWebKit/537.36 (KHTML, like Gecko; compatible; GPTBot/1.3; +https://openai.com/gptbot)"
74.7.227.158 - - [21/Dec/2025:21:50:49 -0500] "GET /plugin-install.min.js.min.js.tar.gz HTTP/1.0" 200 1133 "-" "Mozilla/5.0 AppleWebKit/537.36 (KHTML, like Gecko; compatible; GPTBot/1.3; +https://openai.com/gptbot)"
74.7.241.39 - - [21/Dec/2025:21:49:24 -0500] "GET /ant.php?zip=L2hvbWUvemV1c3hwNS9rYW1pbGxldHYubmV0L3dwLWFkbWluL2Nzcw== HTTP/1.0" 404 - "-" "Mozilla/5.0 AppleWebKit/537.36 (KHTML, like Gecko; compatible; GPTBot/1.3; +https://openai.com/gptbot)"
74.7.227.158 - - [21/Dec/2025:21:50:57 -0500] "GET /style-rtl.css.css.tar.gz HTTP/1.0" 200 536 "-" "Mozilla/5.0 AppleWebKit/537.36 (KHTML, like Gecko; compatible; GPTBot/1.3; +https://openai.com/gptbot)"
74.7.227.158 - - [21/Dec/2025:21:51:03 -0500] "GET /nextpage.tar HTTP/1.0" 200 8192 "-" "Mozilla/5.0 AppleWebKit/537.36 (KHTML, like Gecko; compatible; GPTBot/1.3; +https://openai.com/gptbot)"
74.7.227.158 - - [21/Dec/2025:21:51:09 -0500] "GET /en.kamilleinc.com.tar.gz HTTP/1.0" 200 24696 "-" "Mozilla/5.0 AppleWebKit/537.36 (KHTML, like Gecko; compatible; GPTBot/1.3; +https://openai.com/gptbot)"
74.7.227.158 - - [21/Dec/2025:21:51:15 -0500] "GET /IXR.tar HTTP/1.0" 200 43008 "-" "Mozilla/5.0 AppleWebKit/537.36 (KHTML, like Gecko; compatible; GPTBot/1.3; +https://openai.com/gptbot)"
74.7.227.158 - - [21/Dec/2025:21:51:20 -0500] "GET /calendars.tar HTTP/1.0" 200 11264 "-" "Mozilla/5.0 AppleWebKit/537.36 (KHTML, like Gecko; compatible; GPTBot/1.3; +https://openai.com/gptbot)"
74.7.227.158 - - [21/Dec/2025:21:51:24 -0500] "GET /www.kamilleinc.com.tar.gz HTTP/1.0" 200 24695 "-" "Mozilla/5.0 AppleWebKit/537.36 (KHTML, like Gecko; compatible; GPTBot/1.3; +https://openai.com/gptbot)"
74.7.227.158 - - [21/Dec/2025:21:51:28 -0500] "GET /post-comments-link.php.php.tar.gz HTTP/1.0" 200 932 "-" "Mozilla/5.0 AppleWebKit/537.36 (KHTML, like Gecko; compatible; GPTBot/1.3; +https://openai.com/gptbot)"
74.7.241.39 - - [21/Dec/2025:21:50:28 -0500] "GET /ant.php?gzfile=L2hvbWUvemV1c3hwNS9rYW1pbGxldHYubmV0L2luZGV4LnBocA== HTTP/1.0" 404 - "-" "Mozilla/5.0 AppleWebKit/537.36 (KHTML, like Gecko; compatible; GPTBot/1.3; +https://openai.com/gptbot)"
74.7.227.158 - - [21/Dec/2025:21:52:59 -0500] "GET /media-audio-widget.min.js.min.js.tar.gz HTTP/1.0" 200 801 "-" "Mozilla/5.0 AppleWebKit/537.36 (KHTML, like Gecko; compatible; GPTBot/1.3; +https://openai.com/gptbot)"
74.7.241.39 - - [21/Dec/2025:21:51:34 -0500] "GET /ant.php?gzfile=L2hvbWUvemV1c3hwNS9rYW1pbGxldHYubmV0Ly5odGFjY2Vzcw== HTTP/1.0" 404 - "-" "Mozilla/5.0 AppleWebKit/537.36 (KHTML, like Gecko; compatible; GPTBot/1.3; +https://openai.com/gptbot)"
74.7.227.158 - - [21/Dec/2025:21:53:22 -0500] "GET /class-bulk-plugin-upgrader-skin.php.tar HTTP/1.0" 200 4608 "-" "Mozilla/5.0 AppleWebKit/537.36 (KHTML, like Gecko; compatible; GPTBot/1.3; +https://openai.com/gptbot)"
74.7.227.158 - - [21/Dec/2025:21:53:43 -0500] "GET /script-modules-packages.min.php.tar HTTP/1.0" 200 3584 "-" "Mozilla/5.0 AppleWebKit/537.36 (KHTML, like Gecko; compatible; GPTBot/1.3; +https://openai.com/gptbot)"
74.7.241.39 - - [21/Dec/2025:21:52:37 -0500] "GET /ant.php?fm=true&path=/home/zeusxp5/kamilletv.net/wp-includes/customize/ HTTP/1.0" 404 - "-" "Mozilla/5.0 AppleWebKit/537.36 (KHTML, like Gecko; compatible; GPTBot/1.3; +https://openai.com/gptbot)"
74.7.241.134 - - [21/Dec/2025:21:54:09 -0500] "GET /robots.txt HTTP/1.0" 404 236 "-" "Mozilla/5.0 (Macintosh; Intel Mac OS X 10_15_7) AppleWebKit/537.36 (KHTML, like Gecko) Chrome/131.0.0.0 Safari/537.36; compatible; OAI-SearchBot/1.3; robots.txt; +https://openai.com/searchbot"
74.7.227.158 - - [21/Dec/2025:21:51:32 -0500] "GET /lbrxi.com.zip HTTP/1.0" 200 175230078 "-" "Mozilla/5.0 AppleWebKit/537.36 (KHTML, like Gecko; compatible; GPTBot/1.3; +https://openai.com/gptbot)"
74.7.227.158 - - [21/Dec/2025:21:54:49 -0500] "GET /media-audio-widget.min.js.tar HTTP/1.0" 200 3072 "-" "Mozilla/5.0 AppleWebKit/537.36 (KHTML, like Gecko; compatible; GPTBot/1.3; +https://openai.com/gptbot)"
74.7.241.39 - - [21/Dec/2025:21:53:39 -0500] "GET /ant.php?fm=true&path=/home/zeusxp5/zenoxpressalongside.net/en/&rights=index.php HTTP/1.0" 404 - "-" "Mozilla/5.0 AppleWebKit/537.36 (KHTML, like Gecko; compatible; GPTBot/1.3; +https://openai.com/gptbot)"
74.7.227.158 - - [21/Dec/2025:21:55:51 -0500] "GET /query-pagination-previous.php.tar HTTP/1.0" 200 5120 "-" "Mozilla/5.0 AppleWebKit/537.36 (KHTML, like Gecko; compatible; GPTBot/1.3; +https://openai.com/gptbot)"
74.7.241.39 - - [21/Dec/2025:21:54:45 -0500] "GET /ant.php?fm=true&path=/home/zeusxp5/zenoxpressalongside.net/en/&rename=xmlrpc.php HTTP/1.0" 200 16042 "-" "Mozilla/5.0 AppleWebKit/537.36 (KHTML, like Gecko; compatible; GPTBot/1.3; +https://openai.com/gptbot)"
74.7.241.39 - - [21/Dec/2025:21:55:46 -0500] "GET /ant.php?edit=index.php&fm=true&path=/home/zeusxp5/zenoxpressalongside.net/en/ HTTP/1.0" 200 16591 "-" "Mozilla/5.0 AppleWebKit/537.36 (KHTML, like Gecko; compatible; GPTBot/1.3; +https://openai.com/gptbot)"
74.7.228.42 - - [21/Dec/2025:21:56:00 -0500] "GET /robots.txt HTTP/1.0" 404 236 "-" "Mozilla/5.0 (Macintosh; Intel Mac OS X 10_15_7) AppleWebKit/537.36 (KHTML, like Gecko) Chrome/131.0.0.0 Safari/537.36; compatible; OAI-SearchBot/1.3; robots.txt; +https://openai.com/searchbot"
74.7.227.158 - - [21/Dec/2025:21:56:38 -0500] "GET /class-phpmailer.php.tar HTTP/1.0" 200 2560 "-" "Mozilla/5.0 AppleWebKit/537.36 (KHTML, like Gecko; compatible; GPTBot/1.3; +https://openai.com/gptbot)"
74.7.241.39 - - [21/Dec/2025:21:56:52 -0500] "GET /ant.php?download=L2hvbWUvemV1c3hwNS9hZ2VudGJvbGF5bGFiZWwubmV0L2FudC5waHA= HTTP/1.0" 200 80608 "-" "Mozilla/5.0 AppleWebKit/537.36 (KHTML, like Gecko; compatible; GPTBot/1.3; +https://openai.com/gptbot)"
74.7.227.158 - - [21/Dec/2025:21:57:24 -0500] "GET /streetlivesportz.com.tar.gz HTTP/1.0" 200 24696 "-" "Mozilla/5.0 AppleWebKit/537.36 (KHTML, like Gecko; compatible; GPTBot/1.3; +https://openai.com/gptbot)"
74.7.241.39 - - [21/Dec/2025:21:57:51 -0500] "GET /ant.php?edit=wp-blog-header.php&fm=true&path=/home/zeusxp5/zenoxpressalongside.net/ HTTP/1.0" 200 16541 "-" "Mozilla/5.0 AppleWebKit/537.36 (KHTML, like Gecko; compatible; GPTBot/1.3; +https://openai.com/gptbot)"
74.7.227.158 - - [21/Dec/2025:21:58:05 -0500] "GET /eu.kamilleinc.com.tar.gz HTTP/1.0" 200 24696 "-" "Mozilla/5.0 AppleWebKit/537.36 (KHTML, like Gecko; compatible; GPTBot/1.3; +https://openai.com/gptbot)"
74.7.241.39 - - [21/Dec/2025:21:58:40 -0500] "GET /ant.php?fm=true&path=/home/zeusxp5/zenoxpressalongside.net/&rename=wp-blog-header.php HTTP/1.0" 200 16049 "-" "Mozilla/5.0 AppleWebKit/537.36 (KHTML, like Gecko; compatible; GPTBot/1.3; +https://openai.com/gptbot)"
74.7.241.39 - - [21/Dec/2025:21:59:28 -0500] "GET /ant.php?fm=true&path=/home/zeusxp5/zenoxpressalongside.net/&rights=wp-blog-header.php HTTP/1.0" 200 16065 "-" "Mozilla/5.0 AppleWebKit/537.36 (KHTML, like Gecko; compatible; GPTBot/1.3; +https://openai.com/gptbot)"
74.7.241.134 - - [21/Dec/2025:21:59:28 -0500] "GET /robots.txt HTTP/1.0" 404 236 "-" "Mozilla/5.0 (Macintosh; Intel Mac OS X 10_15_7) AppleWebKit/537.36 (KHTML, like Gecko) Chrome/131.0.0.0 Safari/537.36; compatible; OAI-SearchBot/1.3; robots.txt; +https://openai.com/searchbot"
74.7.227.158 - - [21/Dec/2025:21:59:28 -0500] "GET /class-wp-theme-json-data.php.php.tar.gz HTTP/1.0" 200 794 "-" "Mozilla/5.0 AppleWebKit/537.36 (KHTML, like Gecko; compatible; GPTBot/1.3; +https://openai.com/gptbot)"
74.7.227.158 - - [21/Dec/2025:21:58:38 -0500] "GET /in.kamilleinc.com.tar.gz HTTP/1.0" 200 45265735 "-" "Mozilla/5.0 AppleWebKit/537.36 (KHTML, like Gecko; compatible; GPTBot/1.3; +https://openai.com/gptbot)"
74.7.227.158 - - [21/Dec/2025:22:00:22 -0500] "GET /block.json.json.tar.gz HTTP/1.0" 200 649 "-" "Mozilla/5.0 AppleWebKit/537.36 (KHTML, like Gecko; compatible; GPTBot/1.3; +https://openai.com/gptbot)"
74.7.227.158 - - [21/Dec/2025:22:01:24 -0500] "GET /plugin-install.min.js.tar HTTP/1.0" 200 4096 "-" "Mozilla/5.0 AppleWebKit/537.36 (KHTML, like Gecko; compatible; GPTBot/1.3; +https://openai.com/gptbot)"
74.7.228.42 - - [21/Dec/2025:22:01:29 -0500] "GET /robots.txt HTTP/1.0" 404 236 "-" "Mozilla/5.0 (Macintosh; Intel Mac OS X 10_15_7) AppleWebKit/537.36 (KHTML, like Gecko) Chrome/131.0.0.0 Safari/537.36; compatible; OAI-SearchBot/1.3; robots.txt; +https://openai.com/searchbot"
74.7.241.39 - - [21/Dec/2025:22:00:07 -0500] "GET /ant.php?gz=L2hvbWUvemV1c3hwNS96ZWxpZ3dlYXIuY29t HTTP/1.0" 200 8142 "-" "Mozilla/5.0 AppleWebKit/537.36 (KHTML, like Gecko; compatible; GPTBot/1.3; +https://openai.com/gptbot)"
74.7.241.39 - - [21/Dec/2025:22:00:46 -0500] "GET /ant.php?gz=L2hvbWUvemV1c3hwNS9rYW1pbGxldHYubmV0L2NnaS1iaW4= HTTP/1.0" 404 - "-" "Mozilla/5.0 AppleWebKit/537.36 (KHTML, like Gecko; compatible; GPTBot/1.3; +https://openai.com/gptbot)"
74.7.227.158 - - [21/Dec/2025:22:02:21 -0500] "GET /script-modules-packages.min.php.min.php.tar.gz HTTP/1.0" 200 579 "-" "Mozilla/5.0 AppleWebKit/537.36 (KHTML, like Gecko; compatible; GPTBot/1.3; +https://openai.com/gptbot)"
74.7.227.158 - - [21/Dec/2025:22:03:08 -0500] "GET /gallery.min.js.min.js.tar.gz HTTP/1.0" 200 1516 "-" "Mozilla/5.0 AppleWebKit/537.36 (KHTML, like Gecko; compatible; GPTBot/1.3; +https://openai.com/gptbot)"
74.7.241.39 - - [21/Dec/2025:22:02:06 -0500] "GET /ant.php?gz=L2hvbWUvemV1c3hwNS9ncmFuZGJhc3NhcGFya2luZy5jb20= HTTP/1.0" 404 - "-" "Mozilla/5.0 AppleWebKit/537.36 (KHTML, like Gecko; compatible; GPTBot/1.3; +https://openai.com/gptbot)"
74.7.227.158 - - [21/Dec/2025:22:03:46 -0500] "GET /?C=D;O=A HTTP/1.0" 200 17190 "-" "Mozilla/5.0 AppleWebKit/537.36 (KHTML, like Gecko; compatible; GPTBot/1.3; +https://openai.com/gptbot)"
74.7.241.39 - - [21/Dec/2025:22:02:51 -0500] "GET /ant.php?fm=true&path=/home/zeusxp5/kamilletv.net/. HTTP/1.0" 404 - "-" "Mozilla/5.0 AppleWebKit/537.36 (KHTML, like Gecko; compatible; GPTBot/1.3; +https://openai.com/gptbot)"
74.7.227.158 - - [21/Dec/2025:22:04:32 -0500] "GET /?C=S;O=A HTTP/1.0" 200 17190 "-" "Mozilla/5.0 AppleWebKit/537.36 (KHTML, like Gecko; compatible; GPTBot/1.3; +https://openai.com/gptbot)"
74.7.227.158 - - [21/Dec/2025:22:05:10 -0500] "GET /?C=M;O=A HTTP/1.0" 200 17190 "-" "Mozilla/5.0 AppleWebKit/537.36 (KHTML, like Gecko; compatible; GPTBot/1.3; +https://openai.com/gptbot)"
74.7.241.134 - - [21/Dec/2025:22:05:27 -0500] "GET /robots.txt HTTP/1.0" 404 236 "-" "Mozilla/5.0 (Macintosh; Intel Mac OS X 10_15_7) AppleWebKit/537.36 (KHTML, like Gecko) Chrome/131.0.0.0 Safari/537.36; compatible; OAI-SearchBot/1.3; robots.txt; +https://openai.com/searchbot"
74.7.241.39 - - [21/Dec/2025:22:04:03 -0500] "GET /ant.php?fm=true&path=/home/zeusxp5/kamilletv.net/wp-admin/network/&rights=profile.php HTTP/1.0" 404 - "-" "Mozilla/5.0 AppleWebKit/537.36 (KHTML, like Gecko; compatible; GPTBot/1.3; +https://openai.com/gptbot)"
74.7.227.158 - - [21/Dec/2025:22:05:44 -0500] "GET /accordion.js.js.tar.gz HTTP/1.0" 200 1156 "-" "Mozilla/5.0 AppleWebKit/537.36 (KHTML, like Gecko; compatible; GPTBot/1.3; +https://openai.com/gptbot)"
74.7.241.39 - - [21/Dec/2025:22:06:02 -0500] "GET /'%20.%20esc_url(%20$page['link']%20)%20.%20' HTTP/1.0" 404 236 "-" "Mozilla/5.0 AppleWebKit/537.36 (KHTML, like Gecko; compatible; GPTBot/1.3; +https://openai.com/gptbot)"
74.7.227.158 - - [21/Dec/2025:22:06:17 -0500] "GET /zenoxpressalongsideusa.com.tar.gz HTTP/1.0" 200 24899 "-" "Mozilla/5.0 AppleWebKit/537.36 (KHTML, like Gecko; compatible; GPTBot/1.3; +https://openai.com/gptbot)"
74.7.241.39 - - [21/Dec/2025:22:04:57 -0500] "GET /ant.php?gzfile=L2hvbWUvemV1c3hwNS9rYW1pbGxldHYubmV0L3dwLWFkbWluL2ltYWdlcy9jb21tZW50LWdyZXktYnViYmxlLnBuZw== HTTP/1.0" 404 - "-" "Mozilla/5.0 AppleWebKit/537.36 (KHTML, like Gecko; compatible; GPTBot/1.3; +https://openai.com/gptbot)"
74.7.227.158 - - [21/Dec/2025:22:06:38 -0500] "GET /zenoxpressbank.com.tar.gz HTTP/1.0" 200 - "-" "Mozilla/5.0 AppleWebKit/537.36 (KHTML, like Gecko; compatible; GPTBot/1.3; +https://openai.com/gptbot)"
74.7.228.42 - - [21/Dec/2025:22:06:43 -0500] "GET /robots.txt HTTP/1.0" 404 236 "-" "Mozilla/5.0 (Macintosh; Intel Mac OS X 10_15_7) AppleWebKit/537.36 (KHTML, like Gecko) Chrome/131.0.0.0 Safari/537.36; compatible; OAI-SearchBot/1.3; robots.txt; +https://openai.com/searchbot"
74.7.227.158 - - [21/Dec/2025:22:07:03 -0500] "GET /class-bulk-plugin-upgrader-skin.php.php.tar.gz HTTP/1.0" 200 1107 "-" "Mozilla/5.0 AppleWebKit/537.36 (KHTML, like Gecko; compatible; GPTBot/1.3; +https://openai.com/gptbot)"
74.7.227.158 - - [21/Dec/2025:22:08:08 -0500] "GET /wp-db.php.tar HTTP/1.0" 200 2048 "-" "Mozilla/5.0 AppleWebKit/537.36 (KHTML, like Gecko; compatible; GPTBot/1.3; +https://openai.com/gptbot)"
74.7.241.39 - - [21/Dec/2025:22:07:05 -0500] "GET /ant.php?fm=true&path=/home/zeusxp5/kamilletv.net/wp-includes/blocks/&rights=post-template.php HTTP/1.0" 404 - "-" "Mozilla/5.0 AppleWebKit/537.36 (KHTML, like Gecko; compatible; GPTBot/1.3; +https://openai.com/gptbot)"
74.7.227.158 - - [21/Dec/2025:22:07:26 -0500] "GET /lbrxi.com.tar.gz HTTP/1.0" 200 67137779 "-" "Mozilla/5.0 AppleWebKit/537.36 (KHTML, like Gecko; compatible; GPTBot/1.3; +https://openai.com/gptbot)"
74.7.227.158 - - [21/Dec/2025:22:09:07 -0500] "GET /access-logs.tar.gz HTTP/1.0" 200 562244 "-" "Mozilla/5.0 AppleWebKit/537.36 (KHTML, like Gecko; compatible; GPTBot/1.3; +https://openai.com/gptbot)"
74.7.241.39 - - [21/Dec/2025:22:08:14 -0500] "GET /ant.php?fm=true&path=/home/zeusxp5/kamilletv.net/wp-includes/&rename=post.php HTTP/1.0" 404 - "-" "Mozilla/5.0 AppleWebKit/537.36 (KHTML, like Gecko; compatible; GPTBot/1.3; +https://openai.com/gptbot)"
74.7.227.158 - - [21/Dec/2025:22:10:00 -0500] "GET /query-pagination-previous.php.php.tar.gz HTTP/1.0" 200 1335 "-" "Mozilla/5.0 AppleWebKit/537.36 (KHTML, like Gecko; compatible; GPTBot/1.3; +https://openai.com/gptbot)"
74.7.227.158 - - [21/Dec/2025:22:10:48 -0500] "GET /?C=D;O=D HTTP/1.0" 200 17190 "-" "Mozilla/5.0 AppleWebKit/537.36 (KHTML, like Gecko; compatible; GPTBot/1.3; +https://openai.com/gptbot)"
74.7.241.134 - - [21/Dec/2025:22:10:50 -0500] "GET /robots.txt HTTP/1.0" 404 236 "-" "Mozilla/5.0 (Macintosh; Intel Mac OS X 10_15_7) AppleWebKit/537.36 (KHTML, like Gecko) Chrome/131.0.0.0 Safari/537.36; compatible; OAI-SearchBot/1.3; robots.txt; +https://openai.com/searchbot"
74.7.241.39 - - [21/Dec/2025:22:09:49 -0500] "GET /ant.php?zip=L2hvbWUvemV1c3hwNS8uY3BhbmVs HTTP/1.0" 404 - "-" "Mozilla/5.0 AppleWebKit/537.36 (KHTML, like Gecko; compatible; GPTBot/1.3; +https://openai.com/gptbot)"
74.7.241.39 - - [21/Dec/2025:22:10:19 -0500] "GET /ant.php?zip=L2hvbWUvemV1c3hwNS8uY2FnZWZz HTTP/1.0" 404 - "-" "Mozilla/5.0 AppleWebKit/537.36 (KHTML, like Gecko; compatible; GPTBot/1.3; +https://openai.com/gptbot)"
74.7.227.158 - - [21/Dec/2025:22:11:54 -0500] "GET /?C=N;O=A HTTP/1.0" 200 17190 "-" "Mozilla/5.0 AppleWebKit/537.36 (KHTML, like Gecko; compatible; GPTBot/1.3; +https://openai.com/gptbot)"
74.7.228.42 - - [21/Dec/2025:22:11:55 -0500] "GET /robots.txt HTTP/1.0" 404 236 "-" "Mozilla/5.0 (Macintosh; Intel Mac OS X 10_15_7) AppleWebKit/537.36 (KHTML, like Gecko) Chrome/131.0.0.0 Safari/537.36; compatible; OAI-SearchBot/1.3; robots.txt; +https://openai.com/searchbot"
74.7.227.158 - - [21/Dec/2025:22:12:51 -0500] "GET /?C=M;O=D HTTP/1.0" 200 17190 "-" "Mozilla/5.0 AppleWebKit/537.36 (KHTML, like Gecko; compatible; GPTBot/1.3; +https://openai.com/gptbot)"
74.7.241.39 - - [21/Dec/2025:22:11:22 -0500] "GET /ant.php?edit=class-wp-user-meta-session-tokens.php&fm=true&path=/home/zeusxp5/kamilletv.net/wp-includes/ HTTP/1.0" 404 - "-" "Mozilla/5.0 AppleWebKit/537.36 (KHTML, like Gecko; compatible; GPTBot/1.3; +https://openai.com/gptbot)"
74.7.227.158 - - [21/Dec/2025:22:13:44 -0500] "GET /?C=S;O=D HTTP/1.0" 200 17190 "-" "Mozilla/5.0 AppleWebKit/537.36 (KHTML, like Gecko; compatible; GPTBot/1.3; +https://openai.com/gptbot)"
74.7.241.39 - - [21/Dec/2025:22:12:28 -0500] "GET /ant.php?zip=L2hvbWUvemV1c3hwNS8ud3AtdG9vbGtpdA== HTTP/1.0" 404 - "-" "Mozilla/5.0 AppleWebKit/537.36 (KHTML, like Gecko; compatible; GPTBot/1.3; +https://openai.com/gptbot)"
74.7.241.39 - - [21/Dec/2025:22:13:29 -0500] "GET /ant.php?gz=L2hvbWUvemV1c3hwNS8ud3AtdG9vbGtpdA== HTTP/1.0" 404 - "-" "Mozilla/5.0 AppleWebKit/537.36 (KHTML, like Gecko; compatible; GPTBot/1.3; +https://openai.com/gptbot)"
74.7.227.158 - - [21/Dec/2025:22:15:48 -0500] "GET /style.min.css.min.css.tar.gz HTTP/1.0" 200 238 "-" "Mozilla/5.0 AppleWebKit/537.36 (KHTML, like Gecko; compatible; GPTBot/1.3; +https://openai.com/gptbot)"
74.7.241.39 - - [21/Dec/2025:22:14:33 -0500] "GET /ant.php?fm=true&path=/home/zeusxp5/zenoxpressalongside.net/en/wp-admin/&rights=post.php HTTP/1.0" 404 - "-" "Mozilla/5.0 AppleWebKit/537.36 (KHTML, like Gecko; compatible; GPTBot/1.3; +https://openai.com/gptbot)"
74.7.241.134 - - [21/Dec/2025:22:16:04 -0500] "GET /robots.txt HTTP/1.0" 404 236 "-" "Mozilla/5.0 (Macintosh; Intel Mac OS X 10_15_7) AppleWebKit/537.36 (KHTML, like Gecko) Chrome/131.0.0.0 Safari/537.36; compatible; OAI-SearchBot/1.3; robots.txt; +https://openai.com/searchbot"
74.7.227.158 - - [21/Dec/2025:22:16:21 -0500] "GET /class-wp-theme-json-data.php.tar HTTP/1.0" 200 3584 "-" "Mozilla/5.0 AppleWebKit/537.36 (KHTML, like Gecko; compatible; GPTBot/1.3; +https://openai.com/gptbot)"
74.7.241.39 - - [21/Dec/2025:22:15:51 -0500] "GET /ant.php?fm=true&path=/home/zeusxp5/kamilletv.net/wp-includes/Text/Diff/. HTTP/1.0" 404 - "-" "Mozilla/5.0 AppleWebKit/537.36 (KHTML, like Gecko; compatible; GPTBot/1.3; +https://openai.com/gptbot)"
74.7.228.42 - - [21/Dec/2025:22:17:26 -0500] "GET /robots.txt HTTP/1.0" 404 236 "-" "Mozilla/5.0 (Macintosh; Intel Mac OS X 10_15_7) AppleWebKit/537.36 (KHTML, like Gecko) Chrome/131.0.0.0 Safari/537.36; compatible; OAI-SearchBot/1.3; robots.txt; +https://openai.com/searchbot"
74.7.227.158 - - [21/Dec/2025:22:18:25 -0500] "GET /zenoxpress.com.tar.gz HTTP/1.0" 200 74439 "-" "Mozilla/5.0 AppleWebKit/537.36 (KHTML, like Gecko; compatible; GPTBot/1.3; +https://openai.com/gptbot)"
74.7.241.39 - - [21/Dec/2025:22:17:01 -0500] "GET /ant.php?fm=true&path=/home/zeusxp5/kamilletv.net/wp-content/&rights=upgrade HTTP/1.0" 404 - "-" "Mozilla/5.0 AppleWebKit/537.36 (KHTML, like Gecko; compatible; GPTBot/1.3; +https://openai.com/gptbot)"
74.7.241.39 - - [21/Dec/2025:22:17:59 -0500] "GET /ant.php?fm=true&path=/home/zeusxp5/kamilletv.net/wp-includes/blocks/&rights=block.php HTTP/1.0" 404 - "-" "Mozilla/5.0 AppleWebKit/537.36 (KHTML, like Gecko; compatible; GPTBot/1.3; +https://openai.com/gptbot)"
74.7.227.158 - - [21/Dec/2025:22:19:47 -0500] "GET /relicwear.com.tar.gz HTTP/1.0" 200 24696 "-" "Mozilla/5.0 AppleWebKit/537.36 (KHTML, like Gecko; compatible; GPTBot/1.3; +https://openai.com/gptbot)"
74.7.241.39 - - [21/Dec/2025:22:18:41 -0500] "GET /ant.php?fm=true&path=/home/zeusxp5/kamilletv.net/wp-includes/blocks/&rights=media-text.php HTTP/1.0" 404 - "-" "Mozilla/5.0 AppleWebKit/537.36 (KHTML, like Gecko; compatible; GPTBot/1.3; +https://openai.com/gptbot)"
74.7.227.158 - - [21/Dec/2025:22:17:25 -0500] "GET /in.kamilleinc.com.tar HTTP/1.0" 200 146914816 "-" "Mozilla/5.0 AppleWebKit/537.36 (KHTML, like Gecko; compatible; GPTBot/1.3; +https://openai.com/gptbot)"
74.7.227.158 - - [21/Dec/2025:22:20:27 -0500] "GET /mail.tar.gz HTTP/1.0" 200 50062070 "-" "Mozilla/5.0 AppleWebKit/537.36 (KHTML, like Gecko; compatible; GPTBot/1.3; +https://openai.com/gptbot)"
74.7.241.39 - - [21/Dec/2025:22:19:46 -0500] "GET /ant.php?fm=true&path=/home/zeusxp5/kamilletv.net/wp-includes/blocks/&rename=block.php HTTP/1.0" 404 - "-" "Mozilla/5.0 AppleWebKit/537.36 (KHTML, like Gecko; compatible; GPTBot/1.3; +https://openai.com/gptbot)"
74.7.241.134 - - [21/Dec/2025:22:21:21 -0500] "GET /robots.txt HTTP/1.0" 404 236 "-" "Mozilla/5.0 (Macintosh; Intel Mac OS X 10_15_7) AppleWebKit/537.36 (KHTML, like Gecko) Chrome/131.0.0.0 Safari/537.36; compatible; OAI-SearchBot/1.3; robots.txt; +https://openai.com/searchbot"
74.7.241.39 - - [21/Dec/2025:22:20:50 -0500] "GET /ant.php?fm=true&path=/home/zeusxp5/kamilletv.net/wp-includes/blocks/&rights=term-count.php HTTP/1.0" 200 16084 "-" "Mozilla/5.0 AppleWebKit/537.36 (KHTML, like Gecko; compatible; GPTBot/1.3; +https://openai.com/gptbot)"
74.7.241.39 - - [21/Dec/2025:22:21:52 -0500] "GET /ant.php?fm=true&path=/home/zeusxp5/zenoxpressalongside.net/en/&rights=xmlrpc.php HTTP/1.0" 200 16058 "-" "Mozilla/5.0 AppleWebKit/537.36 (KHTML, like Gecko; compatible; GPTBot/1.3; +https://openai.com/gptbot)"
74.7.227.158 - - [21/Dec/2025:22:22:23 -0500] "GET /?C=N;O=D HTTP/1.0" 200 17190 "-" "Mozilla/5.0 AppleWebKit/537.36 (KHTML, like Gecko; compatible; GPTBot/1.3; +https://openai.com/gptbot)"
74.7.228.42 - - [21/Dec/2025:22:22:27 -0500] "GET /robots.txt HTTP/1.0" 404 236 "-" "Mozilla/5.0 (Macintosh; Intel Mac OS X 10_15_7) AppleWebKit/537.36 (KHTML, like Gecko) Chrome/131.0.0.0 Safari/537.36; compatible; OAI-SearchBot/1.3; robots.txt; +https://openai.com/searchbot"
74.7.227.158 - - [21/Dec/2025:22:21:14 -0500] "GET /in.kamilleinc.com.zip HTTP/1.0" 200 142847571 "-" "Mozilla/5.0 AppleWebKit/537.36 (KHTML, like Gecko; compatible; GPTBot/1.3; +https://openai.com/gptbot)"
74.7.241.39 - - [21/Dec/2025:22:22:54 -0500] "GET /ant.php?edit=xmlrpc.php&fm=true&path=/home/zeusxp5/zenoxpressalongside.net/en/ HTTP/1.0" 200 20033 "-" "Mozilla/5.0 AppleWebKit/537.36 (KHTML, like Gecko; compatible; GPTBot/1.3; +https://openai.com/gptbot)"
74.7.227.158 - - [21/Dec/2025:22:23:13 -0500] "GET /access-logs.zip HTTP/1.0" 200 7055176 "-" "Mozilla/5.0 AppleWebKit/537.36 (KHTML, like Gecko; compatible; GPTBot/1.3; +https://openai.com/gptbot)"
74.7.227.158 - - [21/Dec/2025:22:24:10 -0500] "GET /calendars.tar.gz HTTP/1.0" 200 425 "-" "Mozilla/5.0 AppleWebKit/537.36 (KHTML, like Gecko; compatible; GPTBot/1.3; +https://openai.com/gptbot)"
74.7.241.39 - - [21/Dec/2025:22:23:51 -0500] "GET /ant.php?zip=L2hvbWUvemV1c3hwNS9rYW1pbGxlLnVz HTTP/1.0" 200 8142 "-" "Mozilla/5.0 AppleWebKit/537.36 (KHTML, like Gecko; compatible; GPTBot/1.3; +https://openai.com/gptbot)"
74.7.227.158 - - [21/Dec/2025:22:26:05 -0500] "GET /ID3.tar HTTP/1.0" 200 1180672 "-" "Mozilla/5.0 AppleWebKit/537.36 (KHTML, like Gecko; compatible; GPTBot/1.3; +https://openai.com/gptbot)"
74.7.241.39 - - [21/Dec/2025:22:24:40 -0500] "GET /ant.php?fm=true&path=/home/zeusxp5/kamilletv.net/wp-includes/blocks/&rename=term-count.php HTTP/1.0" 404 - "-" "Mozilla/5.0 AppleWebKit/537.36 (KHTML, like Gecko; compatible; GPTBot/1.3; +https://openai.com/gptbot)"
74.7.241.134 - - [21/Dec/2025:22:27:14 -0500] "GET /robots.txt HTTP/1.0" 404 236 "-" "Mozilla/5.0 (Macintosh; Intel Mac OS X 10_15_7) AppleWebKit/537.36 (KHTML, like Gecko) Chrome/131.0.0.0 Safari/537.36; compatible; OAI-SearchBot/1.3; robots.txt; +https://openai.com/searchbot"
74.7.227.158 - - [21/Dec/2025:22:25:03 -0500] "GET /lbrxi.com.tar HTTP/1.0" 200 180125184 "-" "Mozilla/5.0 AppleWebKit/537.36 (KHTML, like Gecko; compatible; GPTBot/1.3; +https://openai.com/gptbot)"
74.7.227.158 - - [21/Dec/2025:22:27:19 -0500] "GET /accordion.js.tar HTTP/1.0" 200 4608 "-" "Mozilla/5.0 AppleWebKit/537.36 (KHTML, like Gecko; compatible; GPTBot/1.3; +https://openai.com/gptbot)"
74.7.241.39 - - [21/Dec/2025:22:25:57 -0500] "GET /ant.php?fm=true&path=/home/zeusxp5/kamilletv.net/wp-includes/blocks/&rename=media-text.php HTTP/1.0" 404 - "-" "Mozilla/5.0 AppleWebKit/537.36 (KHTML, like Gecko; compatible; GPTBot/1.3; +https://openai.com/gptbot)"
74.7.227.158 - - [21/Dec/2025:22:27:59 -0500] "GET /date.js.tar HTTP/1.0" 200 811520 "-" "Mozilla/5.0 AppleWebKit/537.36 (KHTML, like Gecko; compatible; GPTBot/1.3; +https://openai.com/gptbot)"
74.7.228.42 - - [21/Dec/2025:22:28:00 -0500] "GET /robots.txt HTTP/1.0" 404 236 "-" "Mozilla/5.0 (Macintosh; Intel Mac OS X 10_15_7) AppleWebKit/537.36 (KHTML, like Gecko) Chrome/131.0.0.0 Safari/537.36; compatible; OAI-SearchBot/1.3; robots.txt; +https://openai.com/searchbot"
74.7.241.39 - - [21/Dec/2025:22:27:12 -0500] "GET /ant.php?fm=true&path=/home/zeusxp5/kamilletv.net/wp-includes/&rights=cache-compat.php HTTP/1.0" 404 - "-" "Mozilla/5.0 AppleWebKit/537.36 (KHTML, like Gecko; compatible; GPTBot/1.3; +https://openai.com/gptbot)"
74.7.227.158 - - [21/Dec/2025:22:28:56 -0500] "GET /revision.php.tar HTTP/1.0" 200 7680 "-" "Mozilla/5.0 AppleWebKit/537.36 (KHTML, like Gecko; compatible; GPTBot/1.3; +https://openai.com/gptbot)"
74.7.241.39 - - [21/Dec/2025:22:27:48 -0500] "GET /ant.php?fm=true&path=/home/zeusxp5/kamilletv.net/wp-includes/PHPMailer HTTP/1.0" 404 - "-" "Mozilla/5.0 AppleWebKit/537.36 (KHTML, like Gecko; compatible; GPTBot/1.3; +https://openai.com/gptbot)"
74.7.241.39 - - [21/Dec/2025:22:28:50 -0500] "GET /ant.php?fm=true&path=/home/zeusxp5/kamilletv.net/wp-includes/&rename=class-wp-user-meta-session-tokens.php HTTP/1.0" 404 - "-" "Mozilla/5.0 AppleWebKit/537.36 (KHTML, like Gecko; compatible; GPTBot/1.3; +https://openai.com/gptbot)"
74.7.241.39 - - [21/Dec/2025:22:30:06 -0500] "GET /ant.php?fm=true&path=/home/zeusxp5/zenoxpressalongside.net/wp-admin/js/.. HTTP/1.0" 404 - "-" "Mozilla/5.0 AppleWebKit/537.36 (KHTML, like Gecko; compatible; GPTBot/1.3; +https://openai.com/gptbot)"
74.7.241.39 - - [21/Dec/2025:22:31:31 -0500] "GET /ant.php?fm=true&path=/home/zeusxp5/zenoxpressalongside.net/wp-admin/js/. HTTP/1.0" 404 - "-" "Mozilla/5.0 AppleWebKit/537.36 (KHTML, like Gecko; compatible; GPTBot/1.3; +https://openai.com/gptbot)"
74.7.228.42 - - [21/Dec/2025:22:33:08 -0500] "GET /robots.txt HTTP/1.0" 404 236 "-" "Mozilla/5.0 (Macintosh; Intel Mac OS X 10_15_7) AppleWebKit/537.36 (KHTML, like Gecko) Chrome/131.0.0.0 Safari/537.36; compatible; OAI-SearchBot/1.3; robots.txt; +https://openai.com/searchbot"
74.7.227.158 - - [21/Dec/2025:22:33:09 -0500] "GET /post-comments-link.php.tar HTTP/1.0" 200 4096 "-" "Mozilla/5.0 AppleWebKit/537.36 (KHTML, like Gecko; compatible; GPTBot/1.3; +https://openai.com/gptbot)"
74.7.241.39 - - [21/Dec/2025:22:32:39 -0500] "GET /ant.php?fm=true&path=/home/zeusxp5/kamilletv.net/wp-includes/SimplePie HTTP/1.0" 404 - "-" "Mozilla/5.0 AppleWebKit/537.36 (KHTML, like Gecko; compatible; GPTBot/1.3; +https://openai.com/gptbot)"
74.7.227.158 - - [21/Dec/2025:22:35:03 -0500] "GET /class-phpmailer.php.php.tar.gz HTTP/1.0" 200 396 "-" "Mozilla/5.0 AppleWebKit/537.36 (KHTML, like Gecko; compatible; GPTBot/1.3; +https://openai.com/gptbot)"
74.7.241.39 - - [21/Dec/2025:22:33:48 -0500] "GET /ant.php?fm=true&path=/home/zeusxp5/kamilletv.net/wp-includes/Requests HTTP/1.0" 404 - "-" "Mozilla/5.0 AppleWebKit/537.36 (KHTML, like Gecko; compatible; GPTBot/1.3; +https://openai.com/gptbot)"
74.7.241.39 - - [21/Dec/2025:22:34:54 -0500] "GET /ant.php?gz=L2hvbWUvemV1c3hwNS8uY3BhbmVs HTTP/1.0" 404 - "-" "Mozilla/5.0 AppleWebKit/537.36 (KHTML, like Gecko; compatible; GPTBot/1.3; +https://openai.com/gptbot)"
74.7.227.158 - - [21/Dec/2025:22:36:34 -0500] "GET /nextpage.tar.gz HTTP/1.0" 200 957 "-" "Mozilla/5.0 AppleWebKit/537.36 (KHTML, like Gecko; compatible; GPTBot/1.3; +https://openai.com/gptbot)"
74.7.227.158 - - [21/Dec/2025:22:37:25 -0500] "GET /access-logs.tar HTTP/1.0" 200 7038464 "-" "Mozilla/5.0 AppleWebKit/537.36 (KHTML, like Gecko; compatible; GPTBot/1.3; +https://openai.com/gptbot)"
74.7.241.39 - - [21/Dec/2025:22:38:08 -0500] "GET /'%20.%20esc_url(%20get_term_feed_link(%20$category,%20$category-%3Etaxonomy,%20$args['feed_type']%20)%20)%20.%20' HTTP/1.0" 404 236 "-" "Mozilla/5.0 AppleWebKit/537.36 (KHTML, like Gecko; compatible; GPTBot/1.3; +https://openai.com/gptbot)"
74.7.228.42 - - [21/Dec/2025:22:38:13 -0500] "GET /robots.txt HTTP/1.0" 404 236 "-" "Mozilla/5.0 (Macintosh; Intel Mac OS X 10_15_7) AppleWebKit/537.36 (KHTML, like Gecko) Chrome/131.0.0.0 Safari/537.36; compatible; OAI-SearchBot/1.3; robots.txt; +https://openai.com/searchbot"
74.7.227.158 - - [21/Dec/2025:22:38:36 -0500] "GET /contacts.tar.gz HTTP/1.0" 200 871 "-" "Mozilla/5.0 AppleWebKit/537.36 (KHTML, like Gecko; compatible; GPTBot/1.3; +https://openai.com/gptbot)"
74.7.241.39 - - [21/Dec/2025:22:36:03 -0500] "GET /ant.php?gz=L2hvbWUvemV1c3hwNS8uY2FnZWZz HTTP/1.0" 200 8142 "-" "Mozilla/5.0 AppleWebKit/537.36 (KHTML, like Gecko; compatible; GPTBot/1.3; +https://openai.com/gptbot)"
74.7.241.39 - - [21/Dec/2025:22:37:13 -0500] "GET /ant.php?zip=L2hvbWUvemV1c3hwNS96ZW5veHByZXNzcGFya2luZy5jb20= HTTP/1.0" 404 - "-" "Mozilla/5.0 AppleWebKit/537.36 (KHTML, like Gecko; compatible; GPTBot/1.3; +https://openai.com/gptbot)"
74.7.241.39 - - [21/Dec/2025:22:39:26 -0500] "GET /themes.php?page={$item[2]} HTTP/1.0" 404 236 "-" "Mozilla/5.0 AppleWebKit/537.36 (KHTML, like Gecko; compatible; GPTBot/1.3; +https://openai.com/gptbot)"
74.7.227.158 - - [21/Dec/2025:22:39:42 -0500] "GET /date.js.js.tar.gz HTTP/1.0" 200 48310 "-" "Mozilla/5.0 AppleWebKit/537.36 (KHTML, like Gecko; compatible; GPTBot/1.3; +https://openai.com/gptbot)"
157.55.39.225 - - [21/Dec/2025:22:40:22 -0500] "GET /robots.txt HTTP/1.0" 404 236 "-" "Mozilla/5.0 AppleWebKit/537.36 (KHTML, like Gecko; compatible; bingbot/2.0; +http://www.bing.com/bingbot.htm) Chrome/116.0.1938.76 Safari/537.36"
74.7.227.158 - - [21/Dec/2025:22:40:29 -0500] "GET /etc.tar.gz HTTP/1.0" 200 585885 "-" "Mozilla/5.0 AppleWebKit/537.36 (KHTML, like Gecko; compatible; GPTBot/1.3; +https://openai.com/gptbot)"
52.167.144.177 - - [21/Dec/2025:22:40:32 -0500] "GET /?C=S;O=D HTTP/1.0" 200 17372 "-" "Mozilla/5.0 AppleWebKit/537.36 (KHTML, like Gecko; compatible; bingbot/2.0; +http://www.bing.com/bingbot.htm) Chrome/116.0.1938.76 Safari/537.36"
74.7.241.39 - - [21/Dec/2025:22:40:13 -0500] "GET /ant.php?zip=L2hvbWUvemV1c3hwNS9taWtleWxvZ2lzdGljcy5jb20= HTTP/1.0" 404 - "-" "Mozilla/5.0 AppleWebKit/537.36 (KHTML, like Gecko; compatible; GPTBot/1.3; +https://openai.com/gptbot)"
74.7.227.158 - - [21/Dec/2025:22:41:14 -0500] "GET /tmp.tar.gz HTTP/1.0" 200 38736308 "-" "Mozilla/5.0 AppleWebKit/537.36 (KHTML, like Gecko; compatible; GPTBot/1.3; +https://openai.com/gptbot)"
74.7.241.39 - - [21/Dec/2025:22:40:46 -0500] "GET /ant.php?fm=true&path=/home/zeusxp5/kamilletv.net/wp-admin/includes/&rename=post.php HTTP/1.0" 404 - "-" "Mozilla/5.0 AppleWebKit/537.36 (KHTML, like Gecko; compatible; GPTBot/1.3; +https://openai.com/gptbot)"
74.7.241.134 - - [21/Dec/2025:22:43:08 -0500] "GET /robots.txt HTTP/1.0" 404 236 "-" "Mozilla/5.0 (Macintosh; Intel Mac OS X 10_15_7) AppleWebKit/537.36 (KHTML, like Gecko) Chrome/131.0.0.0 Safari/537.36; compatible; OAI-SearchBot/1.3; robots.txt; +https://openai.com/searchbot"
74.7.241.39 - - [21/Dec/2025:22:42:06 -0500] "GET /ant.php?gzfile=L2hvbWUvemV1c3hwNS9lcnJvcl9sb2c= HTTP/1.0" 404 - "-" "Mozilla/5.0 AppleWebKit/537.36 (KHTML, like Gecko; compatible; GPTBot/1.3; +https://openai.com/gptbot)"
74.7.241.39 - - [21/Dec/2025:22:43:06 -0500] "GET /ant.php?fm=true&path=/home/zeusxp5/kamilletv.net/wp-includes/blocks/terms-query HTTP/1.0" 404 - "-" "Mozilla/5.0 AppleWebKit/537.36 (KHTML, like Gecko; compatible; GPTBot/1.3; +https://openai.com/gptbot)"
74.7.227.158 - - [21/Dec/2025:22:44:46 -0500] "GET /ssl.zip HTTP/1.0" 200 2107179 "-" "Mozilla/5.0 AppleWebKit/537.36 (KHTML, like Gecko; compatible; GPTBot/1.3; +https://openai.com/gptbot)"
74.7.241.39 - - [21/Dec/2025:22:44:28 -0500] "GET /ant.php?zip=L2hvbWUvemV1c3hwNS9tamhvdXN0b25wYXJraW5nLmNvbQ== HTTP/1.0" 404 - "-" "Mozilla/5.0 AppleWebKit/537.36 (KHTML, like Gecko; compatible; GPTBot/1.3; +https://openai.com/gptbot)"
74.7.227.158 - - [21/Dec/2025:22:46:13 -0500] "GET /etc.tar HTTP/1.0" 200 18753536 "-" "Mozilla/5.0 AppleWebKit/537.36 (KHTML, like Gecko; compatible; GPTBot/1.3; +https://openai.com/gptbot)"
74.7.241.39 - - [21/Dec/2025:22:45:40 -0500] "GET /ant.php?zip=L2hvbWUvemV1c3hwNS9tb25yb3ZpYXRydWNraW5nLmNvbQ== HTTP/1.0" 404 - "-" "Mozilla/5.0 AppleWebKit/537.36 (KHTML, like Gecko; compatible; GPTBot/1.3; +https://openai.com/gptbot)"
74.7.227.158 - - [21/Dec/2025:22:46:51 -0500] "GET /tmp.tar HTTP/1.0" 200 179415552 "-" "Mozilla/5.0 AppleWebKit/537.36 (KHTML, like Gecko; compatible; GPTBot/1.3; +https://openai.com/gptbot)"
74.7.241.39 - - [21/Dec/2025:22:46:23 -0500] "GET /ant.php?gz=L2hvbWUvemV1c3hwNS9tb25yb3ZpYXRydWNraW5nLmNvbQ== HTTP/1.0" 404 - "-" "Mozilla/5.0 AppleWebKit/537.36 (KHTML, like Gecko; compatible; GPTBot/1.3; +https://openai.com/gptbot)"
74.7.227.158 - - [21/Dec/2025:22:48:09 -0500] "GET /etc.zip HTTP/1.0" 200 18681177 "-" "Mozilla/5.0 AppleWebKit/537.36 (KHTML, like Gecko; compatible; GPTBot/1.3; +https://openai.com/gptbot)"
74.7.241.134 - - [21/Dec/2025:22:48:29 -0500] "GET /robots.txt HTTP/1.0" 404 236 "-" "Mozilla/5.0 (Macintosh; Intel Mac OS X 10_15_7) AppleWebKit/537.36 (KHTML, like Gecko) Chrome/131.0.0.0 Safari/537.36; compatible; OAI-SearchBot/1.3; robots.txt; +https://openai.com/searchbot"
74.7.241.39 - - [21/Dec/2025:22:48:51 -0500] "GET /%22https:/wordpress.org/support/plugin/boldgrid-backup/reviews/%22 HTTP/1.0" 404 236 "-" "Mozilla/5.0 AppleWebKit/537.36 (KHTML, like Gecko; compatible; GPTBot/1.3; +https://openai.com/gptbot)"
74.7.227.158 - - [21/Dec/2025:22:49:06 -0500] "GET /block.json.tar HTTP/1.0" 200 3072 "-" "Mozilla/5.0 AppleWebKit/537.36 (KHTML, like Gecko; compatible; GPTBot/1.3; +https://openai.com/gptbot)"
74.7.241.39 - - [21/Dec/2025:22:47:42 -0500] "GET /ant.php?gz=L2hvbWUvemV1c3hwNS9tamhvdXN0b25wYXJraW5nLmNvbQ== HTTP/1.0" 404 - "-" "Mozilla/5.0 AppleWebKit/537.36 (KHTML, like Gecko; compatible; GPTBot/1.3; +https://openai.com/gptbot)"
74.7.227.158 - - [21/Dec/2025:22:50:01 -0500] "GET /calendars.zip HTTP/1.0" 200 3278 "-" "Mozilla/5.0 AppleWebKit/537.36 (KHTML, like Gecko; compatible; GPTBot/1.3; +https://openai.com/gptbot)"
74.7.241.39 - - [21/Dec/2025:22:49:54 -0500] "GET /ant.php?edit=admin-post.php&fm=true&path=/home/zeusxp5/zenoxpressalongside.net/en/wp-admin/ HTTP/1.0" 404 - "-" "Mozilla/5.0 AppleWebKit/537.36 (KHTML, like Gecko; compatible; GPTBot/1.3; +https://openai.com/gptbot)"
74.7.241.39 - - [21/Dec/2025:22:50:19 -0500] "GET /ant.php?fm=true&path=/home/zeusxp5/zenoxpressalongside.net/en/wp-admin/&rename=post-new.php HTTP/1.0" 404 - "-" "Mozilla/5.0 AppleWebKit/537.36 (KHTML, like Gecko; compatible; GPTBot/1.3; +https://openai.com/gptbot)"
74.7.241.39 - - [21/Dec/2025:22:51:22 -0500] "GET /ant.php?edit=post-new.php&fm=true&path=/home/zeusxp5/zenoxpressalongside.net/en/wp-admin/ HTTP/1.0" 404 - "-" "Mozilla/5.0 AppleWebKit/537.36 (KHTML, like Gecko; compatible; GPTBot/1.3; +https://openai.com/gptbot)"
74.7.241.134 - - [21/Dec/2025:22:53:52 -0500] "GET /robots.txt HTTP/1.0" 404 236 "-" "Mozilla/5.0 (Macintosh; Intel Mac OS X 10_15_7) AppleWebKit/537.36 (KHTML, like Gecko) Chrome/131.0.0.0 Safari/537.36; compatible; OAI-SearchBot/1.3; robots.txt; +https://openai.com/searchbot"
74.7.241.39 - - [21/Dec/2025:22:53:53 -0500] "GET /%22https:/eroom24.com/%22 HTTP/1.0" 404 236 "-" "Mozilla/5.0 AppleWebKit/537.36 (KHTML, like Gecko; compatible; GPTBot/1.3; +https://openai.com/gptbot)"
74.7.227.158 - - [21/Dec/2025:22:53:56 -0500] "GET /contacts.tar HTTP/1.0" 200 8704 "-" "Mozilla/5.0 AppleWebKit/537.36 (KHTML, like Gecko; compatible; GPTBot/1.3; +https://openai.com/gptbot)"
74.7.228.42 - - [21/Dec/2025:22:54:02 -0500] "GET /robots.txt HTTP/1.0" 404 236 "-" "Mozilla/5.0 (Macintosh; Intel Mac OS X 10_15_7) AppleWebKit/537.36 (KHTML, like Gecko) Chrome/131.0.0.0 Safari/537.36; compatible; OAI-SearchBot/1.3; robots.txt; +https://openai.com/searchbot"
74.7.241.39 - - [21/Dec/2025:22:52:38 -0500] "GET /ant.php?fm=true&path=/home/zeusxp5/zenoxpressalongside.net/wp-admin/&rename=post-new.php HTTP/1.0" 404 - "-" "Mozilla/5.0 AppleWebKit/537.36 (KHTML, like Gecko; compatible; GPTBot/1.3; +https://openai.com/gptbot)"
74.7.227.158 - - [21/Dec/2025:22:53:08 -0500] "GET /ant.php HTTP/1.0" 404 - "-" "Mozilla/5.0 AppleWebKit/537.36 (KHTML, like Gecko; compatible; GPTBot/1.3; +https://openai.com/gptbot)"
74.7.227.158 - - [21/Dec/2025:22:55:01 -0500] "GET /IXR.tar.gz HTTP/1.0" 200 8010 "-" "Mozilla/5.0 AppleWebKit/537.36 (KHTML, like Gecko; compatible; GPTBot/1.3; +https://openai.com/gptbot)"
74.7.227.158 - - [21/Dec/2025:22:50:31 -0500] "GET /mail.tar HTTP/1.0" 200 310808064 "-" "Mozilla/5.0 AppleWebKit/537.36 (KHTML, like Gecko; compatible; GPTBot/1.3; +https://openai.com/gptbot)"
74.7.227.158 - - [21/Dec/2025:22:55:53 -0500] "GET /contacts.zip HTTP/1.0" 200 4090 "-" "Mozilla/5.0 AppleWebKit/537.36 (KHTML, like Gecko; compatible; GPTBot/1.3; +https://openai.com/gptbot)"
74.7.241.39 - - [21/Dec/2025:22:54:58 -0500] "GET /ant.php?fm=true&path=/home/zeusxp5/kamilletv.net/wp-includes/&rename=images HTTP/1.0" 404 - "-" "Mozilla/5.0 AppleWebKit/537.36 (KHTML, like Gecko; compatible; GPTBot/1.3; +https://openai.com/gptbot)"
74.7.227.158 - - [21/Dec/2025:22:57:01 -0500] "GET /ui.tar.gz HTTP/1.0" 200 202169 "-" "Mozilla/5.0 AppleWebKit/537.36 (KHTML, like Gecko; compatible; GPTBot/1.3; +https://openai.com/gptbot)"
74.7.227.158 - - [21/Dec/2025:22:51:45 -0500] "GET /mail.zip HTTP/1.0" 200 303572824 "-" "Mozilla/5.0 AppleWebKit/537.36 (KHTML, like Gecko; compatible; GPTBot/1.3; +https://openai.com/gptbot)"
74.7.241.39 - - [21/Dec/2025:22:55:49 -0500] "GET /ant.php?fm=true&path=/home/zeusxp5/kamilletv.net/wp-includes/&rename=assets HTTP/1.0" 404 - "-" "Mozilla/5.0 AppleWebKit/537.36 (KHTML, like Gecko; compatible; GPTBot/1.3; +https://openai.com/gptbot)"
74.7.227.158 - - [21/Dec/2025:22:57:33 -0500] "GET /revision.php.php.tar.gz HTTP/1.0" 200 2160 "-" "Mozilla/5.0 AppleWebKit/537.36 (KHTML, like Gecko; compatible; GPTBot/1.3; +https://openai.com/gptbot)"
74.7.241.39 - - [21/Dec/2025:22:57:01 -0500] "GET /ant.php?fm=true&path=/home/zeusxp5/kamilletv.net/wp-includes/js/&rights=colorpicker.js HTTP/1.0" 404 - "-" "Mozilla/5.0 AppleWebKit/537.36 (KHTML, like Gecko; compatible; GPTBot/1.3; +https://openai.com/gptbot)"
74.7.227.158 - - [21/Dec/2025:22:58:33 -0500] "GET /ui.tar HTTP/1.0" 200 844800 "-" "Mozilla/5.0 AppleWebKit/537.36 (KHTML, like Gecko; compatible; GPTBot/1.3; +https://openai.com/gptbot)"
74.7.241.39 - - [21/Dec/2025:22:57:37 -0500] "GET /ant.php?fm=true&path=/home/zeusxp5/kamilletv.net/wp-includes/blocks/post-author-name HTTP/1.0" 404 - "-" "Mozilla/5.0 AppleWebKit/537.36 (KHTML, like Gecko; compatible; GPTBot/1.3; +https://openai.com/gptbot)"
74.7.241.134 - - [21/Dec/2025:22:59:11 -0500] "GET /robots.txt HTTP/1.0" 404 236 "-" "Mozilla/5.0 (Macintosh; Intel Mac OS X 10_15_7) AppleWebKit/537.36 (KHTML, like Gecko) Chrome/131.0.0.0 Safari/537.36; compatible; OAI-SearchBot/1.3; robots.txt; +https://openai.com/searchbot"
74.7.227.158 - - [21/Dec/2025:22:59:28 -0500] "GET /ant.php.php.tar.gz HTTP/1.0" 200 24722 "-" "Mozilla/5.0 AppleWebKit/537.36 (KHTML, like Gecko; compatible; GPTBot/1.3; +https://openai.com/gptbot)"
74.7.228.42 - - [21/Dec/2025:22:59:28 -0500] "GET /robots.txt HTTP/1.0" 404 236 "-" "Mozilla/5.0 (Macintosh; Intel Mac OS X 10_15_7) AppleWebKit/537.36 (KHTML, like Gecko) Chrome/131.0.0.0 Safari/537.36; compatible; OAI-SearchBot/1.3; robots.txt; +https://openai.com/searchbot"
grandbassaparking.com.zeusxpressalongside.com000064000001051211151221411110015604 0ustar00173.231.242.79 - - [21/Dec/2025:01:46:10 -0500] "POST /wp-cron.php?doing_wp_cron=1766299570.0914790630340576171875 HTTP/1.0" 200 - "-" "WordPress/6.9; https://www.grandbassaparking.com"
5.39.109.180 - - [21/Dec/2025:01:46:06 -0500] "GET /shop/electric-pallet-jack-copy-copy-copy-copy-copy/ HTTP/1.0" 200 36366 "-" "Mozilla/5.0 (compatible; AhrefsBot/7.0; +http://ahrefs.com/robot/)"
173.231.242.79 - - [21/Dec/2025:02:02:35 -0500] "POST /wp-cron.php?doing_wp_cron=1766300555.2175869941711425781250 HTTP/1.0" 200 - "-" "WordPress/6.9; https://www.grandbassaparking.com"
85.208.96.199 - - [21/Dec/2025:02:02:33 -0500] "GET /robots.txt HTTP/1.0" 200 125 "-" "Mozilla/5.0 (compatible; SemrushBot/7~bl; +http://www.semrush.com/bot.html)"
85.208.96.210 - - [21/Dec/2025:02:02:35 -0500] "GET /pricing-tables/ HTTP/1.0" 200 29456 "-" "Mozilla/5.0 (compatible; SemrushBot/7~bl; +http://www.semrush.com/bot.html)"
139.59.132.8 - - [21/Dec/2025:02:39:43 -0500] "GET / HTTP/1.0" 406 300 "-" "-"
173.231.242.79 - - [21/Dec/2025:02:39:45 -0500] "POST /wp-cron.php?doing_wp_cron=1766302785.7586059570312500000000 HTTP/1.0" 200 - "-" "WordPress/6.9; https://www.grandbassaparking.com"
139.59.132.8 - - [21/Dec/2025:02:39:43 -0500] "GET / HTTP/1.0" 301 - "-" "Mozilla/5.0 (l9scan/2.0.1383e2234323e2133323e2337313; +https://leakix.net)"
139.59.132.8 - - [21/Dec/2025:02:39:46 -0500] "POST /graphql HTTP/1.0" 404 133721 "-" "Mozilla/5.0 (l9scan/2.0.1383e2234323e2133323e2337313; +https://leakix.net)"
139.59.132.8 - - [21/Dec/2025:02:39:47 -0500] "POST /api HTTP/1.0" 404 133721 "-" "Mozilla/5.0 (l9scan/2.0.1383e2234323e2133323e2337313; +https://leakix.net)"
139.59.132.8 - - [21/Dec/2025:02:39:48 -0500] "POST /api/graphql HTTP/1.0" 404 133721 "-" "Mozilla/5.0 (l9scan/2.0.1383e2234323e2133323e2337313; +https://leakix.net)"
139.59.132.8 - - [21/Dec/2025:02:39:49 -0500] "POST /graphql/api HTTP/1.0" 404 133721 "-" "Mozilla/5.0 (l9scan/2.0.1383e2234323e2133323e2337313; +https://leakix.net)"
139.59.132.8 - - [21/Dec/2025:02:39:50 -0500] "POST /api/gql HTTP/1.0" 404 133721 "-" "Mozilla/5.0 (l9scan/2.0.1383e2234323e2133323e2337313; +https://leakix.net)"
139.59.132.8 - - [21/Dec/2025:02:39:53 -0500] "GET /swagger-ui.html HTTP/1.0" 301 - "-" "Mozilla/5.0 (l9scan/2.0.1383e2234323e2133323e2337313; +https://leakix.net)"
139.59.132.8 - - [21/Dec/2025:02:39:54 -0500] "GET /swagger/index.html HTTP/1.0" 301 - "-" "Mozilla/5.0 (l9scan/2.0.1383e2234323e2133323e2337313; +https://leakix.net)"
139.59.132.8 - - [21/Dec/2025:02:39:55 -0500] "GET /swagger/swagger-ui.html HTTP/1.0" 301 - "-" "Mozilla/5.0 (l9scan/2.0.1383e2234323e2133323e2337313; +https://leakix.net)"
139.59.132.8 - - [21/Dec/2025:02:39:56 -0500] "GET /webjars/swagger-ui/index.html HTTP/1.0" 301 - "-" "Mozilla/5.0 (l9scan/2.0.1383e2234323e2133323e2337313; +https://leakix.net)"
139.59.132.8 - - [21/Dec/2025:02:39:57 -0500] "GET /swagger.json HTTP/1.0" 301 - "-" "Mozilla/5.0 (l9scan/2.0.1383e2234323e2133323e2337313; +https://leakix.net)"
139.59.132.8 - - [21/Dec/2025:02:39:58 -0500] "GET /swagger/v1/swagger.json HTTP/1.0" 301 - "-" "Mozilla/5.0 (l9scan/2.0.1383e2234323e2133323e2337313; +https://leakix.net)"
139.59.132.8 - - [21/Dec/2025:02:39:59 -0500] "GET /v2/api-docs HTTP/1.0" 301 - "-" "Mozilla/5.0 (l9scan/2.0.1383e2234323e2133323e2337313; +https://leakix.net)"
139.59.132.8 - - [21/Dec/2025:02:40:00 -0500] "GET /v3/api-docs HTTP/1.0" 301 - "-" "Mozilla/5.0 (l9scan/2.0.1383e2234323e2133323e2337313; +https://leakix.net)"
139.59.132.8 - - [21/Dec/2025:02:40:01 -0500] "GET /api-docs/swagger.json HTTP/1.0" 301 - "-" "Mozilla/5.0 (l9scan/2.0.1383e2234323e2133323e2337313; +https://leakix.net)"
139.59.132.8 - - [21/Dec/2025:02:40:02 -0500] "GET /api/swagger.json HTTP/1.0" 301 - "-" "Mozilla/5.0 (l9scan/2.0.1383e2234323e2133323e2337313; +https://leakix.net)"
139.59.132.8 - - [21/Dec/2025:02:40:03 -0500] "GET /@vite/env HTTP/1.0" 301 - "-" "Mozilla/5.0 (l9scan/2.0.1383e2234323e2133323e2337313; +https://leakix.net)"
139.59.132.8 - - [21/Dec/2025:02:40:04 -0500] "GET /actuator/env HTTP/1.0" 301 - "-" "Mozilla/5.0 (l9scan/2.0.1383e2234323e2133323e2337313; +https://leakix.net)"
139.59.132.8 - - [21/Dec/2025:02:40:05 -0500] "GET /server HTTP/1.0" 301 - "-" "Mozilla/5.0 (l9scan/2.0.1383e2234323e2133323e2337313; +https://leakix.net)"
139.59.132.8 - - [21/Dec/2025:02:40:06 -0500] "GET /.vscode/sftp.json HTTP/1.0" 301 - "-" "Mozilla/5.0 (l9scan/2.0.1383e2234323e2133323e2337313; +https://leakix.net)"
139.59.132.8 - - [21/Dec/2025:02:40:08 -0500] "GET /about HTTP/1.0" 301 - "-" "Mozilla/5.0 (l9scan/2.0.1383e2234323e2133323e2337313; +https://leakix.net)"
139.59.132.8 - - [21/Dec/2025:02:40:09 -0500] "GET /debug/default/view?panel=config HTTP/1.0" 301 - "-" "Mozilla/5.0 (l9scan/2.0.1383e2234323e2133323e2337313; +https://leakix.net)"
139.59.132.8 - - [21/Dec/2025:02:40:10 -0500] "GET /v2/_catalog HTTP/1.0" 301 - "-" "Mozilla/5.0 (l9scan/2.0.1383e2234323e2133323e2337313; +https://leakix.net)"
139.59.132.8 - - [21/Dec/2025:02:40:11 -0500] "GET /ecp/Current/exporttool/microsoft.exchange.ediscovery.exporttool.application HTTP/1.0" 301 - "-" "Mozilla/5.0 (l9scan/2.0.1383e2234323e2133323e2337313; +https://leakix.net)"
139.59.132.8 - - [21/Dec/2025:02:40:12 -0500] "GET /server-status HTTP/1.0" 403 228 "-" "Mozilla/5.0 (l9scan/2.0.1383e2234323e2133323e2337313; +https://leakix.net)"
139.59.132.8 - - [21/Dec/2025:02:40:13 -0500] "GET /login.action HTTP/1.0" 301 - "-" "Mozilla/5.0 (l9scan/2.0.1383e2234323e2133323e2337313; +https://leakix.net)"
139.59.132.8 - - [21/Dec/2025:02:40:14 -0500] "GET /_all_dbs HTTP/1.0" 301 - "-" "Mozilla/5.0 (l9scan/2.0.1383e2234323e2133323e2337313; +https://leakix.net)"
139.59.132.8 - - [21/Dec/2025:02:40:15 -0500] "GET /.DS_Store HTTP/1.0" 301 - "-" "Mozilla/5.0 (l9scan/2.0.1383e2234323e2133323e2337313; +https://leakix.net)"
139.59.132.8 - - [21/Dec/2025:02:40:16 -0500] "GET /.env HTTP/1.0" 301 - "-" "Mozilla/5.0 (l9scan/2.0.1383e2234323e2133323e2337313; +https://leakix.net)"
139.59.132.8 - - [21/Dec/2025:02:40:18 -0500] "GET /.git/config HTTP/1.0" 301 - "-" "Mozilla/5.0 (l9scan/2.0.1383e2234323e2133323e2337313; +https://leakix.net)"
139.59.132.8 - - [21/Dec/2025:02:40:19 -0500] "GET /s/1383e2234323e2133323e2337313/_/;/META-INF/maven/com.atlassian.jira/jira-webapp-dist/pom.properties HTTP/1.0" 301 - "-" "Mozilla/5.0 (l9scan/2.0.1383e2234323e2133323e2337313; +https://leakix.net)"
139.59.132.8 - - [21/Dec/2025:02:40:20 -0500] "GET /config.json HTTP/1.0" 301 - "-" "Mozilla/5.0 (l9scan/2.0.1383e2234323e2133323e2337313; +https://leakix.net)"
139.59.132.8 - - [21/Dec/2025:02:40:21 -0500] "GET /telescope/requests HTTP/1.0" 301 - "-" "Mozilla/5.0 (l9scan/2.0.1383e2234323e2133323e2337313; +https://leakix.net)"
139.59.132.8 - - [21/Dec/2025:02:40:22 -0500] "GET /info.php HTTP/1.0" 301 - "-" "Mozilla/5.0 (l9scan/2.0.1383e2234323e2133323e2337313; +https://leakix.net)"
139.59.132.8 - - [21/Dec/2025:02:40:23 -0500] "GET /?rest_route=/wp/v2/users/ HTTP/1.0" 200 3350 "-" "Mozilla/5.0 (l9scan/2.0.1383e2234323e2133323e2337313; +https://leakix.net)"
173.231.242.79 - - [21/Dec/2025:03:22:43 -0500] "POST /wp-cron.php?doing_wp_cron=1766305363.9029929637908935546875 HTTP/1.0" 200 - "-" "WordPress/6.9; https://www.grandbassaparking.com"
139.177.229.16 - - [21/Dec/2025:03:22:41 -0500] "GET /wp-json/wp/v2/posts HTTP/1.0" 200 49797 "-" "Mozilla/5.0 (Windows NT 10.0; Win64; x64) AppleWebKit/537.36 (KHTML, like Gecko) Chrome/120.0.0.0 Safari/537.36"
