37.59.204.153 - - [21/Dec/2025:09:01:38 -0500] "GET /top-trends-shaping-the-future-of-forklift-technology/ HTTP/1.0" 200 33695 "-" "Mozilla/5.0 (compatible; AhrefsBot/7.0; +http://ahrefs.com/robot/)"
173.231.242.79 - - [21/Dec/2025:09:09:13 -0500] "POST /wp-cron.php?doing_wp_cron=1766326153.4831368923187255859375 HTTP/1.0" 200 - "-" "WordPress/6.9; https://www.grandbassaparking.com"
66.175.56.106 - - [21/Dec/2025:09:09:11 -0500] "GET /wp-login.php HTTP/1.0" 200 1880 "-" "Mozilla/5.0 (Windows NT 10.0; Win64; x64) AppleWebKit/537.36 (KHTML, like Gecko) Chrome/130.0.0.0 Safari/537.36"
66.175.56.106 - - [21/Dec/2025:09:09:17 -0500] "POST /wp-login.php HTTP/1.0" 200 2001 "https://grandbassaparking.com/wp-login.php" "Mozilla/5.0 (Windows NT 10.0; Win64; x64) AppleWebKit/537.36 (KHTML, like Gecko) Chrome/130.0.0.0 Safari/537.36"
173.231.242.79 - - [21/Dec/2025:09:09:53 -0500] "POST /wp-cron.php?doing_wp_cron=1766326193.1525380611419677734375 HTTP/1.0" 200 - "-" "WordPress/6.9; https://www.grandbassaparking.com"
188.208.141.29 - - [21/Dec/2025:09:09:51 -0500] "GET /wp-login.php HTTP/1.0" 200 1880 "-" "Mozilla/5.0 (Windows NT 10.0; Win64; x64) AppleWebKit/537.36 (KHTML, like Gecko) Chrome/130.0.0.0 Safari/537.36"
188.208.141.29 - - [21/Dec/2025:09:10:02 -0500] "POST /wp-login.php HTTP/1.0" 200 2001 "https://grandbassaparking.com/wp-login.php" "Mozilla/5.0 (Windows NT 10.0; Win64; x64) AppleWebKit/537.36 (KHTML, like Gecko) Chrome/130.0.0.0 Safari/537.36"
173.231.242.79 - - [21/Dec/2025:09:11:54 -0500] "POST /wp-cron.php?doing_wp_cron=1766326314.1131379604339599609375 HTTP/1.0" 200 - "-" "WordPress/6.9; https://www.grandbassaparking.com"
34.247.172.200 - - [21/Dec/2025:09:11:52 -0500] "GET /wp-login.php HTTP/1.0" 200 1880 "-" "Mozilla/5.0 (Windows NT 10.0; Win64; x64) AppleWebKit/537.36 (KHTML, like Gecko) Chrome/130.0.0.0 Safari/537.36"
34.247.172.200 - - [21/Dec/2025:09:11:59 -0500] "POST /wp-login.php HTTP/1.0" 200 2001 "https://grandbassaparking.com/wp-login.php" "Mozilla/5.0 (Windows NT 10.0; Win64; x64) AppleWebKit/537.36 (KHTML, like Gecko) Chrome/130.0.0.0 Safari/537.36"
173.231.242.79 - - [21/Dec/2025:09:13:25 -0500] "POST /wp-cron.php?doing_wp_cron=1766326405.1793301105499267578125 HTTP/1.0" 200 - "-" "WordPress/6.9; https://www.grandbassaparking.com"
203.86.122.1 - - [21/Dec/2025:09:13:23 -0500] "GET /wp-login.php HTTP/1.0" 200 1880 "-" "Mozilla/5.0 (Windows NT 10.0; Win64; x64) AppleWebKit/537.36 (KHTML, like Gecko) Chrome/130.0.0.0 Safari/537.36"
173.231.242.79 - - [21/Dec/2025:09:14:08 -0500] "POST /wp-cron.php?doing_wp_cron=1766326448.1883289813995361328125 HTTP/1.0" 200 - "-" "WordPress/6.9; https://www.grandbassaparking.com"
66.175.56.95 - - [21/Dec/2025:09:14:06 -0500] "GET /wp-login.php HTTP/1.0" 200 1880 "-" "Mozilla/5.0 (Windows NT 10.0; Win64; x64) AppleWebKit/537.36 (KHTML, like Gecko) Chrome/130.0.0.0 Safari/537.36"
66.175.56.95 - - [21/Dec/2025:09:14:14 -0500] "POST /wp-login.php HTTP/1.0" 200 2001 "https://grandbassaparking.com/wp-login.php" "Mozilla/5.0 (Windows NT 10.0; Win64; x64) AppleWebKit/537.36 (KHTML, like Gecko) Chrome/130.0.0.0 Safari/537.36"
173.231.242.79 - - [21/Dec/2025:09:15:31 -0500] "POST /wp-cron.php?doing_wp_cron=1766326531.8498389720916748046875 HTTP/1.0" 200 - "-" "WordPress/6.9; https://www.grandbassaparking.com"
66.175.44.62 - - [21/Dec/2025:09:15:30 -0500] "GET /wp-login.php HTTP/1.0" 200 1880 "-" "Mozilla/5.0 (Windows NT 10.0; Win64; x64) AppleWebKit/537.36 (KHTML, like Gecko) Chrome/130.0.0.0 Safari/537.36"
66.175.44.62 - - [21/Dec/2025:09:15:36 -0500] "POST /wp-login.php HTTP/1.0" 200 2001 "https://grandbassaparking.com/wp-login.php" "Mozilla/5.0 (Windows NT 10.0; Win64; x64) AppleWebKit/537.36 (KHTML, like Gecko) Chrome/130.0.0.0 Safari/537.36"
173.231.242.79 - - [21/Dec/2025:09:16:40 -0500] "POST /wp-cron.php?doing_wp_cron=1766326600.5887439250946044921875 HTTP/1.0" 200 - "-" "WordPress/6.9; https://www.grandbassaparking.com"
34.247.172.200 - - [21/Dec/2025:09:16:39 -0500] "GET /wp-login.php HTTP/1.0" 200 1880 "-" "Mozilla/5.0 (Windows NT 10.0; Win64; x64) AppleWebKit/537.36 (KHTML, like Gecko) Chrome/130.0.0.0 Safari/537.36"
34.247.172.200 - - [21/Dec/2025:09:16:47 -0500] "POST /wp-login.php HTTP/1.0" 200 2001 "https://grandbassaparking.com/wp-login.php" "Mozilla/5.0 (Windows NT 10.0; Win64; x64) AppleWebKit/537.36 (KHTML, like Gecko) Chrome/130.0.0.0 Safari/537.36"
66.175.44.37 - - [21/Dec/2025:09:17:23 -0500] "GET /wp-login.php HTTP/1.0" 200 1880 "-" "Mozilla/5.0 (Windows NT 10.0; Win64; x64) AppleWebKit/537.36 (KHTML, like Gecko) Chrome/130.0.0.0 Safari/537.36"
66.175.44.37 - - [21/Dec/2025:09:17:30 -0500] "POST /wp-login.php HTTP/1.0" 200 2001 "https://grandbassaparking.com/wp-login.php" "Mozilla/5.0 (Windows NT 10.0; Win64; x64) AppleWebKit/537.36 (KHTML, like Gecko) Chrome/130.0.0.0 Safari/537.36"
173.231.242.79 - - [21/Dec/2025:09:18:19 -0500] "POST /wp-cron.php?doing_wp_cron=1766326699.2117619514465332031250 HTTP/1.0" 200 - "-" "WordPress/6.9; https://www.grandbassaparking.com"
66.175.44.70 - - [21/Dec/2025:09:18:17 -0500] "GET /wp-login.php HTTP/1.0" 200 1880 "-" "Mozilla/5.0 (Windows NT 10.0; Win64; x64) AppleWebKit/537.36 (KHTML, like Gecko) Chrome/130.0.0.0 Safari/537.36"
66.175.44.70 - - [21/Dec/2025:09:18:26 -0500] "POST /wp-login.php HTTP/1.0" 200 2001 "https://grandbassaparking.com/wp-login.php" "Mozilla/5.0 (Windows NT 10.0; Win64; x64) AppleWebKit/537.36 (KHTML, like Gecko) Chrome/130.0.0.0 Safari/537.36"
173.231.242.79 - - [21/Dec/2025:09:19:27 -0500] "POST /wp-cron.php?doing_wp_cron=1766326767.7417469024658203125000 HTTP/1.0" 200 - "-" "WordPress/6.9; https://www.grandbassaparking.com"
157.66.46.84 - - [21/Dec/2025:09:19:26 -0500] "GET /wp-login.php HTTP/1.0" 200 1880 "-" "Mozilla/5.0 (Windows NT 10.0; Win64; x64) AppleWebKit/537.36 (KHTML, like Gecko) Chrome/130.0.0.0 Safari/537.36"
173.231.242.79 - - [21/Dec/2025:09:19:34 -0500] "POST /wp-cron.php?doing_wp_cron=1766326774.9106910228729248046875 HTTP/1.0" 200 - "-" "WordPress/6.9; https://www.grandbassaparking.com"
157.66.46.84 - - [21/Dec/2025:09:19:33 -0500] "POST /wp-login.php HTTP/1.0" 200 2001 "https://grandbassaparking.com/wp-login.php" "Mozilla/5.0 (Windows NT 10.0; Win64; x64) AppleWebKit/537.36 (KHTML, like Gecko) Chrome/130.0.0.0 Safari/537.36"
173.231.242.79 - - [21/Dec/2025:09:21:12 -0500] "POST /wp-cron.php?doing_wp_cron=1766326872.5316920280456542968750 HTTP/1.0" 200 - "-" "WordPress/6.9; https://www.grandbassaparking.com"
38.60.205.76 - - [21/Dec/2025:09:21:10 -0500] "GET /wp-login.php HTTP/1.0" 200 1880 "-" "Mozilla/5.0 (Windows NT 10.0; Win64; x64) AppleWebKit/537.36 (KHTML, like Gecko) Chrome/130.0.0.0 Safari/537.36"
38.60.205.76 - - [21/Dec/2025:09:21:16 -0500] "POST /wp-login.php HTTP/1.0" 200 2001 "https://grandbassaparking.com/wp-login.php" "Mozilla/5.0 (Windows NT 10.0; Win64; x64) AppleWebKit/537.36 (KHTML, like Gecko) Chrome/130.0.0.0 Safari/537.36"
173.231.242.79 - - [21/Dec/2025:09:21:53 -0500] "POST /wp-cron.php?doing_wp_cron=1766326913.4839789867401123046875 HTTP/1.0" 200 - "-" "WordPress/6.9; https://www.grandbassaparking.com"
205.196.221.238 - - [21/Dec/2025:09:21:52 -0500] "GET /wp-login.php HTTP/1.0" 200 1880 "-" "Mozilla/5.0 (Windows NT 10.0; Win64; x64) AppleWebKit/537.36 (KHTML, like Gecko) Chrome/130.0.0.0 Safari/537.36"
205.196.221.238 - - [21/Dec/2025:09:21:54 -0500] "POST /wp-login.php HTTP/1.0" 200 2001 "https://grandbassaparking.com/wp-login.php" "Mozilla/5.0 (Windows NT 10.0; Win64; x64) AppleWebKit/537.36 (KHTML, like Gecko) Chrome/130.0.0.0 Safari/537.36"
162.241.225.120 - - [21/Dec/2025:09:22:19 -0500] "GET /wp-login.php HTTP/1.0" 200 1880 "-" "Mozilla/5.0 (Windows NT 10.0; Win64; x64) AppleWebKit/537.36 (KHTML, like Gecko) Chrome/130.0.0.0 Safari/537.36"
162.241.225.120 - - [21/Dec/2025:09:22:31 -0500] "POST /wp-login.php HTTP/1.0" 200 2001 "https://grandbassaparking.com/wp-login.php" "Mozilla/5.0 (Windows NT 10.0; Win64; x64) AppleWebKit/537.36 (KHTML, like Gecko) Chrome/130.0.0.0 Safari/537.36"
173.231.242.79 - - [21/Dec/2025:09:29:59 -0500] "POST /wp-cron.php?doing_wp_cron=1766327399.8272879123687744140625 HTTP/1.0" 200 - "-" "WordPress/6.9; https://www.grandbassaparking.com"
162.241.225.120 - - [21/Dec/2025:09:29:57 -0500] "GET /wp-login.php HTTP/1.0" 200 1880 "-" "Mozilla/5.0 (Windows NT 10.0; Win64; x64) AppleWebKit/537.36 (KHTML, like Gecko) Chrome/130.0.0.0 Safari/537.36"
162.241.225.120 - - [21/Dec/2025:09:30:19 -0500] "POST /wp-login.php HTTP/1.0" 200 2001 "https://grandbassaparking.com/wp-login.php" "Mozilla/5.0 (Windows NT 10.0; Win64; x64) AppleWebKit/537.36 (KHTML, like Gecko) Chrome/130.0.0.0 Safari/537.36"
173.231.242.79 - - [21/Dec/2025:09:30:49 -0500] "POST /wp-cron.php?doing_wp_cron=1766327449.7096059322357177734375 HTTP/1.0" 200 - "-" "WordPress/6.9; https://www.grandbassaparking.com"
185.213.27.160 - - [21/Dec/2025:09:30:48 -0500] "POST /xmlrpc.php HTTP/1.0" 200 403 "-" "Mozilla/5.0 (Windows NT 10.0; Win64; x64) AppleWebKit/537.36 (KHTML, like Gecko) Chrome/67.0.3396.99 Safari/537.36"
185.213.27.160 - - [21/Dec/2025:09:30:50 -0500] "POST /xmlrpc.php HTTP/1.0" 200 403 "-" "Mozilla/5.0 (Windows NT 10.0; Win64; x64) AppleWebKit/537.36 (KHTML, like Gecko) Chrome/67.0.3396.99 Safari/537.36"
185.213.27.160 - - [21/Dec/2025:09:30:52 -0500] "POST /xmlrpc.php HTTP/1.0" 200 403 "-" "Mozilla/5.0 (Windows NT 10.0; Win64; x64) AppleWebKit/537.36 (KHTML, like Gecko) Chrome/67.0.3396.99 Safari/537.36"
139.196.149.77 - - [21/Dec/2025:09:31:15 -0500] "POST /xmlrpc.php HTTP/1.0" 406 300 "-" "Mozilla/5.0 (iPad; CPU OS 14_6 like Mac OS X) AppleWebKit/605.1.15 (KHTML, like Gecko) CriOS/91.0.4472.80 Mobile/15E148 Safari/604.1"
139.196.149.77 - - [21/Dec/2025:09:31:24 -0500] "POST /xmlrpc.php HTTP/1.0" 200 403 "-" "Mozilla/5.0 (iPad; CPU OS 14_6 like Mac OS X) AppleWebKit/605.1.15 (KHTML, like Gecko) CriOS/91.0.4472.80 Mobile/15E148 Safari/604.1"
173.231.242.79 - - [21/Dec/2025:09:31:36 -0500] "POST /wp-cron.php?doing_wp_cron=1766327496.8221321105957031250000 HTTP/1.0" 200 - "-" "WordPress/6.9; https://www.grandbassaparking.com"
3.142.105.213 - - [21/Dec/2025:09:31:35 -0500] "POST /xmlrpc.php HTTP/1.0" 200 403 "-" "Mozilla/5.0 (iPhone; CPU iPhone OS 14_6 like Mac OS X) AppleWebKit/605.1.15 (KHTML, like Gecko) CriOS/91.0.4472.80 Mobile/15E148 Safari/604.1"
3.142.105.213 - - [21/Dec/2025:09:31:37 -0500] "POST /xmlrpc.php HTTP/1.0" 200 403 "-" "Mozilla/5.0 (iPhone; CPU iPhone OS 14_6 like Mac OS X) AppleWebKit/605.1.15 (KHTML, like Gecko) CriOS/91.0.4472.80 Mobile/15E148 Safari/604.1"
3.142.105.213 - - [21/Dec/2025:09:31:38 -0500] "POST /xmlrpc.php HTTP/1.0" 406 300 "-" "Mozilla/5.0 (iPhone; CPU iPhone OS 14_6 like Mac OS X) AppleWebKit/605.1.15 (KHTML, like Gecko) CriOS/91.0.4472.80 Mobile/15E148 Safari/604.1"
139.196.149.77 - - [21/Dec/2025:09:31:46 -0500] "POST /xmlrpc.php HTTP/1.0" 200 403 "-" "Mozilla/5.0 (iPad; CPU OS 14_6 like Mac OS X) AppleWebKit/605.1.15 (KHTML, like Gecko) CriOS/91.0.4472.80 Mobile/15E148 Safari/604.1"
104.219.248.8 - - [21/Dec/2025:09:32:10 -0500] "POST /xmlrpc.php HTTP/1.0" 200 403 "-" "Mozilla/5.0 (X11; Ubuntu; Linux i686; rv:24.0) Gecko/20100101 Firefox/24.0"
104.219.248.8 - - [21/Dec/2025:09:32:11 -0500] "POST /xmlrpc.php HTTP/1.0" 200 403 "-" "Mozilla/5.0 (X11; Ubuntu; Linux i686; rv:24.0) Gecko/20100101 Firefox/24.0"
104.219.248.8 - - [21/Dec/2025:09:32:12 -0500] "POST /xmlrpc.php HTTP/1.0" 406 300 "-" "Mozilla/5.0 (X11; Ubuntu; Linux i686; rv:24.0) Gecko/20100101 Firefox/24.0"
66.175.56.106 - - [21/Dec/2025:09:32:21 -0500] "GET /wp-login.php HTTP/1.0" 200 1880 "-" "Mozilla/5.0 (Windows NT 10.0; Win64; x64) AppleWebKit/537.36 (KHTML, like Gecko) Chrome/130.0.0.0 Safari/537.36"
66.175.56.106 - - [21/Dec/2025:09:32:26 -0500] "POST /wp-login.php HTTP/1.0" 200 2001 "https://grandbassaparking.com/wp-login.php" "Mozilla/5.0 (Windows NT 10.0; Win64; x64) AppleWebKit/537.36 (KHTML, like Gecko) Chrome/130.0.0.0 Safari/537.36"
173.231.242.79 - - [21/Dec/2025:09:33:08 -0500] "POST /wp-cron.php?doing_wp_cron=1766327588.1550009250640869140625 HTTP/1.0" 200 - "-" "WordPress/6.9; https://www.grandbassaparking.com"
194.181.228.65 - - [21/Dec/2025:09:33:06 -0500] "POST /xmlrpc.php HTTP/1.0" 200 403 "-" "Mozilla/5.0 (Windows NT 6.1) AppleWebKit/537.36 (KHTML, like Gecko) Chrome/56.0.2924.76 Safari/537.36"
194.181.228.65 - - [21/Dec/2025:09:33:08 -0500] "POST /xmlrpc.php HTTP/1.0" 200 403 "-" "Mozilla/5.0 (Windows NT 6.1) AppleWebKit/537.36 (KHTML, like Gecko) Chrome/56.0.2924.76 Safari/537.36"
194.181.228.65 - - [21/Dec/2025:09:33:10 -0500] "POST /xmlrpc.php HTTP/1.0" 200 403 "-" "Mozilla/5.0 (Windows NT 6.1) AppleWebKit/537.36 (KHTML, like Gecko) Chrome/56.0.2924.76 Safari/537.36"
173.231.242.79 - - [21/Dec/2025:09:43:31 -0500] "POST /wp-cron.php?doing_wp_cron=1766328211.5386219024658203125000 HTTP/1.0" 200 - "-" "WordPress/6.9; https://www.grandbassaparking.com"
103.221.221.121 - - [21/Dec/2025:09:43:29 -0500] "GET /wp-login.php HTTP/1.0" 200 1880 "-" "Mozilla/5.0 (Windows NT 10.0; Win64; x64) AppleWebKit/537.36 (KHTML, like Gecko) Chrome/130.0.0.0 Safari/537.36"
103.221.221.121 - - [21/Dec/2025:09:43:37 -0500] "POST /wp-login.php HTTP/1.0" 200 2001 "https://grandbassaparking.com/wp-login.php" "Mozilla/5.0 (Windows NT 10.0; Win64; x64) AppleWebKit/537.36 (KHTML, like Gecko) Chrome/130.0.0.0 Safari/537.36"
173.231.242.79 - - [21/Dec/2025:09:46:47 -0500] "POST /wp-cron.php?doing_wp_cron=1766328407.6748929023742675781250 HTTP/1.0" 200 - "-" "WordPress/6.9; https://www.grandbassaparking.com"
205.196.221.238 - - [21/Dec/2025:09:46:46 -0500] "GET /wp-login.php HTTP/1.0" 200 1880 "-" "Mozilla/5.0 (Windows NT 10.0; Win64; x64) AppleWebKit/537.36 (KHTML, like Gecko) Chrome/130.0.0.0 Safari/537.36"
205.196.221.238 - - [21/Dec/2025:09:46:51 -0500] "POST /wp-login.php HTTP/1.0" 200 2001 "https://grandbassaparking.com/wp-login.php" "Mozilla/5.0 (Windows NT 10.0; Win64; x64) AppleWebKit/537.36 (KHTML, like Gecko) Chrome/130.0.0.0 Safari/537.36"
173.231.242.79 - - [21/Dec/2025:09:49:38 -0500] "POST /wp-cron.php?doing_wp_cron=1766328578.9455509185791015625000 HTTP/1.0" 200 - "-" "WordPress/6.9; https://www.grandbassaparking.com"
66.175.56.92 - - [21/Dec/2025:09:49:37 -0500] "GET /wp-login.php HTTP/1.0" 200 1880 "-" "Mozilla/5.0 (Windows NT 10.0; Win64; x64) AppleWebKit/537.36 (KHTML, like Gecko) Chrome/130.0.0.0 Safari/537.36"
66.175.56.92 - - [21/Dec/2025:09:49:41 -0500] "POST /wp-login.php HTTP/1.0" 200 2001 "https://grandbassaparking.com/wp-login.php" "Mozilla/5.0 (Windows NT 10.0; Win64; x64) AppleWebKit/537.36 (KHTML, like Gecko) Chrome/130.0.0.0 Safari/537.36"
173.231.242.79 - - [21/Dec/2025:09:50:38 -0500] "POST /wp-cron.php?doing_wp_cron=1766328638.7771348953247070312500 HTTP/1.0" 200 - "-" "WordPress/6.9; https://www.grandbassaparking.com"
185.191.171.15 - - [21/Dec/2025:09:50:37 -0500] "GET /robots.txt HTTP/1.0" 200 125 "-" "Mozilla/5.0 (compatible; SemrushBot/7~bl; +http://www.semrush.com/bot.html)"
185.191.171.16 - - [21/Dec/2025:09:50:40 -0500] "GET /blog/ HTTP/1.0" 200 32055 "-" "Mozilla/5.0 (compatible; SemrushBot/7~bl; +http://www.semrush.com/bot.html)"
34.134.144.77 - - [21/Dec/2025:09:50:45 -0500] "GET /wp-login.php HTTP/1.0" 200 1880 "-" "Mozilla/5.0 (Windows NT 10.0; Win64; x64) AppleWebKit/537.36 (KHTML, like Gecko) Chrome/130.0.0.0 Safari/537.36"
34.134.144.77 - - [21/Dec/2025:09:50:47 -0500] "POST /wp-login.php HTTP/1.0" 200 2001 "https://grandbassaparking.com/wp-login.php" "Mozilla/5.0 (Windows NT 10.0; Win64; x64) AppleWebKit/537.36 (KHTML, like Gecko) Chrome/130.0.0.0 Safari/537.36"
173.231.242.79 - - [21/Dec/2025:09:51:58 -0500] "POST /wp-cron.php?doing_wp_cron=1766328717.9574170112609863281250 HTTP/1.0" 200 - "-" "WordPress/6.9; https://www.grandbassaparking.com"
160.250.186.193 - - [21/Dec/2025:09:51:55 -0500] "GET /wp-login.php HTTP/1.0" 200 1880 "-" "Mozilla/5.0 (Windows NT 10.0; Win64; x64) AppleWebKit/537.36 (KHTML, like Gecko) Chrome/130.0.0.0 Safari/537.36"
160.250.186.193 - - [21/Dec/2025:09:52:04 -0500] "POST /wp-login.php HTTP/1.0" 200 2001 "https://grandbassaparking.com/wp-login.php" "Mozilla/5.0 (Windows NT 10.0; Win64; x64) AppleWebKit/537.36 (KHTML, like Gecko) Chrome/130.0.0.0 Safari/537.36"
173.231.242.79 - - [21/Dec/2025:09:53:11 -0500] "POST /wp-cron.php?doing_wp_cron=1766328791.0674190521240234375000 HTTP/1.0" 200 - "-" "WordPress/6.9; https://www.grandbassaparking.com"
66.175.56.96 - - [21/Dec/2025:09:53:09 -0500] "GET /wp-login.php HTTP/1.0" 200 1880 "-" "Mozilla/5.0 (Windows NT 10.0; Win64; x64) AppleWebKit/537.36 (KHTML, like Gecko) Chrome/130.0.0.0 Safari/537.36"
66.175.56.96 - - [21/Dec/2025:09:53:11 -0500] "POST /wp-login.php HTTP/1.0" 200 2001 "https://grandbassaparking.com/wp-login.php" "Mozilla/5.0 (Windows NT 10.0; Win64; x64) AppleWebKit/537.36 (KHTML, like Gecko) Chrome/130.0.0.0 Safari/537.36"
173.231.242.79 - - [21/Dec/2025:09:56:34 -0500] "POST /wp-cron.php?doing_wp_cron=1766328994.4413919448852539062500 HTTP/1.0" 200 - "-" "WordPress/6.9; https://www.grandbassaparking.com"
34.247.172.200 - - [21/Dec/2025:09:56:32 -0500] "GET /wp-login.php HTTP/1.0" 200 1880 "-" "Mozilla/5.0 (Windows NT 10.0; Win64; x64) AppleWebKit/537.36 (KHTML, like Gecko) Chrome/130.0.0.0 Safari/537.36"
34.247.172.200 - - [21/Dec/2025:09:56:39 -0500] "POST /wp-login.php HTTP/1.0" 200 2001 "https://grandbassaparking.com/wp-login.php" "Mozilla/5.0 (Windows NT 10.0; Win64; x64) AppleWebKit/537.36 (KHTML, like Gecko) Chrome/130.0.0.0 Safari/537.36"
173.231.242.79 - - [21/Dec/2025:09:58:13 -0500] "POST /wp-cron.php?doing_wp_cron=1766329093.5412878990173339843750 HTTP/1.0" 200 - "-" "WordPress/6.9; https://www.grandbassaparking.com"
162.241.253.162 - - [21/Dec/2025:09:58:11 -0500] "GET /wp-login.php HTTP/1.0" 200 1880 "-" "Mozilla/5.0 (Windows NT 10.0; Win64; x64) AppleWebKit/537.36 (KHTML, like Gecko) Chrome/130.0.0.0 Safari/537.36"
162.241.253.162 - - [21/Dec/2025:09:58:16 -0500] "POST /wp-login.php HTTP/1.0" 200 2001 "https://grandbassaparking.com/wp-login.php" "Mozilla/5.0 (Windows NT 10.0; Win64; x64) AppleWebKit/537.36 (KHTML, like Gecko) Chrome/130.0.0.0 Safari/537.36"
137.184.171.145 - - [21/Dec/2025:09:58:21 -0500] "GET /wp-login.php HTTP/1.0" 200 1880 "-" "Mozilla/5.0 (Windows NT 10.0; Win64; x64) AppleWebKit/537.36 (KHTML, like Gecko) Chrome/130.0.0.0 Safari/537.36"
137.184.171.145 - - [21/Dec/2025:09:58:23 -0500] "POST /wp-login.php HTTP/1.0" 200 2001 "https://grandbassaparking.com/wp-login.php" "Mozilla/5.0 (Windows NT 10.0; Win64; x64) AppleWebKit/537.36 (KHTML, like Gecko) Chrome/130.0.0.0 Safari/537.36"
162.241.252.200 - - [21/Dec/2025:09:58:29 -0500] "GET /wp-login.php HTTP/1.0" 200 1880 "-" "Mozilla/5.0 (Windows NT 10.0; Win64; x64) AppleWebKit/537.36 (KHTML, like Gecko) Chrome/130.0.0.0 Safari/537.36"
162.241.252.200 - - [21/Dec/2025:09:58:31 -0500] "POST /wp-login.php HTTP/1.0" 200 2001 "https://grandbassaparking.com/wp-login.php" "Mozilla/5.0 (Windows NT 10.0; Win64; x64) AppleWebKit/537.36 (KHTML, like Gecko) Chrome/130.0.0.0 Safari/537.36"
173.231.242.79 - - [21/Dec/2025:09:59:57 -0500] "POST /wp-cron.php?doing_wp_cron=1766329197.9520330429077148437500 HTTP/1.0" 200 - "-" "WordPress/6.9; https://www.grandbassaparking.com"
162.241.253.60 - - [21/Dec/2025:09:59:56 -0500] "GET /wp-login.php HTTP/1.0" 200 1880 "-" "Mozilla/5.0 (Windows NT 10.0; Win64; x64) AppleWebKit/537.36 (KHTML, like Gecko) Chrome/130.0.0.0 Safari/537.36"
162.241.253.60 - - [21/Dec/2025:09:59:59 -0500] "POST /wp-login.php HTTP/1.0" 200 2001 "https://grandbassaparking.com/wp-login.php" "Mozilla/5.0 (Windows NT 10.0; Win64; x64) AppleWebKit/537.36 (KHTML, like Gecko) Chrome/130.0.0.0 Safari/537.36"
173.231.242.79 - - [21/Dec/2025:10:01:02 -0500] "POST /wp-cron.php?doing_wp_cron=1766329262.8471760749816894531250 HTTP/1.0" 200 - "-" "WordPress/6.9; https://www.grandbassaparking.com"
107.151.247.185 - - [21/Dec/2025:10:01:00 -0500] "GET /wp-login.php HTTP/1.0" 200 1880 "-" "Mozilla/5.0 (Windows NT 10.0; Win64; x64) AppleWebKit/537.36 (KHTML, like Gecko) Chrome/130.0.0.0 Safari/537.36"
107.151.247.185 - - [21/Dec/2025:10:01:16 -0500] "POST /wp-login.php HTTP/1.0" 200 2001 "https://grandbassaparking.com/wp-login.php" "Mozilla/5.0 (Windows NT 10.0; Win64; x64) AppleWebKit/537.36 (KHTML, like Gecko) Chrome/130.0.0.0 Safari/537.36"
173.231.242.79 - - [21/Dec/2025:10:02:09 -0500] "POST /wp-cron.php?doing_wp_cron=1766329329.8500359058380126953125 HTTP/1.0" 200 - "-" "WordPress/6.9; https://www.grandbassaparking.com"
34.247.172.200 - - [21/Dec/2025:10:02:07 -0500] "GET /wp-login.php HTTP/1.0" 200 1880 "-" "Mozilla/5.0 (Windows NT 10.0; Win64; x64) AppleWebKit/537.36 (KHTML, like Gecko) Chrome/130.0.0.0 Safari/537.36"
34.247.172.200 - - [21/Dec/2025:10:02:15 -0500] "POST /wp-login.php HTTP/1.0" 200 2001 "https://grandbassaparking.com/wp-login.php" "Mozilla/5.0 (Windows NT 10.0; Win64; x64) AppleWebKit/537.36 (KHTML, like Gecko) Chrome/130.0.0.0 Safari/537.36"
173.231.242.79 - - [21/Dec/2025:10:02:34 -0500] "POST /wp-cron.php?doing_wp_cron=1766329354.8993349075317382812500 HTTP/1.0" 200 - "-" "WordPress/6.9; https://www.grandbassaparking.com"
160.250.186.193 - - [21/Dec/2025:10:02:33 -0500] "GET /wp-login.php HTTP/1.0" 200 1880 "-" "Mozilla/5.0 (Windows NT 10.0; Win64; x64) AppleWebKit/537.36 (KHTML, like Gecko) Chrome/130.0.0.0 Safari/537.36"
160.250.186.193 - - [21/Dec/2025:10:02:38 -0500] "POST /wp-login.php HTTP/1.0" 200 2001 "https://grandbassaparking.com/wp-login.php" "Mozilla/5.0 (Windows NT 10.0; Win64; x64) AppleWebKit/537.36 (KHTML, like Gecko) Chrome/130.0.0.0 Safari/537.36"
173.231.242.79 - - [21/Dec/2025:10:06:44 -0500] "POST /wp-cron.php?doing_wp_cron=1766329604.8541519641876220703125 HTTP/1.0" 200 - "-" "WordPress/6.9; https://www.grandbassaparking.com"
185.191.171.19 - - [21/Dec/2025:10:06:42 -0500] "GET /shop/ HTTP/1.0" 200 35992 "-" "Mozilla/5.0 (compatible; SemrushBot/7~bl; +http://www.semrush.com/bot.html)"
173.231.242.79 - - [21/Dec/2025:10:08:09 -0500] "POST /wp-cron.php?doing_wp_cron=1766329689.6395590305328369140625 HTTP/1.0" 200 - "-" "WordPress/6.9; https://www.grandbassaparking.com"
69.197.191.106 - - [21/Dec/2025:10:08:07 -0500] "GET /wp-login.php HTTP/1.0" 200 1880 "-" "Mozilla/5.0 (Windows NT 10.0; Win64; x64) AppleWebKit/537.36 (KHTML, like Gecko) Chrome/130.0.0.0 Safari/537.36"
69.197.191.106 - - [21/Dec/2025:10:08:11 -0500] "POST /wp-login.php HTTP/1.0" 200 2001 "https://grandbassaparking.com/wp-login.php" "Mozilla/5.0 (Windows NT 10.0; Win64; x64) AppleWebKit/537.36 (KHTML, like Gecko) Chrome/130.0.0.0 Safari/537.36"
173.231.242.79 - - [21/Dec/2025:10:10:26 -0500] "POST /wp-cron.php?doing_wp_cron=1766329826.7160420417785644531250 HTTP/1.0" 200 - "-" "WordPress/6.9; https://www.grandbassaparking.com"
92.222.108.106 - - [21/Dec/2025:10:10:21 -0500] "GET /shop/heavy-duty-telehandler-copy-2/ HTTP/1.0" 200 36196 "-" "Mozilla/5.0 (compatible; AhrefsBot/7.0; +http://ahrefs.com/robot/)"
173.231.242.79 - - [21/Dec/2025:10:12:21 -0500] "POST /wp-cron.php?doing_wp_cron=1766329941.1737980842590332031250 HTTP/1.0" 200 - "-" "WordPress/6.9; https://www.grandbassaparking.com"
203.86.122.1 - - [21/Dec/2025:10:12:19 -0500] "POST /xmlrpc.php HTTP/1.0" 200 225 "-" "Mozilla/5.0 (Windows NT 10.0; WOW64; rv:61.0) Gecko/20100101 Firefox/61.0"
173.231.242.79 - - [21/Dec/2025:10:12:53 -0500] "POST /wp-cron.php?doing_wp_cron=1766329973.0636711120605468750000 HTTP/1.0" 200 - "-" "WordPress/6.9; https://www.grandbassaparking.com"
217.216.74.200 - - [21/Dec/2025:10:12:51 -0500] "GET /wp-login.php HTTP/1.0" 200 1880 "-" "Mozilla/5.0 (Windows NT 10.0; Win64; x64) AppleWebKit/537.36 (KHTML, like Gecko) Chrome/130.0.0.0 Safari/537.36"
217.216.74.200 - - [21/Dec/2025:10:12:53 -0500] "POST /wp-login.php HTTP/1.0" 200 2001 "https://grandbassaparking.com/wp-login.php" "Mozilla/5.0 (Windows NT 10.0; Win64; x64) AppleWebKit/537.36 (KHTML, like Gecko) Chrome/130.0.0.0 Safari/537.36"
173.231.242.79 - - [21/Dec/2025:10:15:30 -0500] "POST /wp-cron.php?doing_wp_cron=1766330130.6661069393157958984375 HTTP/1.0" 200 - "-" "WordPress/6.9; https://www.grandbassaparking.com"
103.27.60.83 - - [21/Dec/2025:10:15:28 -0500] "GET /wp-login.php HTTP/1.0" 200 1880 "-" "Mozilla/5.0 (Windows NT 10.0; Win64; x64) AppleWebKit/537.36 (KHTML, like Gecko) Chrome/130.0.0.0 Safari/537.36"
173.231.242.79 - - [21/Dec/2025:10:15:47 -0500] "POST /wp-cron.php?doing_wp_cron=1766330147.0107638835906982421875 HTTP/1.0" 200 - "-" "WordPress/6.9; https://www.grandbassaparking.com"
103.27.60.83 - - [21/Dec/2025:10:15:43 -0500] "POST /wp-login.php HTTP/1.0" 200 2001 "https://grandbassaparking.com/wp-login.php" "Mozilla/5.0 (Windows NT 10.0; Win64; x64) AppleWebKit/537.36 (KHTML, like Gecko) Chrome/130.0.0.0 Safari/537.36"
173.231.242.79 - - [21/Dec/2025:10:18:12 -0500] "POST /wp-cron.php?doing_wp_cron=1766330292.4458119869232177734375 HTTP/1.0" 200 - "-" "WordPress/6.9; https://www.grandbassaparking.com"
162.241.218.136 - - [21/Dec/2025:10:18:10 -0500] "GET /wp-login.php HTTP/1.0" 200 1880 "-" "Mozilla/5.0 (Windows NT 10.0; Win64; x64) AppleWebKit/537.36 (KHTML, like Gecko) Chrome/130.0.0.0 Safari/537.36"
162.241.218.136 - - [21/Dec/2025:10:18:18 -0500] "POST /wp-login.php HTTP/1.0" 200 2001 "https://grandbassaparking.com/wp-login.php" "Mozilla/5.0 (Windows NT 10.0; Win64; x64) AppleWebKit/537.36 (KHTML, like Gecko) Chrome/130.0.0.0 Safari/537.36"
173.231.242.79 - - [21/Dec/2025:10:18:49 -0500] "POST /wp-cron.php?doing_wp_cron=1766330329.2206680774688720703125 HTTP/1.0" 200 - "-" "WordPress/6.9; https://www.grandbassaparking.com"
185.243.11.123 - - [21/Dec/2025:10:18:47 -0500] "GET /wp-login.php HTTP/1.0" 200 1880 "-" "Mozilla/5.0 (Windows NT 10.0; Win64; x64) AppleWebKit/537.36 (KHTML, like Gecko) Chrome/130.0.0.0 Safari/537.36"
185.243.11.123 - - [21/Dec/2025:10:18:55 -0500] "POST /wp-login.php HTTP/1.0" 200 2001 "https://grandbassaparking.com/wp-login.php" "Mozilla/5.0 (Windows NT 10.0; Win64; x64) AppleWebKit/537.36 (KHTML, like Gecko) Chrome/130.0.0.0 Safari/537.36"
161.248.201.51 - - [21/Dec/2025:10:19:04 -0500] "GET /wp-login.php HTTP/1.0" 200 1880 "-" "Mozilla/5.0 (Windows NT 10.0; Win64; x64) AppleWebKit/537.36 (KHTML, like Gecko) Chrome/130.0.0.0 Safari/537.36"
161.248.201.51 - - [21/Dec/2025:10:19:07 -0500] "POST /wp-login.php HTTP/1.0" 200 2001 "https://grandbassaparking.com/wp-login.php" "Mozilla/5.0 (Windows NT 10.0; Win64; x64) AppleWebKit/537.36 (KHTML, like Gecko) Chrome/130.0.0.0 Safari/537.36"
173.231.242.79 - - [21/Dec/2025:10:19:45 -0500] "POST /wp-cron.php?doing_wp_cron=1766330385.4375998973846435546875 HTTP/1.0" 200 - "-" "WordPress/6.9; https://www.grandbassaparking.com"
103.82.92.35 - - [21/Dec/2025:10:19:43 -0500] "GET /wp-login.php HTTP/1.0" 200 1880 "-" "Mozilla/5.0 (Windows NT 10.0; Win64; x64) AppleWebKit/537.36 (KHTML, like Gecko) Chrome/130.0.0.0 Safari/537.36"
103.82.92.35 - - [21/Dec/2025:10:19:51 -0500] "POST /wp-login.php HTTP/1.0" 200 2001 "https://grandbassaparking.com/wp-login.php" "Mozilla/5.0 (Windows NT 10.0; Win64; x64) AppleWebKit/537.36 (KHTML, like Gecko) Chrome/130.0.0.0 Safari/537.36"
173.231.242.79 - - [21/Dec/2025:10:20:45 -0500] "POST /wp-cron.php?doing_wp_cron=1766330445.4979479312896728515625 HTTP/1.0" 200 - "-" "WordPress/6.9; https://www.grandbassaparking.com"
213.8.103.81 - - [21/Dec/2025:10:20:43 -0500] "POST /xmlrpc.php HTTP/1.0" 200 403 "-" "Mozilla/5.0 (Windows NT 6.1; WOW64; Trident/7.0; QwestIE8x64; rv:11.0) like Gecko"
213.8.103.81 - - [21/Dec/2025:10:20:46 -0500] "POST /xmlrpc.php HTTP/1.0" 200 403 "-" "Mozilla/5.0 (Windows NT 6.1; WOW64; Trident/7.0; QwestIE8x64; rv:11.0) like Gecko"
213.8.103.81 - - [21/Dec/2025:10:20:48 -0500] "POST /xmlrpc.php HTTP/1.0" 406 300 "-" "Mozilla/5.0 (Windows NT 6.1; WOW64; Trident/7.0; QwestIE8x64; rv:11.0) like Gecko"
47.251.116.156 - - [21/Dec/2025:10:20:56 -0500] "POST /xmlrpc.php HTTP/1.0" 200 403 "-" "Mozilla/5.0 (Windows NT 10.0; Win64; x64) AppleWebKit/537.36 (KHTML, like Gecko) Chrome/58.0.3029.110 Safari/537.36 Edge/16.16299"
47.251.116.156 - - [21/Dec/2025:10:21:00 -0500] "POST /xmlrpc.php HTTP/1.0" 200 403 "-" "Mozilla/5.0 (Windows NT 10.0; Win64; x64) AppleWebKit/537.36 (KHTML, like Gecko) Chrome/58.0.3029.110 Safari/537.36 Edge/16.16299"
47.251.116.156 - - [21/Dec/2025:10:21:02 -0500] "POST /xmlrpc.php HTTP/1.0" 200 403 "-" "Mozilla/5.0 (Windows NT 10.0; Win64; x64) AppleWebKit/537.36 (KHTML, like Gecko) Chrome/58.0.3029.110 Safari/537.36 Edge/16.16299"
62.72.44.55 - - [21/Dec/2025:10:21:05 -0500] "POST /xmlrpc.php HTTP/1.0" 406 300 "-" "Mozilla/5.0 (Windows NT 10.0; WOW64) AppleWebKit/537.36 (KHTML, like Gecko) Chrome/67.0.3396.79 Safari/537.36"
62.72.44.55 - - [21/Dec/2025:10:21:06 -0500] "POST /xmlrpc.php HTTP/1.0" 200 403 "-" "Mozilla/5.0 (Windows NT 10.0; WOW64) AppleWebKit/537.36 (KHTML, like Gecko) Chrome/67.0.3396.79 Safari/537.36"
62.72.44.55 - - [21/Dec/2025:10:21:08 -0500] "POST /xmlrpc.php HTTP/1.0" 200 403 "-" "Mozilla/5.0 (Windows NT 10.0; WOW64) AppleWebKit/537.36 (KHTML, like Gecko) Chrome/67.0.3396.79 Safari/537.36"
47.251.116.156 - - [21/Dec/2025:10:21:09 -0500] "POST /xmlrpc.php HTTP/1.0" 200 403 "-" "Mozilla/4.0 (compatible; MSIE 7.0; Windows NT 10.0; WOW64; Trident/7.0; Touch; .NET4.0C; .NET4.0E; .NET CLR 2.0.50727; .NET CLR 3.0.30729; .NET CLR 3.5.30729; Tablet PC 2.0)"
47.251.116.156 - - [21/Dec/2025:10:21:11 -0500] "POST /xmlrpc.php HTTP/1.0" 200 403 "-" "Mozilla/4.0 (compatible; MSIE 7.0; Windows NT 10.0; WOW64; Trident/7.0; Touch; .NET4.0C; .NET4.0E; .NET CLR 2.0.50727; .NET CLR 3.0.30729; .NET CLR 3.5.30729; Tablet PC 2.0)"
47.251.116.156 - - [21/Dec/2025:10:21:12 -0500] "POST /xmlrpc.php HTTP/1.0" 406 300 "-" "Mozilla/4.0 (compatible; MSIE 7.0; Windows NT 10.0; WOW64; Trident/7.0; Touch; .NET4.0C; .NET4.0E; .NET CLR 2.0.50727; .NET CLR 3.0.30729; .NET CLR 3.5.30729; Tablet PC 2.0)"
42.96.19.34 - - [21/Dec/2025:10:21:13 -0500] "POST /xmlrpc.php HTTP/1.0" 200 403 "-" "Mozilla/5.0 (Windows NT 10.0; WOW64; Trident/7.0; Touch; MASAJS; rv:11.0) like Gecko"
173.248.151.222 - - [21/Dec/2025:10:21:13 -0500] "POST /xmlrpc.php HTTP/1.0" 200 403 "-" "Mozilla/5.0 (Macintosh; Intel Mac OS X 10_10_5) AppleWebKit/537.36 (KHTML, like Gecko) Chrome/65.0.3325.162 Safari/537.36"
173.248.151.222 - - [21/Dec/2025:10:21:15 -0500] "POST /xmlrpc.php HTTP/1.0" 406 300 "-" "Mozilla/5.0 (Macintosh; Intel Mac OS X 10_10_5) AppleWebKit/537.36 (KHTML, like Gecko) Chrome/65.0.3325.162 Safari/537.36"
173.248.151.222 - - [21/Dec/2025:10:21:15 -0500] "POST /xmlrpc.php HTTP/1.0" 406 300 "-" "Mozilla/5.0 (Macintosh; Intel Mac OS X 10_10_5) AppleWebKit/537.36 (KHTML, like Gecko) Chrome/65.0.3325.162 Safari/537.36"
42.96.19.34 - - [21/Dec/2025:10:21:15 -0500] "POST /xmlrpc.php HTTP/1.0" 406 300 "-" "Mozilla/5.0 (Windows NT 10.0; WOW64; Trident/7.0; Touch; MASAJS; rv:11.0) like Gecko"
103.82.92.35 - - [21/Dec/2025:10:21:15 -0500] "GET /wp-login.php HTTP/1.0" 200 1880 "-" "Mozilla/5.0 (Windows NT 10.0; Win64; x64) AppleWebKit/537.36 (KHTML, like Gecko) Chrome/130.0.0.0 Safari/537.36"
42.96.19.34 - - [21/Dec/2025:10:21:17 -0500] "POST /xmlrpc.php HTTP/1.0" 406 300 "-" "Mozilla/5.0 (Windows NT 10.0; WOW64; Trident/7.0; Touch; MASAJS; rv:11.0) like Gecko"
103.82.92.35 - - [21/Dec/2025:10:21:21 -0500] "POST /wp-login.php HTTP/1.0" 200 2001 "https://grandbassaparking.com/wp-login.php" "Mozilla/5.0 (Windows NT 10.0; Win64; x64) AppleWebKit/537.36 (KHTML, like Gecko) Chrome/130.0.0.0 Safari/537.36"
173.231.242.79 - - [21/Dec/2025:10:21:47 -0500] "POST /wp-cron.php?doing_wp_cron=1766330507.2210481166839599609375 HTTP/1.0" 200 - "-" "WordPress/6.9; https://www.grandbassaparking.com"
162.243.49.121 - - [21/Dec/2025:10:21:45 -0500] "POST /xmlrpc.php HTTP/1.0" 200 403 "-" "Mozilla/5.0 (Windows NT 10.0; Win64; x64) AppleWebKit/537.36 (KHTML, like Gecko) Chrome/65.0.3325.162 Safari/537.36"
86.107.77.32 - - [21/Dec/2025:10:21:46 -0500] "POST /xmlrpc.php HTTP/1.0" 200 403 "-" "Mozilla/5.0 (Windows NT 6.1; WOW64; Trident/7.0; MSBrowserIE; rv:11.0) like Gecko"
162.243.49.121 - - [21/Dec/2025:10:21:47 -0500] "POST /xmlrpc.php HTTP/1.0" 200 403 "-" "Mozilla/5.0 (Windows NT 10.0; Win64; x64) AppleWebKit/537.36 (KHTML, like Gecko) Chrome/65.0.3325.162 Safari/537.36"
162.243.49.121 - - [21/Dec/2025:10:21:48 -0500] "POST /xmlrpc.php HTTP/1.0" 406 300 "-" "Mozilla/5.0 (Windows NT 10.0; Win64; x64) AppleWebKit/537.36 (KHTML, like Gecko) Chrome/65.0.3325.162 Safari/537.36"
86.107.77.32 - - [21/Dec/2025:10:21:48 -0500] "POST /xmlrpc.php HTTP/1.0" 200 403 "-" "Mozilla/5.0 (Windows NT 6.1; WOW64; Trident/7.0; MSBrowserIE; rv:11.0) like Gecko"
198.187.29.33 - - [21/Dec/2025:10:21:49 -0500] "POST /xmlrpc.php HTTP/1.0" 200 403 "-" "Mozilla/5.0 (Windows NT 6.3; Win64; x64) AppleWebKit/537.36 (KHTML, like Gecko) Chrome/58.0.3029.110 Safari/537.36 Edge/16.16299"
86.107.77.32 - - [21/Dec/2025:10:21:50 -0500] "POST /xmlrpc.php HTTP/1.0" 200 403 "-" "Mozilla/5.0 (Windows NT 6.1; WOW64; Trident/7.0; MSBrowserIE; rv:11.0) like Gecko"
198.187.29.33 - - [21/Dec/2025:10:21:51 -0500] "POST /xmlrpc.php HTTP/1.0" 200 403 "-" "Mozilla/5.0 (Windows NT 6.3; Win64; x64) AppleWebKit/537.36 (KHTML, like Gecko) Chrome/58.0.3029.110 Safari/537.36 Edge/16.16299"
198.187.29.33 - - [21/Dec/2025:10:21:52 -0500] "POST /xmlrpc.php HTTP/1.0" 406 300 "-" "Mozilla/5.0 (Windows NT 6.3; Win64; x64) AppleWebKit/537.36 (KHTML, like Gecko) Chrome/58.0.3029.110 Safari/537.36 Edge/16.16299"
8.219.239.252 - - [21/Dec/2025:10:21:53 -0500] "POST /xmlrpc.php HTTP/1.0" 200 403 "-" "Mozilla/4.0 (compatible; MSIE 7.0; Windows NT 6.2; Win64; x64; Trident/7.0; .NET4.0C; .NET4.0E; .NET CLR 2.0.50727; .NET CLR 3.0.30729; .NET CLR 3.5.30729; Tablet PC 2.0)"
8.219.239.252 - - [21/Dec/2025:10:21:56 -0500] "POST /xmlrpc.php HTTP/1.0" 200 403 "-" "Mozilla/4.0 (compatible; MSIE 7.0; Windows NT 6.2; Win64; x64; Trident/7.0; .NET4.0C; .NET4.0E; .NET CLR 2.0.50727; .NET CLR 3.0.30729; .NET CLR 3.5.30729; Tablet PC 2.0)"
42.96.19.34 - - [21/Dec/2025:10:21:57 -0500] "POST /xmlrpc.php HTTP/1.0" 200 403 "-" "Mozilla/4.0 (compatible; MSIE 7.0; Windows NT 6.2; WOW64; Trident/7.0; .NET4.0E; .NET4.0C; .NET CLR 3.5.30729; .NET CLR 2.0.50727; .NET CLR 3.0.30729; Tablet PC 2.0)"
42.96.19.34 - - [21/Dec/2025:10:21:59 -0500] "POST /xmlrpc.php HTTP/1.0" 406 300 "-" "Mozilla/4.0 (compatible; MSIE 7.0; Windows NT 6.2; WOW64; Trident/7.0; .NET4.0E; .NET4.0C; .NET CLR 3.5.30729; .NET CLR 2.0.50727; .NET CLR 3.0.30729; Tablet PC 2.0)"
8.219.239.252 - - [21/Dec/2025:10:21:59 -0500] "POST /xmlrpc.php HTTP/1.0" 200 403 "-" "Mozilla/4.0 (compatible; MSIE 7.0; Windows NT 6.2; Win64; x64; Trident/7.0; .NET4.0C; .NET4.0E; .NET CLR 2.0.50727; .NET CLR 3.0.30729; .NET CLR 3.5.30729; Tablet PC 2.0)"
42.96.19.34 - - [21/Dec/2025:10:22:00 -0500] "POST /xmlrpc.php HTTP/1.0" 406 300 "-" "Mozilla/4.0 (compatible; MSIE 7.0; Windows NT 6.2; WOW64; Trident/7.0; .NET4.0E; .NET4.0C; .NET CLR 3.5.30729; .NET CLR 2.0.50727; .NET CLR 3.0.30729; Tablet PC 2.0)"
162.241.218.136 - - [21/Dec/2025:10:22:28 -0500] "GET /wp-login.php HTTP/1.0" 200 1880 "-" "Mozilla/5.0 (Windows NT 10.0; Win64; x64) AppleWebKit/537.36 (KHTML, like Gecko) Chrome/130.0.0.0 Safari/537.36"
173.231.242.79 - - [21/Dec/2025:10:22:37 -0500] "POST /wp-cron.php?doing_wp_cron=1766330557.1850259304046630859375 HTTP/1.0" 200 - "-" "WordPress/6.9; https://www.grandbassaparking.com"
162.241.218.136 - - [21/Dec/2025:10:22:36 -0500] "POST /wp-login.php HTTP/1.0" 200 2001 "https://grandbassaparking.com/wp-login.php" "Mozilla/5.0 (Windows NT 10.0; Win64; x64) AppleWebKit/537.36 (KHTML, like Gecko) Chrome/130.0.0.0 Safari/537.36"
173.231.242.79 - - [21/Dec/2025:10:25:02 -0500] "POST /wp-cron.php?doing_wp_cron=1766330702.4790110588073730468750 HTTP/1.0" 200 - "-" "WordPress/6.9; https://www.grandbassaparking.com"
103.221.221.121 - - [21/Dec/2025:10:25:00 -0500] "GET /wp-login.php HTTP/1.0" 200 1880 "-" "Mozilla/5.0 (Windows NT 10.0; Win64; x64) AppleWebKit/537.36 (KHTML, like Gecko) Chrome/130.0.0.0 Safari/537.36"
103.221.221.121 - - [21/Dec/2025:10:25:05 -0500] "POST /wp-login.php HTTP/1.0" 200 2001 "https://grandbassaparking.com/wp-login.php" "Mozilla/5.0 (Windows NT 10.0; Win64; x64) AppleWebKit/537.36 (KHTML, like Gecko) Chrome/130.0.0.0 Safari/537.36"
173.231.242.79 - - [21/Dec/2025:10:26:05 -0500] "POST /wp-cron.php?doing_wp_cron=1766330765.0258650779724121093750 HTTP/1.0" 200 - "-" "WordPress/6.9; https://www.grandbassaparking.com"
34.247.172.200 - - [21/Dec/2025:10:26:03 -0500] "GET /wp-login.php HTTP/1.0" 200 1880 "-" "Mozilla/5.0 (Windows NT 10.0; Win64; x64) AppleWebKit/537.36 (KHTML, like Gecko) Chrome/130.0.0.0 Safari/537.36"
34.247.172.200 - - [21/Dec/2025:10:26:13 -0500] "POST /wp-login.php HTTP/1.0" 200 2001 "https://grandbassaparking.com/wp-login.php" "Mozilla/5.0 (Windows NT 10.0; Win64; x64) AppleWebKit/537.36 (KHTML, like Gecko) Chrome/130.0.0.0 Safari/537.36"
173.231.242.79 - - [21/Dec/2025:10:26:44 -0500] "POST /wp-cron.php?doing_wp_cron=1766330804.9057359695434570312500 HTTP/1.0" 200 - "-" "WordPress/6.9; https://www.grandbassaparking.com"
37.59.204.143 - - [21/Dec/2025:10:26:43 -0500] "GET /shop/electric-pallet-jack-copy-copy-copy/ HTTP/1.0" 200 36322 "-" "Mozilla/5.0 (compatible; AhrefsBot/7.0; +http://ahrefs.com/robot/)"
173.231.242.79 - - [21/Dec/2025:10:27:12 -0500] "POST /wp-cron.php?doing_wp_cron=1766330832.4415919780731201171875 HTTP/1.0" 200 - "-" "WordPress/6.9; https://www.grandbassaparking.com"
178.239.147.98 - - [21/Dec/2025:10:27:11 -0500] "GET /wp-login.php HTTP/1.0" 200 1880 "-" "Mozilla/5.0 (Windows NT 10.0; Win64; x64) AppleWebKit/537.36 (KHTML, like Gecko) Chrome/130.0.0.0 Safari/537.36"
178.239.147.98 - - [21/Dec/2025:10:27:12 -0500] "POST /wp-login.php HTTP/1.0" 200 2001 "https://grandbassaparking.com/wp-login.php" "Mozilla/5.0 (Windows NT 10.0; Win64; x64) AppleWebKit/537.36 (KHTML, like Gecko) Chrome/130.0.0.0 Safari/537.36"
173.231.242.79 - - [21/Dec/2025:10:28:27 -0500] "POST /wp-cron.php?doing_wp_cron=1766330907.6648850440979003906250 HTTP/1.0" 200 - "-" "WordPress/6.9; https://www.grandbassaparking.com"
173.252.82.12 - - [21/Dec/2025:10:28:26 -0500] "GET /robots.txt HTTP/1.0" 200 216 "-" "facebookexternalhit/1.1 (+http://www.facebook.com/externalhit_uatext.php)"
173.231.242.79 - - [21/Dec/2025:10:31:59 -0500] "POST /wp-cron.php?doing_wp_cron=1766331119.3648710250854492187500 HTTP/1.0" 200 - "-" "WordPress/6.9; https://www.grandbassaparking.com"
66.175.56.96 - - [21/Dec/2025:10:31:56 -0500] "GET /wp-login.php HTTP/1.0" 200 1880 "-" "Mozilla/5.0 (Windows NT 10.0; Win64; x64) AppleWebKit/537.36 (KHTML, like Gecko) Chrome/130.0.0.0 Safari/537.36"
66.175.56.96 - - [21/Dec/2025:10:32:02 -0500] "POST /wp-login.php HTTP/1.0" 200 2001 "https://grandbassaparking.com/wp-login.php" "Mozilla/5.0 (Windows NT 10.0; Win64; x64) AppleWebKit/537.36 (KHTML, like Gecko) Chrome/130.0.0.0 Safari/537.36"
173.231.242.79 - - [21/Dec/2025:10:32:33 -0500] "POST /wp-cron.php?doing_wp_cron=1766331153.7038519382476806640625 HTTP/1.0" 200 - "-" "WordPress/6.9; https://www.grandbassaparking.com"
66.175.44.22 - - [21/Dec/2025:10:32:32 -0500] "GET /wp-login.php HTTP/1.0" 200 1880 "-" "Mozilla/5.0 (Windows NT 10.0; Win64; x64) AppleWebKit/537.36 (KHTML, like Gecko) Chrome/130.0.0.0 Safari/537.36"
66.175.44.22 - - [21/Dec/2025:10:32:36 -0500] "POST /wp-login.php HTTP/1.0" 200 2001 "https://grandbassaparking.com/wp-login.php" "Mozilla/5.0 (Windows NT 10.0; Win64; x64) AppleWebKit/537.36 (KHTML, like Gecko) Chrome/130.0.0.0 Safari/537.36"
173.231.242.79 - - [21/Dec/2025:10:36:36 -0500] "POST /wp-cron.php?doing_wp_cron=1766331396.3544230461120605468750 HTTP/1.0" 200 - "-" "WordPress/6.9; https://www.grandbassaparking.com"
34.247.172.200 - - [21/Dec/2025:10:36:33 -0500] "GET /wp-login.php HTTP/1.0" 200 1880 "-" "Mozilla/5.0 (Windows NT 10.0; Win64; x64) AppleWebKit/537.36 (KHTML, like Gecko) Chrome/130.0.0.0 Safari/537.36"
34.247.172.200 - - [21/Dec/2025:10:36:38 -0500] "POST /wp-login.php HTTP/1.0" 200 2001 "https://grandbassaparking.com/wp-login.php" "Mozilla/5.0 (Windows NT 10.0; Win64; x64) AppleWebKit/537.36 (KHTML, like Gecko) Chrome/130.0.0.0 Safari/537.36"
173.231.242.79 - - [21/Dec/2025:10:40:27 -0500] "POST /wp-cron.php?doing_wp_cron=1766331627.5278921127319335937500 HTTP/1.0" 200 - "-" "WordPress/6.9; https://www.grandbassaparking.com"
69.197.191.106 - - [21/Dec/2025:10:40:25 -0500] "GET /wp-login.php HTTP/1.0" 200 1880 "-" "Mozilla/5.0 (Windows NT 10.0; Win64; x64) AppleWebKit/537.36 (KHTML, like Gecko) Chrome/130.0.0.0 Safari/537.36"
69.197.191.106 - - [21/Dec/2025:10:40:27 -0500] "POST /wp-login.php HTTP/1.0" 200 1983 "https://grandbassaparking.com/wp-login.php" "Mozilla/5.0 (Windows NT 10.0; Win64; x64) AppleWebKit/537.36 (KHTML, like Gecko) Chrome/130.0.0.0 Safari/537.36"
173.231.242.79 - - [21/Dec/2025:10:42:18 -0500] "POST /wp-cron.php?doing_wp_cron=1766331738.3402950763702392578125 HTTP/1.0" 200 - "-" "WordPress/6.9; https://www.grandbassaparking.com"
203.86.122.1 - - [21/Dec/2025:10:42:16 -0500] "GET /wp-login.php HTTP/1.0" 200 1880 "-" "Mozilla/5.0 (Windows NT 10.0; Win64; x64) AppleWebKit/537.36 (KHTML, like Gecko) Chrome/130.0.0.0 Safari/537.36"
66.175.44.22 - - [21/Dec/2025:10:42:21 -0500] "GET /wp-login.php HTTP/1.0" 200 1880 "-" "Mozilla/5.0 (Windows NT 10.0; Win64; x64) AppleWebKit/537.36 (KHTML, like Gecko) Chrome/130.0.0.0 Safari/537.36"
66.175.44.22 - - [21/Dec/2025:10:42:23 -0500] "POST /wp-login.php HTTP/1.0" 200 2001 "https://grandbassaparking.com/wp-login.php" "Mozilla/5.0 (Windows NT 10.0; Win64; x64) AppleWebKit/537.36 (KHTML, like Gecko) Chrome/130.0.0.0 Safari/537.36"
173.231.242.79 - - [21/Dec/2025:10:43:48 -0500] "POST /wp-cron.php?doing_wp_cron=1766331828.1031129360198974609375 HTTP/1.0" 200 - "-" "WordPress/6.9; https://www.grandbassaparking.com"
160.250.187.4 - - [21/Dec/2025:10:43:46 -0500] "GET /wp-login.php HTTP/1.0" 200 1880 "-" "Mozilla/5.0 (Windows NT 10.0; Win64; x64) AppleWebKit/537.36 (KHTML, like Gecko) Chrome/130.0.0.0 Safari/537.36"
160.250.187.4 - - [21/Dec/2025:10:43:57 -0500] "POST /wp-login.php HTTP/1.0" 200 2001 "https://grandbassaparking.com/wp-login.php" "Mozilla/5.0 (Windows NT 10.0; Win64; x64) AppleWebKit/537.36 (KHTML, like Gecko) Chrome/130.0.0.0 Safari/537.36"
207.180.239.117 - - [21/Dec/2025:10:44:29 -0500] "GET /wp-login.php HTTP/1.0" 200 1880 "-" "Mozilla/5.0 (Windows NT 10.0; Win64; x64) AppleWebKit/537.36 (KHTML, like Gecko) Chrome/130.0.0.0 Safari/537.36"
207.180.239.117 - - [21/Dec/2025:10:44:31 -0500] "POST /wp-login.php HTTP/1.0" 200 2001 "https://grandbassaparking.com/wp-login.php" "Mozilla/5.0 (Windows NT 10.0; Win64; x64) AppleWebKit/537.36 (KHTML, like Gecko) Chrome/130.0.0.0 Safari/537.36"
173.231.242.79 - - [21/Dec/2025:10:54:49 -0500] "POST /wp-cron.php?doing_wp_cron=1766332489.8503949642181396484375 HTTP/1.0" 200 - "-" "WordPress/6.9; https://www.grandbassaparking.com"
107.173.86.223 - - [21/Dec/2025:10:54:47 -0500] "POST /xmlrpc.php HTTP/1.0" 200 225 "-" "Mozilla/5.0 (Windows NT 6.1; WOW64; Trident/7.0; NP06; rv:11.0) like Gecko"
148.72.244.27 - - [21/Dec/2025:10:55:01 -0500] "GET /wp-login.php HTTP/1.0" 200 1880 "-" "Mozilla/5.0 (Windows NT 6.1; WOW64; Trident/7.0; FSJB; rv:11.0) like Gecko"
148.72.244.27 - - [21/Dec/2025:10:55:10 -0500] "POST /wp-login.php HTTP/1.0" 200 2009 "https://grandbassaparking.com/wp-login.php" "Mozilla/5.0 (Windows NT 6.1; WOW64; Trident/7.0; FSJB; rv:11.0) like Gecko"
173.231.242.79 - - [21/Dec/2025:10:55:55 -0500] "POST /wp-cron.php?doing_wp_cron=1766332555.4041559696197509765625 HTTP/1.0" 200 - "-" "WordPress/6.9; https://www.grandbassaparking.com"
165.22.31.165 - - [21/Dec/2025:10:55:53 -0500] "POST / HTTP/1.0" 200 37571 "-" "Mozilla/5.0 (X11; Linux x86_64) AppleWebKit/537.36 (KHTML, like Gecko) Chrome/81.0.4044.129 Safari/537.36"
165.22.31.165 - - [21/Dec/2025:10:56:04 -0500] "GET /.env HTTP/1.0" 301 - "-" "Mozilla/5.0 (X11; Linux x86_64) AppleWebKit/537.36 (KHTML, like Gecko) Chrome/81.0.4044.129 Safari/537.36"
173.231.242.79 - - [21/Dec/2025:10:59:23 -0500] "POST /wp-cron.php?doing_wp_cron=1766332763.7534420490264892578125 HTTP/1.0" 200 - "-" "WordPress/6.9; https://www.grandbassaparking.com"
66.249.73.162 - - [21/Dec/2025:10:59:22 -0500] "GET /robots.txt HTTP/1.0" 301 - "-" "Mozilla/5.0 (compatible; Googlebot/2.1; +http://www.google.com/bot.html)"
66.249.65.192 - - [21/Dec/2025:10:59:23 -0500] "GET /robots.txt HTTP/1.0" 200 125 "-" "Mozilla/5.0 (compatible; Googlebot/2.1; +http://www.google.com/bot.html)"
173.231.242.79 - - [21/Dec/2025:11:01:47 -0500] "POST /wp-cron.php?doing_wp_cron=1766332907.3449540138244628906250 HTTP/1.0" 200 - "-" "WordPress/6.9; https://www.grandbassaparking.com"
66.175.44.56 - - [21/Dec/2025:11:01:45 -0500] "GET /wp-login.php HTTP/1.0" 200 1880 "-" "Mozilla/5.0 (Windows NT 10.0; Win64; x64) AppleWebKit/537.36 (KHTML, like Gecko) Chrome/130.0.0.0 Safari/537.36"
66.175.44.56 - - [21/Dec/2025:11:01:47 -0500] "POST /wp-login.php HTTP/1.0" 200 2001 "https://grandbassaparking.com/wp-login.php" "Mozilla/5.0 (Windows NT 10.0; Win64; x64) AppleWebKit/537.36 (KHTML, like Gecko) Chrome/130.0.0.0 Safari/537.36"
173.231.242.79 - - [21/Dec/2025:11:02:46 -0500] "POST /wp-cron.php?doing_wp_cron=1766332966.0781540870666503906250 HTTP/1.0" 200 - "-" "WordPress/6.9; https://www.grandbassaparking.com"
66.249.73.166 - - [21/Dec/2025:11:02:44 -0500] "GET /robots.txt HTTP/1.0" 301 - "-" "Mozilla/5.0 (compatible; Googlebot/2.1; +http://www.google.com/bot.html)"
66.249.65.201 - - [21/Dec/2025:11:02:46 -0500] "GET /robots.txt HTTP/1.0" 200 125 "-" "Mozilla/5.0 (compatible; Googlebot/2.1; +http://www.google.com/bot.html)"
173.231.242.79 - - [21/Dec/2025:11:08:00 -0500] "POST /wp-cron.php?doing_wp_cron=1766333280.1342411041259765625000 HTTP/1.0" 200 - "-" "WordPress/6.9; https://www.grandbassaparking.com"
103.82.92.35 - - [21/Dec/2025:11:07:57 -0500] "GET /wp-login.php HTTP/1.0" 200 1880 "-" "Mozilla/5.0 (Windows NT 10.0; Win64; x64) AppleWebKit/537.36 (KHTML, like Gecko) Chrome/130.0.0.0 Safari/537.36"
103.82.92.35 - - [21/Dec/2025:11:08:01 -0500] "POST /wp-login.php HTTP/1.0" 200 2001 "https://grandbassaparking.com/wp-login.php" "Mozilla/5.0 (Windows NT 10.0; Win64; x64) AppleWebKit/537.36 (KHTML, like Gecko) Chrome/130.0.0.0 Safari/537.36"
35.195.201.3 - - [21/Dec/2025:11:09:19 -0500] "GET /wp-login.php HTTP/1.0" 200 1880 "-" "Mozilla/5.0 (Windows NT 10.0; Win64; x64) AppleWebKit/537.36 (KHTML, like Gecko) Chrome/130.0.0.0 Safari/537.36"
173.231.242.79 - - [21/Dec/2025:11:09:21 -0500] "POST /wp-cron.php?doing_wp_cron=1766333361.2233839035034179687500 HTTP/1.0" 200 - "-" "WordPress/6.9; https://www.grandbassaparking.com"
35.195.201.3 - - [21/Dec/2025:11:09:22 -0500] "POST /wp-login.php HTTP/1.0" 200 2001 "https://grandbassaparking.com/wp-login.php" "Mozilla/5.0 (Windows NT 10.0; Win64; x64) AppleWebKit/537.36 (KHTML, like Gecko) Chrome/130.0.0.0 Safari/537.36"
167.172.34.239 - - [21/Dec/2025:11:09:24 -0500] "GET /wp-login.php HTTP/1.0" 200 1880 "-" "Mozilla/5.0 (Windows NT 10.0; Win64; x64) AppleWebKit/537.36 (KHTML, like Gecko) Chrome/130.0.0.0 Safari/537.36"
167.172.34.239 - - [21/Dec/2025:11:09:25 -0500] "POST /wp-login.php HTTP/1.0" 200 2001 "https://grandbassaparking.com/wp-login.php" "Mozilla/5.0 (Windows NT 10.0; Win64; x64) AppleWebKit/537.36 (KHTML, like Gecko) Chrome/130.0.0.0 Safari/537.36"
173.231.242.79 - - [21/Dec/2025:11:11:32 -0500] "POST /wp-cron.php?doing_wp_cron=1766333491.9746410846710205078125 HTTP/1.0" 200 - "-" "WordPress/6.9; https://www.grandbassaparking.com"
137.184.171.145 - - [21/Dec/2025:11:11:30 -0500] "GET /wp-login.php HTTP/1.0" 200 1880 "-" "Mozilla/5.0 (Windows NT 10.0; Win64; x64) AppleWebKit/537.36 (KHTML, like Gecko) Chrome/130.0.0.0 Safari/537.36"
137.184.171.145 - - [21/Dec/2025:11:11:35 -0500] "POST /wp-login.php HTTP/1.0" 200 2001 "https://grandbassaparking.com/wp-login.php" "Mozilla/5.0 (Windows NT 10.0; Win64; x64) AppleWebKit/537.36 (KHTML, like Gecko) Chrome/130.0.0.0 Safari/537.36"
5.39.1.252 - - [21/Dec/2025:11:11:54 -0500] "GET /how-to-extend-the-lifespan-of-your-forklift-fleet/ HTTP/1.0" 200 33657 "-" "Mozilla/5.0 (compatible; AhrefsBot/7.0; +http://ahrefs.com/robot/)"
173.231.242.79 - - [21/Dec/2025:11:15:44 -0500] "POST /wp-cron.php?doing_wp_cron=1766333744.0670120716094970703125 HTTP/1.0" 200 - "-" "WordPress/6.9; https://www.grandbassaparking.com"
66.175.56.95 - - [21/Dec/2025:11:15:42 -0500] "GET /wp-login.php HTTP/1.0" 200 1880 "-" "Mozilla/5.0 (Windows NT 10.0; Win64; x64) AppleWebKit/537.36 (KHTML, like Gecko) Chrome/130.0.0.0 Safari/537.36"
66.175.56.95 - - [21/Dec/2025:11:15:48 -0500] "POST /wp-login.php HTTP/1.0" 200 2001 "https://grandbassaparking.com/wp-login.php" "Mozilla/5.0 (Windows NT 10.0; Win64; x64) AppleWebKit/537.36 (KHTML, like Gecko) Chrome/130.0.0.0 Safari/537.36"
162.241.252.17 - - [21/Dec/2025:11:16:02 -0500] "GET /wp-login.php HTTP/1.0" 200 1880 "-" "Mozilla/5.0 (Windows NT 10.0; Win64; x64) AppleWebKit/537.36 (KHTML, like Gecko) Chrome/130.0.0.0 Safari/537.36"
162.241.252.17 - - [21/Dec/2025:11:16:06 -0500] "POST /wp-login.php HTTP/1.0" 200 2001 "https://grandbassaparking.com/wp-login.php" "Mozilla/5.0 (Windows NT 10.0; Win64; x64) AppleWebKit/537.36 (KHTML, like Gecko) Chrome/130.0.0.0 Safari/537.36"
173.231.242.79 - - [21/Dec/2025:11:17:03 -0500] "POST /wp-cron.php?doing_wp_cron=1766333823.8406860828399658203125 HTTP/1.0" 200 - "-" "WordPress/6.9; https://www.grandbassaparking.com"
69.197.191.106 - - [21/Dec/2025:11:17:01 -0500] "GET /wp-login.php HTTP/1.0" 200 1880 "-" "Mozilla/5.0 (Windows NT 10.0; Win64; x64) AppleWebKit/537.36 (KHTML, like Gecko) Chrome/130.0.0.0 Safari/537.36"
69.197.191.106 - - [21/Dec/2025:11:17:04 -0500] "POST /wp-login.php HTTP/1.0" 200 2001 "https://grandbassaparking.com/wp-login.php" "Mozilla/5.0 (Windows NT 10.0; Win64; x64) AppleWebKit/537.36 (KHTML, like Gecko) Chrome/130.0.0.0 Safari/537.36"
