173.231.242.79 - - [21/Dec/2025:17:29:35 -0500] "POST /wp-cron.php?doing_wp_cron=1766356175.7385690212249755859375 HTTP/1.0" 200 - "-" "WordPress/6.9; https://www.grandbassaparking.com"
164.90.229.64 - - [21/Dec/2025:17:29:33 -0500] "GET /wp-login.php HTTP/1.0" 200 1880 "-" "Mozilla/5.0 (Windows NT 10.0; Win64; x64) AppleWebKit/537.36 (KHTML, like Gecko) Chrome/130.0.0.0 Safari/537.36"
164.90.229.64 - - [21/Dec/2025:17:29:36 -0500] "POST /wp-login.php HTTP/1.0" 200 2001 "https://grandbassaparking.com/wp-login.php" "Mozilla/5.0 (Windows NT 10.0; Win64; x64) AppleWebKit/537.36 (KHTML, like Gecko) Chrome/130.0.0.0 Safari/537.36"
173.231.242.79 - - [21/Dec/2025:17:34:22 -0500] "POST /wp-cron.php?doing_wp_cron=1766356462.4621329307556152343750 HTTP/1.0" 200 - "-" "WordPress/6.9; https://www.grandbassaparking.com"
160.191.139.215 - - [21/Dec/2025:17:34:19 -0500] "GET /wp-login.php HTTP/1.0" 200 1880 "-" "Mozilla/5.0 (Windows NT 10.0; Win64; x64) AppleWebKit/537.36 (KHTML, like Gecko) Chrome/130.0.0.0 Safari/537.36"
160.191.139.215 - - [21/Dec/2025:17:34:24 -0500] "POST /wp-login.php HTTP/1.0" 200 2001 "https://grandbassaparking.com/wp-login.php" "Mozilla/5.0 (Windows NT 10.0; Win64; x64) AppleWebKit/537.36 (KHTML, like Gecko) Chrome/130.0.0.0 Safari/537.36"
173.231.242.79 - - [21/Dec/2025:17:40:18 -0500] "POST /wp-cron.php?doing_wp_cron=1766356818.4667561054229736328125 HTTP/1.0" 200 - "-" "WordPress/6.9; https://www.grandbassaparking.com"
103.59.160.170 - - [21/Dec/2025:17:40:16 -0500] "GET /wp-login.php HTTP/1.0" 200 1880 "-" "Mozilla/5.0 (Windows NT 10.0; Win64; x64) AppleWebKit/537.36 (KHTML, like Gecko) Chrome/130.0.0.0 Safari/537.36"
103.59.160.170 - - [21/Dec/2025:17:40:19 -0500] "POST /wp-login.php HTTP/1.0" 200 2001 "https://grandbassaparking.com/wp-login.php" "Mozilla/5.0 (Windows NT 10.0; Win64; x64) AppleWebKit/537.36 (KHTML, like Gecko) Chrome/130.0.0.0 Safari/537.36"
173.231.242.79 - - [21/Dec/2025:17:41:44 -0500] "POST /wp-cron.php?doing_wp_cron=1766356904.7614591121673583984375 HTTP/1.0" 200 - "-" "WordPress/6.9; https://www.grandbassaparking.com"
160.250.186.135 - - [21/Dec/2025:17:41:43 -0500] "GET /wp-login.php HTTP/1.0" 200 1880 "-" "Mozilla/5.0 (Windows NT 10.0; Win64; x64) AppleWebKit/537.36 (KHTML, like Gecko) Chrome/130.0.0.0 Safari/537.36"
160.250.186.135 - - [21/Dec/2025:17:41:45 -0500] "POST /wp-login.php HTTP/1.0" 200 2001 "https://grandbassaparking.com/wp-login.php" "Mozilla/5.0 (Windows NT 10.0; Win64; x64) AppleWebKit/537.36 (KHTML, like Gecko) Chrome/130.0.0.0 Safari/537.36"
173.231.242.79 - - [21/Dec/2025:17:46:17 -0500] "POST /wp-cron.php?doing_wp_cron=1766357177.6708168983459472656250 HTTP/1.0" 200 - "-" "WordPress/6.9; https://www.grandbassaparking.com"
213.157.205.208 - - [21/Dec/2025:17:46:15 -0500] "GET /wp-login.php HTTP/1.0" 200 1880 "-" "Mozilla/5.0 (Windows NT 10.0; Win64; x64) AppleWebKit/537.36 (KHTML, like Gecko) Chrome/130.0.0.0 Safari/537.36"
213.157.205.208 - - [21/Dec/2025:17:46:18 -0500] "POST /wp-login.php HTTP/1.0" 200 2001 "https://grandbassaparking.com/wp-login.php" "Mozilla/5.0 (Windows NT 10.0; Win64; x64) AppleWebKit/537.36 (KHTML, like Gecko) Chrome/130.0.0.0 Safari/537.36"
173.231.242.79 - - [21/Dec/2025:17:55:47 -0500] "POST /wp-cron.php?doing_wp_cron=1766357747.8528800010681152343750 HTTP/1.0" 200 - "-" "WordPress/6.9; https://www.grandbassaparking.com"
202.92.5.25 - - [21/Dec/2025:17:55:44 -0500] "GET /wp-login.php HTTP/1.0" 200 1880 "-" "Mozilla/5.0 (Windows NT 6.3; WOW64; Trident/7.0; MATMJS; rv:11.0) like Gecko"
202.92.5.25 - - [21/Dec/2025:17:55:49 -0500] "POST /wp-login.php HTTP/1.0" 200 2009 "https://grandbassaparking.com/wp-login.php" "Mozilla/5.0 (Windows NT 6.3; WOW64; Trident/7.0; MATMJS; rv:11.0) like Gecko"
173.231.242.79 - - [21/Dec/2025:17:55:49 -0500] "POST /wp-admin/admin-ajax.php?action=wp_1_wc_privacy_cleanup&nonce=67fd990c07 HTTP/1.0" 200 - "-" "WordPress/6.9; https://www.grandbassaparking.com"
173.231.242.79 - - [21/Dec/2025:18:00:29 -0500] "POST /wp-cron.php?doing_wp_cron=1766358029.5501019954681396484375 HTTP/1.0" 200 - "-" "WordPress/6.9; https://www.grandbassaparking.com"
162.241.252.101 - - [21/Dec/2025:18:00:27 -0500] "GET /wp-login.php HTTP/1.0" 200 1880 "-" "Mozilla/5.0 (Windows NT 10.0; Win64; x64) AppleWebKit/537.36 (KHTML, like Gecko) Chrome/130.0.0.0 Safari/537.36"
173.231.242.79 - - [21/Dec/2025:18:00:34 -0500] "POST /wp-cron.php?doing_wp_cron=1766358034.5437829494476318359375 HTTP/1.0" 200 - "-" "WordPress/6.9; https://www.grandbassaparking.com"
162.241.252.101 - - [21/Dec/2025:18:00:33 -0500] "POST /wp-login.php HTTP/1.0" 200 2001 "https://grandbassaparking.com/wp-login.php" "Mozilla/5.0 (Windows NT 10.0; Win64; x64) AppleWebKit/537.36 (KHTML, like Gecko) Chrome/130.0.0.0 Safari/537.36"
173.231.242.79 - - [21/Dec/2025:18:03:00 -0500] "POST /wp-cron.php?doing_wp_cron=1766358180.6792249679565429687500 HTTP/1.0" 200 - "-" "WordPress/6.9; https://www.grandbassaparking.com"
62.204.61.5 - - [21/Dec/2025:18:02:58 -0500] "GET /wp-login.php HTTP/1.0" 200 1880 "-" "Mozilla/5.0 (Windows NT 10.0; Win64; x64) AppleWebKit/537.36 (KHTML, like Gecko) Chrome/130.0.0.0 Safari/537.36"
62.204.61.5 - - [21/Dec/2025:18:03:01 -0500] "POST /wp-login.php HTTP/1.0" 200 2001 "https://grandbassaparking.com/wp-login.php" "Mozilla/5.0 (Windows NT 10.0; Win64; x64) AppleWebKit/537.36 (KHTML, like Gecko) Chrome/130.0.0.0 Safari/537.36"
173.231.242.79 - - [21/Dec/2025:18:12:22 -0500] "POST /wp-cron.php?doing_wp_cron=1766358742.5226531028747558593750 HTTP/1.0" 200 - "-" "WordPress/6.9; https://www.grandbassaparking.com"
34.247.172.200 - - [21/Dec/2025:18:12:20 -0500] "GET /wp-login.php HTTP/1.0" 200 1880 "-" "Mozilla/5.0 (Windows NT 10.0; Win64; x64) AppleWebKit/537.36 (KHTML, like Gecko) Chrome/130.0.0.0 Safari/537.36"
34.247.172.200 - - [21/Dec/2025:18:12:24 -0500] "POST /wp-login.php HTTP/1.0" 200 2001 "https://grandbassaparking.com/wp-login.php" "Mozilla/5.0 (Windows NT 10.0; Win64; x64) AppleWebKit/537.36 (KHTML, like Gecko) Chrome/130.0.0.0 Safari/537.36"
173.231.242.79 - - [21/Dec/2025:18:15:53 -0500] "POST /wp-cron.php?doing_wp_cron=1766358953.1793589591979980468750 HTTP/1.0" 200 - "-" "WordPress/6.9; https://www.grandbassaparking.com"
103.28.36.105 - - [21/Dec/2025:18:15:51 -0500] "GET /wp-login.php HTTP/1.0" 200 1880 "-" "Mozilla/5.0 (Windows NT 10.0; Win64; x64) AppleWebKit/537.36 (KHTML, like Gecko) Chrome/130.0.0.0 Safari/537.36"
103.28.36.105 - - [21/Dec/2025:18:15:54 -0500] "POST /wp-login.php HTTP/1.0" 200 2001 "https://grandbassaparking.com/wp-login.php" "Mozilla/5.0 (Windows NT 10.0; Win64; x64) AppleWebKit/537.36 (KHTML, like Gecko) Chrome/130.0.0.0 Safari/537.36"
173.231.242.79 - - [21/Dec/2025:18:17:21 -0500] "POST /wp-cron.php?doing_wp_cron=1766359041.7725040912628173828125 HTTP/1.0" 200 - "-" "WordPress/6.9; https://www.grandbassaparking.com"
136.0.111.243 - - [21/Dec/2025:18:17:19 -0500] "POST /xmlrpc.php HTTP/1.0" 200 225 "-" "Mozilla/5.0 (X11; Linux x86_64) AppleWebKit/537.36 (KHTML, like Gecko) Chrome/66.0.3359.170 Safari/537.36"
173.231.242.79 - - [21/Dec/2025:18:25:15 -0500] "POST /wp-cron.php?doing_wp_cron=1766359515.0905230045318603515625 HTTP/1.0" 200 - "-" "WordPress/6.9; https://www.grandbassaparking.com"
164.90.229.64 - - [21/Dec/2025:18:25:13 -0500] "GET /wp-login.php HTTP/1.0" 200 1880 "-" "Mozilla/5.0 (Windows NT 10.0; Win64; x64) AppleWebKit/537.36 (KHTML, like Gecko) Chrome/130.0.0.0 Safari/537.36"
164.90.229.64 - - [21/Dec/2025:18:25:16 -0500] "POST /wp-login.php HTTP/1.0" 200 2001 "https://grandbassaparking.com/wp-login.php" "Mozilla/5.0 (Windows NT 10.0; Win64; x64) AppleWebKit/537.36 (KHTML, like Gecko) Chrome/130.0.0.0 Safari/537.36"
173.231.242.79 - - [21/Dec/2025:18:27:57 -0500] "POST /wp-cron.php?doing_wp_cron=1766359677.2816040515899658203125 HTTP/1.0" 200 - "-" "WordPress/6.9; https://www.grandbassaparking.com"
137.184.171.145 - - [21/Dec/2025:18:27:55 -0500] "GET /wp-login.php HTTP/1.0" 200 1880 "-" "Mozilla/5.0 (Windows NT 10.0; Win64; x64) AppleWebKit/537.36 (KHTML, like Gecko) Chrome/130.0.0.0 Safari/537.36"
137.184.171.145 - - [21/Dec/2025:18:27:58 -0500] "POST /wp-login.php HTTP/1.0" 200 2001 "https://grandbassaparking.com/wp-login.php" "Mozilla/5.0 (Windows NT 10.0; Win64; x64) AppleWebKit/537.36 (KHTML, like Gecko) Chrome/130.0.0.0 Safari/537.36"
173.231.242.79 - - [21/Dec/2025:18:32:14 -0500] "POST /wp-cron.php?doing_wp_cron=1766359934.5216250419616699218750 HTTP/1.0" 200 - "-" "WordPress/6.9; https://www.grandbassaparking.com"
154.12.253.211 - - [21/Dec/2025:18:32:12 -0500] "GET /wp-login.php HTTP/1.0" 200 1880 "-" "Mozilla/5.0 (Windows NT 10.0; Win64; x64) AppleWebKit/537.36 (KHTML, like Gecko) Chrome/130.0.0.0 Safari/537.36"
154.12.253.211 - - [21/Dec/2025:18:32:15 -0500] "POST /wp-login.php HTTP/1.0" 200 2001 "https://grandbassaparking.com/wp-login.php" "Mozilla/5.0 (Windows NT 10.0; Win64; x64) AppleWebKit/537.36 (KHTML, like Gecko) Chrome/130.0.0.0 Safari/537.36"
173.231.242.79 - - [21/Dec/2025:18:35:08 -0500] "POST /wp-cron.php?doing_wp_cron=1766360108.8153719902038574218750 HTTP/1.0" 200 - "-" "WordPress/6.9; https://www.grandbassaparking.com"
217.131.83.144 - - [21/Dec/2025:18:35:07 -0500] "GET / HTTP/1.0" 301 - "-" "Mozilla/5.0 (Macintosh; Intel Mac OS X 10_15_7) AppleWebKit/537.36 (KHTML, like Gecko) Chrome/121.0.0.0 Safari/537.36"
173.231.242.79 - - [21/Dec/2025:18:35:11 -0500] "POST /wp-cron.php HTTP/1.0" 200 - "-" "WordPress/6.9; https://www.grandbassaparking.com"
173.231.242.79 - - [21/Dec/2025:18:35:11 -0500] "GET / HTTP/1.0" 200 37553 "-" "WordPress/6.9; https://www.grandbassaparking.com"
217.131.83.144 - - [21/Dec/2025:18:35:12 -0500] "GET / HTTP/1.0" 200 37553 "-" "Mozilla/5.0 (Macintosh; Intel Mac OS X 10_15_7) AppleWebKit/537.36 (KHTML, like Gecko) Chrome/121.0.0.0 Safari/537.36"
173.231.242.79 - - [21/Dec/2025:18:35:34 -0500] "POST /wp-cron.php?doing_wp_cron=1766360134.0833311080932617187500 HTTP/1.0" 200 - "-" "WordPress/6.9; https://www.grandbassaparking.com"
164.90.229.64 - - [21/Dec/2025:18:35:32 -0500] "GET /wp-login.php HTTP/1.0" 200 1880 "-" "Mozilla/5.0 (Windows NT 10.0; Win64; x64) AppleWebKit/537.36 (KHTML, like Gecko) Chrome/130.0.0.0 Safari/537.36"
164.90.229.64 - - [21/Dec/2025:18:35:34 -0500] "POST /wp-login.php HTTP/1.0" 200 2001 "https://grandbassaparking.com/wp-login.php" "Mozilla/5.0 (Windows NT 10.0; Win64; x64) AppleWebKit/537.36 (KHTML, like Gecko) Chrome/130.0.0.0 Safari/537.36"
173.231.242.79 - - [21/Dec/2025:18:39:16 -0500] "POST /wp-cron.php?doing_wp_cron=1766360356.6934790611267089843750 HTTP/1.0" 200 - "-" "WordPress/6.9; https://www.grandbassaparking.com"
142.112.61.80 - - [21/Dec/2025:18:39:15 -0500] "GET /wp-login.php HTTP/1.0" 200 1880 "-" "Mozilla/5.0 (Windows NT 10.0; Win64; x64) AppleWebKit/537.36 (KHTML, like Gecko) Chrome/130.0.0.0 Safari/537.36"
142.112.61.80 - - [21/Dec/2025:18:39:16 -0500] "POST /wp-login.php HTTP/1.0" 200 2001 "https://grandbassaparking.com/wp-login.php" "Mozilla/5.0 (Windows NT 10.0; Win64; x64) AppleWebKit/537.36 (KHTML, like Gecko) Chrome/130.0.0.0 Safari/537.36"
164.90.229.64 - - [21/Dec/2025:18:39:18 -0500] "GET /wp-login.php HTTP/1.0" 200 1880 "-" "Mozilla/5.0 (Windows NT 10.0; Win64; x64) AppleWebKit/537.36 (KHTML, like Gecko) Chrome/130.0.0.0 Safari/537.36"
164.90.229.64 - - [21/Dec/2025:18:39:19 -0500] "POST /wp-login.php HTTP/1.0" 200 2001 "https://grandbassaparking.com/wp-login.php" "Mozilla/5.0 (Windows NT 10.0; Win64; x64) AppleWebKit/537.36 (KHTML, like Gecko) Chrome/130.0.0.0 Safari/537.36"
173.231.242.79 - - [21/Dec/2025:18:43:44 -0500] "POST /wp-cron.php?doing_wp_cron=1766360624.7064089775085449218750 HTTP/1.0" 200 - "-" "WordPress/6.9; https://www.grandbassaparking.com"
163.223.13.96 - - [21/Dec/2025:18:43:42 -0500] "GET /wp-login.php HTTP/1.0" 200 1880 "-" "Mozilla/5.0 (Windows NT 10.0; Win64; x64) AppleWebKit/537.36 (KHTML, like Gecko) Chrome/130.0.0.0 Safari/537.36"
163.223.13.96 - - [21/Dec/2025:18:43:45 -0500] "POST /wp-login.php HTTP/1.0" 200 2001 "https://grandbassaparking.com/wp-login.php" "Mozilla/5.0 (Windows NT 10.0; Win64; x64) AppleWebKit/537.36 (KHTML, like Gecko) Chrome/130.0.0.0 Safari/537.36"
173.231.242.79 - - [21/Dec/2025:18:47:09 -0500] "POST /wp-cron.php?doing_wp_cron=1766360829.7625720500946044921875 HTTP/1.0" 200 - "-" "WordPress/6.9; https://www.grandbassaparking.com"
57.141.0.11 - - [21/Dec/2025:18:47:07 -0500] "GET /shop/page/2/ HTTP/1.0" 200 174169 "-" "meta-externalagent/1.1 (+https://developers.facebook.com/docs/sharing/webmasters/crawler)"
173.231.242.79 - - [21/Dec/2025:18:49:29 -0500] "POST /wp-cron.php?doing_wp_cron=1766360969.8690938949584960937500 HTTP/1.0" 200 - "-" "WordPress/6.9; https://www.grandbassaparking.com"
171.244.17.74 - - [21/Dec/2025:18:49:28 -0500] "GET /wp-login.php HTTP/1.0" 200 1880 "-" "Mozilla/5.0 (Windows NT 10.0; Win64; x64) AppleWebKit/537.36 (KHTML, like Gecko) Chrome/130.0.0.0 Safari/537.36"
173.231.242.79 - - [21/Dec/2025:18:49:35 -0500] "POST /wp-cron.php?doing_wp_cron=1766360975.2160420417785644531250 HTTP/1.0" 200 - "-" "WordPress/6.9; https://www.grandbassaparking.com"
171.244.17.74 - - [21/Dec/2025:18:49:34 -0500] "POST /wp-login.php HTTP/1.0" 200 2001 "https://grandbassaparking.com/wp-login.php" "Mozilla/5.0 (Windows NT 10.0; Win64; x64) AppleWebKit/537.36 (KHTML, like Gecko) Chrome/130.0.0.0 Safari/537.36"
207.180.210.222 - - [21/Dec/2025:18:56:33 -0500] "POST /xmlrpc.php HTTP/1.0" 406 300 "-" "Mozilla/5.0 (Macintosh; Intel Mac OS X 10_12) AppleWebKit/602.1.40 (KHTML, like Gecko) Version/10.0 Safari/602.1.40"
173.231.242.79 - - [21/Dec/2025:19:00:57 -0500] "POST /wp-cron.php?doing_wp_cron=1766361657.3450379371643066406250 HTTP/1.0" 200 - "-" "WordPress/6.9; https://www.grandbassaparking.com"
34.247.172.200 - - [21/Dec/2025:19:00:55 -0500] "GET /wp-login.php HTTP/1.0" 200 1879 "-" "Mozilla/5.0 (Windows NT 10.0; Win64; x64) AppleWebKit/537.36 (KHTML, like Gecko) Chrome/130.0.0.0 Safari/537.36"
34.247.172.200 - - [21/Dec/2025:19:00:57 -0500] "POST /wp-login.php HTTP/1.0" 200 2000 "https://grandbassaparking.com/wp-login.php" "Mozilla/5.0 (Windows NT 10.0; Win64; x64) AppleWebKit/537.36 (KHTML, like Gecko) Chrome/130.0.0.0 Safari/537.36"
84.16.76.227 - - [21/Dec/2025:19:01:07 -0500] "POST /xmlrpc.php HTTP/1.0" 200 403 "-" "Mozilla/5.0 (Windows NT 10.0; Win64; x64) AppleWebKit/537.36 (KHTML, like Gecko) Chrome/80.0.3987.132 Safari/537.36"
88.198.14.6 - - [21/Dec/2025:19:01:09 -0500] "POST /xmlrpc.php HTTP/1.0" 200 403 "-" "Mozilla/5.0 (Windows NT 6.1; rv:17.0) Gecko/20100101 Firefox/20.6.14"
84.16.76.227 - - [21/Dec/2025:19:01:09 -0500] "POST /xmlrpc.php HTTP/1.0" 200 403 "-" "Mozilla/5.0 (Windows NT 10.0; Win64; x64) AppleWebKit/537.36 (KHTML, like Gecko) Chrome/80.0.3987.132 Safari/537.36"
84.16.76.227 - - [21/Dec/2025:19:01:10 -0500] "POST /xmlrpc.php HTTP/1.0" 200 403 "-" "Mozilla/5.0 (Windows NT 10.0; Win64; x64) AppleWebKit/537.36 (KHTML, like Gecko) Chrome/80.0.3987.132 Safari/537.36"
88.198.14.6 - - [21/Dec/2025:19:01:11 -0500] "POST /xmlrpc.php HTTP/1.0" 200 403 "-" "Mozilla/5.0 (Windows NT 6.1; rv:17.0) Gecko/20100101 Firefox/20.6.14"
88.198.14.6 - - [21/Dec/2025:19:01:12 -0500] "POST /xmlrpc.php HTTP/1.0" 406 300 "-" "Mozilla/5.0 (Windows NT 6.1; rv:17.0) Gecko/20100101 Firefox/20.6.14"
185.221.182.158 - - [21/Dec/2025:19:01:23 -0500] "POST /xmlrpc.php HTTP/1.0" 200 403 "-" "Mozilla/5.0 (Windows NT 6.0; rv:34.0) Gecko/20100101 Firefox/34.0"
185.221.182.158 - - [21/Dec/2025:19:01:24 -0500] "POST /xmlrpc.php HTTP/1.0" 200 403 "-" "Mozilla/5.0 (Windows NT 6.0; rv:34.0) Gecko/20100101 Firefox/34.0"
140.227.20.2 - - [21/Dec/2025:19:01:25 -0500] "POST /xmlrpc.php HTTP/1.0" 200 403 "-" "Mozilla/5.0 (Windows NT 10.0; Win64; x64) AppleWebKit/537.36 (KHTML, like Gecko) Chrome/80.0.3987.149 Safari/537.36"
185.221.182.158 - - [21/Dec/2025:19:01:26 -0500] "POST /xmlrpc.php HTTP/1.0" 200 403 "-" "Mozilla/5.0 (Windows NT 6.0; rv:34.0) Gecko/20100101 Firefox/34.0"
140.227.20.2 - - [21/Dec/2025:19:01:26 -0500] "POST /xmlrpc.php HTTP/1.0" 200 403 "-" "Mozilla/5.0 (Windows NT 10.0; Win64; x64) AppleWebKit/537.36 (KHTML, like Gecko) Chrome/80.0.3987.149 Safari/537.36"
88.198.14.6 - - [21/Dec/2025:19:01:28 -0500] "POST /xmlrpc.php HTTP/1.0" 406 300 "-" "Mozilla/5.0 (Linux; Android 10) AppleWebKit/537.36 (KHTML, like Gecko) Chrome/91.0.4472.114 Mobile Safari/537.36"
140.227.20.2 - - [21/Dec/2025:19:01:28 -0500] "POST /xmlrpc.php HTTP/1.0" 200 403 "-" "Mozilla/5.0 (Windows NT 10.0; Win64; x64) AppleWebKit/537.36 (KHTML, like Gecko) Chrome/80.0.3987.149 Safari/537.36"
88.198.14.6 - - [21/Dec/2025:19:01:29 -0500] "POST /xmlrpc.php HTTP/1.0" 200 403 "-" "Mozilla/5.0 (Linux; Android 10) AppleWebKit/537.36 (KHTML, like Gecko) Chrome/91.0.4472.114 Mobile Safari/537.36"
173.231.242.79 - - [21/Dec/2025:19:01:33 -0500] "POST /wp-cron.php?doing_wp_cron=1766361693.3969390392303466796875 HTTP/1.0" 200 - "-" "WordPress/6.9; https://www.grandbassaparking.com"
88.198.14.6 - - [21/Dec/2025:19:01:32 -0500] "POST /xmlrpc.php HTTP/1.0" 200 403 "-" "Mozilla/5.0 (Linux; Android 10) AppleWebKit/537.36 (KHTML, like Gecko) Chrome/91.0.4472.114 Mobile Safari/537.36"
199.192.27.58 - - [21/Dec/2025:19:01:40 -0500] "POST /xmlrpc.php HTTP/1.0" 200 403 "-" "Mozilla/5.0 (Windows NT 10.0; Win64; x64) AppleWebKit/537.36 (KHTML, like Gecko) Chrome/90.0.4430.93 Safari/537.36"
199.192.27.58 - - [21/Dec/2025:19:01:41 -0500] "POST /xmlrpc.php HTTP/1.0" 406 300 "-" "Mozilla/5.0 (Windows NT 10.0; Win64; x64) AppleWebKit/537.36 (KHTML, like Gecko) Chrome/90.0.4430.93 Safari/537.36"
199.192.27.58 - - [21/Dec/2025:19:01:42 -0500] "POST /xmlrpc.php HTTP/1.0" 200 403 "-" "Mozilla/5.0 (Windows NT 10.0; Win64; x64) AppleWebKit/537.36 (KHTML, like Gecko) Chrome/90.0.4430.93 Safari/537.36"
173.231.242.79 - - [21/Dec/2025:19:04:42 -0500] "POST /wp-cron.php?doing_wp_cron=1766361882.2920610904693603515625 HTTP/1.0" 200 - "-" "WordPress/6.9; https://www.grandbassaparking.com"
193.122.100.159 - - [21/Dec/2025:19:04:38 -0500] "GET /wp-login.php HTTP/1.0" 200 1879 "-" "Mozilla/5.0 (Windows NT 10.0; Win64; x64) AppleWebKit/537.36 (KHTML, like Gecko) Chrome/130.0.0.0 Safari/537.36"
193.122.100.159 - - [21/Dec/2025:19:04:43 -0500] "POST /wp-login.php HTTP/1.0" 200 2000 "https://grandbassaparking.com/wp-login.php" "Mozilla/5.0 (Windows NT 10.0; Win64; x64) AppleWebKit/537.36 (KHTML, like Gecko) Chrome/130.0.0.0 Safari/537.36"
173.231.242.79 - - [21/Dec/2025:19:20:04 -0500] "POST /wp-cron.php?doing_wp_cron=1766362804.8830909729003906250000 HTTP/1.0" 200 - "-" "WordPress/6.9; https://www.grandbassaparking.com"
171.244.17.74 - - [21/Dec/2025:19:20:01 -0500] "GET /wp-login.php HTTP/1.0" 200 1879 "-" "Mozilla/5.0 (Windows NT 10.0; Win64; x64) AppleWebKit/537.36 (KHTML, like Gecko) Chrome/130.0.0.0 Safari/537.36"
171.244.17.74 - - [21/Dec/2025:19:20:07 -0500] "POST /wp-login.php HTTP/1.0" 200 2000 "https://grandbassaparking.com/wp-login.php" "Mozilla/5.0 (Windows NT 10.0; Win64; x64) AppleWebKit/537.36 (KHTML, like Gecko) Chrome/130.0.0.0 Safari/537.36"
160.250.186.135 - - [21/Dec/2025:19:20:10 -0500] "GET /wp-login.php HTTP/1.0" 200 1879 "-" "Mozilla/5.0 (Windows NT 10.0; Win64; x64) AppleWebKit/537.36 (KHTML, like Gecko) Chrome/130.0.0.0 Safari/537.36"
160.250.186.135 - - [21/Dec/2025:19:20:13 -0500] "POST /wp-login.php HTTP/1.0" 200 2000 "https://grandbassaparking.com/wp-login.php" "Mozilla/5.0 (Windows NT 10.0; Win64; x64) AppleWebKit/537.36 (KHTML, like Gecko) Chrome/130.0.0.0 Safari/537.36"
173.231.242.79 - - [21/Dec/2025:19:21:47 -0500] "POST /wp-cron.php?doing_wp_cron=1766362907.0796260833740234375000 HTTP/1.0" 200 - "-" "WordPress/6.9; https://www.grandbassaparking.com"
161.248.201.51 - - [21/Dec/2025:19:21:45 -0500] "GET /wp-login.php HTTP/1.0" 200 1879 "-" "Mozilla/5.0 (Windows NT 10.0; Win64; x64) AppleWebKit/537.36 (KHTML, like Gecko) Chrome/130.0.0.0 Safari/537.36"
161.248.201.51 - - [21/Dec/2025:19:21:47 -0500] "POST /wp-login.php HTTP/1.0" 200 2000 "https://grandbassaparking.com/wp-login.php" "Mozilla/5.0 (Windows NT 10.0; Win64; x64) AppleWebKit/537.36 (KHTML, like Gecko) Chrome/130.0.0.0 Safari/537.36"
173.231.242.79 - - [21/Dec/2025:19:25:39 -0500] "POST /wp-cron.php?doing_wp_cron=1766363139.8210680484771728515625 HTTP/1.0" 200 - "-" "WordPress/6.9; https://www.grandbassaparking.com"
103.213.38.228 - - [21/Dec/2025:19:25:38 -0500] "POST /xmlrpc.php HTTP/1.0" 200 225 "-" "Mozilla/5.0 (Windows NT 10.0; WOW64) AppleWebKit/537.36 (KHTML, like Gecko) Chrome/67.0.3396.62 Safari/537.36"
173.231.242.79 - - [21/Dec/2025:20:01:01 -0500] "POST /wp-cron.php?doing_wp_cron=1766365261.0765140056610107421875 HTTP/1.0" 200 - "-" "WordPress/6.9; https://www.grandbassaparking.com"
182.42.105.144 - - [21/Dec/2025:20:00:57 -0500] "GET / HTTP/1.0" 301 - "-" "Mozilla/5.0 (iPhone; CPU iPhone OS 13_2_3 like Mac OS X) AppleWebKit/605.1.15 (KHTML, like Gecko) Version/13.0.3 Mobile/15E148 Safari/604.1"
182.42.105.144 - - [21/Dec/2025:20:01:02 -0500] "GET / HTTP/1.0" 200 37553 "http://www.grandbassaparking.com" "Mozilla/5.0 (iPhone; CPU iPhone OS 13_2_3 like Mac OS X) AppleWebKit/605.1.15 (KHTML, like Gecko) Version/13.0.3 Mobile/15E148 Safari/604.1"
173.231.242.79 - - [21/Dec/2025:20:10:59 -0500] "POST /wp-cron.php?doing_wp_cron=1766365859.0000019073486328125000 HTTP/1.0" 200 - "-" "WordPress/6.9; https://www.grandbassaparking.com"
190.141.47.189 - - [21/Dec/2025:20:10:56 -0500] "GET / HTTP/1.0" 301 - "-" "Mozilla/5.0 (Windows NT 11.0; Win64; x64) AppleWebKit/537.36 (KHTML, like Gecko) Chrome/143.0.0.0 Safari/537.36"
190.141.47.189 - - [21/Dec/2025:20:11:01 -0500] "GET / HTTP/1.0" 200 37553 "-" "Mozilla/5.0 (Windows NT 11.0; Win64; x64) AppleWebKit/537.36 (KHTML, like Gecko) Chrome/143.0.0.0 Safari/537.36"
173.231.242.79 - - [21/Dec/2025:20:13:51 -0500] "POST /wp-cron.php?doing_wp_cron=1766366031.6892199516296386718750 HTTP/1.0" 200 - "-" "WordPress/6.9; https://www.grandbassaparking.com"
157.230.245.192 - - [21/Dec/2025:20:13:48 -0500] "POST /xmlrpc.php HTTP/1.0" 200 225 "-" "Mozilla/5.0 (Windows NT 6.1; Win64; x64) AppleWebKit/537.36 (KHTML, like Gecko) Chrome/65.0.3325.181 Safari/537.36 OPR/52.0.2871.99"
43.167.245.18 - - [21/Dec/2025:20:14:11 -0500] "GET / HTTP/1.0" 301 - "-" "Mozilla/5.0 (iPhone; CPU iPhone OS 13_2_3 like Mac OS X) AppleWebKit/605.1.15 (KHTML, like Gecko) Version/13.0.3 Mobile/15E148 Safari/604.1"
62.221.252.215 - - [21/Dec/2025:20:14:41 -0500] "POST /xmlrpc.php HTTP/1.0" 200 403 "-" "Mozilla/5.0 (Windows NT 6.1; WOW64) AppleWebKit/537.36 (KHTML, like Gecko) Chrome/67.0.3396.62 Safari/537.36"
173.231.242.79 - - [21/Dec/2025:20:14:42 -0500] "POST /wp-cron.php?doing_wp_cron=1766366082.1236500740051269531250 HTTP/1.0" 200 - "-" "WordPress/6.9; https://www.grandbassaparking.com"
149.104.26.223 - - [21/Dec/2025:20:14:40 -0500] "POST /xmlrpc.php HTTP/1.0" 200 403 "-" "Mozilla/5.0 (Windows NT 6.1) AppleWebKit/537.36 (KHTML, like Gecko) Chrome/66.0.3359.181 Safari/537.36"
62.221.252.215 - - [21/Dec/2025:20:14:42 -0500] "POST /xmlrpc.php HTTP/1.0" 200 403 "-" "Mozilla/5.0 (Windows NT 6.1; WOW64) AppleWebKit/537.36 (KHTML, like Gecko) Chrome/67.0.3396.62 Safari/537.36"
149.104.26.223 - - [21/Dec/2025:20:14:43 -0500] "POST /xmlrpc.php HTTP/1.0" 200 403 "-" "Mozilla/5.0 (Windows NT 6.1) AppleWebKit/537.36 (KHTML, like Gecko) Chrome/66.0.3359.181 Safari/537.36"
62.221.252.215 - - [21/Dec/2025:20:14:44 -0500] "POST /xmlrpc.php HTTP/1.0" 406 300 "-" "Mozilla/5.0 (Windows NT 6.1; WOW64) AppleWebKit/537.36 (KHTML, like Gecko) Chrome/67.0.3396.62 Safari/537.36"
149.104.26.223 - - [21/Dec/2025:20:14:45 -0500] "POST /xmlrpc.php HTTP/1.0" 200 403 "-" "Mozilla/5.0 (Windows NT 6.1) AppleWebKit/537.36 (KHTML, like Gecko) Chrome/66.0.3359.181 Safari/537.36"
103.140.154.69 - - [21/Dec/2025:20:14:52 -0500] "POST /xmlrpc.php HTTP/1.0" 200 403 "-" "Mozilla/5.0 (Windows NT 6.1; WOW64; Trident/7.0; MALCJS; rv:11.0) like Gecko"
103.140.154.69 - - [21/Dec/2025:20:14:54 -0500] "POST /xmlrpc.php HTTP/1.0" 200 403 "-" "Mozilla/5.0 (Windows NT 6.1; WOW64; Trident/7.0; MALCJS; rv:11.0) like Gecko"
54.251.104.161 - - [21/Dec/2025:20:14:56 -0500] "POST /xmlrpc.php HTTP/1.0" 406 300 "-" "Mozilla/5.0 (Windows NT 6.2; ARM; Trident/7.0; Touch; rv:11.0; WPDesktop; NOKIA; Lumia 1520) like Gecko"
103.140.154.69 - - [21/Dec/2025:20:14:57 -0500] "POST /xmlrpc.php HTTP/1.0" 200 403 "-" "Mozilla/5.0 (Windows NT 6.1; WOW64; Trident/7.0; MALCJS; rv:11.0) like Gecko"
54.251.104.161 - - [21/Dec/2025:20:14:57 -0500] "POST /xmlrpc.php HTTP/1.0" 200 403 "-" "Mozilla/5.0 (Windows NT 6.2; ARM; Trident/7.0; Touch; rv:11.0; WPDesktop; NOKIA; Lumia 1520) like Gecko"
54.251.104.161 - - [21/Dec/2025:20:14:59 -0500] "POST /xmlrpc.php HTTP/1.0" 200 403 "-" "Mozilla/5.0 (Windows NT 6.2; ARM; Trident/7.0; Touch; rv:11.0; WPDesktop; NOKIA; Lumia 1520) like Gecko"
51.38.48.220 - - [21/Dec/2025:20:15:09 -0500] "POST /xmlrpc.php HTTP/1.0" 200 403 "-" "Mozilla/5.0 (compatible; MSIE 10.0; Windows NT 6.1; Win64; x64; Trident/7.0)"
51.38.48.220 - - [21/Dec/2025:20:15:11 -0500] "POST /xmlrpc.php HTTP/1.0" 406 300 "-" "Mozilla/5.0 (compatible; MSIE 10.0; Windows NT 6.1; Win64; x64; Trident/7.0)"
51.38.48.220 - - [21/Dec/2025:20:15:13 -0500] "POST /xmlrpc.php HTTP/1.0" 200 403 "-" "Mozilla/5.0 (compatible; MSIE 10.0; Windows NT 6.1; Win64; x64; Trident/7.0)"
128.65.195.237 - - [21/Dec/2025:20:15:22 -0500] "POST /xmlrpc.php HTTP/1.0" 200 403 "-" "Mozilla/5.0 (Windows NT 6.1; Win64; x64) AppleWebKit/537.36 (KHTML, like Gecko) Chrome/52.0.2743.116 Safari/537.36 Edge/15.15063"
128.65.195.237 - - [21/Dec/2025:20:15:24 -0500] "POST /xmlrpc.php HTTP/1.0" 200 403 "-" "Mozilla/5.0 (Windows NT 6.1; Win64; x64) AppleWebKit/537.36 (KHTML, like Gecko) Chrome/52.0.2743.116 Safari/537.36 Edge/15.15063"
128.65.195.237 - - [21/Dec/2025:20:15:25 -0500] "POST /xmlrpc.php HTTP/1.0" 406 300 "-" "Mozilla/5.0 (Windows NT 6.1; Win64; x64) AppleWebKit/537.36 (KHTML, like Gecko) Chrome/52.0.2743.116 Safari/537.36 Edge/15.15063"
117.72.201.236 - - [21/Dec/2025:20:15:27 -0500] "POST /xmlrpc.php HTTP/1.0" 200 403 "-" "Mozilla/5.0 (Windows NT 6.3; WOW64; Trident/7.0; MANMJS; rv:11.0) like Gecko"
117.72.201.236 - - [21/Dec/2025:20:15:29 -0500] "POST /xmlrpc.php HTTP/1.0" 200 403 "-" "Mozilla/5.0 (Windows NT 6.3; WOW64; Trident/7.0; MANMJS; rv:11.0) like Gecko"
117.72.201.236 - - [21/Dec/2025:20:15:32 -0500] "POST /xmlrpc.php HTTP/1.0" 200 403 "-" "Mozilla/5.0 (Windows NT 6.3; WOW64; Trident/7.0; MANMJS; rv:11.0) like Gecko"
103.163.139.65 - - [21/Dec/2025:20:15:58 -0500] "POST /xmlrpc.php HTTP/1.0" 406 300 "-" "Mozilla/5.0 (Windows NT 6.1; Win64; x64; rv:61.0) Gecko/20100101 Firefox/61.0"
173.231.242.79 - - [21/Dec/2025:20:16:01 -0500] "POST /wp-cron.php?doing_wp_cron=1766366161.6255009174346923828125 HTTP/1.0" 200 - "-" "WordPress/6.9; https://www.grandbassaparking.com"
103.163.139.65 - - [21/Dec/2025:20:15:59 -0500] "POST /xmlrpc.php HTTP/1.0" 200 403 "-" "Mozilla/5.0 (Windows NT 6.1; Win64; x64; rv:61.0) Gecko/20100101 Firefox/61.0"
103.163.139.65 - - [21/Dec/2025:20:16:02 -0500] "POST /xmlrpc.php HTTP/1.0" 200 403 "-" "Mozilla/5.0 (Windows NT 6.1; Win64; x64; rv:61.0) Gecko/20100101 Firefox/61.0"
173.231.242.79 - - [21/Dec/2025:20:19:30 -0500] "POST /wp-cron.php?doing_wp_cron=1766366370.1678419113159179687500 HTTP/1.0" 200 - "-" "WordPress/6.9; https://www.grandbassaparking.com"
109.248.15.88 - - [21/Dec/2025:20:19:28 -0500] "GET / HTTP/1.0" 301 - "-" "Mozilla/5.0 (Windows NT 10.0; Win64; x64) AppleWebKit/537.36 (KHTML, like Gecko) Chrome/139.0.0.0 Safari/537.36/Nutch-1.21-SNAPSHOT"
173.231.242.79 - - [21/Dec/2025:20:21:05 -0500] "POST /wp-cron.php?doing_wp_cron=1766366465.2443690299987792968750 HTTP/1.0" 200 - "-" "WordPress/6.9; https://www.grandbassaparking.com"
195.86.10.98 - - [21/Dec/2025:20:21:03 -0500] "GET / HTTP/1.0" 301 - "http://grandbassaparking.com" "Mozilla/5.0 (Windows NT 10.0; Win64; x64) AppleWebKit/537.36 (KHTML, like Gecko) Chrome/90.0.4430.212 Safari/537.36"
103.124.95.168 - - [21/Dec/2025:20:21:19 -0500] "GET /wp-login.php HTTP/1.0" 200 1879 "-" "Mozilla/5.0 (X11; Ubuntu; Linux x86_64; rv:61.0) Gecko/20100101 Firefox/61.0"
103.124.95.168 - - [21/Dec/2025:20:21:21 -0500] "POST /wp-login.php HTTP/1.0" 200 2010 "https://grandbassaparking.com/wp-login.php" "Mozilla/5.0 (X11; Ubuntu; Linux x86_64; rv:61.0) Gecko/20100101 Firefox/61.0"
173.231.242.79 - - [21/Dec/2025:20:21:33 -0500] "POST /wp-cron.php?doing_wp_cron=1766366493.0283548831939697265625 HTTP/1.0" 200 - "-" "WordPress/6.9; https://www.grandbassaparking.com"
195.86.10.227 - - [21/Dec/2025:20:21:31 -0500] "GET / HTTP/1.0" 301 - "http://grandbassaparking.com" "Mozilla/5.0+(compatible;+Googlebot/2.1;++http://www.google.com/bot.html)"
173.231.242.79 - - [21/Dec/2025:20:43:41 -0500] "POST /wp-cron.php?doing_wp_cron=1766367821.0367629528045654296875 HTTP/1.0" 200 - "-" "WordPress/6.9; https://www.grandbassaparking.com"
203.86.122.1 - - [21/Dec/2025:20:43:37 -0500] "POST /xmlrpc.php HTTP/1.0" 200 225 "-" "Mozilla/5.0 (Windows NT 10.0; Win64; x64) AppleWebKit/537.36 (KHTML, like Gecko) Chrome/126.0.0.0 Safari/537.36"
173.231.242.79 - - [21/Dec/2025:20:48:10 -0500] "POST /wp-cron.php?doing_wp_cron=1766368090.4607710838317871093750 HTTP/1.0" 200 - "-" "WordPress/6.9; https://www.grandbassaparking.com"
43.130.91.95 - - [21/Dec/2025:20:48:07 -0500] "GET / HTTP/1.0" 301 - "-" "Mozilla/5.0 (iPhone; CPU iPhone OS 13_2_3 like Mac OS X) AppleWebKit/605.1.15 (KHTML, like Gecko) Version/13.0.3 Mobile/15E148 Safari/604.1"
173.231.242.79 - - [21/Dec/2025:21:07:01 -0500] "POST /wp-cron.php?doing_wp_cron=1766369221.1702029705047607421875 HTTP/1.0" 200 - "-" "WordPress/6.9; https://www.grandbassaparking.com"
195.86.10.74 - - [21/Dec/2025:21:06:58 -0500] "GET / HTTP/1.0" 301 - "http://www.openurls.com.cn/" "Mozilla/5.0 (Windows NT 10.0; Win64; x64) AppleWebKit/537.36 (KHTML, like Gecko) Chrome/143.0.0.0 Safari/537.36"
195.86.10.20 - - [21/Dec/2025:21:07:15 -0500] "GET / HTTP/1.0" 200 37553 "http://www.openurls.com.cn/" "Mozilla/5.0 (Windows NT 10.0; Win64; x64) AppleWebKit/537.36 (KHTML, like Gecko) Chrome/143.0.0.0 Safari/537.36"
195.86.10.20 - - [21/Dec/2025:21:07:18 -0500] "GET /wp-content/plugins/wd-framework/css/swiper-bundle.min.css?ver=6.9 HTTP/1.0" 200 4812 "https://www.grandbassaparking.com/" "Mozilla/5.0 (Windows NT 10.0; Win64; x64) AppleWebKit/537.36 (KHTML, like Gecko) Chrome/143.0.0.0 Safari/537.36"
195.86.10.20 - - [21/Dec/2025:21:07:18 -0500] "GET /wp-includes/blocks/navigation/style.min.css?ver=6.9 HTTP/1.0" 200 2305 "https://www.grandbassaparking.com/" "Mozilla/5.0 (Windows NT 10.0; Win64; x64) AppleWebKit/537.36 (KHTML, like Gecko) Chrome/143.0.0.0 Safari/537.36"
195.86.10.20 - - [21/Dec/2025:21:07:18 -0500] "GET /wp-content/plugins/woocommerce/assets/client/blocks/wc-blocks.css?ver=wc-10.2.2 HTTP/1.0" 200 2618 "https://www.grandbassaparking.com/" "Mozilla/5.0 (Windows NT 10.0; Win64; x64) AppleWebKit/537.36 (KHTML, like Gecko) Chrome/143.0.0.0 Safari/537.36"
195.86.10.20 - - [21/Dec/2025:21:07:19 -0500] "GET /wp-content/plugins/woocommerce/assets/client/blocks/mini-cart-contents.css?ver=wc-10.2.2 HTTP/1.0" 200 4663 "https://www.grandbassaparking.com/" "Mozilla/5.0 (Windows NT 10.0; Win64; x64) AppleWebKit/537.36 (KHTML, like Gecko) Chrome/143.0.0.0 Safari/537.36"
195.86.10.20 - - [21/Dec/2025:21:07:19 -0500] "GET /wp-content/plugins/woocommerce/assets/client/blocks/packages-style.css?ver=wc-10.2.2 HTTP/1.0" 200 6022 "https://www.grandbassaparking.com/" "Mozilla/5.0 (Windows NT 10.0; Win64; x64) AppleWebKit/537.36 (KHTML, like Gecko) Chrome/143.0.0.0 Safari/537.36"
195.86.10.20 - - [21/Dec/2025:21:07:19 -0500] "GET /wp-content/plugins/woocommerce/assets/client/blocks/mini-cart.css?ver=wc-10.2.2 HTTP/1.0" 200 2276 "https://www.grandbassaparking.com/" "Mozilla/5.0 (Windows NT 10.0; Win64; x64) AppleWebKit/537.36 (KHTML, like Gecko) Chrome/143.0.0.0 Safari/537.36"
195.86.10.20 - - [21/Dec/2025:21:07:19 -0500] "GET /wp-content/plugins/wd-framework/build/button_style.css?ver=1.5 HTTP/1.0" 200 333 "https://www.grandbassaparking.com/" "Mozilla/5.0 (Windows NT 10.0; Win64; x64) AppleWebKit/537.36 (KHTML, like Gecko) Chrome/143.0.0.0 Safari/537.36"
195.86.10.20 - - [21/Dec/2025:21:07:19 -0500] "GET /wp-includes/blocks/cover/style.min.css?ver=6.9 HTTP/1.0" 200 1722 "https://www.grandbassaparking.com/" "Mozilla/5.0 (Windows NT 10.0; Win64; x64) AppleWebKit/537.36 (KHTML, like Gecko) Chrome/143.0.0.0 Safari/537.36"
195.86.10.20 - - [21/Dec/2025:21:07:19 -0500] "GET /wp-content/plugins/contact-form-7/includes/css/styles.css?ver=6.1.2 HTTP/1.0" 200 1031 "https://www.grandbassaparking.com/" "Mozilla/5.0 (Windows NT 10.0; Win64; x64) AppleWebKit/537.36 (KHTML, like Gecko) Chrome/143.0.0.0 Safari/537.36"
195.86.10.20 - - [21/Dec/2025:21:07:20 -0500] "GET /wp-content/plugins/wd-framework/build/editor/style-index.css?ver=1.0 HTTP/1.0" 200 110 "https://www.grandbassaparking.com/" "Mozilla/5.0 (Windows NT 10.0; Win64; x64) AppleWebKit/537.36 (KHTML, like Gecko) Chrome/143.0.0.0 Safari/537.36"
195.86.10.20 - - [21/Dec/2025:21:07:20 -0500] "GET /wp-content/plugins/woocommerce/assets/css/woocommerce-layout.css?ver=10.2.2 HTTP/1.0" 200 3414 "https://www.grandbassaparking.com/" "Mozilla/5.0 (Windows NT 10.0; Win64; x64) AppleWebKit/537.36 (KHTML, like Gecko) Chrome/143.0.0.0 Safari/537.36"
195.86.10.20 - - [21/Dec/2025:21:07:20 -0500] "GET /wp-content/plugins/woocommerce/assets/css/woocommerce.css?ver=10.2.2 HTTP/1.0" 200 10976 "https://www.grandbassaparking.com/" "Mozilla/5.0 (Windows NT 10.0; Win64; x64) AppleWebKit/537.36 (KHTML, like Gecko) Chrome/143.0.0.0 Safari/537.36"
195.86.10.20 - - [21/Dec/2025:21:07:20 -0500] "GET /wp-content/plugins/woocommerce/assets/css/woocommerce-blocktheme.css?ver=10.2.2 HTTP/1.0" 200 2149 "https://www.grandbassaparking.com/" "Mozilla/5.0 (Windows NT 10.0; Win64; x64) AppleWebKit/537.36 (KHTML, like Gecko) Chrome/143.0.0.0 Safari/537.36"
195.86.10.20 - - [21/Dec/2025:21:07:20 -0500] "GET /wp-content/plugins/cookieadmin/assets/css/consent.css?ver=1.0.8 HTTP/1.0" 200 2538 "https://www.grandbassaparking.com/" "Mozilla/5.0 (Windows NT 10.0; Win64; x64) AppleWebKit/537.36 (KHTML, like Gecko) Chrome/143.0.0.0 Safari/537.36"
195.86.10.20 - - [21/Dec/2025:21:07:20 -0500] "GET /wp-content/plugins/woocommerce/assets/css/brands.css?ver=10.2.2 HTTP/1.0" 200 684 "https://www.grandbassaparking.com/" "Mozilla/5.0 (Windows NT 10.0; Win64; x64) AppleWebKit/537.36 (KHTML, like Gecko) Chrome/143.0.0.0 Safari/537.36"
195.86.10.20 - - [21/Dec/2025:21:07:21 -0500] "GET /wp-content/plugins/post-and-page-builder/assets/css/components.min.css?ver=2.16.5 HTTP/1.0" 200 5204 "https://www.grandbassaparking.com/" "Mozilla/5.0 (Windows NT 10.0; Win64; x64) AppleWebKit/537.36 (KHTML, like Gecko) Chrome/143.0.0.0 Safari/537.36"
195.86.10.20 - - [21/Dec/2025:21:07:21 -0500] "GET /wp-content/themes/lifttruck/public/css/screen.css?ver=98ef90d0a72d3c89b4a5 HTTP/1.0" 200 13364 "https://www.grandbassaparking.com/" "Mozilla/5.0 (Windows NT 10.0; Win64; x64) AppleWebKit/537.36 (KHTML, like Gecko) Chrome/143.0.0.0 Safari/537.36"
195.86.10.20 - - [21/Dec/2025:21:07:21 -0500] "GET /wp-content/plugins/post-and-page-builder/assets/css/font-awesome.min.css?ver=4.7 HTTP/1.0" 200 7053 "https://www.grandbassaparking.com/" "Mozilla/5.0 (Windows NT 10.0; Win64; x64) AppleWebKit/537.36 (KHTML, like Gecko) Chrome/143.0.0.0 Safari/537.36"
195.86.10.20 - - [21/Dec/2025:21:07:21 -0500] "GET /wp-content/plugins/post-and-page-builder/assets/css/editor-fe.min.css?ver=1.27.8 HTTP/1.0" 200 4254 "https://www.grandbassaparking.com/" "Mozilla/5.0 (Windows NT 10.0; Win64; x64) AppleWebKit/537.36 (KHTML, like Gecko) Chrome/143.0.0.0 Safari/537.36"
195.86.10.20 - - [21/Dec/2025:21:07:21 -0500] "GET /wp-content/plugins/post-and-page-builder/assets/css/custom-styles.css?ver=6.9 HTTP/1.0" 200 13485 "https://www.grandbassaparking.com/" "Mozilla/5.0 (Windows NT 10.0; Win64; x64) AppleWebKit/537.36 (KHTML, like Gecko) Chrome/143.0.0.0 Safari/537.36"
195.86.10.20 - - [21/Dec/2025:21:07:21 -0500] "GET /wp-content/plugins/post-and-page-builder/assets/css/buttons.min.css?ver=1.27.8 HTTP/1.0" 200 6681 "https://www.grandbassaparking.com/" "Mozilla/5.0 (Windows NT 10.0; Win64; x64) AppleWebKit/537.36 (KHTML, like Gecko) Chrome/143.0.0.0 Safari/537.36"
195.86.10.20 - - [21/Dec/2025:21:07:22 -0500] "GET /wp-content/plugins/post-and-page-builder-premium/dist/application.min.css?ver=1.2.7 HTTP/1.0" 200 6279 "https://www.grandbassaparking.com/" "Mozilla/5.0 (Windows NT 10.0; Win64; x64) AppleWebKit/537.36 (KHTML, like Gecko) Chrome/143.0.0.0 Safari/537.36"
195.86.10.20 - - [21/Dec/2025:21:07:22 -0500] "GET /wp-includes/js/jquery/jquery.min.js?ver=3.7.1 HTTP/1.0" 200 30368 "https://www.grandbassaparking.com/" "Mozilla/5.0 (Windows NT 10.0; Win64; x64) AppleWebKit/537.36 (KHTML, like Gecko) Chrome/143.0.0.0 Safari/537.36"
195.86.10.20 - - [21/Dec/2025:21:07:22 -0500] "GET /wp-includes/js/jquery/jquery-migrate.min.js?ver=3.4.1 HTTP/1.0" 200 4872 "https://www.grandbassaparking.com/" "Mozilla/5.0 (Windows NT 10.0; Win64; x64) AppleWebKit/537.36 (KHTML, like Gecko) Chrome/143.0.0.0 Safari/537.36"
195.86.10.20 - - [21/Dec/2025:21:07:23 -0500] "GET /wp-content/plugins/revslider/public/assets/css/rs6.css?ver=6.6.18 HTTP/1.0" 200 12492 "https://www.grandbassaparking.com/" "Mozilla/5.0 (Windows NT 10.0; Win64; x64) AppleWebKit/537.36 (KHTML, like Gecko) Chrome/143.0.0.0 Safari/537.36"
195.86.10.20 - - [21/Dec/2025:21:07:23 -0500] "GET /wp-includes/js/dist/script-modules/interactivity/index.min.js?ver=8964710565a1d258501f HTTP/1.0" 200 14955 "https://www.grandbassaparking.com/" "Mozilla/5.0 (Windows NT 10.0; Win64; x64) AppleWebKit/537.36 (KHTML, like Gecko) Chrome/143.0.0.0 Safari/537.36"
195.86.10.20 - - [21/Dec/2025:21:07:23 -0500] "GET /wp-includes/js/dist/vendor/wp-polyfill.min.js?ver=3.15.0 HTTP/1.0" 200 11852 "https://www.grandbassaparking.com/" "Mozilla/5.0 (Windows NT 10.0; Win64; x64) AppleWebKit/537.36 (KHTML, like Gecko) Chrome/143.0.0.0 Safari/537.36"
195.86.10.20 - - [21/Dec/2025:21:07:24 -0500] "GET /wp-includes/js/dist/hooks.min.js?ver=dd5603f07f9220ed27f1 HTTP/1.0" 200 1941 "https://www.grandbassaparking.com/" "Mozilla/5.0 (Windows NT 10.0; Win64; x64) AppleWebKit/537.36 (KHTML, like Gecko) Chrome/143.0.0.0 Safari/537.36"
195.86.10.20 - - [21/Dec/2025:21:07:24 -0500] "GET /wp-includes/js/dist/i18n.min.js?ver=c26c3dc7bed366793375 HTTP/1.0" 200 2229 "https://www.grandbassaparking.com/" "Mozilla/5.0 (Windows NT 10.0; Win64; x64) AppleWebKit/537.36 (KHTML, like Gecko) Chrome/143.0.0.0 Safari/537.36"
195.86.10.20 - - [21/Dec/2025:21:07:25 -0500] "GET /wp-content/plugins/woocommerce/assets/client/blocks/wc-cart-checkout-base-frontend.js?ver=e4e433ec1187f2d5da6e HTTP/1.0" 200 58596 "https://www.grandbassaparking.com/" "Mozilla/5.0 (Windows NT 10.0; Win64; x64) AppleWebKit/537.36 (KHTML, like Gecko) Chrome/143.0.0.0 Safari/537.36"
195.86.10.20 - - [21/Dec/2025:21:07:25 -0500] "GET /wp-content/plugins/woocommerce/assets/client/blocks/wc-cart-checkout-vendors-frontend.js?ver=c939a893efb4febadc26 HTTP/1.0" 200 53684 "https://www.grandbassaparking.com/" "Mozilla/5.0 (Windows NT 10.0; Win64; x64) AppleWebKit/537.36 (KHTML, like Gecko) Chrome/143.0.0.0 Safari/537.36"
195.86.10.20 - - [21/Dec/2025:21:07:25 -0500] "GET /wp-content/plugins/woocommerce/assets/client/blocks/wc-types.js?ver=35dee88875b85ff65531 HTTP/1.0" 200 1585 "https://www.grandbassaparking.com/" "Mozilla/5.0 (Windows NT 10.0; Win64; x64) AppleWebKit/537.36 (KHTML, like Gecko) Chrome/143.0.0.0 Safari/537.36"
195.86.10.20 - - [21/Dec/2025:21:07:25 -0500] "GET /wp-content/plugins/woocommerce/assets/client/blocks/blocks-checkout-events.js?ver=2d0fd4590f6cc663947c HTTP/1.0" 200 771 "https://www.grandbassaparking.com/" "Mozilla/5.0 (Windows NT 10.0; Win64; x64) AppleWebKit/537.36 (KHTML, like Gecko) Chrome/143.0.0.0 Safari/537.36"
195.86.10.20 - - [21/Dec/2025:21:07:25 -0500] "GET /wp-includes/js/dist/vendor/react.min.js?ver=18.3.1.1 HTTP/1.0" 200 4165 "https://www.grandbassaparking.com/" "Mozilla/5.0 (Windows NT 10.0; Win64; x64) AppleWebKit/537.36 (KHTML, like Gecko) Chrome/143.0.0.0 Safari/537.36"
195.86.10.20 - - [21/Dec/2025:21:07:25 -0500] "GET /wp-includes/js/dist/vendor/react-jsx-runtime.min.js?ver=18.3.1 HTTP/1.0" 200 554 "https://www.grandbassaparking.com/" "Mozilla/5.0 (Windows NT 10.0; Win64; x64) AppleWebKit/537.36 (KHTML, like Gecko) Chrome/143.0.0.0 Safari/537.36"
195.86.10.20 - - [21/Dec/2025:21:07:26 -0500] "GET /wp-includes/js/dist/url.min.js?ver=9e178c9516d1222dc834 HTTP/1.0" 200 3856 "https://www.grandbassaparking.com/" "Mozilla/5.0 (Windows NT 10.0; Win64; x64) AppleWebKit/537.36 (KHTML, like Gecko) Chrome/143.0.0.0 Safari/537.36"
195.86.10.20 - - [21/Dec/2025:21:07:26 -0500] "GET /wp-includes/js/dist/api-fetch.min.js?ver=3a4d9af2b423048b0dee HTTP/1.0" 200 2436 "https://www.grandbassaparking.com/" "Mozilla/5.0 (Windows NT 10.0; Win64; x64) AppleWebKit/537.36 (KHTML, like Gecko) Chrome/143.0.0.0 Safari/537.36"
195.86.10.20 - - [21/Dec/2025:21:07:26 -0500] "GET /wp-content/plugins/woocommerce/assets/client/blocks/wc-settings.js?ver=508473c3c2ece9af8f8f HTTP/1.0" 200 2609 "https://www.grandbassaparking.com/" "Mozilla/5.0 (Windows NT 10.0; Win64; x64) AppleWebKit/537.36 (KHTML, like Gecko) Chrome/143.0.0.0 Safari/537.36"
195.86.10.20 - - [21/Dec/2025:21:07:26 -0500] "GET /wp-includes/js/dist/deprecated.min.js?ver=e1f84915c5e8ae38964c HTTP/1.0" 200 446 "https://www.grandbassaparking.com/" "Mozilla/5.0 (Windows NT 10.0; Win64; x64) AppleWebKit/537.36 (KHTML, like Gecko) Chrome/143.0.0.0 Safari/537.36"
195.86.10.20 - - [21/Dec/2025:21:07:26 -0500] "GET /wp-includes/js/dist/dom.min.js?ver=26edef3be6483da3de2e HTTP/1.0" 200 4738 "https://www.grandbassaparking.com/" "Mozilla/5.0 (Windows NT 10.0; Win64; x64) AppleWebKit/537.36 (KHTML, like Gecko) Chrome/143.0.0.0 Safari/537.36"
195.86.10.20 - - [21/Dec/2025:21:07:26 -0500] "GET /wp-includes/js/dist/vendor/react-dom.min.js?ver=18.3.1.1 HTTP/1.0" 200 41888 "https://www.grandbassaparking.com/" "Mozilla/5.0 (Windows NT 10.0; Win64; x64) AppleWebKit/537.36 (KHTML, like Gecko) Chrome/143.0.0.0 Safari/537.36"
195.86.10.20 - - [21/Dec/2025:21:07:27 -0500] "GET /wp-includes/js/dist/escape-html.min.js?ver=6561a406d2d232a6fbd2 HTTP/1.0" 200 532 "https://www.grandbassaparking.com/" "Mozilla/5.0 (Windows NT 10.0; Win64; x64) AppleWebKit/537.36 (KHTML, like Gecko) Chrome/143.0.0.0 Safari/537.36"
195.86.10.20 - - [21/Dec/2025:21:07:27 -0500] "GET /wp-includes/js/dist/element.min.js?ver=6a582b0c827fa25df3dd HTTP/1.0" 200 4993 "https://www.grandbassaparking.com/" "Mozilla/5.0 (Windows NT 10.0; Win64; x64) AppleWebKit/537.36 (KHTML, like Gecko) Chrome/143.0.0.0 Safari/537.36"
195.86.10.20 - - [21/Dec/2025:21:07:27 -0500] "GET /wp-includes/js/dist/is-shallow-equal.min.js?ver=e0f9f1d78d83f5196979 HTTP/1.0" 200 520 "https://www.grandbassaparking.com/" "Mozilla/5.0 (Windows NT 10.0; Win64; x64) AppleWebKit/537.36 (KHTML, like Gecko) Chrome/143.0.0.0 Safari/537.36"
195.86.10.20 - - [21/Dec/2025:21:07:27 -0500] "GET /wp-includes/js/dist/keycodes.min.js?ver=34c8fb5e7a594a1c8037 HTTP/1.0" 200 1354 "https://www.grandbassaparking.com/" "Mozilla/5.0 (Windows NT 10.0; Win64; x64) AppleWebKit/537.36 (KHTML, like Gecko) Chrome/143.0.0.0 Safari/537.36"
195.86.10.20 - - [21/Dec/2025:21:07:27 -0500] "GET /wp-includes/js/dist/priority-queue.min.js?ver=2d59d091223ee9a33838 HTTP/1.0" 200 1524 "https://www.grandbassaparking.com/" "Mozilla/5.0 (Windows NT 10.0; Win64; x64) AppleWebKit/537.36 (KHTML, like Gecko) Chrome/143.0.0.0 Safari/537.36"
195.86.10.20 - - [21/Dec/2025:21:07:27 -0500] "GET /wp-includes/js/dist/compose.min.js?ver=7a9b375d8c19cf9d3d9b HTTP/1.0" 200 12764 "https://www.grandbassaparking.com/" "Mozilla/5.0 (Windows NT 10.0; Win64; x64) AppleWebKit/537.36 (KHTML, like Gecko) Chrome/143.0.0.0 Safari/537.36"
195.86.10.20 - - [21/Dec/2025:21:07:28 -0500] "GET /wp-includes/js/dist/private-apis.min.js?ver=4f465748bda624774139 HTTP/1.0" 200 1017 "https://www.grandbassaparking.com/" "Mozilla/5.0 (Windows NT 10.0; Win64; x64) AppleWebKit/537.36 (KHTML, like Gecko) Chrome/143.0.0.0 Safari/537.36"
195.86.10.20 - - [21/Dec/2025:21:07:28 -0500] "GET /wp-includes/js/dist/redux-routine.min.js?ver=8bb92d45458b29590f53 HTTP/1.0" 200 2809 "https://www.grandbassaparking.com/" "Mozilla/5.0 (Windows NT 10.0; Win64; x64) AppleWebKit/537.36 (KHTML, like Gecko) Chrome/143.0.0.0 Safari/537.36"
195.86.10.20 - - [21/Dec/2025:21:07:28 -0500] "GET /wp-includes/js/dist/data.min.js?ver=f940198280891b0b6318 HTTP/1.0" 200 8837 "https://www.grandbassaparking.com/" "Mozilla/5.0 (Windows NT 10.0; Win64; x64) AppleWebKit/537.36 (KHTML, like Gecko) Chrome/143.0.0.0 Safari/537.36"
195.86.10.20 - - [21/Dec/2025:21:07:28 -0500] "GET /wp-content/plugins/woocommerce/assets/client/blocks/wc-blocks-registry.js?ver=a16aa912ffa0a15063f1 HTTP/1.0" 200 5056 "https://www.grandbassaparking.com/" "Mozilla/5.0 (Windows NT 10.0; Win64; x64) AppleWebKit/537.36 (KHTML, like Gecko) Chrome/143.0.0.0 Safari/537.36"
195.86.10.20 - - [21/Dec/2025:21:07:28 -0500] "GET /wp-includes/js/dist/data-controls.min.js?ver=49f5587e8b90f9e7cc7e HTTP/1.0" 200 636 "https://www.grandbassaparking.com/" "Mozilla/5.0 (Windows NT 10.0; Win64; x64) AppleWebKit/537.36 (KHTML, like Gecko) Chrome/143.0.0.0 Safari/537.36"
195.86.10.20 - - [21/Dec/2025:21:07:28 -0500] "GET /wp-includes/js/dist/html-entities.min.js?ver=e8b78b18a162491d5e5f HTTP/1.0" 200 447 "https://www.grandbassaparking.com/" "Mozilla/5.0 (Windows NT 10.0; Win64; x64) AppleWebKit/537.36 (KHTML, like Gecko) Chrome/143.0.0.0 Safari/537.36"
195.86.10.20 - - [21/Dec/2025:21:07:29 -0500] "GET /wp-content/plugins/woocommerce/assets/client/blocks/wc-blocks-middleware.js?ver=d79dedade2f2e4dc9df4 HTTP/1.0" 200 748 "https://www.grandbassaparking.com/" "Mozilla/5.0 (Windows NT 10.0; Win64; x64) AppleWebKit/537.36 (KHTML, like Gecko) Chrome/143.0.0.0 Safari/537.36"
195.86.10.20 - - [21/Dec/2025:21:07:29 -0500] "GET /wp-includes/js/dist/notices.min.js?ver=f62fbf15dcc23301922f HTTP/1.0" 200 946 "https://www.grandbassaparking.com/" "Mozilla/5.0 (Windows NT 10.0; Win64; x64) AppleWebKit/537.36 (KHTML, like Gecko) Chrome/143.0.0.0 Safari/537.36"
195.86.10.20 - - [21/Dec/2025:21:07:29 -0500] "GET /wp-content/plugins/woocommerce/assets/client/blocks/wc-blocks-data.js?ver=330a6892721994aa0779 HTTP/1.0" 200 23248 "https://www.grandbassaparking.com/" "Mozilla/5.0 (Windows NT 10.0; Win64; x64) AppleWebKit/537.36 (KHTML, like Gecko) Chrome/143.0.0.0 Safari/537.36"
195.86.10.20 - - [21/Dec/2025:21:07:29 -0500] "GET /wp-content/plugins/woocommerce/assets/client/blocks/price-format.js?ver=57e176e7cc02bdd27978 HTTP/1.0" 200 823 "https://www.grandbassaparking.com/" "Mozilla/5.0 (Windows NT 10.0; Win64; x64) AppleWebKit/537.36 (KHTML, like Gecko) Chrome/143.0.0.0 Safari/537.36"
195.86.10.20 - - [21/Dec/2025:21:07:29 -0500] "GET /wp-content/plugins/woocommerce/assets/client/blocks/mini-cart-frontend.js?ver=960399d58af8890eb41e HTTP/1.0" 200 2370 "https://www.grandbassaparking.com/" "Mozilla/5.0 (Windows NT 10.0; Win64; x64) AppleWebKit/537.36 (KHTML, like Gecko) Chrome/143.0.0.0 Safari/537.36"
195.86.10.20 - - [21/Dec/2025:21:07:30 -0500] "GET /wp-content/plugins/contact-form-7/includes/swv/js/index.js?ver=6.1.2 HTTP/1.0" 200 3503 "https://www.grandbassaparking.com/" "Mozilla/5.0 (Windows NT 10.0; Win64; x64) AppleWebKit/537.36 (KHTML, like Gecko) Chrome/143.0.0.0 Safari/537.36"
195.86.10.20 - - [21/Dec/2025:21:07:30 -0500] "GET /wp-content/plugins/contact-form-7/includes/js/index.js?ver=6.1.2 HTTP/1.0" 200 4265 "https://www.grandbassaparking.com/" "Mozilla/5.0 (Windows NT 10.0; Win64; x64) AppleWebKit/537.36 (KHTML, like Gecko) Chrome/143.0.0.0 Safari/537.36"
195.86.10.20 - - [21/Dec/2025:21:07:30 -0500] "GET /wp-content/plugins/wd-framework/js/script.js?ver=6.9 HTTP/1.0" 200 1932 "https://www.grandbassaparking.com/" "Mozilla/5.0 (Windows NT 10.0; Win64; x64) AppleWebKit/537.36 (KHTML, like Gecko) Chrome/143.0.0.0 Safari/537.36"
195.86.10.20 - - [21/Dec/2025:21:07:30 -0500] "GET /wp-content/themes/lifttruck/assets/fonts/dm-sans/DMSans-Bold.woff2 HTTP/1.0" 200 18124 "https://www.grandbassaparking.com/" "Mozilla/5.0 (Windows NT 10.0; Win64; x64) AppleWebKit/537.36 (KHTML, like Gecko) Chrome/143.0.0.0 Safari/537.36"
195.86.10.20 - - [21/Dec/2025:21:07:30 -0500] "GET /wp-content/themes/lifttruck/assets/fonts/dm-sans/DMSans-Medium.woff2 HTTP/1.0" 200 28162 "https://www.grandbassaparking.com/" "Mozilla/5.0 (Windows NT 10.0; Win64; x64) AppleWebKit/537.36 (KHTML, like Gecko) Chrome/143.0.0.0 Safari/537.36"
195.86.10.20 - - [21/Dec/2025:21:07:30 -0500] "GET /wp-content/themes/lifttruck/assets/fonts/dm-sans/DMSans-Bold-Italic.woff2 HTTP/1.0" 200 19182 "https://www.grandbassaparking.com/" "Mozilla/5.0 (Windows NT 10.0; Win64; x64) AppleWebKit/537.36 (KHTML, like Gecko) Chrome/143.0.0.0 Safari/537.36"
195.86.10.20 - - [21/Dec/2025:21:07:31 -0500] "GET /wp-content/themes/lifttruck/assets/fonts/dm-sans/DMSans-Regular.woff2 HTTP/1.0" 200 18053 "https://www.grandbassaparking.com/" "Mozilla/5.0 (Windows NT 10.0; Win64; x64) AppleWebKit/537.36 (KHTML, like Gecko) Chrome/143.0.0.0 Safari/537.36"
195.86.10.20 - - [21/Dec/2025:21:07:31 -0500] "GET /wp-content/plugins/woocommerce/assets/js/sourcebuster/sourcebuster.min.js?ver=10.2.2 HTTP/1.0" 200 4807 "https://www.grandbassaparking.com/" "Mozilla/5.0 (Windows NT 10.0; Win64; x64) AppleWebKit/537.36 (KHTML, like Gecko) Chrome/143.0.0.0 Safari/537.36"
195.86.10.20 - - [21/Dec/2025:21:07:31 -0500] "GET /wp-content/themes/lifttruck/public/js/screen.js?ver=88d9a7237ddcf311aebb HTTP/1.0" 200 4222 "https://www.grandbassaparking.com/" "Mozilla/5.0 (Windows NT 10.0; Win64; x64) AppleWebKit/537.36 (KHTML, like Gecko) Chrome/143.0.0.0 Safari/537.36"
