173.231.242.79 - - [21/Dec/2025:20:33:35 -0500] "GET /.well-known/acme-challenge/OFLTE1IGADHGO3Q5P67A1X53RMZMZMB8 HTTP/1.0" 200 64 "-" "Cpanel-HTTP-Client/1.0"
173.231.242.79 - - [21/Dec/2025:20:33:35 -0500] "GET /.well-known/acme-challenge/1BQB-RV9_ZI3HU9T-VAKGZ7V9O0-4-Y9 HTTP/1.0" 200 64 "-" "Cpanel-HTTP-Client/1.0"
173.231.242.79 - - [21/Dec/2025:20:33:35 -0500] "GET /.well-known/acme-challenge/BRZUS5TGGTS2X-28HL-XMNFA7KXDBK0G HTTP/1.0" 200 64 "-" "Cpanel-HTTP-Client/1.0"
74.7.242.50 - - [21/Dec/2025:20:33:37 -0500] "GET /%22https:/zeligwear.com/wp-content/uploads/2021/07/fashion-designer-template-product-img-16-300x300.jpg/%22 HTTP/1.0" 404 236 "-" "Mozilla/5.0 AppleWebKit/537.36 (KHTML, like Gecko; compatible; GPTBot/1.3; +https://openai.com/gptbot)"
74.7.242.50 - - [21/Dec/2025:20:33:44 -0500] "GET /%22https:/zeligwear.com/wp-content/uploads/2021/07/fashion-designer-template-product-img-19-300x300.jpg/%22 HTTP/1.0" 404 236 "-" "Mozilla/5.0 AppleWebKit/537.36 (KHTML, like Gecko; compatible; GPTBot/1.3; +https://openai.com/gptbot)"
74.7.242.50 - - [21/Dec/2025:20:33:50 -0500] "GET /%22https:/zeligwear.com/wp-content/uploads/2021/07/fashion-designer-template-product-img-1-300x300.jpg/%22 HTTP/1.0" 404 236 "-" "Mozilla/5.0 AppleWebKit/537.36 (KHTML, like Gecko; compatible; GPTBot/1.3; +https://openai.com/gptbot)"
74.7.242.50 - - [21/Dec/2025:20:33:57 -0500] "GET /%22https:/maps.google.com/maps?iwloc=near\\%22\\n&output=embed&q=miami%2C%20florida&t=m&z=16 HTTP/1.0" 404 236 "-" "Mozilla/5.0 AppleWebKit/537.36 (KHTML, like Gecko; compatible; GPTBot/1.3; +https://openai.com/gptbot)"
74.7.242.50 - - [21/Dec/2025:20:34:04 -0500] "GET /%22https:/websitedemos.net/fashion-designer-boutique-02/wp-content/uploads/sites/917/2021/07/fashion-designer-cc-discover-icon.svg/%22 HTTP/1.0" 404 236 "-" "Mozilla/5.0 AppleWebKit/537.36 (KHTML, like Gecko; compatible; GPTBot/1.3; +https://openai.com/gptbot)"
74.7.228.20 - - [21/Dec/2025:20:34:04 -0500] "GET /robots.txt HTTP/1.0" 404 236 "-" "Mozilla/5.0 (Macintosh; Intel Mac OS X 10_15_7) AppleWebKit/537.36 (KHTML, like Gecko) Chrome/131.0.0.0 Safari/537.36; compatible; OAI-SearchBot/1.3; robots.txt; +https://openai.com/searchbot"
74.7.242.50 - - [21/Dec/2025:20:34:10 -0500] "GET /%22https:/websitedemos.net/fashion-designer-boutique-02/wp-content/uploads/sites/917/2021/07/fashion-designer-cc-visa-icon.svg/%22 HTTP/1.0" 404 236 "-" "Mozilla/5.0 AppleWebKit/537.36 (KHTML, like Gecko; compatible; GPTBot/1.3; +https://openai.com/gptbot)"
74.7.242.50 - - [21/Dec/2025:20:34:16 -0500] "GET /%22https:/zeligwear.com/wp-content/uploads/2021/07/fashion-designer-template-product-img-14-300x300.jpg/%22 HTTP/1.0" 404 236 "-" "Mozilla/5.0 AppleWebKit/537.36 (KHTML, like Gecko; compatible; GPTBot/1.3; +https://openai.com/gptbot)"
43.167.245.18 - - [21/Dec/2025:20:34:34 -0500] "GET /ant.php?fm_settings=true HTTP/1.0" 200 22594 "-" "Mozilla/5.0 (iPhone; CPU iPhone OS 13_2_3 like Mac OS X) AppleWebKit/605.1.15 (KHTML, like Gecko) Version/13.0.3 Mobile/15E148 Safari/604.1"
74.7.242.50 - - [21/Dec/2025:20:34:34 -0500] "GET /%22https:/zeligwear.com/wp-content/uploads/2021/07/fashion-designer-about-owner-img.jpg/%22 HTTP/1.0" 404 236 "-" "Mozilla/5.0 AppleWebKit/537.36 (KHTML, like Gecko; compatible; GPTBot/1.3; +https://openai.com/gptbot)"
74.7.242.50 - - [21/Dec/2025:20:34:36 -0500] "GET /%22https:/zeligwear.com/wp-content/uploads/2021/07/fashion-designer-template-collection-img-4.jpg/%22 HTTP/1.0" 429 17 "-" "Mozilla/5.0 AppleWebKit/537.36 (KHTML, like Gecko; compatible; GPTBot/1.3; +https://openai.com/gptbot)"
74.7.242.50 - - [21/Dec/2025:20:34:41 -0500] "GET /%22https:/zeligwear.com/wp-content/uploads/2021/07/logo-3.svg/%22 HTTP/1.0" 404 236 "-" "Mozilla/5.0 AppleWebKit/537.36 (KHTML, like Gecko; compatible; GPTBot/1.3; +https://openai.com/gptbot)"
74.7.242.50 - - [21/Dec/2025:20:35:00 -0500] "GET /%22https:/zeligwear.com/wp-content/uploads/2021/07/logo-20.svg/%22 HTTP/1.0" 404 236 "-" "Mozilla/5.0 AppleWebKit/537.36 (KHTML, like Gecko; compatible; GPTBot/1.3; +https://openai.com/gptbot)"
74.7.242.50 - - [21/Dec/2025:20:35:20 -0500] "GET /%22https:/zeligwear.com/wp-content/uploads/2021/07/fashion-designer-template-collection-img-02.jpg/%22 HTTP/1.0" 404 236 "-" "Mozilla/5.0 AppleWebKit/537.36 (KHTML, like Gecko; compatible; GPTBot/1.3; +https://openai.com/gptbot)"
74.7.242.50 - - [21/Dec/2025:20:35:40 -0500] "GET /%22https:/zeligwear.com/wp-content/uploads/2021/07/fashion-designer-template-blog-featured-img-3.jpg/%22 HTTP/1.0" 404 236 "-" "Mozilla/5.0 AppleWebKit/537.36 (KHTML, like Gecko; compatible; GPTBot/1.3; +https://openai.com/gptbot)"
74.7.242.50 - - [21/Dec/2025:20:36:00 -0500] "GET /%22https:/woocommerce.com/wp-content/plugins/wccom-plugins/payment-gateway-suggestions/images/icons/amex.svg/%22 HTTP/1.0" 404 236 "-" "Mozilla/5.0 AppleWebKit/537.36 (KHTML, like Gecko; compatible; GPTBot/1.3; +https://openai.com/gptbot)"
74.7.242.50 - - [21/Dec/2025:20:36:19 -0500] "GET /%22https:/zeligwear.com/wp-content/uploads/2021/07/signature.png/%22 HTTP/1.0" 404 236 "-" "Mozilla/5.0 AppleWebKit/537.36 (KHTML, like Gecko; compatible; GPTBot/1.3; +https://openai.com/gptbot)"
74.7.242.50 - - [21/Dec/2025:20:36:38 -0500] "GET /%22https:/zeligwear.com/wp-content/uploads/2021/07/fashion-designer-template-collection-img-01.jpg/%22 HTTP/1.0" 404 236 "-" "Mozilla/5.0 AppleWebKit/537.36 (KHTML, like Gecko; compatible; GPTBot/1.3; +https://openai.com/gptbot)"
74.7.242.50 - - [21/Dec/2025:20:36:58 -0500] "GET /%22https:/zeligwear.com/wp-content/uploads/2021/07/fashion-designer-featured-collection-2.jpg/%22 HTTP/1.0" 404 236 "-" "Mozilla/5.0 AppleWebKit/537.36 (KHTML, like Gecko; compatible; GPTBot/1.3; +https://openai.com/gptbot)"
74.7.242.50 - - [21/Dec/2025:20:37:17 -0500] "GET /%22https:/zeligwear.com/wp-content/uploads/2021/07/logo-21.svg/%22 HTTP/1.0" 404 236 "-" "Mozilla/5.0 AppleWebKit/537.36 (KHTML, like Gecko; compatible; GPTBot/1.3; +https://openai.com/gptbot)"
74.7.242.50 - - [21/Dec/2025:20:37:37 -0500] "GET /%22https:/zeligwear.com/wp-content/uploads/2021/07/fashion-designer-template-product-img-2-300x300.jpg/%22 HTTP/1.0" 404 236 "-" "Mozilla/5.0 AppleWebKit/537.36 (KHTML, like Gecko; compatible; GPTBot/1.3; +https://openai.com/gptbot)"
74.7.242.50 - - [21/Dec/2025:20:38:10 -0500] "GET /%22https:/zeligwear.com/wp-content/uploads/2021/07/fashion-designer-reviewer-profile-img-1.jpg/%22 HTTP/1.0" 404 236 "-" "Mozilla/5.0 AppleWebKit/537.36 (KHTML, like Gecko; compatible; GPTBot/1.3; +https://openai.com/gptbot)"
74.7.242.50 - - [21/Dec/2025:20:38:20 -0500] "GET /%22https:/zeligwear.com/wp-content/uploads/2021/07/fashion-designer-template-collection-img-3.jpg/%22 HTTP/1.0" 404 236 "-" "Mozilla/5.0 AppleWebKit/537.36 (KHTML, like Gecko; compatible; GPTBot/1.3; +https://openai.com/gptbot)"
74.7.242.50 - - [21/Dec/2025:20:38:37 -0500] "GET /%22https:/zeligwear.com/wp-content/uploads/2021/07/logo-18.svg/%22 HTTP/1.0" 404 236 "-" "Mozilla/5.0 AppleWebKit/537.36 (KHTML, like Gecko; compatible; GPTBot/1.3; +https://openai.com/gptbot)"
74.7.242.50 - - [21/Dec/2025:20:38:57 -0500] "GET /%22https:/zeligwear.com/wp-content/uploads/2021/07/fashion-designer-template-product-img-6-300x300.jpg/%22 HTTP/1.0" 404 236 "-" "Mozilla/5.0 AppleWebKit/537.36 (KHTML, like Gecko; compatible; GPTBot/1.3; +https://openai.com/gptbot)"
74.7.242.50 - - [21/Dec/2025:20:39:16 -0500] "GET /%22https:/zeligwear.com/wp-content/uploads/2021/07/logo-2.svg/%22 HTTP/1.0" 404 236 "-" "Mozilla/5.0 AppleWebKit/537.36 (KHTML, like Gecko; compatible; GPTBot/1.3; +https://openai.com/gptbot)"
74.7.242.50 - - [21/Dec/2025:20:39:35 -0500] "GET /%22https:/zeligwear.com/wp-content/uploads/2021/07/fashion-designer-template-product-img-9-300x300.jpg/%22 HTTP/1.0" 404 236 "-" "Mozilla/5.0 AppleWebKit/537.36 (KHTML, like Gecko; compatible; GPTBot/1.3; +https://openai.com/gptbot)"
74.7.228.20 - - [21/Dec/2025:20:39:35 -0500] "GET /robots.txt HTTP/1.0" 404 236 "-" "Mozilla/5.0 (Macintosh; Intel Mac OS X 10_15_7) AppleWebKit/537.36 (KHTML, like Gecko) Chrome/131.0.0.0 Safari/537.36; compatible; OAI-SearchBot/1.3; robots.txt; +https://openai.com/searchbot"
74.7.242.50 - - [21/Dec/2025:20:39:54 -0500] "GET /%22https:/zeligwear.com/wp-content/uploads/2021/07/logo-5.svg/%22 HTTP/1.0" 404 236 "-" "Mozilla/5.0 AppleWebKit/537.36 (KHTML, like Gecko; compatible; GPTBot/1.3; +https://openai.com/gptbot)"
74.7.242.50 - - [21/Dec/2025:20:40:14 -0500] "GET /%22https:/woocommerce.com/wp-content/plugins/wccom-plugins/payment-gateway-suggestions/images/icons/mastercard.svg/%22 HTTP/1.0" 404 236 "-" "Mozilla/5.0 AppleWebKit/537.36 (KHTML, like Gecko; compatible; GPTBot/1.3; +https://openai.com/gptbot)"
74.7.242.50 - - [21/Dec/2025:20:40:34 -0500] "GET /%22https:/zeligwear.com/wp-content/uploads/2021/07/fashion-designer-template-product-img-20-300x300.jpg/%22 HTTP/1.0" 404 236 "-" "Mozilla/5.0 AppleWebKit/537.36 (KHTML, like Gecko; compatible; GPTBot/1.3; +https://openai.com/gptbot)"
74.7.242.50 - - [21/Dec/2025:20:40:53 -0500] "GET /%22https:/zeligwear.com/wp-content/uploads/2021/07/fashion-designer-reviewer-profile-img-2.jpg/%22 HTTP/1.0" 404 236 "-" "Mozilla/5.0 AppleWebKit/537.36 (KHTML, like Gecko; compatible; GPTBot/1.3; +https://openai.com/gptbot)"
74.7.242.50 - - [21/Dec/2025:20:41:12 -0500] "GET /%22https:/zeligwear.com/wp-content/uploads/2021/07/fashion-designer-template-product-img-5-300x300.jpg/%22 HTTP/1.0" 404 236 "-" "Mozilla/5.0 AppleWebKit/537.36 (KHTML, like Gecko; compatible; GPTBot/1.3; +https://openai.com/gptbot)"
74.7.242.50 - - [21/Dec/2025:20:41:32 -0500] "GET /%22https:/zeligwear.com/wp-content/uploads/2021/07/fashion-designer-reviewer-profile-img-4.jpg/%22 HTTP/1.0" 404 236 "-" "Mozilla/5.0 AppleWebKit/537.36 (KHTML, like Gecko; compatible; GPTBot/1.3; +https://openai.com/gptbot)"
74.7.242.50 - - [21/Dec/2025:20:41:52 -0500] "GET /%22https:/zeligwear.com/wp-content/uploads/2021/07/fashion-designer-featured-collection-4.jpg/%22 HTTP/1.0" 404 236 "-" "Mozilla/5.0 AppleWebKit/537.36 (KHTML, like Gecko; compatible; GPTBot/1.3; +https://openai.com/gptbot)"
74.7.242.50 - - [21/Dec/2025:20:42:11 -0500] "GET /%22https:/zeligwear.com/wp-content/uploads/2021/07/fashion-designer-template-product-img-18-300x300.jpg/%22 HTTP/1.0" 404 236 "-" "Mozilla/5.0 AppleWebKit/537.36 (KHTML, like Gecko; compatible; GPTBot/1.3; +https://openai.com/gptbot)"
74.7.242.50 - - [21/Dec/2025:20:42:30 -0500] "GET /%22https:/zeligwear.com/wp-content/uploads/2021/07/fashion-designer-template-product-img-7-300x300.jpg/%22 HTTP/1.0" 404 236 "-" "Mozilla/5.0 AppleWebKit/537.36 (KHTML, like Gecko; compatible; GPTBot/1.3; +https://openai.com/gptbot)"
74.7.242.50 - - [21/Dec/2025:20:42:49 -0500] "GET /%22https:/zeligwear.com/wp-content/uploads/2021/07/logo-1.svg/%22 HTTP/1.0" 404 236 "-" "Mozilla/5.0 AppleWebKit/537.36 (KHTML, like Gecko; compatible; GPTBot/1.3; +https://openai.com/gptbot)"
74.7.242.50 - - [21/Dec/2025:20:43:09 -0500] "GET /%22https:/zeligwear.com/wp-content/uploads/2021/07/fashion-designer-template-product-img-21-300x300.jpg/%22 HTTP/1.0" 404 236 "-" "Mozilla/5.0 AppleWebKit/537.36 (KHTML, like Gecko; compatible; GPTBot/1.3; +https://openai.com/gptbot)"
74.7.242.50 - - [21/Dec/2025:20:43:28 -0500] "GET /%22https:/zeligwear.com/wp-content/uploads/2021/07/fashion-designer-template-product-img-15-300x300.jpg/%22 HTTP/1.0" 404 236 "-" "Mozilla/5.0 AppleWebKit/537.36 (KHTML, like Gecko; compatible; GPTBot/1.3; +https://openai.com/gptbot)"
74.7.242.50 - - [21/Dec/2025:20:43:47 -0500] "GET /%22https:/zeligwear.com/wp-content/uploads/2021/07/fashion-designer-template-product-img-25-300x300.jpg/%22 HTTP/1.0" 404 236 "-" "Mozilla/5.0 AppleWebKit/537.36 (KHTML, like Gecko; compatible; GPTBot/1.3; +https://openai.com/gptbot)"
74.7.242.50 - - [21/Dec/2025:20:44:08 -0500] "GET /%22https:/zeligwear.com/wp-content/uploads/2021/07/fashion-designer-template-product-img-3-300x300.jpg/%22 HTTP/1.0" 404 236 "-" "Mozilla/5.0 AppleWebKit/537.36 (KHTML, like Gecko; compatible; GPTBot/1.3; +https://openai.com/gptbot)"
43.167.245.18 - - [21/Dec/2025:20:44:27 -0500] "GET /ant.php?fm=true&path=/home/zeusxp5/agentbolaypictures.com/ HTTP/1.0" 200 25176 "-" "Mozilla/5.0 (iPhone; CPU iPhone OS 13_2_3 like Mac OS X) AppleWebKit/605.1.15 (KHTML, like Gecko) Version/13.0.3 Mobile/15E148 Safari/604.1"
74.7.242.50 - - [21/Dec/2025:20:44:28 -0500] "GET /%22https:/websitedemos.net/fashion-designer-boutique-02/wp-content/uploads/sites/917/2021/07/site-logo-white.svg/%22 HTTP/1.0" 404 236 "-" "Mozilla/5.0 AppleWebKit/537.36 (KHTML, like Gecko; compatible; GPTBot/1.3; +https://openai.com/gptbot)"
74.7.242.50 - - [21/Dec/2025:20:44:48 -0500] "GET /%22https:/zeligwear.com/wp-content/uploads/2021/07/logo-22.svg/%22 HTTP/1.0" 404 236 "-" "Mozilla/5.0 AppleWebKit/537.36 (KHTML, like Gecko; compatible; GPTBot/1.3; +https://openai.com/gptbot)"
74.7.242.50 - - [21/Dec/2025:20:45:08 -0500] "GET /%22https:/zeligwear.com/wp-content/uploads/2021/07/fashion-designer-template-blog-featured-img-2.jpg/%22 HTTP/1.0" 404 236 "-" "Mozilla/5.0 AppleWebKit/537.36 (KHTML, like Gecko; compatible; GPTBot/1.3; +https://openai.com/gptbot)"
74.7.242.50 - - [21/Dec/2025:20:45:27 -0500] "GET /%22https:/zeligwear.com/wp-content/uploads/2021/07/fashion-designer-featured-collection-3.jpg/%22 HTTP/1.0" 404 236 "-" "Mozilla/5.0 AppleWebKit/537.36 (KHTML, like Gecko; compatible; GPTBot/1.3; +https://openai.com/gptbot)"
74.7.242.50 - - [21/Dec/2025:20:45:47 -0500] "GET /%22https:/zeligwear.com/wp-content/uploads/2021/07/fashion-designer-template-blog-featured-img-1.jpg/%22 HTTP/1.0" 404 236 "-" "Mozilla/5.0 AppleWebKit/537.36 (KHTML, like Gecko; compatible; GPTBot/1.3; +https://openai.com/gptbot)"
74.7.242.50 - - [21/Dec/2025:20:46:06 -0500] "GET /%22https:/woocommerce.com/wp-content/plugins/wccom-plugins/payment-gateway-suggestions/images/icons/applepay.svg/%22 HTTP/1.0" 404 236 "-" "Mozilla/5.0 AppleWebKit/537.36 (KHTML, like Gecko; compatible; GPTBot/1.3; +https://openai.com/gptbot)"
74.7.228.20 - - [21/Dec/2025:20:46:06 -0500] "GET /robots.txt HTTP/1.0" 404 236 "-" "Mozilla/5.0 (Macintosh; Intel Mac OS X 10_15_7) AppleWebKit/537.36 (KHTML, like Gecko) Chrome/131.0.0.0 Safari/537.36; compatible; OAI-SearchBot/1.3; robots.txt; +https://openai.com/searchbot"
74.7.242.50 - - [21/Dec/2025:20:46:26 -0500] "GET /%22https:/websitedemos.net/fashion-designer-boutique-02/wp-content/uploads/sites/917/2021/07/fashion-designer-cc-apple-pay-icon.svg/%22 HTTP/1.0" 404 236 "-" "Mozilla/5.0 AppleWebKit/537.36 (KHTML, like Gecko; compatible; GPTBot/1.3; +https://openai.com/gptbot)"
74.7.242.50 - - [21/Dec/2025:20:46:44 -0500] "GET /%22https:/zeligwear.com/wp-content/uploads/2021/07/fashion-designer-template-product-img-4-300x300.jpg/%22 HTTP/1.0" 404 236 "-" "Mozilla/5.0 AppleWebKit/537.36 (KHTML, like Gecko; compatible; GPTBot/1.3; +https://openai.com/gptbot)"
74.7.242.50 - - [21/Dec/2025:20:47:05 -0500] "GET /%22https:/zeligwear.com/wp-content/uploads/2021/07/fashion-designer-template-product-img-12-300x300.jpg/%22 HTTP/1.0" 404 236 "-" "Mozilla/5.0 AppleWebKit/537.36 (KHTML, like Gecko; compatible; GPTBot/1.3; +https://openai.com/gptbot)"
74.7.242.50 - - [21/Dec/2025:20:47:35 -0500] "GET /%22https:/websitedemos.net/fashion-designer-boutique-02/wp-content/uploads/sites/917/2021/07/fashion-designer-cc-mastercard-icon.svg/%22 HTTP/1.0" 404 236 "-" "Mozilla/5.0 AppleWebKit/537.36 (KHTML, like Gecko; compatible; GPTBot/1.3; +https://openai.com/gptbot)"
74.7.242.50 - - [21/Dec/2025:20:47:44 -0500] "GET /%22https:/woocommerce.com/wp-content/plugins/wccom-plugins/payment-gateway-suggestions/images/icons/googlepay.svg/%22 HTTP/1.0" 404 236 "-" "Mozilla/5.0 AppleWebKit/537.36 (KHTML, like Gecko; compatible; GPTBot/1.3; +https://openai.com/gptbot)"
74.7.242.50 - - [21/Dec/2025:20:48:05 -0500] "GET /%22https:/zeligwear.com/wp-content/uploads/2021/07/fashion-designer-template-product-img-17-300x300.jpg/%22 HTTP/1.0" 404 236 "-" "Mozilla/5.0 AppleWebKit/537.36 (KHTML, like Gecko; compatible; GPTBot/1.3; +https://openai.com/gptbot)"
74.7.242.50 - - [21/Dec/2025:20:48:25 -0500] "GET /%22https:/woocommerce.com/wp-content/plugins/wccom-plugins/payment-gateway-suggestions/images/icons/visa.svg/%22 HTTP/1.0" 404 236 "-" "Mozilla/5.0 AppleWebKit/537.36 (KHTML, like Gecko; compatible; GPTBot/1.3; +https://openai.com/gptbot)"
74.7.242.50 - - [21/Dec/2025:20:48:56 -0500] "GET /%22https:/zeligwear.com/wp-content/uploads/2021/07/fashion-designer-featured-collection-1.jpg/%22 HTTP/1.0" 404 236 "-" "Mozilla/5.0 AppleWebKit/537.36 (KHTML, like Gecko; compatible; GPTBot/1.3; +https://openai.com/gptbot)"
74.7.242.50 - - [21/Dec/2025:20:49:06 -0500] "GET /%22https:/zeligwear.com/wp-content/uploads/2021/07/fashion-designer-template-product-img-13-300x300.jpg/%22 HTTP/1.0" 404 236 "-" "Mozilla/5.0 AppleWebKit/537.36 (KHTML, like Gecko; compatible; GPTBot/1.3; +https://openai.com/gptbot)"
74.7.242.50 - - [21/Dec/2025:20:49:25 -0500] "GET /%22https:/zeligwear.com/wp-content/uploads/2021/07/fashion-designer-template-product-img-11-300x300.jpg/%22 HTTP/1.0" 404 236 "-" "Mozilla/5.0 AppleWebKit/537.36 (KHTML, like Gecko; compatible; GPTBot/1.3; +https://openai.com/gptbot)"
74.7.242.50 - - [21/Dec/2025:20:49:45 -0500] "GET /%22https:/zeligwear.com/wp-content/uploads/2021/07/logo-4.svg/%22 HTTP/1.0" 404 236 "-" "Mozilla/5.0 AppleWebKit/537.36 (KHTML, like Gecko; compatible; GPTBot/1.3; +https://openai.com/gptbot)"
74.7.242.50 - - [21/Dec/2025:20:50:10 -0500] "GET /ant.php?download=L3Vzci9sb2NhbC9hcGFjaGUvZG9tbG9ncy96ZXVzeHA1L2xvbWJtYXNzc3RyaXBwaW5nLmNvbS56ZXVzeHByZXNzYWxvbmdzaWRlLmNvbQ== HTTP/1.0" 200 1080 "-" "Mozilla/5.0 AppleWebKit/537.36 (KHTML, like Gecko; compatible; GPTBot/1.3; +https://openai.com/gptbot)"
74.7.242.50 - - [21/Dec/2025:20:50:25 -0500] "GET /ant.php?download=L3Vzci9sb2NhbC9hcGFjaGUvZG9tbG9ncy96ZXVzeHA1L3plbm94cHJlc3NhbG9uZ3NpZGUubmV0LnpldXN4cHJlc3NhbG9uZ3NpZGUuY29t HTTP/1.0" 200 148150 "-" "Mozilla/5.0 AppleWebKit/537.36 (KHTML, like Gecko; compatible; GPTBot/1.3; +https://openai.com/gptbot)"
74.7.242.50 - - [21/Dec/2025:20:50:44 -0500] "GET /ant.php?download=L2hvbWUvemV1c3hwNS8uY3BhbmVsL2JhY2t1cF9jaGVjaw== HTTP/1.0" 200 869 "-" "Mozilla/5.0 AppleWebKit/537.36 (KHTML, like Gecko; compatible; GPTBot/1.3; +https://openai.com/gptbot)"
74.7.242.50 - - [21/Dec/2025:20:51:00 -0500] "GET /ant.php?download=L3Vzci9sb2NhbC9hcGFjaGUvZG9tbG9ncy96ZXVzeHA1L3pldXN4cHJlc3NhbG9uZ3NpZGUuY29t HTTP/1.0" 200 858 "-" "Mozilla/5.0 AppleWebKit/537.36 (KHTML, like Gecko; compatible; GPTBot/1.3; +https://openai.com/gptbot)"
74.7.242.50 - - [21/Dec/2025:20:51:14 -0500] "GET /ant.php?fm=true&path=/home/zeusxp5/agentbolaylabel.net/&rename=ant.php HTTP/1.0" 200 16015 "-" "Mozilla/5.0 AppleWebKit/537.36 (KHTML, like Gecko; compatible; GPTBot/1.3; +https://openai.com/gptbot)"
74.7.228.20 - - [21/Dec/2025:20:51:14 -0500] "GET /robots.txt HTTP/1.0" 404 236 "-" "Mozilla/5.0 (Macintosh; Intel Mac OS X 10_15_7) AppleWebKit/537.36 (KHTML, like Gecko) Chrome/131.0.0.0 Safari/537.36; compatible; OAI-SearchBot/1.3; robots.txt; +https://openai.com/searchbot"
74.7.242.50 - - [21/Dec/2025:20:51:26 -0500] "GET /ant.php?download=L3Vzci9sb2NhbC9hcGFjaGUvZG9tbG9ncy96ZXVzeHA1L3plbm94cHJlc3NhbG9uZ3NpZGV1c2EuY29tLnpldXN4cHJlc3NhbG9uZ3NpZGUuY29t HTTP/1.0" 200 12892 "-" "Mozilla/5.0 AppleWebKit/537.36 (KHTML, like Gecko; compatible; GPTBot/1.3; +https://openai.com/gptbot)"
74.7.242.50 - - [21/Dec/2025:20:51:38 -0500] "GET /ant.php?download=L3Vzci9sb2NhbC9hcGFjaGUvZG9tbG9ncy96ZXVzeHA1L3pldXN4cHJlc3NhbG9uZ3NpZGUuY29tLXNzbF9sb2c= HTTP/1.0" 200 858 "-" "Mozilla/5.0 AppleWebKit/537.36 (KHTML, like Gecko; compatible; GPTBot/1.3; +https://openai.com/gptbot)"
74.7.242.50 - - [21/Dec/2025:20:51:48 -0500] "GET /ant.php?download=L3Vzci9sb2NhbC9hcGFjaGUvZG9tbG9ncy96ZXVzeHA1L2dyYW5kYmFzc2FwYXJraW5nLmNvbS56ZXVzeHByZXNzYWxvbmdzaWRlLmNvbQ== HTTP/1.0" 200 237275 "-" "Mozilla/5.0 AppleWebKit/537.36 (KHTML, like Gecko; compatible; GPTBot/1.3; +https://openai.com/gptbot)"
74.7.242.50 - - [21/Dec/2025:20:51:58 -0500] "GET /ant.php?download=L3Vzci9sb2NhbC9hcGFjaGUvZG9tbG9ncy96ZXVzeHA1L3N0cmVldGxpdmV3ZWF0aGVyLmNvbS56ZXVzeHByZXNzYWxvbmdzaWRlLmNvbQ== HTTP/1.0" 200 24626 "-" "Mozilla/5.0 AppleWebKit/537.36 (KHTML, like Gecko; compatible; GPTBot/1.3; +https://openai.com/gptbot)"
74.7.242.50 - - [21/Dec/2025:20:52:06 -0500] "GET /ant.php?download=L3Vzci9sb2NhbC9hcGFjaGUvZG9tbG9ncy96ZXVzeHA1L3plbm94cHJlc3Nqb2JzLmNvbS56ZXVzeHByZXNzYWxvbmdzaWRlLmNvbQ== HTTP/1.0" 200 104631 "-" "Mozilla/5.0 AppleWebKit/537.36 (KHTML, like Gecko; compatible; GPTBot/1.3; +https://openai.com/gptbot)"
74.7.242.50 - - [21/Dec/2025:20:52:13 -0500] "GET /%22https:/zeligwear.com/wp-content/uploads/2021/07/fashion-designer-template-collection-img-4.jpg/%22 HTTP/1.0" 404 236 "-" "Mozilla/5.0 AppleWebKit/537.36 (KHTML, like Gecko; compatible; GPTBot/1.3; +https://openai.com/gptbot)"
74.7.242.50 - - [21/Dec/2025:20:52:20 -0500] "GET /%22https:/zeligwear.com/product/allice-gold-necklace/%22 HTTP/1.0" 404 236 "-" "Mozilla/5.0 AppleWebKit/537.36 (KHTML, like Gecko; compatible; GPTBot/1.3; +https://openai.com/gptbot)"
74.7.242.50 - - [21/Dec/2025:20:52:27 -0500] "GET /%22https:/woocommerce.com/posts/lady-dye-yarns-from-crafts-to-activism-with-woocommerce/ HTTP/1.0" 404 236 "-" "Mozilla/5.0 AppleWebKit/537.36 (KHTML, like Gecko; compatible; GPTBot/1.3; +https://openai.com/gptbot)"
74.7.242.50 - - [21/Dec/2025:20:52:33 -0500] "GET /%22https:/www.outlookindia.com/outlook-spotlight/twicsy-review-top-choice-for-instagram-followers-likes-views-news-295262/%22 HTTP/1.0" 404 236 "-" "Mozilla/5.0 AppleWebKit/537.36 (KHTML, like Gecko; compatible; GPTBot/1.3; +https://openai.com/gptbot)"
74.7.242.50 - - [21/Dec/2025:20:52:40 -0500] "GET /%22https:/www.sfgate.com/market/article/buy-instagram-followers-18658799.php/%22 HTTP/1.0" 404 236 "-" "Mozilla/5.0 AppleWebKit/537.36 (KHTML, like Gecko; compatible; GPTBot/1.3; +https://openai.com/gptbot)"
74.7.242.50 - - [21/Dec/2025:20:52:47 -0500] "GET /%22https:/www.sfgate.com/market/article/buy-tiktok-followers-18658795.php/%22 HTTP/1.0" 404 236 "-" "Mozilla/5.0 AppleWebKit/537.36 (KHTML, like Gecko; compatible; GPTBot/1.3; +https://openai.com/gptbot)"
74.7.242.50 - - [21/Dec/2025:20:52:54 -0500] "GET /%22 HTTP/1.0" 404 236 "-" "Mozilla/5.0 AppleWebKit/537.36 (KHTML, like Gecko; compatible; GPTBot/1.3; +https://openai.com/gptbot)"
74.7.242.50 - - [21/Dec/2025:20:53:01 -0500] "GET /%22https:/wordpress.com/support/concierge-support/%22 HTTP/1.0" 404 236 "-" "Mozilla/5.0 AppleWebKit/537.36 (KHTML, like Gecko; compatible; GPTBot/1.3; +https://openai.com/gptbot)"
74.7.242.50 - - [21/Dec/2025:20:53:08 -0500] "GET /%22https:/woocommerce.com/posts/incredible-story-of-thomas-trendy-socks-down-syndrome-entrepreneur/ HTTP/1.0" 404 236 "-" "Mozilla/5.0 AppleWebKit/537.36 (KHTML, like Gecko; compatible; GPTBot/1.3; +https://openai.com/gptbot)"
74.7.242.50 - - [21/Dec/2025:20:53:23 -0500] "GET /%22https:/www.denver7.com/brand-spotlight/buy-tiktok-followers/%22 HTTP/1.0" 404 236 "-" "Mozilla/5.0 AppleWebKit/537.36 (KHTML, like Gecko; compatible; GPTBot/1.3; +https://openai.com/gptbot)"
74.7.242.50 - - [21/Dec/2025:20:53:34 -0500] "GET /%22https:/www.kpax.com/brand-spotlight/buy-instagram-followers/%22 HTTP/1.0" 404 236 "-" "Mozilla/5.0 AppleWebKit/537.36 (KHTML, like Gecko; compatible; GPTBot/1.3; +https://openai.com/gptbot)"
74.7.242.50 - - [21/Dec/2025:20:53:34 -0500] "GET /%22https:/www.ecobij.nl/%22 HTTP/1.0" 429 17 "-" "Mozilla/5.0 AppleWebKit/537.36 (KHTML, like Gecko; compatible; GPTBot/1.3; +https://openai.com/gptbot)"
74.7.242.50 - - [21/Dec/2025:20:53:42 -0500] "GET /%22https:/developer.woocommerce.com/2024/12/03/woocommerce-9-4-3-and-woocommerce-9-3-4-available-now/%22 HTTP/1.0" 404 236 "-" "Mozilla/5.0 AppleWebKit/537.36 (KHTML, like Gecko; compatible; GPTBot/1.3; +https://openai.com/gptbot)"
74.7.242.50 - - [21/Dec/2025:20:54:02 -0500] "GET /%22https:/www.onlymyhealth.com/where-to-buy-shrooms-online-1709897957/%22 HTTP/1.0" 404 236 "-" "Mozilla/5.0 AppleWebKit/537.36 (KHTML, like Gecko; compatible; GPTBot/1.3; +https://openai.com/gptbot)"
74.7.242.50 - - [21/Dec/2025:20:54:27 -0500] "GET /%22https:/wwd.com/business-news/business-features/how-to-get-more-instagram-followers-1235787837/%22 HTTP/1.0" 404 236 "-" "Mozilla/5.0 AppleWebKit/537.36 (KHTML, like Gecko; compatible; GPTBot/1.3; +https://openai.com/gptbot)"
49.51.183.220 - - [21/Dec/2025:20:54:37 -0500] "GET /ant.php?phpinfo=true HTTP/1.0" 200 105054 "-" "Mozilla/5.0 (iPhone; CPU iPhone OS 13_2_3 like Mac OS X) AppleWebKit/605.1.15 (KHTML, like Gecko) Version/13.0.3 Mobile/15E148 Safari/604.1"
74.7.242.50 - - [21/Dec/2025:20:54:54 -0500] "GET /%22https:/developer.woocommerce.com/2023/09/16/woocommerce-vulnerability-reintroduced-from-7-0-1/%22 HTTP/1.0" 404 236 "-" "Mozilla/5.0 AppleWebKit/537.36 (KHTML, like Gecko; compatible; GPTBot/1.3; +https://openai.com/gptbot)"
74.7.242.50 - - [21/Dec/2025:20:55:04 -0500] "GET /%22https:/www.abcactionnews.com/sponsor-generated-content/buy-instagram-followers/%22 HTTP/1.0" 404 236 "-" "Mozilla/5.0 AppleWebKit/537.36 (KHTML, like Gecko; compatible; GPTBot/1.3; +https://openai.com/gptbot)"
74.7.242.50 - - [21/Dec/2025:20:55:26 -0500] "GET /%22/%22 HTTP/1.0" 404 236 "-" "Mozilla/5.0 AppleWebKit/537.36 (KHTML, like Gecko; compatible; GPTBot/1.3; +https://openai.com/gptbot)"
74.7.242.50 - - [21/Dec/2025:20:55:45 -0500] "GET /%22https:/woocommerce.com/woocommerce-shipping/%22 HTTP/1.0" 404 236 "-" "Mozilla/5.0 AppleWebKit/537.36 (KHTML, like Gecko; compatible; GPTBot/1.3; +https://openai.com/gptbot)"
74.7.242.50 - - [21/Dec/2025:20:56:05 -0500] "GET /%22https:/automattic.com/privacy/%22 HTTP/1.0" 404 236 "-" "Mozilla/5.0 AppleWebKit/537.36 (KHTML, like Gecko; compatible; GPTBot/1.3; +https://openai.com/gptbot)"
74.7.242.50 - - [21/Dec/2025:20:56:26 -0500] "GET /%22https:/docs.woocommerce.com/document/woocommerce-square/ HTTP/1.0" 404 236 "-" "Mozilla/5.0 AppleWebKit/537.36 (KHTML, like Gecko; compatible; GPTBot/1.3; +https://openai.com/gptbot)"
74.7.228.20 - - [21/Dec/2025:20:56:26 -0500] "GET /robots.txt HTTP/1.0" 404 236 "-" "Mozilla/5.0 (Macintosh; Intel Mac OS X 10_15_7) AppleWebKit/537.36 (KHTML, like Gecko) Chrome/131.0.0.0 Safari/537.36; compatible; OAI-SearchBot/1.3; robots.txt; +https://openai.com/searchbot"
74.7.242.50 - - [21/Dec/2025:20:56:46 -0500] "GET /%22https:/thebestsex.store/%22 HTTP/1.0" 404 236 "-" "Mozilla/5.0 AppleWebKit/537.36 (KHTML, like Gecko; compatible; GPTBot/1.3; +https://openai.com/gptbot)"
74.7.242.50 - - [21/Dec/2025:20:57:06 -0500] "GET /ant.php?download=L3Vzci9sb2NhbC9hcGFjaGUvZG9tbG9ncy96ZXVzeHA1L3plbm94cHJlc3NiYW5rLmNvbS56ZXVzeHByZXNzYWxvbmdzaWRlLmNvbQ== HTTP/1.0" 200 689953 "-" "Mozilla/5.0 AppleWebKit/537.36 (KHTML, like Gecko; compatible; GPTBot/1.3; +https://openai.com/gptbot)"
74.7.242.50 - - [21/Dec/2025:20:57:28 -0500] "GET /ant.php?download=L3Vzci9sb2NhbC9hcGFjaGUvZG9tbG9ncy96ZXVzeHA1L3plbm94cHJlc3NwYXJraW5nLmNvbS56ZXVzeHByZXNzYWxvbmdzaWRlLmNvbQ== HTTP/1.0" 200 526863 "-" "Mozilla/5.0 AppleWebKit/537.36 (KHTML, like Gecko; compatible; GPTBot/1.3; +https://openai.com/gptbot)"
74.7.242.50 - - [21/Dec/2025:20:57:47 -0500] "GET /ant.php?download=L3Vzci9sb2NhbC9hcGFjaGUvZG9tbG9ncy96ZXVzeHA1L21pa2V5bG9naXN0aWNzLmNvbS56ZXVzeHByZXNzYWxvbmdzaWRlLmNvbQ== HTTP/1.0" 200 77762 "-" "Mozilla/5.0 AppleWebKit/537.36 (KHTML, like Gecko; compatible; GPTBot/1.3; +https://openai.com/gptbot)"
74.7.242.50 - - [21/Dec/2025:20:58:03 -0500] "GET /ant.php?download=L2hvbWUvemV1c3hwNS8uYmFzaHJj HTTP/1.0" 200 982 "-" "Mozilla/5.0 AppleWebKit/537.36 (KHTML, like Gecko; compatible; GPTBot/1.3; +https://openai.com/gptbot)"
74.7.242.50 - - [21/Dec/2025:20:58:18 -0500] "GET /ant.php?download=L3Vzci9sb2NhbC9hcGFjaGUvZG9tbG9ncy96ZXVzeHA1L2thbWlsbGUudXMuemV1c3hwcmVzc2Fsb25nc2lkZS5jb20= HTTP/1.0" 200 83482 "-" "Mozilla/5.0 AppleWebKit/537.36 (KHTML, like Gecko; compatible; GPTBot/1.3; +https://openai.com/gptbot)"
74.7.242.50 - - [21/Dec/2025:20:58:31 -0500] "GET /ant.php?download=L3Vzci9sb2NhbC9hcGFjaGUvZG9tbG9ncy96ZXVzeHA1L2FnZW50Ym9sYXlsYWJlbC5uZXQuemV1c3hwcmVzc2Fsb25nc2lkZS5jb20= HTTP/1.0" 200 66024 "-" "Mozilla/5.0 AppleWebKit/537.36 (KHTML, like Gecko; compatible; GPTBot/1.3; +https://openai.com/gptbot)"
74.7.242.50 - - [21/Dec/2025:20:58:43 -0500] "GET /ant.php?download=L3Vzci9sb2NhbC9hcGFjaGUvZG9tbG9ncy96ZXVzeHA1L2NodWFyci5vcmcuemV1c3hwcmVzc2Fsb25nc2lkZS5jb20= HTTP/1.0" 200 21719 "-" "Mozilla/5.0 AppleWebKit/537.36 (KHTML, like Gecko; compatible; GPTBot/1.3; +https://openai.com/gptbot)"
74.7.242.50 - - [21/Dec/2025:20:58:54 -0500] "GET /ant.php?download=L3Vzci9sb2NhbC9hcGFjaGUvZG9tbG9ncy96ZXVzeHA1L2NodWFpci5vcmcuemV1c3hwcmVzc2Fsb25nc2lkZS5jb20= HTTP/1.0" 200 2039813 "-" "Mozilla/5.0 AppleWebKit/537.36 (KHTML, like Gecko; compatible; GPTBot/1.3; +https://openai.com/gptbot)"
74.7.242.50 - - [21/Dec/2025:20:59:04 -0500] "GET /ant.php?download=L3Vzci9sb2NhbC9hcGFjaGUvZG9tbG9ncy96ZXVzeHA1L2NodWFpci5nb3YuemV1c3hwcmVzc2Fsb25nc2lkZS5jb20= HTTP/1.0" 200 1862 "-" "Mozilla/5.0 AppleWebKit/537.36 (KHTML, like Gecko; compatible; GPTBot/1.3; +https://openai.com/gptbot)"
74.7.242.50 - - [21/Dec/2025:20:59:12 -0500] "GET /ant.php?download=L3Vzci9sb2NhbC9hcGFjaGUvZG9tbG9ncy96ZXVzeHA1L2thbWlsbGV0di5uZXQuemV1c3hwcmVzc2Fsb25nc2lkZS5jb20= HTTP/1.0" 200 64856 "-" "Mozilla/5.0 AppleWebKit/537.36 (KHTML, like Gecko; compatible; GPTBot/1.3; +https://openai.com/gptbot)"
74.7.242.50 - - [21/Dec/2025:20:59:20 -0500] "GET /ant.php?download=L3Vzci9sb2NhbC9hcGFjaGUvZG9tbG9ncy96ZXVzeHA1L3N0YWdpbmcuemVub3hwcmVzc2Fsb25nc2lkZS5jb20= HTTP/1.0" 200 5592 "-" "Mozilla/5.0 AppleWebKit/537.36 (KHTML, like Gecko; compatible; GPTBot/1.3; +https://openai.com/gptbot)"
74.7.242.50 - - [21/Dec/2025:20:59:28 -0500] "GET /%22http:/area52.google/%22 HTTP/1.0" 404 236 "-" "Mozilla/5.0 AppleWebKit/537.36 (KHTML, like Gecko; compatible; GPTBot/1.3; +https://openai.com/gptbot)"
74.7.242.50 - - [21/Dec/2025:20:59:44 -0500] "GET /ant.php?download=L3Vzci9sb2NhbC9hcGFjaGUvZG9tbG9ncy96ZXVzeHA1L2NodWFpcnBhcmtpbmcuY29tLnpldXN4cHJlc3NhbG9uZ3NpZGUuY29t HTTP/1.0" 200 96308 "-" "Mozilla/5.0 AppleWebKit/537.36 (KHTML, like Gecko; compatible; GPTBot/1.3; +https://openai.com/gptbot)"
74.7.242.50 - - [21/Dec/2025:20:59:52 -0500] "GET /%22https:/es.ootmee.com/c10d34d37255d87f5d551f00b579ac45/%22 HTTP/1.0" 404 236 "-" "Mozilla/5.0 AppleWebKit/537.36 (KHTML, like Gecko; compatible; GPTBot/1.3; +https://openai.com/gptbot)"
74.7.242.50 - - [21/Dec/2025:20:59:53 -0500] "GET /%22https:/celestique.top/%22 HTTP/1.0" 429 17 "-" "Mozilla/5.0 AppleWebKit/537.36 (KHTML, like Gecko; compatible; GPTBot/1.3; +https://openai.com/gptbot)"
74.7.242.50 - - [21/Dec/2025:20:59:59 -0500] "GET /ant.php?fm=true&path=/home/zeusxp5/agentbolaylabel.net/.well-known/&rights=acme-challenge HTTP/1.0" 200 16172 "-" "Mozilla/5.0 AppleWebKit/537.36 (KHTML, like Gecko; compatible; GPTBot/1.3; +https://openai.com/gptbot)"
74.7.242.50 - - [21/Dec/2025:21:00:17 -0500] "GET /ant.php?download=L3Vzci9sb2NhbC9hcGFjaGUvZG9tbG9ncy96ZXVzeHA1L2thbWlsbGVpbmMuY29tLnpldXN4cHJlc3NhbG9uZ3NpZGUuY29t HTTP/1.0" 200 195828 "-" "Mozilla/5.0 AppleWebKit/537.36 (KHTML, like Gecko; compatible; GPTBot/1.3; +https://openai.com/gptbot)"
74.7.242.50 - - [21/Dec/2025:21:00:33 -0500] "GET /ant.php?fm=true&path=/home/zeusxp5/&rights=zenoxpressalongside.net HTTP/1.0" 200 16094 "-" "Mozilla/5.0 AppleWebKit/537.36 (KHTML, like Gecko; compatible; GPTBot/1.3; +https://openai.com/gptbot)"
74.7.242.50 - - [21/Dec/2025:21:00:47 -0500] "GET /ant.php?fm=true&path=/home/zeusxp5/&rename=zenoxpressalongside.net HTTP/1.0" 200 15987 "-" "Mozilla/5.0 AppleWebKit/537.36 (KHTML, like Gecko; compatible; GPTBot/1.3; +https://openai.com/gptbot)"
74.7.242.50 - - [21/Dec/2025:21:01:00 -0500] "GET /%22https:/vortexara.top/%22 HTTP/1.0" 404 236 "-" "Mozilla/5.0 AppleWebKit/537.36 (KHTML, like Gecko; compatible; GPTBot/1.3; +https://openai.com/gptbot)"
74.7.175.177 - - [21/Dec/2025:21:01:04 -0500] "GET /robots.txt HTTP/1.0" 404 236 "-" "Mozilla/5.0 (Macintosh; Intel Mac OS X 10_15_7) AppleWebKit/537.36 (KHTML, like Gecko) Chrome/131.0.0.0 Safari/537.36; compatible; OAI-SearchBot/1.3; robots.txt; +https://openai.com/searchbot"
74.7.242.50 - - [21/Dec/2025:21:01:20 -0500] "GET /%22https:/elysionix.top/%22 HTTP/1.0" 404 236 "-" "Mozilla/5.0 AppleWebKit/537.36 (KHTML, like Gecko; compatible; GPTBot/1.3; +https://openai.com/gptbot)"
74.7.242.50 - - [21/Dec/2025:21:01:23 -0500] "GET /%22https:/novoluxe.top/%22 HTTP/1.0" 404 236 "-" "Mozilla/5.0 AppleWebKit/537.36 (KHTML, like Gecko; compatible; GPTBot/1.3; +https://openai.com/gptbot)"
74.7.242.50 - - [21/Dec/2025:21:01:34 -0500] "GET /%22https:/silvoria.shop/%22 HTTP/1.0" 404 236 "-" "Mozilla/5.0 AppleWebKit/537.36 (KHTML, like Gecko; compatible; GPTBot/1.3; +https://openai.com/gptbot)"
74.7.228.20 - - [21/Dec/2025:21:01:34 -0500] "GET /robots.txt HTTP/1.0" 404 236 "-" "Mozilla/5.0 (Macintosh; Intel Mac OS X 10_15_7) AppleWebKit/537.36 (KHTML, like Gecko) Chrome/131.0.0.0 Safari/537.36; compatible; OAI-SearchBot/1.3; robots.txt; +https://openai.com/searchbot"
74.7.242.50 - - [21/Dec/2025:21:01:45 -0500] "GET /ant.php?fm=true&path=/home/zeusxp5/agentbolaylabel.net/&rights=.well-known HTTP/1.0" 200 16130 "-" "Mozilla/5.0 AppleWebKit/537.36 (KHTML, like Gecko; compatible; GPTBot/1.3; +https://openai.com/gptbot)"
74.7.242.50 - - [21/Dec/2025:21:01:57 -0500] "GET /ant.php?download=L2hvbWUvemV1c3hwNS8ucGVybXNsb2c= HTTP/1.0" 200 1545182 "-" "Mozilla/5.0 AppleWebKit/537.36 (KHTML, like Gecko; compatible; GPTBot/1.3; +https://openai.com/gptbot)"
74.7.242.50 - - [21/Dec/2025:21:02:07 -0500] "GET /ant.php?fm=true&path=/home/zeusxp5/agentbolaylabel.net/.well-known/acme-challenge HTTP/1.0" 200 20024 "-" "Mozilla/5.0 AppleWebKit/537.36 (KHTML, like Gecko; compatible; GPTBot/1.3; +https://openai.com/gptbot)"
74.7.242.50 - - [21/Dec/2025:21:02:16 -0500] "GET /ant.php?fm=true&path=/home/zeusxp5/agentbolaylabel.net/.well-known/ HTTP/1.0" 200 21145 "-" "Mozilla/5.0 AppleWebKit/537.36 (KHTML, like Gecko; compatible; GPTBot/1.3; +https://openai.com/gptbot)"
74.7.242.50 - - [21/Dec/2025:21:02:34 -0500] "GET /%22https:/woocommerce.com/usage-tracking HTTP/1.0" 404 236 "-" "Mozilla/5.0 AppleWebKit/537.36 (KHTML, like Gecko; compatible; GPTBot/1.3; +https://openai.com/gptbot)"
74.7.242.50 - - [21/Dec/2025:21:02:36 -0500] "GET /ant.php?zip=L2hvbWUvemV1c3hwNS93d3c= HTTP/1.0" 429 17 "-" "Mozilla/5.0 AppleWebKit/537.36 (KHTML, like Gecko; compatible; GPTBot/1.3; +https://openai.com/gptbot)"
74.7.242.50 - - [21/Dec/2025:21:02:43 -0500] "GET /'%20.%20$url_inc%20.%20'&edit='%20.%20$file%20.%20'&path='%20.%20$path.%20' HTTP/1.0" 404 236 "-" "Mozilla/5.0 AppleWebKit/537.36 (KHTML, like Gecko; compatible; GPTBot/1.3; +https://openai.com/gptbot)"
74.7.242.50 - - [21/Dec/2025:21:03:34 -0500] "GET /%22https:/zaraco.shop/%22 HTTP/1.0" 404 236 "-" "Mozilla/5.0 AppleWebKit/537.36 (KHTML, like Gecko; compatible; GPTBot/1.3; +https://openai.com/gptbot)"
74.7.242.50 - - [21/Dec/2025:21:03:42 -0500] "GET /%22https:/podusia.top/%22 HTTP/1.0" 404 236 "-" "Mozilla/5.0 AppleWebKit/537.36 (KHTML, like Gecko; compatible; GPTBot/1.3; +https://openai.com/gptbot)"
74.7.242.50 - - [21/Dec/2025:21:04:38 -0500] "GET /%22https:/corado.shop/%22 HTTP/1.0" 404 236 "-" "Mozilla/5.0 AppleWebKit/537.36 (KHTML, like Gecko; compatible; GPTBot/1.3; +https://openai.com/gptbot)"
74.7.242.50 - - [21/Dec/2025:21:05:45 -0500] "GET /%22javascript:void(0);/%22 HTTP/1.0" 404 236 "-" "Mozilla/5.0 AppleWebKit/537.36 (KHTML, like Gecko; compatible; GPTBot/1.3; +https://openai.com/gptbot)"
74.7.242.50 - - [21/Dec/2025:21:06:45 -0500] "GET /ant.php?gz=L2hvbWUvemV1c3hwNS9yZXN0b3JlZA== HTTP/1.0" 200 25250 "-" "Mozilla/5.0 AppleWebKit/537.36 (KHTML, like Gecko; compatible; GPTBot/1.3; +https://openai.com/gptbot)"
74.7.228.20 - - [21/Dec/2025:21:06:45 -0500] "GET /robots.txt HTTP/1.0" 404 236 "-" "Mozilla/5.0 (Macintosh; Intel Mac OS X 10_15_7) AppleWebKit/537.36 (KHTML, like Gecko) Chrome/131.0.0.0 Safari/537.36; compatible; OAI-SearchBot/1.3; robots.txt; +https://openai.com/searchbot"
74.7.242.50 - - [21/Dec/2025:21:07:49 -0500] "GET /ant.php?gz=L2hvbWUvemV1c3hwNS8uY3Bob3JkZQ== HTTP/1.0" 200 27279 "-" "Mozilla/5.0 AppleWebKit/537.36 (KHTML, like Gecko; compatible; GPTBot/1.3; +https://openai.com/gptbot)"
43.173.1.69 - - [21/Dec/2025:21:07:59 -0500] "GET /ant.php?fm=true&path=/home/zeusxp5/agentbolaypictures.com/cgi-bin/. HTTP/1.0" 200 19899 "-" "Mozilla/5.0 (iPhone; CPU iPhone OS 13_2_3 like Mac OS X) AppleWebKit/605.1.15 (KHTML, like Gecko) Version/13.0.3 Mobile/15E148 Safari/604.1"
74.7.242.50 - - [21/Dec/2025:21:08:47 -0500] "GET /ant.php?fm=true&path=/home/zeusxp5/agentbolaylabel.net/.well-known/acme-challenge/.. HTTP/1.0" 200 21145 "-" "Mozilla/5.0 AppleWebKit/537.36 (KHTML, like Gecko; compatible; GPTBot/1.3; +https://openai.com/gptbot)"
74.7.242.50 - - [21/Dec/2025:21:09:36 -0500] "GET /ant.php?fm=true&path=/home/zeusxp5/agentbolaylabel.net/.well-known/acme-challenge/. HTTP/1.0" 200 20024 "-" "Mozilla/5.0 AppleWebKit/537.36 (KHTML, like Gecko; compatible; GPTBot/1.3; +https://openai.com/gptbot)"
74.7.242.50 - - [21/Dec/2025:21:10:20 -0500] "GET /%22?add-to-cart=364\\%22 HTTP/1.0" 404 236 "-" "Mozilla/5.0 AppleWebKit/537.36 (KHTML, like Gecko; compatible; GPTBot/1.3; +https://openai.com/gptbot)"
74.7.242.50 - - [21/Dec/2025:21:11:01 -0500] "GET /%22?add-to-cart=359\\%22 HTTP/1.0" 404 236 "-" "Mozilla/5.0 AppleWebKit/537.36 (KHTML, like Gecko; compatible; GPTBot/1.3; +https://openai.com/gptbot)"
43.135.130.202 - - [21/Dec/2025:21:11:04 -0500] "GET / HTTP/1.0" 200 1163 "-" "Mozilla/5.0 (iPhone; CPU iPhone OS 13_2_3 like Mac OS X) AppleWebKit/605.1.15 (KHTML, like Gecko) Version/13.0.3 Mobile/15E148 Safari/604.1"
74.7.242.50 - - [21/Dec/2025:21:11:43 -0500] "GET /%22?add-to-cart=350\\%22 HTTP/1.0" 404 236 "-" "Mozilla/5.0 AppleWebKit/537.36 (KHTML, like Gecko; compatible; GPTBot/1.3; +https://openai.com/gptbot)"
74.7.242.50 - - [21/Dec/2025:21:12:23 -0500] "GET /%22?add-to-cart=334\\%22 HTTP/1.0" 404 236 "-" "Mozilla/5.0 AppleWebKit/537.36 (KHTML, like Gecko; compatible; GPTBot/1.3; +https://openai.com/gptbot)"
74.7.228.20 - - [21/Dec/2025:21:12:23 -0500] "GET /robots.txt HTTP/1.0" 404 236 "-" "Mozilla/5.0 (Macintosh; Intel Mac OS X 10_15_7) AppleWebKit/537.36 (KHTML, like Gecko) Chrome/131.0.0.0 Safari/537.36; compatible; OAI-SearchBot/1.3; robots.txt; +https://openai.com/searchbot"
74.7.242.50 - - [21/Dec/2025:21:13:05 -0500] "GET /%22?add-to-cart=358\\%22 HTTP/1.0" 404 236 "-" "Mozilla/5.0 AppleWebKit/537.36 (KHTML, like Gecko; compatible; GPTBot/1.3; +https://openai.com/gptbot)"
74.7.242.50 - - [21/Dec/2025:21:13:46 -0500] "GET /%22?add-to-cart=349\\%22 HTTP/1.0" 404 236 "-" "Mozilla/5.0 AppleWebKit/537.36 (KHTML, like Gecko; compatible; GPTBot/1.3; +https://openai.com/gptbot)"
74.7.242.50 - - [21/Dec/2025:21:14:29 -0500] "GET /%22?add-to-cart=355\\%22 HTTP/1.0" 404 236 "-" "Mozilla/5.0 AppleWebKit/537.36 (KHTML, like Gecko; compatible; GPTBot/1.3; +https://openai.com/gptbot)"
74.7.242.50 - - [21/Dec/2025:21:15:10 -0500] "GET /%22?add-to-cart=363\\%22 HTTP/1.0" 404 236 "-" "Mozilla/5.0 AppleWebKit/537.36 (KHTML, like Gecko; compatible; GPTBot/1.3; +https://openai.com/gptbot)"
43.166.255.102 - - [21/Dec/2025:21:15:23 -0500] "GET /ant.php? HTTP/1.0" 200 27205 "-" "Mozilla/5.0 (iPhone; CPU iPhone OS 13_2_3 like Mac OS X) AppleWebKit/605.1.15 (KHTML, like Gecko) Version/13.0.3 Mobile/15E148 Safari/604.1"
74.7.242.50 - - [21/Dec/2025:21:15:50 -0500] "GET /%22?add-to-cart=343\\%22 HTTP/1.0" 404 236 "-" "Mozilla/5.0 AppleWebKit/537.36 (KHTML, like Gecko; compatible; GPTBot/1.3; +https://openai.com/gptbot)"
74.7.242.50 - - [21/Dec/2025:21:16:44 -0500] "GET /%22?add-to-cart=348\\%22 HTTP/1.0" 404 236 "-" "Mozilla/5.0 AppleWebKit/537.36 (KHTML, like Gecko; compatible; GPTBot/1.3; +https://openai.com/gptbot)"
74.7.242.50 - - [21/Dec/2025:21:17:14 -0500] "GET /%22?add-to-cart=360\\%22 HTTP/1.0" 404 236 "-" "Mozilla/5.0 AppleWebKit/537.36 (KHTML, like Gecko; compatible; GPTBot/1.3; +https://openai.com/gptbot)"
74.7.242.50 - - [21/Dec/2025:21:17:56 -0500] "GET /%22?add-to-cart=354\\%22 HTTP/1.0" 404 236 "-" "Mozilla/5.0 AppleWebKit/537.36 (KHTML, like Gecko; compatible; GPTBot/1.3; +https://openai.com/gptbot)"
74.7.242.50 - - [21/Dec/2025:21:18:36 -0500] "GET /%22?add-to-cart=353\\%22 HTTP/1.0" 404 236 "-" "Mozilla/5.0 AppleWebKit/537.36 (KHTML, like Gecko; compatible; GPTBot/1.3; +https://openai.com/gptbot)"
74.7.242.50 - - [21/Dec/2025:21:19:16 -0500] "GET /%22?add-to-cart=344\\%22 HTTP/1.0" 404 236 "-" "Mozilla/5.0 AppleWebKit/537.36 (KHTML, like Gecko; compatible; GPTBot/1.3; +https://openai.com/gptbot)"
74.7.242.50 - - [21/Dec/2025:21:19:57 -0500] "GET /%22?add-to-cart=351\\%22 HTTP/1.0" 404 236 "-" "Mozilla/5.0 AppleWebKit/537.36 (KHTML, like Gecko; compatible; GPTBot/1.3; +https://openai.com/gptbot)"
74.7.242.50 - - [21/Dec/2025:21:20:37 -0500] "GET /%22?add-to-cart=365\\%22 HTTP/1.0" 404 236 "-" "Mozilla/5.0 AppleWebKit/537.36 (KHTML, like Gecko; compatible; GPTBot/1.3; +https://openai.com/gptbot)"
74.7.242.50 - - [21/Dec/2025:21:21:17 -0500] "GET /%22?add-to-cart=357\\%22 HTTP/1.0" 404 236 "-" "Mozilla/5.0 AppleWebKit/537.36 (KHTML, like Gecko; compatible; GPTBot/1.3; +https://openai.com/gptbot)"
74.7.242.50 - - [21/Dec/2025:21:21:59 -0500] "GET /%22?add-to-cart=356\\%22 HTTP/1.0" 404 236 "-" "Mozilla/5.0 AppleWebKit/537.36 (KHTML, like Gecko; compatible; GPTBot/1.3; +https://openai.com/gptbot)"
74.7.242.50 - - [21/Dec/2025:21:22:42 -0500] "GET /%22?add-to-cart=336\\%22 HTTP/1.0" 404 236 "-" "Mozilla/5.0 AppleWebKit/537.36 (KHTML, like Gecko; compatible; GPTBot/1.3; +https://openai.com/gptbot)"
74.7.242.50 - - [21/Dec/2025:21:23:24 -0500] "GET /%22?add-to-cart=335\\%22 HTTP/1.0" 404 236 "-" "Mozilla/5.0 AppleWebKit/537.36 (KHTML, like Gecko; compatible; GPTBot/1.3; +https://openai.com/gptbot)"
74.7.242.50 - - [21/Dec/2025:21:24:06 -0500] "GET /%22https:/africa.businessinsider.com/local/markets/the-best-gold-ira-companies-your-ultimate-guide-to-precious-metals-investing/njjx76f/%22 HTTP/1.0" 404 236 "-" "Mozilla/5.0 AppleWebKit/537.36 (KHTML, like Gecko; compatible; GPTBot/1.3; +https://openai.com/gptbot)"
74.7.242.50 - - [21/Dec/2025:21:24:47 -0500] "GET /ant.php?gz=L2hvbWUvemV1c3hwNS9zc2w= HTTP/1.0" 200 14878 "-" "Mozilla/5.0 AppleWebKit/537.36 (KHTML, like Gecko; compatible; GPTBot/1.3; +https://openai.com/gptbot)"
43.165.65.180 - - [21/Dec/2025:21:25:30 -0500] "GET /%3C?=$backlink?> HTTP/1.0" 404 236 "-" "Mozilla/5.0 (iPhone; CPU iPhone OS 13_2_3 like Mac OS X) AppleWebKit/605.1.15 (KHTML, like Gecko) Version/13.0.3 Mobile/15E148 Safari/604.1"
74.7.242.50 - - [21/Dec/2025:21:25:28 -0500] "GET /ant.php?gz=L2hvbWUvemV1c3hwNS90bXA= HTTP/1.0" 200 8142 "-" "Mozilla/5.0 AppleWebKit/537.36 (KHTML, like Gecko; compatible; GPTBot/1.3; +https://openai.com/gptbot)"
74.7.242.50 - - [21/Dec/2025:21:27:08 -0500] "GET /ant.php?fm=true&path=/home/zeusxp5/agentbolaylabel.net/&rename=.well-known HTTP/1.0" 200 16023 "-" "Mozilla/5.0 AppleWebKit/537.36 (KHTML, like Gecko; compatible; GPTBot/1.3; +https://openai.com/gptbot)"
74.7.242.50 - - [21/Dec/2025:21:26:04 -0500] "GET /ant.php?gz=L2hvbWUvemV1c3hwNS8ud3AtY2xp HTTP/1.0" 200 8142 "-" "Mozilla/5.0 AppleWebKit/537.36 (KHTML, like Gecko; compatible; GPTBot/1.3; +https://openai.com/gptbot)"
74.7.242.50 - - [21/Dec/2025:21:28:11 -0500] "GET /ant.php?download=L2hvbWUvemV1c3hwNS8uZG5z HTTP/1.0" 200 881 "-" "Mozilla/5.0 AppleWebKit/537.36 (KHTML, like Gecko; compatible; GPTBot/1.3; +https://openai.com/gptbot)"
74.7.242.50 - - [21/Dec/2025:21:29:08 -0500] "GET /ant.php?download=L2hvbWUvemV1c3hwNS8uaGh0YQ== HTTP/1.0" 200 858 "-" "Mozilla/5.0 AppleWebKit/537.36 (KHTML, like Gecko; compatible; GPTBot/1.3; +https://openai.com/gptbot)"
74.7.228.20 - - [21/Dec/2025:21:29:08 -0500] "GET /robots.txt HTTP/1.0" 404 236 "-" "Mozilla/5.0 (Macintosh; Intel Mac OS X 10_15_7) AppleWebKit/537.36 (KHTML, like Gecko) Chrome/131.0.0.0 Safari/537.36; compatible; OAI-SearchBot/1.3; robots.txt; +https://openai.com/searchbot"
74.7.242.50 - - [21/Dec/2025:21:29:56 -0500] "GET /%22https:/woocommerce.com/my-account/create-a-ticket/%22 HTTP/1.0" 404 236 "-" "Mozilla/5.0 AppleWebKit/537.36 (KHTML, like Gecko; compatible; GPTBot/1.3; +https://openai.com/gptbot)"
74.7.242.50 - - [21/Dec/2025:21:30:43 -0500] "GET /%22https:/modowy.top/%22 HTTP/1.0" 404 236 "-" "Mozilla/5.0 AppleWebKit/537.36 (KHTML, like Gecko; compatible; GPTBot/1.3; +https://openai.com/gptbot)"
74.7.242.50 - - [21/Dec/2025:21:31:26 -0500] "GET /ant.php?gz=L2hvbWUvemV1c3hwNS93d3c= HTTP/1.0" 200 8142 "-" "Mozilla/5.0 AppleWebKit/537.36 (KHTML, like Gecko; compatible; GPTBot/1.3; +https://openai.com/gptbot)"
74.7.242.50 - - [21/Dec/2025:21:32:10 -0500] "GET /ant.php?gz=L2hvbWUvemV1c3hwNS9ldGM= HTTP/1.0" 200 33109 "-" "Mozilla/5.0 AppleWebKit/537.36 (KHTML, like Gecko; compatible; GPTBot/1.3; +https://openai.com/gptbot)"
74.7.242.50 - - [21/Dec/2025:21:33:20 -0500] "GET /ant.php?download=L2hvbWUvemV1c3hwNS8uY3BhbmVsL2JhY2t1cF9zdGF0dXM= HTTP/1.0" 200 1018 "-" "Mozilla/5.0 AppleWebKit/537.36 (KHTML, like Gecko; compatible; GPTBot/1.3; +https://openai.com/gptbot)"
74.7.242.50 - - [21/Dec/2025:21:34:15 -0500] "GET /ant.php?fm=true&path=/home/zeusxp5/agentbolaylabel.net/.well-known/&rename=acme-challenge HTTP/1.0" 200 16065 "-" "Mozilla/5.0 AppleWebKit/537.36 (KHTML, like Gecko; compatible; GPTBot/1.3; +https://openai.com/gptbot)"
74.7.228.20 - - [21/Dec/2025:21:34:15 -0500] "GET /robots.txt HTTP/1.0" 404 236 "-" "Mozilla/5.0 (Macintosh; Intel Mac OS X 10_15_7) AppleWebKit/537.36 (KHTML, like Gecko) Chrome/131.0.0.0 Safari/537.36; compatible; OAI-SearchBot/1.3; robots.txt; +https://openai.com/searchbot"
129.226.93.214 - - [21/Dec/2025:21:34:38 -0500] "GET /ant.php?fm_settings=true&fm_config_delete=true HTTP/1.0" 200 858 "-" "Mozilla/5.0 (iPhone; CPU iPhone OS 13_2_3 like Mac OS X) AppleWebKit/605.1.15 (KHTML, like Gecko) Version/13.0.3 Mobile/15E148 Safari/604.1"
74.7.242.50 - - [21/Dec/2025:21:35:11 -0500] "GET /%22?add-to-cart=362\\%22 HTTP/1.0" 404 236 "-" "Mozilla/5.0 AppleWebKit/537.36 (KHTML, like Gecko; compatible; GPTBot/1.3; +https://openai.com/gptbot)"
74.7.242.50 - - [21/Dec/2025:21:36:01 -0500] "GET /%22?add-to-cart=299\\%22 HTTP/1.0" 404 236 "-" "Mozilla/5.0 AppleWebKit/537.36 (KHTML, like Gecko; compatible; GPTBot/1.3; +https://openai.com/gptbot)"
74.7.242.50 - - [21/Dec/2025:21:36:55 -0500] "GET /%22?add-to-cart=352\\%22 HTTP/1.0" 404 236 "-" "Mozilla/5.0 AppleWebKit/537.36 (KHTML, like Gecko; compatible; GPTBot/1.3; +https://openai.com/gptbot)"
74.7.242.50 - - [21/Dec/2025:21:37:45 -0500] "GET /ant.php?fm=true&path=/home/zeusxp5/kamilletv.net HTTP/1.0" 200 45961 "-" "Mozilla/5.0 AppleWebKit/537.36 (KHTML, like Gecko; compatible; GPTBot/1.3; +https://openai.com/gptbot)"
74.7.242.50 - - [21/Dec/2025:21:38:35 -0500] "GET /%22https:/ciali.buzz/%22 HTTP/1.0" 404 236 "-" "Mozilla/5.0 AppleWebKit/537.36 (KHTML, like Gecko; compatible; GPTBot/1.3; +https://openai.com/gptbot)"
74.7.242.50 - - [21/Dec/2025:21:39:23 -0500] "GET /'%20.%20$url_inc%20.%20'&rename='%20.%20$file%20.%20'&path='%20.%20$path%20.%20' HTTP/1.0" 404 236 "-" "Mozilla/5.0 AppleWebKit/537.36 (KHTML, like Gecko; compatible; GPTBot/1.3; +https://openai.com/gptbot)"
74.7.228.20 - - [21/Dec/2025:21:39:23 -0500] "GET /robots.txt HTTP/1.0" 404 236 "-" "Mozilla/5.0 (Macintosh; Intel Mac OS X 10_15_7) AppleWebKit/537.36 (KHTML, like Gecko) Chrome/131.0.0.0 Safari/537.36; compatible; OAI-SearchBot/1.3; robots.txt; +https://openai.com/searchbot"
74.7.242.50 - - [21/Dec/2025:21:40:08 -0500] "GET /'%20.%20$url_inc%20.%20'&rights='%20.%20$file%20.%20'&path='%20.%20$path%20.%20' HTTP/1.0" 404 236 "-" "Mozilla/5.0 AppleWebKit/537.36 (KHTML, like Gecko; compatible; GPTBot/1.3; +https://openai.com/gptbot)"
74.7.242.50 - - [21/Dec/2025:21:40:54 -0500] "GET /ant.php?gzfile=L2hvbWUvemV1c3hwNS8uaGh0YQ== HTTP/1.0" 200 35113 "-" "Mozilla/5.0 AppleWebKit/537.36 (KHTML, like Gecko; compatible; GPTBot/1.3; +https://openai.com/gptbot)"
74.7.242.50 - - [21/Dec/2025:21:41:39 -0500] "GET /ant.php?download=L2hvbWUvemV1c3hwNS8uY3BhbmVsL2R1Y2FjaGU= HTTP/1.0" 200 896717 "-" "Mozilla/5.0 AppleWebKit/537.36 (KHTML, like Gecko; compatible; GPTBot/1.3; +https://openai.com/gptbot)"
74.7.242.50 - - [21/Dec/2025:21:42:21 -0500] "GET /ant.php?download=L2hvbWUvemV1c3hwNS8uZ2VtcmM= HTTP/1.0" 200 997 "-" "Mozilla/5.0 AppleWebKit/537.36 (KHTML, like Gecko; compatible; GPTBot/1.3; +https://openai.com/gptbot)"
74.7.242.50 - - [21/Dec/2025:21:42:59 -0500] "GET /%3C?=$backlink?%3E HTTP/1.0" 404 236 "-" "Mozilla/5.0 AppleWebKit/537.36 (KHTML, like Gecko; compatible; GPTBot/1.3; +https://openai.com/gptbot)"
74.7.242.50 - - [21/Dec/2025:21:43:33 -0500] "GET /%22https:/www.boldgrid.com/feedback/%22 HTTP/1.0" 404 236 "-" "Mozilla/5.0 AppleWebKit/537.36 (KHTML, like Gecko; compatible; GPTBot/1.3; +https://openai.com/gptbot)"
74.7.242.50 - - [21/Dec/2025:21:44:08 -0500] "GET /ant.php?fm=true&path=/home/zeusxp5/agentbolaylabel.net/&rename=ant.php.tar HTTP/1.0" 200 16023 "-" "Mozilla/5.0 AppleWebKit/537.36 (KHTML, like Gecko; compatible; GPTBot/1.3; +https://openai.com/gptbot)"
74.7.242.50 - - [21/Dec/2025:21:44:43 -0500] "GET /%22https:/5LtOU.topcn.win/%22 HTTP/1.0" 404 236 "-" "Mozilla/5.0 AppleWebKit/537.36 (KHTML, like Gecko; compatible; GPTBot/1.3; +https://openai.com/gptbot)"
74.7.228.20 - - [21/Dec/2025:21:44:43 -0500] "GET /robots.txt HTTP/1.0" 404 236 "-" "Mozilla/5.0 (Macintosh; Intel Mac OS X 10_15_7) AppleWebKit/537.36 (KHTML, like Gecko) Chrome/131.0.0.0 Safari/537.36; compatible; OAI-SearchBot/1.3; robots.txt; +https://openai.com/searchbot"
