173.231.242.79 - - [21/Dec/2025:11:25:49 -0500] "POST /wp-cron.php?doing_wp_cron=1766334349.6839709281921386718750 HTTP/1.0" 200 - "-" "WordPress/6.9; https://www.grandbassaparking.com"
213.157.205.208 - - [21/Dec/2025:11:25:47 -0500] "GET /wp-login.php HTTP/1.0" 200 1880 "-" "Mozilla/5.0 (Windows NT 10.0; Win64; x64) AppleWebKit/537.36 (KHTML, like Gecko) Chrome/130.0.0.0 Safari/537.36"
213.157.205.208 - - [21/Dec/2025:11:25:50 -0500] "POST /wp-login.php HTTP/1.0" 200 2001 "https://grandbassaparking.com/wp-login.php" "Mozilla/5.0 (Windows NT 10.0; Win64; x64) AppleWebKit/537.36 (KHTML, like Gecko) Chrome/130.0.0.0 Safari/537.36"
173.231.242.79 - - [21/Dec/2025:11:28:53 -0500] "POST /wp-cron.php?doing_wp_cron=1766334533.8234519958496093750000 HTTP/1.0" 200 - "-" "WordPress/6.9; https://www.grandbassaparking.com"
161.248.201.51 - - [21/Dec/2025:11:28:52 -0500] "GET /wp-login.php HTTP/1.0" 200 1880 "-" "Mozilla/5.0 (Windows NT 10.0; Win64; x64) AppleWebKit/537.36 (KHTML, like Gecko) Chrome/130.0.0.0 Safari/537.36"
161.248.201.51 - - [21/Dec/2025:11:28:54 -0500] "POST /wp-login.php HTTP/1.0" 200 2001 "https://grandbassaparking.com/wp-login.php" "Mozilla/5.0 (Windows NT 10.0; Win64; x64) AppleWebKit/537.36 (KHTML, like Gecko) Chrome/130.0.0.0 Safari/537.36"
173.231.242.79 - - [21/Dec/2025:11:34:36 -0500] "POST /wp-cron.php?doing_wp_cron=1766334876.2310519218444824218750 HTTP/1.0" 200 - "-" "WordPress/6.9; https://www.grandbassaparking.com"
103.82.92.35 - - [21/Dec/2025:11:34:34 -0500] "GET /wp-login.php HTTP/1.0" 200 1880 "-" "Mozilla/5.0 (Windows NT 10.0; Win64; x64) AppleWebKit/537.36 (KHTML, like Gecko) Chrome/130.0.0.0 Safari/537.36"
103.82.92.35 - - [21/Dec/2025:11:34:53 -0500] "POST /wp-login.php HTTP/1.0" 200 2001 "https://grandbassaparking.com/wp-login.php" "Mozilla/5.0 (Windows NT 10.0; Win64; x64) AppleWebKit/537.36 (KHTML, like Gecko) Chrome/130.0.0.0 Safari/537.36"
173.231.242.79 - - [21/Dec/2025:11:37:42 -0500] "POST /wp-cron.php?doing_wp_cron=1766335062.7613189220428466796875 HTTP/1.0" 200 - "-" "WordPress/6.9; https://www.grandbassaparking.com"
137.184.171.145 - - [21/Dec/2025:11:37:40 -0500] "GET /wp-login.php HTTP/1.0" 200 1880 "-" "Mozilla/5.0 (Windows NT 10.0; Win64; x64) AppleWebKit/537.36 (KHTML, like Gecko) Chrome/130.0.0.0 Safari/537.36"
137.184.171.145 - - [21/Dec/2025:11:37:44 -0500] "POST /wp-login.php HTTP/1.0" 200 2001 "https://grandbassaparking.com/wp-login.php" "Mozilla/5.0 (Windows NT 10.0; Win64; x64) AppleWebKit/537.36 (KHTML, like Gecko) Chrome/130.0.0.0 Safari/537.36"
66.175.56.121 - - [21/Dec/2025:11:38:00 -0500] "GET /wp-login.php HTTP/1.0" 200 1880 "-" "Mozilla/5.0 (Windows NT 10.0; Win64; x64) AppleWebKit/537.36 (KHTML, like Gecko) Chrome/130.0.0.0 Safari/537.36"
66.175.56.121 - - [21/Dec/2025:11:38:02 -0500] "POST /wp-login.php HTTP/1.0" 200 2001 "https://grandbassaparking.com/wp-login.php" "Mozilla/5.0 (Windows NT 10.0; Win64; x64) AppleWebKit/537.36 (KHTML, like Gecko) Chrome/130.0.0.0 Safari/537.36"
205.210.31.152 - - [21/Dec/2025:11:44:08 -0500] "GET / HTTP/1.0" 406 300 "-" "-"
173.231.242.79 - - [21/Dec/2025:11:45:00 -0500] "POST /wp-cron.php?doing_wp_cron=1766335500.0101690292358398437500 HTTP/1.0" 200 - "-" "WordPress/6.9; https://www.grandbassaparking.com"
142.112.61.80 - - [21/Dec/2025:11:44:58 -0500] "GET /wp-login.php HTTP/1.0" 200 1880 "-" "Mozilla/5.0 (Windows NT 10.0; Win64; x64) AppleWebKit/537.36 (KHTML, like Gecko) Chrome/130.0.0.0 Safari/537.36"
142.112.61.80 - - [21/Dec/2025:11:45:00 -0500] "POST /wp-login.php HTTP/1.0" 200 2001 "https://grandbassaparking.com/wp-login.php" "Mozilla/5.0 (Windows NT 10.0; Win64; x64) AppleWebKit/537.36 (KHTML, like Gecko) Chrome/130.0.0.0 Safari/537.36"
173.231.242.79 - - [21/Dec/2025:11:53:37 -0500] "POST /wp-cron.php?doing_wp_cron=1766336017.8482940196990966796875 HTTP/1.0" 200 - "-" "WordPress/6.9; https://www.grandbassaparking.com"
162.241.24.128 - - [21/Dec/2025:11:53:35 -0500] "GET /wp-login.php HTTP/1.0" 200 1880 "-" "Mozilla/5.0 (Windows NT 10.0; Win64; x64) AppleWebKit/537.36 (KHTML, like Gecko) Chrome/130.0.0.0 Safari/537.36"
162.241.24.128 - - [21/Dec/2025:11:53:40 -0500] "POST /wp-login.php HTTP/1.0" 200 2001 "https://grandbassaparking.com/wp-login.php" "Mozilla/5.0 (Windows NT 10.0; Win64; x64) AppleWebKit/537.36 (KHTML, like Gecko) Chrome/130.0.0.0 Safari/537.36"
173.231.242.79 - - [21/Dec/2025:11:55:32 -0500] "POST /wp-cron.php?doing_wp_cron=1766336132.5413990020751953125000 HTTP/1.0" 200 - "-" "WordPress/6.9; https://www.grandbassaparking.com"
103.82.92.35 - - [21/Dec/2025:11:55:31 -0500] "GET /wp-login.php HTTP/1.0" 200 1880 "-" "Mozilla/5.0 (Windows NT 10.0; Win64; x64) AppleWebKit/537.36 (KHTML, like Gecko) Chrome/130.0.0.0 Safari/537.36"
103.82.92.35 - - [21/Dec/2025:11:55:40 -0500] "POST /wp-login.php HTTP/1.0" 200 2001 "https://grandbassaparking.com/wp-login.php" "Mozilla/5.0 (Windows NT 10.0; Win64; x64) AppleWebKit/537.36 (KHTML, like Gecko) Chrome/130.0.0.0 Safari/537.36"
220.158.233.124 - - [21/Dec/2025:11:56:10 -0500] "POST /xmlrpc.php HTTP/1.0" 200 403 "-" "Mozilla/5.0 (Windows NT 10.0; Win64; x64; rv:78.0) Gecko/20100101 Firefox/78.0"
51.75.236.150 - - [21/Dec/2025:11:56:11 -0500] "GET /shop/heavy-duty-telehandler-copy-copy/ HTTP/1.0" 200 36199 "-" "Mozilla/5.0 (compatible; AhrefsBot/7.0; +http://ahrefs.com/robot/)"
220.158.233.124 - - [21/Dec/2025:11:56:14 -0500] "POST /xmlrpc.php HTTP/1.0" 200 403 "-" "Mozilla/5.0 (Windows NT 10.0; Win64; x64; rv:78.0) Gecko/20100101 Firefox/78.0"
220.158.233.124 - - [21/Dec/2025:11:56:17 -0500] "POST /xmlrpc.php HTTP/1.0" 406 300 "-" "Mozilla/5.0 (Windows NT 10.0; Win64; x64; rv:78.0) Gecko/20100101 Firefox/78.0"
125.212.243.150 - - [21/Dec/2025:11:56:17 -0500] "POST /xmlrpc.php HTTP/1.0" 200 403 "-" "Mozilla/5.0 (Windows NT 10.0; Win64; x64) AppleWebKit/537.36 (KHTML, like Gecko) Chrome/80.0.3987.163 Safari/537.36"
125.212.243.150 - - [21/Dec/2025:11:56:21 -0500] "POST /xmlrpc.php HTTP/1.0" 200 403 "-" "Mozilla/5.0 (Windows NT 10.0; Win64; x64) AppleWebKit/537.36 (KHTML, like Gecko) Chrome/80.0.3987.163 Safari/537.36"
125.212.243.150 - - [21/Dec/2025:11:56:25 -0500] "POST /xmlrpc.php HTTP/1.0" 200 403 "-" "Mozilla/5.0 (Windows NT 10.0; Win64; x64) AppleWebKit/537.36 (KHTML, like Gecko) Chrome/80.0.3987.163 Safari/537.36"
173.231.242.79 - - [21/Dec/2025:11:56:40 -0500] "POST /wp-cron.php?doing_wp_cron=1766336200.8217489719390869140625 HTTP/1.0" 200 - "-" "WordPress/6.9; https://www.grandbassaparking.com"
162.241.252.224 - - [21/Dec/2025:11:56:39 -0500] "GET /wp-login.php HTTP/1.0" 200 1880 "-" "Mozilla/5.0 (Windows NT 10.0; Win64; x64) AppleWebKit/537.36 (KHTML, like Gecko) Chrome/130.0.0.0 Safari/537.36"
162.241.252.224 - - [21/Dec/2025:11:56:45 -0500] "POST /wp-login.php HTTP/1.0" 200 2001 "https://grandbassaparking.com/wp-login.php" "Mozilla/5.0 (Windows NT 10.0; Win64; x64) AppleWebKit/537.36 (KHTML, like Gecko) Chrome/130.0.0.0 Safari/537.36"
121.43.52.124 - - [21/Dec/2025:11:57:25 -0500] "POST /xmlrpc.php HTTP/1.0" 406 300 "-" "Mozilla/5.0 (Windows NT 6.1; WOW64; rv:38.0) Gecko/20100101 Firefox/38.0"
121.43.52.124 - - [21/Dec/2025:11:57:27 -0500] "POST /xmlrpc.php HTTP/1.0" 200 403 "-" "Mozilla/5.0 (Windows NT 6.1; WOW64; rv:38.0) Gecko/20100101 Firefox/38.0"
173.231.242.79 - - [21/Dec/2025:11:57:34 -0500] "POST /wp-cron.php?doing_wp_cron=1766336254.6040699481964111328125 HTTP/1.0" 200 - "-" "WordPress/6.9; https://www.grandbassaparking.com"
121.43.52.124 - - [21/Dec/2025:11:57:33 -0500] "POST /xmlrpc.php HTTP/1.0" 200 403 "-" "Mozilla/5.0 (Windows NT 6.1; WOW64; rv:38.0) Gecko/20100101 Firefox/38.0"
162.243.244.193 - - [21/Dec/2025:11:57:34 -0500] "GET /wp-login.php HTTP/1.0" 200 1880 "-" "Mozilla/5.0 (Windows NT 10.0; Win64; x64) AppleWebKit/537.36 (KHTML, like Gecko) Chrome/130.0.0.0 Safari/537.36"
162.243.244.193 - - [21/Dec/2025:11:57:35 -0500] "POST /wp-login.php HTTP/1.0" 200 2001 "https://grandbassaparking.com/wp-login.php" "Mozilla/5.0 (Windows NT 10.0; Win64; x64) AppleWebKit/537.36 (KHTML, like Gecko) Chrome/130.0.0.0 Safari/537.36"
198.136.61.8 - - [21/Dec/2025:11:57:36 -0500] "POST /xmlrpc.php HTTP/1.0" 200 225 "-" "Mozilla/5.0 (Macintosh; Intel Mac OS X 10_10_5) AppleWebKit/537.36 (KHTML, like Gecko) Chrome/66.0.3359.139 Safari/537.36"
173.231.242.79 - - [21/Dec/2025:11:58:41 -0500] "POST /wp-cron.php?doing_wp_cron=1766336321.2110528945922851562500 HTTP/1.0" 200 - "-" "WordPress/6.9; https://www.grandbassaparking.com"
162.241.218.238 - - [21/Dec/2025:11:58:39 -0500] "GET /wp-login.php HTTP/1.0" 200 1880 "-" "Mozilla/5.0 (Windows NT 10.0; Win64; x64) AppleWebKit/537.36 (KHTML, like Gecko) Chrome/130.0.0.0 Safari/537.36"
162.241.218.238 - - [21/Dec/2025:11:58:41 -0500] "POST /wp-login.php HTTP/1.0" 200 2001 "https://grandbassaparking.com/wp-login.php" "Mozilla/5.0 (Windows NT 10.0; Win64; x64) AppleWebKit/537.36 (KHTML, like Gecko) Chrome/130.0.0.0 Safari/537.36"
137.184.171.145 - - [21/Dec/2025:11:59:08 -0500] "GET /wp-login.php HTTP/1.0" 200 1880 "-" "Mozilla/5.0 (Windows NT 10.0; Win64; x64) AppleWebKit/537.36 (KHTML, like Gecko) Chrome/130.0.0.0 Safari/537.36"
137.184.171.145 - - [21/Dec/2025:11:59:10 -0500] "POST /wp-login.php HTTP/1.0" 200 2001 "https://grandbassaparking.com/wp-login.php" "Mozilla/5.0 (Windows NT 10.0; Win64; x64) AppleWebKit/537.36 (KHTML, like Gecko) Chrome/130.0.0.0 Safari/537.36"
173.231.242.79 - - [21/Dec/2025:12:11:10 -0500] "POST /wp-cron.php?doing_wp_cron=1766337070.5155019760131835937500 HTTP/1.0" 200 - "-" "WordPress/6.9; https://www.grandbassaparking.com"
109.234.166.135 - - [21/Dec/2025:12:11:07 -0500] "GET /wp-login.php HTTP/1.0" 200 1880 "-" "Mozilla/5.0 (Windows NT 10.0; Win64; x64) AppleWebKit/537.36 (KHTML, like Gecko) Chrome/130.0.0.0 Safari/537.36"
109.234.166.135 - - [21/Dec/2025:12:11:11 -0500] "POST /wp-login.php HTTP/1.0" 200 2001 "https://grandbassaparking.com/wp-login.php" "Mozilla/5.0 (Windows NT 10.0; Win64; x64) AppleWebKit/537.36 (KHTML, like Gecko) Chrome/130.0.0.0 Safari/537.36"
137.184.171.145 - - [21/Dec/2025:12:11:33 -0500] "GET /wp-login.php HTTP/1.0" 200 1880 "-" "Mozilla/5.0 (Windows NT 10.0; Win64; x64) AppleWebKit/537.36 (KHTML, like Gecko) Chrome/130.0.0.0 Safari/537.36"
173.231.242.79 - - [21/Dec/2025:12:11:34 -0500] "POST /wp-cron.php?doing_wp_cron=1766337094.6590991020202636718750 HTTP/1.0" 200 - "-" "WordPress/6.9; https://www.grandbassaparking.com"
137.184.171.145 - - [21/Dec/2025:12:11:35 -0500] "POST /wp-login.php HTTP/1.0" 200 2001 "https://grandbassaparking.com/wp-login.php" "Mozilla/5.0 (Windows NT 10.0; Win64; x64) AppleWebKit/537.36 (KHTML, like Gecko) Chrome/130.0.0.0 Safari/537.36"
66.175.56.108 - - [21/Dec/2025:12:11:43 -0500] "GET /wp-login.php HTTP/1.0" 200 1880 "-" "Mozilla/5.0 (Windows NT 10.0; Win64; x64) AppleWebKit/537.36 (KHTML, like Gecko) Chrome/130.0.0.0 Safari/537.36"
103.169.160.74 - - [21/Dec/2025:12:11:46 -0500] "GET /wp-login.php HTTP/1.0" 200 1880 "-" "Mozilla/5.0 (Windows NT 6.2; ARM; Trident/7.0; Touch; rv:11.0; WPDesktop; NOKIA; Lumia 520) like Gecko"
66.175.56.108 - - [21/Dec/2025:12:11:45 -0500] "POST /wp-login.php HTTP/1.0" 200 2001 "https://grandbassaparking.com/wp-login.php" "Mozilla/5.0 (Windows NT 10.0; Win64; x64) AppleWebKit/537.36 (KHTML, like Gecko) Chrome/130.0.0.0 Safari/537.36"
103.169.160.74 - - [21/Dec/2025:12:11:48 -0500] "POST /wp-login.php HTTP/1.0" 200 2011 "https://grandbassaparking.com/wp-login.php" "Mozilla/5.0 (Windows NT 6.2; ARM; Trident/7.0; Touch; rv:11.0; WPDesktop; NOKIA; Lumia 520) like Gecko"
173.231.242.79 - - [21/Dec/2025:12:13:06 -0500] "POST /wp-cron.php?doing_wp_cron=1766337186.3416519165039062500000 HTTP/1.0" 200 - "-" "WordPress/6.9; https://www.grandbassaparking.com"
192.250.239.85 - - [21/Dec/2025:12:13:03 -0500] "POST /xmlrpc.php HTTP/1.0" 200 225 "-" "Mozilla/5.0 (Windows NT 6.1; Win64; x64) AppleWebKit/537.36 (KHTML, like Gecko) Chrome/65.0.3325.162 Safari/537.36"
107.151.247.185 - - [21/Dec/2025:12:13:25 -0500] "GET /wp-login.php HTTP/1.0" 200 1880 "-" "Mozilla/5.0 (Windows NT 10.0; Win64; x64) AppleWebKit/537.36 (KHTML, like Gecko) Chrome/130.0.0.0 Safari/537.36"
107.151.247.185 - - [21/Dec/2025:12:13:31 -0500] "POST /wp-login.php HTTP/1.0" 200 2001 "https://grandbassaparking.com/wp-login.php" "Mozilla/5.0 (Windows NT 10.0; Win64; x64) AppleWebKit/537.36 (KHTML, like Gecko) Chrome/130.0.0.0 Safari/537.36"
173.231.242.79 - - [21/Dec/2025:12:14:58 -0500] "POST /wp-cron.php?doing_wp_cron=1766337298.8205790519714355468750 HTTP/1.0" 200 - "-" "WordPress/6.9; https://www.grandbassaparking.com"
157.66.46.84 - - [21/Dec/2025:12:14:57 -0500] "GET /wp-login.php HTTP/1.0" 200 1880 "-" "Mozilla/5.0 (Windows NT 10.0; Win64; x64) AppleWebKit/537.36 (KHTML, like Gecko) Chrome/130.0.0.0 Safari/537.36"
157.66.46.84 - - [21/Dec/2025:12:15:00 -0500] "POST /wp-login.php HTTP/1.0" 200 2001 "https://grandbassaparking.com/wp-login.php" "Mozilla/5.0 (Windows NT 10.0; Win64; x64) AppleWebKit/537.36 (KHTML, like Gecko) Chrome/130.0.0.0 Safari/537.36"
157.66.46.84 - - [21/Dec/2025:12:15:18 -0500] "GET /wp-login.php HTTP/1.0" 200 1880 "-" "Mozilla/5.0 (Windows NT 10.0; Win64; x64) AppleWebKit/537.36 (KHTML, like Gecko) Chrome/130.0.0.0 Safari/537.36"
157.66.46.84 - - [21/Dec/2025:12:15:21 -0500] "POST /wp-login.php HTTP/1.0" 200 2001 "https://grandbassaparking.com/wp-login.php" "Mozilla/5.0 (Windows NT 10.0; Win64; x64) AppleWebKit/537.36 (KHTML, like Gecko) Chrome/130.0.0.0 Safari/537.36"
173.231.242.79 - - [21/Dec/2025:12:17:25 -0500] "POST /wp-cron.php?doing_wp_cron=1766337445.6543910503387451171875 HTTP/1.0" 200 - "-" "WordPress/6.9; https://www.grandbassaparking.com"
103.212.121.158 - - [21/Dec/2025:12:17:24 -0500] "POST /xmlrpc.php HTTP/1.0" 200 403 "-" "Mozilla/5.0 (Macintosh; Intel Mac OS X 10_10_5) AppleWebKit/602.1.50 (KHTML, like Gecko) Version/10.0 Safari/602.1.50"
103.212.121.158 - - [21/Dec/2025:12:17:27 -0500] "POST /xmlrpc.php HTTP/1.0" 200 403 "-" "Mozilla/5.0 (Macintosh; Intel Mac OS X 10_10_5) AppleWebKit/602.1.50 (KHTML, like Gecko) Version/10.0 Safari/602.1.50"
103.212.121.158 - - [21/Dec/2025:12:17:29 -0500] "POST /xmlrpc.php HTTP/1.0" 406 300 "-" "Mozilla/5.0 (Macintosh; Intel Mac OS X 10_10_5) AppleWebKit/602.1.50 (KHTML, like Gecko) Version/10.0 Safari/602.1.50"
162.241.203.202 - - [21/Dec/2025:12:17:30 -0500] "POST /xmlrpc.php HTTP/1.0" 200 403 "-" "Mozilla/5.0 (Windows NT 6.3; WOW64; Trident/7.0; Touch; MASAJS; rv:11.0) like Gecko"
173.231.242.79 - - [21/Dec/2025:12:17:33 -0500] "POST /wp-cron.php?doing_wp_cron=1766337453.5329070091247558593750 HTTP/1.0" 200 - "-" "WordPress/6.9; https://www.grandbassaparking.com"
162.241.203.202 - - [21/Dec/2025:12:17:32 -0500] "POST /xmlrpc.php HTTP/1.0" 200 403 "-" "Mozilla/5.0 (Windows NT 6.3; WOW64; Trident/7.0; Touch; MASAJS; rv:11.0) like Gecko"
162.241.203.202 - - [21/Dec/2025:12:17:33 -0500] "POST /xmlrpc.php HTTP/1.0" 200 403 "-" "Mozilla/5.0 (Windows NT 6.3; WOW64; Trident/7.0; Touch; MASAJS; rv:11.0) like Gecko"
162.241.203.107 - - [21/Dec/2025:12:17:38 -0500] "POST /xmlrpc.php HTTP/1.0" 406 300 "-" "Mozilla/5.0 (X11; Linux x86_64) AppleWebKit/537.36 (KHTML, like Gecko) Chrome/65.0.3325.162 Safari/537.36"
173.231.242.79 - - [21/Dec/2025:12:17:40 -0500] "POST /wp-cron.php?doing_wp_cron=1766337460.0463759899139404296875 HTTP/1.0" 200 - "-" "WordPress/6.9; https://www.grandbassaparking.com"
162.241.203.107 - - [21/Dec/2025:12:17:39 -0500] "POST /xmlrpc.php HTTP/1.0" 200 403 "-" "Mozilla/5.0 (X11; Linux x86_64) AppleWebKit/537.36 (KHTML, like Gecko) Chrome/65.0.3325.162 Safari/537.36"
162.241.203.107 - - [21/Dec/2025:12:17:40 -0500] "POST /xmlrpc.php HTTP/1.0" 200 403 "-" "Mozilla/5.0 (X11; Linux x86_64) AppleWebKit/537.36 (KHTML, like Gecko) Chrome/65.0.3325.162 Safari/537.36"
173.231.242.79 - - [21/Dec/2025:12:18:01 -0500] "POST /wp-cron.php?doing_wp_cron=1766337481.0853219032287597656250 HTTP/1.0" 200 - "-" "WordPress/6.9; https://www.grandbassaparking.com"
51.38.48.220 - - [21/Dec/2025:12:17:59 -0500] "POST /xmlrpc.php HTTP/1.0" 200 403 "-" "Mozilla/4.0 (compatible; MSIE 7.0; Windows NT 6.2; WOW64; Trident/7.0; .NET4.0C; .NET4.0E; .NET CLR 2.0.50727; .NET CLR 3.0.30729; .NET CLR 3.5.30729; InfoPath.2)"
51.38.48.220 - - [21/Dec/2025:12:18:02 -0500] "POST /xmlrpc.php HTTP/1.0" 406 300 "-" "Mozilla/4.0 (compatible; MSIE 7.0; Windows NT 6.2; WOW64; Trident/7.0; .NET4.0C; .NET4.0E; .NET CLR 2.0.50727; .NET CLR 3.0.30729; .NET CLR 3.5.30729; InfoPath.2)"
51.38.48.220 - - [21/Dec/2025:12:18:04 -0500] "POST /xmlrpc.php HTTP/1.0" 200 403 "-" "Mozilla/4.0 (compatible; MSIE 7.0; Windows NT 6.2; WOW64; Trident/7.0; .NET4.0C; .NET4.0E; .NET CLR 2.0.50727; .NET CLR 3.0.30729; .NET CLR 3.5.30729; InfoPath.2)"
103.72.98.80 - - [21/Dec/2025:12:18:10 -0500] "POST /xmlrpc.php HTTP/1.0" 200 403 "-" "Mozilla/5.0 (Windows NT 6.2; ARM; Trident/7.0; Touch; rv:11.0; WPDesktop; NOKIA; Lumia 530) like Gecko"
85.95.241.18 - - [21/Dec/2025:12:18:11 -0500] "POST /xmlrpc.php HTTP/1.0" 200 403 "-" "Mozilla/5.0 (compatible; MSIE 9.0; Windows NT 6.1; Trident/7.0)"
85.95.241.18 - - [21/Dec/2025:12:18:13 -0500] "POST /xmlrpc.php HTTP/1.0" 200 403 "-" "Mozilla/5.0 (compatible; MSIE 9.0; Windows NT 6.1; Trident/7.0)"
85.95.241.18 - - [21/Dec/2025:12:18:15 -0500] "POST /xmlrpc.php HTTP/1.0" 406 300 "-" "Mozilla/5.0 (compatible; MSIE 9.0; Windows NT 6.1; Trident/7.0)"
103.72.98.80 - - [21/Dec/2025:12:18:13 -0500] "POST /xmlrpc.php HTTP/1.0" 200 403 "-" "Mozilla/5.0 (Windows NT 6.2; ARM; Trident/7.0; Touch; rv:11.0; WPDesktop; NOKIA; Lumia 530) like Gecko"
103.72.98.80 - - [21/Dec/2025:12:18:18 -0500] "POST /xmlrpc.php HTTP/1.0" 406 300 "-" "Mozilla/5.0 (Windows NT 6.2; ARM; Trident/7.0; Touch; rv:11.0; WPDesktop; NOKIA; Lumia 530) like Gecko"
219.94.155.226 - - [21/Dec/2025:12:18:18 -0500] "POST /xmlrpc.php HTTP/1.0" 200 403 "-" "Mozilla/4.0 (compatible; MSIE 7.0; Windows NT 10.0; WOW64; Trident/7.0; Touch; .NET4.0C; .NET4.0E; .NET CLR 2.0.50727; .NET CLR 3.0.30729; .NET CLR 3.5.30729; Tablet PC 2.0)"
219.94.155.226 - - [21/Dec/2025:12:18:20 -0500] "POST /xmlrpc.php HTTP/1.0" 200 403 "-" "Mozilla/4.0 (compatible; MSIE 7.0; Windows NT 10.0; WOW64; Trident/7.0; Touch; .NET4.0C; .NET4.0E; .NET CLR 2.0.50727; .NET CLR 3.0.30729; .NET CLR 3.5.30729; Tablet PC 2.0)"
219.94.155.226 - - [21/Dec/2025:12:18:22 -0500] "POST /xmlrpc.php HTTP/1.0" 200 403 "-" "Mozilla/4.0 (compatible; MSIE 7.0; Windows NT 10.0; WOW64; Trident/7.0; Touch; .NET4.0C; .NET4.0E; .NET CLR 2.0.50727; .NET CLR 3.0.30729; .NET CLR 3.5.30729; Tablet PC 2.0)"
45.117.169.203 - - [21/Dec/2025:12:18:33 -0500] "POST /xmlrpc.php HTTP/1.0" 406 300 "-" "Mozilla/5.0 (Windows NT 6.3; WOW64; Trident/7.0; Touch; ASU2JS; rv:11.0) like Gecko"
173.231.242.79 - - [21/Dec/2025:12:18:35 -0500] "POST /wp-cron.php?doing_wp_cron=1766337515.6007308959960937500000 HTTP/1.0" 200 - "-" "WordPress/6.9; https://www.grandbassaparking.com"
103.174.10.147 - - [21/Dec/2025:12:18:34 -0500] "GET /wp-login.php HTTP/1.0" 200 1880 "-" "Mozilla/5.0 (Windows NT 6.1; WOW64; Trident/7.0; NP08; NP08; MAAU; rv:11.0) like Gecko"
45.117.169.203 - - [21/Dec/2025:12:18:35 -0500] "POST /xmlrpc.php HTTP/1.0" 200 403 "-" "Mozilla/5.0 (Windows NT 6.3; WOW64; Trident/7.0; Touch; ASU2JS; rv:11.0) like Gecko"
45.117.169.203 - - [21/Dec/2025:12:18:37 -0500] "POST /xmlrpc.php HTTP/1.0" 200 403 "-" "Mozilla/5.0 (Windows NT 6.3; WOW64; Trident/7.0; Touch; ASU2JS; rv:11.0) like Gecko"
103.174.10.147 - - [21/Dec/2025:12:18:39 -0500] "POST /wp-login.php HTTP/1.0" 200 2011 "https://grandbassaparking.com/wp-login.php" "Mozilla/5.0 (Windows NT 6.1; WOW64; Trident/7.0; NP08; NP08; MAAU; rv:11.0) like Gecko"
47.236.10.255 - - [21/Dec/2025:12:18:41 -0500] "POST /xmlrpc.php HTTP/1.0" 200 403 "-" "Mozilla/4.0 (compatible; MSIE 7.0; Windows NT 6.1; WOW64; Trident/7.0; SLCC2; .NET CLR 2.0.50727; .NET CLR 3.5.30729; .NET CLR 3.0.30729; Media Center PC 6.0; .NET4.0C)"
20.246.140.155 - - [21/Dec/2025:12:18:44 -0500] "POST /xmlrpc.php HTTP/1.0" 406 300 "-" "Mozilla/5.0 (Windows NT 6.1) AppleWebKit/537.36 (KHTML, like Gecko) Chrome/63.0.3239.132 Safari/537.36 OPR/50.0.2762.67"
20.246.140.155 - - [21/Dec/2025:12:18:45 -0500] "POST /xmlrpc.php HTTP/1.0" 200 403 "-" "Mozilla/5.0 (Windows NT 6.1) AppleWebKit/537.36 (KHTML, like Gecko) Chrome/63.0.3239.132 Safari/537.36 OPR/50.0.2762.67"
47.236.10.255 - - [21/Dec/2025:12:18:45 -0500] "POST /xmlrpc.php HTTP/1.0" 200 403 "-" "Mozilla/4.0 (compatible; MSIE 7.0; Windows NT 6.1; WOW64; Trident/7.0; SLCC2; .NET CLR 2.0.50727; .NET CLR 3.5.30729; .NET CLR 3.0.30729; Media Center PC 6.0; .NET4.0C)"
20.246.140.155 - - [21/Dec/2025:12:18:46 -0500] "POST /xmlrpc.php HTTP/1.0" 200 403 "-" "Mozilla/5.0 (Windows NT 6.1) AppleWebKit/537.36 (KHTML, like Gecko) Chrome/63.0.3239.132 Safari/537.36 OPR/50.0.2762.67"
47.236.10.255 - - [21/Dec/2025:12:18:48 -0500] "POST /xmlrpc.php HTTP/1.0" 200 403 "-" "Mozilla/4.0 (compatible; MSIE 7.0; Windows NT 6.1; WOW64; Trident/7.0; SLCC2; .NET CLR 2.0.50727; .NET CLR 3.5.30729; .NET CLR 3.0.30729; Media Center PC 6.0; .NET4.0C)"
107.151.247.185 - - [21/Dec/2025:12:19:05 -0500] "GET /wp-login.php HTTP/1.0" 200 1880 "-" "Mozilla/5.0 (Windows NT 10.0; Win64; x64) AppleWebKit/537.36 (KHTML, like Gecko) Chrome/130.0.0.0 Safari/537.36"
107.151.247.185 - - [21/Dec/2025:12:19:13 -0500] "POST /wp-login.php HTTP/1.0" 200 2001 "https://grandbassaparking.com/wp-login.php" "Mozilla/5.0 (Windows NT 10.0; Win64; x64) AppleWebKit/537.36 (KHTML, like Gecko) Chrome/130.0.0.0 Safari/537.36"
51.222.155.190 - - [21/Dec/2025:12:19:19 -0500] "POST /xmlrpc.php HTTP/1.0" 406 300 "-" "Mozilla/4.0 (compatible; MSIE 7.0; Windows NT 6.1; Trident/7.0; SLCC2; Media Center PC 6.0; .NET CLR 3.5.30729; .NET CLR 3.0.30729; .NET CLR 2.0.50727; .NET4.0C; .NET4.0E)"
51.222.155.190 - - [21/Dec/2025:12:19:20 -0500] "POST /xmlrpc.php HTTP/1.0" 200 403 "-" "Mozilla/4.0 (compatible; MSIE 7.0; Windows NT 6.1; Trident/7.0; SLCC2; Media Center PC 6.0; .NET CLR 3.5.30729; .NET CLR 3.0.30729; .NET CLR 2.0.50727; .NET4.0C; .NET4.0E)"
51.222.155.190 - - [21/Dec/2025:12:19:21 -0500] "POST /xmlrpc.php HTTP/1.0" 200 403 "-" "Mozilla/4.0 (compatible; MSIE 7.0; Windows NT 6.1; Trident/7.0; SLCC2; Media Center PC 6.0; .NET CLR 3.5.30729; .NET CLR 3.0.30729; .NET CLR 2.0.50727; .NET4.0C; .NET4.0E)"
66.175.56.95 - - [21/Dec/2025:12:24:00 -0500] "GET /wp-login.php HTTP/1.0" 302 219 "-" "Mozilla/5.0 (Windows NT 10.0; Win64; x64) AppleWebKit/537.36 (KHTML, like Gecko) Chrome/130.0.0.0 Safari/537.36"
66.175.56.95 - - [21/Dec/2025:12:24:04 -0500] "GET /mod-security-error/rule-13051.html HTTP/1.0" 200 963 "https://grandbassaparking.com/wp-login.php" "Mozilla/5.0 (Windows NT 10.0; Win64; x64) AppleWebKit/537.36 (KHTML, like Gecko) Chrome/130.0.0.0 Safari/537.36"
159.65.87.245 - - [21/Dec/2025:12:30:47 -0500] "GET /wp-login.php HTTP/1.0" 302 219 "-" "Mozilla/5.0 (Windows NT 10.0; Win64; x64) AppleWebKit/537.36 (KHTML, like Gecko) Chrome/130.0.0.0 Safari/537.36"
173.231.242.79 - - [21/Dec/2025:12:31:38 -0500] "POST /wp-cron.php?doing_wp_cron=1766338298.3427131175994873046875 HTTP/1.0" 200 - "-" "WordPress/6.9; https://www.grandbassaparking.com"
85.208.96.205 - - [21/Dec/2025:12:31:34 -0500] "GET /robots.txt HTTP/1.0" 200 125 "-" "Mozilla/5.0 (compatible; SemrushBot/7~bl; +http://www.semrush.com/bot.html)"
85.208.96.209 - - [21/Dec/2025:12:31:38 -0500] "GET /our-team/ HTTP/1.0" 200 33026 "-" "Mozilla/5.0 (compatible; SemrushBot/7~bl; +http://www.semrush.com/bot.html)"
173.231.242.79 - - [21/Dec/2025:12:40:58 -0500] "POST /wp-cron.php?doing_wp_cron=1766338858.3805549144744873046875 HTTP/1.0" 200 - "-" "WordPress/6.9; https://www.grandbassaparking.com"
66.175.56.92 - - [21/Dec/2025:12:40:56 -0500] "GET /wp-login.php HTTP/1.0" 200 1880 "-" "Mozilla/5.0 (Windows NT 10.0; Win64; x64) AppleWebKit/537.36 (KHTML, like Gecko) Chrome/130.0.0.0 Safari/537.36"
66.175.56.92 - - [21/Dec/2025:12:40:59 -0500] "POST /wp-login.php HTTP/1.0" 200 2001 "https://grandbassaparking.com/wp-login.php" "Mozilla/5.0 (Windows NT 10.0; Win64; x64) AppleWebKit/537.36 (KHTML, like Gecko) Chrome/130.0.0.0 Safari/537.36"
192.250.229.40 - - [21/Dec/2025:12:41:00 -0500] "GET /wp-login.php HTTP/1.0" 200 1880 "-" "Mozilla/4.0 (compatible; MSIE 7.0; Windows NT 10.0; WOW64; Trident/7.0; .NET4.0C; .NET4.0E)"
192.250.229.40 - - [21/Dec/2025:12:41:01 -0500] "POST /wp-login.php HTTP/1.0" 200 2011 "https://grandbassaparking.com/wp-login.php" "Mozilla/4.0 (compatible; MSIE 7.0; Windows NT 10.0; WOW64; Trident/7.0; .NET4.0C; .NET4.0E)"
173.231.242.79 - - [21/Dec/2025:12:56:56 -0500] "POST /wp-cron.php?doing_wp_cron=1766339816.6271550655364990234375 HTTP/1.0" 200 - "-" "WordPress/6.9; https://www.grandbassaparking.com"
213.157.205.208 - - [21/Dec/2025:12:56:54 -0500] "GET /wp-login.php HTTP/1.0" 200 1880 "-" "Mozilla/5.0 (Windows NT 10.0; Win64; x64) AppleWebKit/537.36 (KHTML, like Gecko) Chrome/130.0.0.0 Safari/537.36"
213.157.205.208 - - [21/Dec/2025:12:56:57 -0500] "POST /wp-login.php HTTP/1.0" 200 2001 "https://grandbassaparking.com/wp-login.php" "Mozilla/5.0 (Windows NT 10.0; Win64; x64) AppleWebKit/537.36 (KHTML, like Gecko) Chrome/130.0.0.0 Safari/537.36"
173.231.242.79 - - [21/Dec/2025:12:58:32 -0500] "POST /wp-cron.php?doing_wp_cron=1766339912.1980209350585937500000 HTTP/1.0" 200 - "-" "WordPress/6.9; https://www.grandbassaparking.com"
171.244.17.74 - - [21/Dec/2025:12:58:30 -0500] "GET /wp-login.php HTTP/1.0" 200 1880 "-" "Mozilla/5.0 (Windows NT 10.0; Win64; x64) AppleWebKit/537.36 (KHTML, like Gecko) Chrome/130.0.0.0 Safari/537.36"
171.244.17.74 - - [21/Dec/2025:12:58:40 -0500] "POST /wp-login.php HTTP/1.0" 200 2001 "https://grandbassaparking.com/wp-login.php" "Mozilla/5.0 (Windows NT 10.0; Win64; x64) AppleWebKit/537.36 (KHTML, like Gecko) Chrome/130.0.0.0 Safari/537.36"
173.231.242.79 - - [21/Dec/2025:13:06:07 -0500] "POST /wp-cron.php?doing_wp_cron=1766340367.5763978958129882812500 HTTP/1.0" 200 - "-" "WordPress/6.9; https://www.grandbassaparking.com"
157.66.46.84 - - [21/Dec/2025:13:06:06 -0500] "GET /wp-login.php HTTP/1.0" 200 1880 "-" "Mozilla/5.0 (Windows NT 10.0; Win64; x64) AppleWebKit/537.36 (KHTML, like Gecko) Chrome/130.0.0.0 Safari/537.36"
157.66.46.84 - - [21/Dec/2025:13:06:08 -0500] "POST /wp-login.php HTTP/1.0" 200 2001 "https://grandbassaparking.com/wp-login.php" "Mozilla/5.0 (Windows NT 10.0; Win64; x64) AppleWebKit/537.36 (KHTML, like Gecko) Chrome/130.0.0.0 Safari/537.36"
173.231.242.79 - - [21/Dec/2025:13:07:07 -0500] "POST /wp-cron.php?doing_wp_cron=1766340427.6804559230804443359375 HTTP/1.0" 200 - "-" "WordPress/6.9; https://www.grandbassaparking.com"
103.82.92.35 - - [21/Dec/2025:13:07:05 -0500] "GET /wp-login.php HTTP/1.0" 200 1880 "-" "Mozilla/5.0 (Windows NT 6.1; WOW64; Trident/7.0; yie11; rv:11.0) like Gecko"
103.82.92.35 - - [21/Dec/2025:13:07:12 -0500] "POST /wp-login.php HTTP/1.0" 200 2009 "https://grandbassaparking.com/wp-login.php" "Mozilla/5.0 (Windows NT 6.1; WOW64; Trident/7.0; yie11; rv:11.0) like Gecko"
173.231.242.79 - - [21/Dec/2025:13:10:54 -0500] "POST /wp-cron.php?doing_wp_cron=1766340654.1489698886871337890625 HTTP/1.0" 200 - "-" "WordPress/6.9; https://www.grandbassaparking.com"
66.175.44.22 - - [21/Dec/2025:13:10:52 -0500] "GET /wp-login.php HTTP/1.0" 200 1880 "-" "Mozilla/5.0 (Windows NT 10.0; Win64; x64) AppleWebKit/537.36 (KHTML, like Gecko) Chrome/130.0.0.0 Safari/537.36"
66.175.44.22 - - [21/Dec/2025:13:10:54 -0500] "POST /wp-login.php HTTP/1.0" 200 2001 "https://grandbassaparking.com/wp-login.php" "Mozilla/5.0 (Windows NT 10.0; Win64; x64) AppleWebKit/537.36 (KHTML, like Gecko) Chrome/130.0.0.0 Safari/537.36"
173.231.242.79 - - [21/Dec/2025:13:11:49 -0500] "POST /wp-cron.php?doing_wp_cron=1766340709.7179770469665527343750 HTTP/1.0" 200 - "-" "WordPress/6.9; https://www.grandbassaparking.com"
103.117.180.206 - - [21/Dec/2025:13:11:47 -0500] "GET /wp-login.php HTTP/1.0" 200 1880 "-" "Mozilla/5.0 (Windows NT 10.0; Win64; x64) AppleWebKit/537.36 (KHTML, like Gecko) Chrome/130.0.0.0 Safari/537.36"
103.117.180.206 - - [21/Dec/2025:13:12:07 -0500] "POST /wp-login.php HTTP/1.0" 200 2001 "https://grandbassaparking.com/wp-login.php" "Mozilla/5.0 (Windows NT 10.0; Win64; x64) AppleWebKit/537.36 (KHTML, like Gecko) Chrome/130.0.0.0 Safari/537.36"
173.231.242.79 - - [21/Dec/2025:13:12:59 -0500] "POST /wp-cron.php?doing_wp_cron=1766340779.7464790344238281250000 HTTP/1.0" 200 - "-" "WordPress/6.9; https://www.grandbassaparking.com"
173.231.203.64 - - [21/Dec/2025:13:12:57 -0500] "GET /wp-login.php HTTP/1.0" 200 1880 "-" "Mozilla/5.0 (Windows NT 10.0; Win64; x64) AppleWebKit/537.36 (KHTML, like Gecko) Chrome/130.0.0.0 Safari/537.36"
173.231.203.64 - - [21/Dec/2025:13:13:00 -0500] "POST /wp-login.php HTTP/1.0" 200 2001 "https://grandbassaparking.com/wp-login.php" "Mozilla/5.0 (Windows NT 10.0; Win64; x64) AppleWebKit/537.36 (KHTML, like Gecko) Chrome/130.0.0.0 Safari/537.36"
173.231.242.79 - - [21/Dec/2025:13:13:40 -0500] "POST /wp-cron.php?doing_wp_cron=1766340820.5836999416351318359375 HTTP/1.0" 200 - "-" "WordPress/6.9; https://www.grandbassaparking.com"
160.191.139.193 - - [21/Dec/2025:13:13:38 -0500] "GET /wp-login.php HTTP/1.0" 200 1880 "-" "Mozilla/5.0 (Windows NT 10.0; Win64; x64) AppleWebKit/537.36 (KHTML, like Gecko) Chrome/130.0.0.0 Safari/537.36"
160.191.139.193 - - [21/Dec/2025:13:13:41 -0500] "POST /wp-login.php HTTP/1.0" 200 2001 "https://grandbassaparking.com/wp-login.php" "Mozilla/5.0 (Windows NT 10.0; Win64; x64) AppleWebKit/537.36 (KHTML, like Gecko) Chrome/130.0.0.0 Safari/537.36"
173.231.242.79 - - [21/Dec/2025:13:17:43 -0500] "POST /wp-cron.php?doing_wp_cron=1766341063.7301030158996582031250 HTTP/1.0" 200 - "-" "WordPress/6.9; https://www.grandbassaparking.com"
43.153.47.201 - - [21/Dec/2025:13:17:41 -0500] "GET / HTTP/1.0" 301 - "-" "Mozilla/5.0 (iPhone; CPU iPhone OS 13_2_3 like Mac OS X) AppleWebKit/605.1.15 (KHTML, like Gecko) Version/13.0.3 Mobile/15E148 Safari/604.1"
43.153.47.201 - - [21/Dec/2025:13:17:44 -0500] "GET / HTTP/1.0" 200 37553 "http://www.grandbassaparking.com" "Mozilla/5.0 (iPhone; CPU iPhone OS 13_2_3 like Mac OS X) AppleWebKit/605.1.15 (KHTML, like Gecko) Version/13.0.3 Mobile/15E148 Safari/604.1"
173.231.242.79 - - [21/Dec/2025:13:24:02 -0500] "POST /wp-cron.php?doing_wp_cron=1766341442.2078518867492675781250 HTTP/1.0" 200 - "-" "WordPress/6.9; https://www.grandbassaparking.com"
66.175.44.39 - - [21/Dec/2025:13:23:59 -0500] "GET /wp-login.php HTTP/1.0" 200 1880 "-" "Mozilla/5.0 (Windows NT 10.0; Win64; x64) AppleWebKit/537.36 (KHTML, like Gecko) Chrome/130.0.0.0 Safari/537.36"
66.175.44.39 - - [21/Dec/2025:13:24:03 -0500] "POST /wp-login.php HTTP/1.0" 200 2001 "https://grandbassaparking.com/wp-login.php" "Mozilla/5.0 (Windows NT 10.0; Win64; x64) AppleWebKit/537.36 (KHTML, like Gecko) Chrome/130.0.0.0 Safari/537.36"
173.231.242.79 - - [21/Dec/2025:13:29:24 -0500] "POST /wp-cron.php?doing_wp_cron=1766341764.4381821155548095703125 HTTP/1.0" 200 - "-" "WordPress/6.9; https://www.grandbassaparking.com"
66.175.44.37 - - [21/Dec/2025:13:29:22 -0500] "GET /wp-login.php HTTP/1.0" 200 1880 "-" "Mozilla/5.0 (Windows NT 10.0; Win64; x64) AppleWebKit/537.36 (KHTML, like Gecko) Chrome/130.0.0.0 Safari/537.36"
66.175.44.37 - - [21/Dec/2025:13:29:24 -0500] "POST /wp-login.php HTTP/1.0" 200 2001 "https://grandbassaparking.com/wp-login.php" "Mozilla/5.0 (Windows NT 10.0; Win64; x64) AppleWebKit/537.36 (KHTML, like Gecko) Chrome/130.0.0.0 Safari/537.36"
173.231.242.79 - - [21/Dec/2025:13:33:30 -0500] "POST /wp-cron.php?doing_wp_cron=1766342010.7505578994750976562500 HTTP/1.0" 200 - "-" "WordPress/6.9; https://www.grandbassaparking.com"
198.49.66.130 - - [21/Dec/2025:13:33:28 -0500] "GET /wp-login.php HTTP/1.0" 200 1880 "-" "Mozilla/5.0 (Windows NT 10.0; Win64; x64) AppleWebKit/537.36 (KHTML, like Gecko) Chrome/130.0.0.0 Safari/537.36"
198.49.66.130 - - [21/Dec/2025:13:33:31 -0500] "POST /wp-login.php HTTP/1.0" 200 2001 "https://grandbassaparking.com/wp-login.php" "Mozilla/5.0 (Windows NT 10.0; Win64; x64) AppleWebKit/537.36 (KHTML, like Gecko) Chrome/130.0.0.0 Safari/537.36"
173.231.242.79 - - [21/Dec/2025:13:35:44 -0500] "POST /wp-cron.php?doing_wp_cron=1766342144.1865520477294921875000 HTTP/1.0" 200 - "-" "WordPress/6.9; https://www.grandbassaparking.com"
35.195.201.3 - - [21/Dec/2025:13:35:42 -0500] "GET /wp-login.php HTTP/1.0" 200 1880 "-" "Mozilla/5.0 (Windows NT 10.0; Win64; x64) AppleWebKit/537.36 (KHTML, like Gecko) Chrome/130.0.0.0 Safari/537.36"
35.195.201.3 - - [21/Dec/2025:13:35:45 -0500] "POST /wp-login.php HTTP/1.0" 200 2001 "https://grandbassaparking.com/wp-login.php" "Mozilla/5.0 (Windows NT 10.0; Win64; x64) AppleWebKit/537.36 (KHTML, like Gecko) Chrome/130.0.0.0 Safari/537.36"
173.231.242.79 - - [21/Dec/2025:13:39:44 -0500] "POST /wp-cron.php?doing_wp_cron=1766342384.7481610774993896484375 HTTP/1.0" 200 - "-" "WordPress/6.9; https://www.grandbassaparking.com"
162.142.125.116 - - [21/Dec/2025:13:39:43 -0500] "GET / HTTP/1.0" 301 - "-" "Mozilla/5.0 (compatible; CensysInspect/1.1; +https://about.censys.io/)"
160.250.186.135 - - [21/Dec/2025:13:39:49 -0500] "GET /wp-login.php HTTP/1.0" 200 1880 "-" "Mozilla/5.0 (Windows NT 10.0; Win64; x64) AppleWebKit/537.36 (KHTML, like Gecko) Chrome/130.0.0.0 Safari/537.36"
162.142.125.116 - - [21/Dec/2025:13:39:50 -0500] "GET /favicon.ico HTTP/1.0" 302 - "-" "Mozilla/5.0 (compatible; CensysInspect/1.1; +https://about.censys.io/)"
162.142.125.116 - - [21/Dec/2025:13:39:51 -0500] "GET /wp-includes/images/w-logo-blue-white-bg.png HTTP/1.0" 200 4119 "https://www.grandbassaparking.com/favicon.ico" "Mozilla/5.0 (compatible; CensysInspect/1.1; +https://about.censys.io/)"
160.250.186.135 - - [21/Dec/2025:13:39:52 -0500] "POST /wp-login.php HTTP/1.0" 200 2001 "https://grandbassaparking.com/wp-login.php" "Mozilla/5.0 (Windows NT 10.0; Win64; x64) AppleWebKit/537.36 (KHTML, like Gecko) Chrome/130.0.0.0 Safari/537.36"
162.142.125.116 - - [21/Dec/2025:13:40:12 -0500] "GET / HTTP/1.0" 301 - "-" "Mozilla/5.0 (compatible; CensysInspect/1.1; +https://about.censys.io/)"
173.231.242.79 - - [21/Dec/2025:13:41:49 -0500] "POST /wp-cron.php?doing_wp_cron=1766342509.4970591068267822265625 HTTP/1.0" 200 - "-" "WordPress/6.9; https://www.grandbassaparking.com"
192.250.229.40 - - [21/Dec/2025:13:41:47 -0500] "GET /wp-login.php HTTP/1.0" 200 1880 "-" "Mozilla/5.0 (Windows NT 10.0; Win64; x64) AppleWebKit/537.36 (KHTML, like Gecko) Chrome/130.0.0.0 Safari/537.36"
192.250.229.40 - - [21/Dec/2025:13:41:49 -0500] "POST /wp-login.php HTTP/1.0" 200 2001 "https://grandbassaparking.com/wp-login.php" "Mozilla/5.0 (Windows NT 10.0; Win64; x64) AppleWebKit/537.36 (KHTML, like Gecko) Chrome/130.0.0.0 Safari/537.36"
85.208.96.202 - - [21/Dec/2025:13:41:59 -0500] "GET /robots.txt HTTP/1.0" 200 125 "-" "Mozilla/5.0 (compatible; SemrushBot/7~bl; +http://www.semrush.com/bot.html)"
85.208.96.212 - - [21/Dec/2025:13:42:00 -0500] "GET /contact-us/ HTTP/1.0" 200 30134 "-" "Mozilla/5.0 (compatible; SemrushBot/7~bl; +http://www.semrush.com/bot.html)"
173.231.242.79 - - [21/Dec/2025:13:47:40 -0500] "POST /wp-cron.php?doing_wp_cron=1766342860.3513700962066650390625 HTTP/1.0" 200 - "-" "WordPress/6.9; https://www.grandbassaparking.com"
107.151.247.185 - - [21/Dec/2025:13:47:38 -0500] "GET /wp-login.php HTTP/1.0" 200 1880 "-" "Mozilla/5.0 (Windows NT 10.0; Win64; x64) AppleWebKit/537.36 (KHTML, like Gecko) Chrome/130.0.0.0 Safari/537.36"
107.151.247.185 - - [21/Dec/2025:13:47:53 -0500] "POST /wp-login.php HTTP/1.0" 200 2001 "https://grandbassaparking.com/wp-login.php" "Mozilla/5.0 (Windows NT 10.0; Win64; x64) AppleWebKit/537.36 (KHTML, like Gecko) Chrome/130.0.0.0 Safari/537.36"
36.41.75.167 - - [21/Dec/2025:13:48:16 -0500] "GET / HTTP/1.0" 301 - "-" "Mozilla/5.0 (iPhone; CPU iPhone OS 13_2_3 like Mac OS X) AppleWebKit/605.1.15 (KHTML, like Gecko) Version/13.0.3 Mobile/15E148 Safari/604.1"
173.231.242.79 - - [21/Dec/2025:13:50:56 -0500] "POST /wp-cron.php?doing_wp_cron=1766343056.3948431015014648437500 HTTP/1.0" 200 - "-" "WordPress/6.9; https://www.grandbassaparking.com"
161.248.201.51 - - [21/Dec/2025:13:50:54 -0500] "GET /wp-login.php HTTP/1.0" 200 1880 "-" "Mozilla/5.0 (Windows NT 10.0; Win64; x64) AppleWebKit/537.36 (KHTML, like Gecko) Chrome/130.0.0.0 Safari/537.36"
161.248.201.51 - - [21/Dec/2025:13:50:57 -0500] "POST /wp-login.php HTTP/1.0" 200 2001 "https://grandbassaparking.com/wp-login.php" "Mozilla/5.0 (Windows NT 10.0; Win64; x64) AppleWebKit/537.36 (KHTML, like Gecko) Chrome/130.0.0.0 Safari/537.36"
43.134.186.61 - - [21/Dec/2025:13:51:04 -0500] "GET / HTTP/1.0" 301 - "-" "Mozilla/5.0 (iPhone; CPU iPhone OS 13_2_3 like Mac OS X) AppleWebKit/605.1.15 (KHTML, like Gecko) Version/13.0.3 Mobile/15E148 Safari/604.1"
178.128.234.105 - - [21/Dec/2025:13:54:51 -0500] "GET /ant.php HTTP/1.0" 200 10974 "-" "Mozilla/5.0 (Windows NT 10.0; Win64; x64; rv:147.0) Gecko/20100101 Firefox/147.0"
173.231.242.79 - - [21/Dec/2025:13:54:55 -0500] "POST /wp-cron.php?doing_wp_cron=1766343295.9505701065063476562500 HTTP/1.0" 200 - "-" "WordPress/6.9; https://www.grandbassaparking.com"
165.22.228.16 - - [21/Dec/2025:13:54:51 -0500] "GET / HTTP/1.0" 301 - "-" "Mozilla/5.0 (Windows NT 10.0; Win64; x64; rv:147.0) Gecko/20100101 Firefox/147.0"
165.22.228.16 - - [21/Dec/2025:13:54:53 -0500] "GET /favicon.ico HTTP/1.0" 302 - "https://grandbassaparking.com/ant.php" "Mozilla/5.0 (Windows NT 10.0; Win64; x64; rv:147.0) Gecko/20100101 Firefox/147.0"
165.22.228.16 - - [21/Dec/2025:13:54:57 -0500] "GET / HTTP/1.0" 200 37553 "-" "Mozilla/5.0 (Windows NT 10.0; Win64; x64; rv:147.0) Gecko/20100101 Firefox/147.0"
173.231.242.79 - - [21/Dec/2025:13:56:30 -0500] "POST /wp-cron.php?doing_wp_cron=1766343390.2107489109039306640625 HTTP/1.0" 200 - "-" "WordPress/6.9; https://www.grandbassaparking.com"
199.45.154.116 - - [21/Dec/2025:13:56:28 -0500] "GET / HTTP/1.0" 301 - "-" "Mozilla/5.0 (compatible; CensysInspect/1.1; +https://about.censys.io/)"
173.231.242.79 - - [21/Dec/2025:13:56:40 -0500] "POST /wp-cron.php?doing_wp_cron=1766343400.7842390537261962890625 HTTP/1.0" 200 - "-" "WordPress/6.9; https://www.grandbassaparking.com"
199.45.154.116 - - [21/Dec/2025:13:56:39 -0500] "GET /favicon.ico HTTP/1.0" 302 - "-" "Mozilla/5.0 (compatible; CensysInspect/1.1; +https://about.censys.io/)"
103.82.92.35 - - [21/Dec/2025:13:56:51 -0500] "GET /wp-login.php HTTP/1.0" 200 1880 "-" "Mozilla/5.0 (Windows NT 10.0; Win64; x64) AppleWebKit/537.36 (KHTML, like Gecko) Chrome/130.0.0.0 Safari/537.36"
103.82.92.35 - - [21/Dec/2025:13:56:56 -0500] "POST /wp-login.php HTTP/1.0" 200 2001 "https://grandbassaparking.com/wp-login.php" "Mozilla/5.0 (Windows NT 10.0; Win64; x64) AppleWebKit/537.36 (KHTML, like Gecko) Chrome/130.0.0.0 Safari/537.36"
199.45.154.127 - - [21/Dec/2025:13:57:26 -0500] "GET / HTTP/1.0" 301 - "-" "Mozilla/5.0 (compatible; CensysInspect/1.1; +https://about.censys.io/)"
173.231.242.79 - - [21/Dec/2025:13:57:44 -0500] "POST /wp-cron.php?doing_wp_cron=1766343464.9242639541625976562500 HTTP/1.0" 200 - "-" "WordPress/6.9; https://www.grandbassaparking.com"
199.45.154.127 - - [21/Dec/2025:13:57:43 -0500] "GET /favicon.ico HTTP/1.0" 302 - "-" "Mozilla/5.0 (compatible; CensysInspect/1.1; +https://about.censys.io/)"
199.45.154.127 - - [21/Dec/2025:13:58:24 -0500] "GET / HTTP/1.0" 200 37571 "-" "Mozilla/5.0 (compatible; CensysInspect/1.1; +https://about.censys.io/)"
173.231.242.79 - - [21/Dec/2025:13:59:52 -0500] "POST /wp-cron.php?doing_wp_cron=1766343592.2527289390563964843750 HTTP/1.0" 200 - "-" "WordPress/6.9; https://www.grandbassaparking.com"
160.250.186.193 - - [21/Dec/2025:13:59:50 -0500] "GET /wp-login.php HTTP/1.0" 200 1880 "-" "Mozilla/5.0 (Windows NT 10.0; Win64; x64) AppleWebKit/537.36 (KHTML, like Gecko) Chrome/130.0.0.0 Safari/537.36"
198.177.122.150 - - [21/Dec/2025:13:59:52 -0500] "POST /xmlrpc.php HTTP/1.0" 200 403 "-" "Mozilla/5.0 (Windows NT 10.0; Win64; x64) AppleWebKit/537.36 (KHTML, like Gecko) Chrome/67.0.3396.99 Safari/537.36"
198.177.122.150 - - [21/Dec/2025:13:59:53 -0500] "POST /xmlrpc.php HTTP/1.0" 200 403 "-" "Mozilla/5.0 (Windows NT 10.0; Win64; x64) AppleWebKit/537.36 (KHTML, like Gecko) Chrome/67.0.3396.99 Safari/537.36"
160.250.186.193 - - [21/Dec/2025:13:59:53 -0500] "POST /wp-login.php HTTP/1.0" 200 2001 "https://grandbassaparking.com/wp-login.php" "Mozilla/5.0 (Windows NT 10.0; Win64; x64) AppleWebKit/537.36 (KHTML, like Gecko) Chrome/130.0.0.0 Safari/537.36"
198.177.122.150 - - [21/Dec/2025:13:59:54 -0500] "POST /xmlrpc.php HTTP/1.0" 200 403 "-" "Mozilla/5.0 (Windows NT 10.0; Win64; x64) AppleWebKit/537.36 (KHTML, like Gecko) Chrome/67.0.3396.99 Safari/537.36"
192.64.112.17 - - [21/Dec/2025:14:00:08 -0500] "POST /xmlrpc.php HTTP/1.0" 200 403 "-" "Mozilla/5.0 (Linux; Android 10; SM-A102U) AppleWebKit/537.36 (KHTML, like Gecko) Chrome/91.0.4472.114 Mobile Safari/537.36"
192.64.112.17 - - [21/Dec/2025:14:00:11 -0500] "POST /xmlrpc.php HTTP/1.0" 406 300 "-" "Mozilla/5.0 (Linux; Android 10; SM-A102U) AppleWebKit/537.36 (KHTML, like Gecko) Chrome/91.0.4472.114 Mobile Safari/537.36"
192.64.112.17 - - [21/Dec/2025:14:00:11 -0500] "POST /xmlrpc.php HTTP/1.0" 200 403 "-" "Mozilla/5.0 (Linux; Android 10; SM-A102U) AppleWebKit/537.36 (KHTML, like Gecko) Chrome/91.0.4472.114 Mobile Safari/537.36"
93.89.225.122 - - [21/Dec/2025:14:00:11 -0500] "POST /xmlrpc.php HTTP/1.0" 200 403 "-" "Mozilla/5.0 (Windows NT 10.0; Win64; x64; rv:57.0) Gecko/20100101 Firefox/57.0"
185.213.27.160 - - [21/Dec/2025:14:00:13 -0500] "POST /xmlrpc.php HTTP/1.0" 200 403 "-" "Mozilla/5.0 (Windows NT 10.0; Win64; x64) AppleWebKit/537.36 (KHTML, like Gecko) Chrome/80.0.3987.149 Safari/537.36"
185.213.27.160 - - [21/Dec/2025:14:00:15 -0500] "POST /xmlrpc.php HTTP/1.0" 200 403 "-" "Mozilla/5.0 (Windows NT 10.0; Win64; x64) AppleWebKit/537.36 (KHTML, like Gecko) Chrome/80.0.3987.149 Safari/537.36"
93.89.225.122 - - [21/Dec/2025:14:00:15 -0500] "POST /xmlrpc.php HTTP/1.0" 200 403 "-" "Mozilla/5.0 (Windows NT 10.0; Win64; x64; rv:57.0) Gecko/20100101 Firefox/57.0"
185.213.27.160 - - [21/Dec/2025:14:00:17 -0500] "POST /xmlrpc.php HTTP/1.0" 200 403 "-" "Mozilla/5.0 (Windows NT 10.0; Win64; x64) AppleWebKit/537.36 (KHTML, like Gecko) Chrome/80.0.3987.149 Safari/537.36"
93.89.225.122 - - [21/Dec/2025:14:00:18 -0500] "POST /xmlrpc.php HTTP/1.0" 200 403 "-" "Mozilla/5.0 (Windows NT 10.0; Win64; x64; rv:57.0) Gecko/20100101 Firefox/57.0"
154.9.255.193 - - [21/Dec/2025:14:00:33 -0500] "POST /xmlrpc.php HTTP/1.0" 406 300 "-" "Mozilla/5.0 (Windows NT 6.1; WOW64; rv:43.0) Gecko/20100101 Firefox/43.0"
173.231.242.79 - - [21/Dec/2025:14:00:35 -0500] "POST /wp-cron.php?doing_wp_cron=1766343635.3978590965270996093750 HTTP/1.0" 200 - "-" "WordPress/6.9; https://www.grandbassaparking.com"
154.9.255.193 - - [21/Dec/2025:14:00:34 -0500] "POST /xmlrpc.php HTTP/1.0" 200 403 "-" "Mozilla/5.0 (Windows NT 6.1; WOW64; rv:43.0) Gecko/20100101 Firefox/43.0"
154.9.255.193 - - [21/Dec/2025:14:00:36 -0500] "POST /xmlrpc.php HTTP/1.0" 200 403 "-" "Mozilla/5.0 (Windows NT 6.1; WOW64; rv:43.0) Gecko/20100101 Firefox/43.0"
173.231.242.79 - - [21/Dec/2025:14:06:04 -0500] "POST /wp-cron.php?doing_wp_cron=1766343964.3198919296264648437500 HTTP/1.0" 200 - "-" "WordPress/6.9; https://www.grandbassaparking.com"
164.90.229.64 - - [21/Dec/2025:14:06:01 -0500] "GET /wp-login.php HTTP/1.0" 200 1880 "-" "Mozilla/5.0 (Windows NT 10.0; Win64; x64) AppleWebKit/537.36 (KHTML, like Gecko) Chrome/130.0.0.0 Safari/537.36"
164.90.229.64 - - [21/Dec/2025:14:06:04 -0500] "POST /wp-login.php HTTP/1.0" 200 2001 "https://grandbassaparking.com/wp-login.php" "Mozilla/5.0 (Windows NT 10.0; Win64; x64) AppleWebKit/537.36 (KHTML, like Gecko) Chrome/130.0.0.0 Safari/537.36"
173.231.242.79 - - [21/Dec/2025:14:09:04 -0500] "POST /wp-cron.php?doing_wp_cron=1766344144.9265689849853515625000 HTTP/1.0" 200 - "-" "WordPress/6.9; https://www.grandbassaparking.com"
103.159.85.179 - - [21/Dec/2025:14:09:02 -0500] "GET /wp-login.php HTTP/1.0" 200 1880 "-" "Mozilla/5.0 (Windows NT 10.0; Win64; x64) AppleWebKit/537.36 (KHTML, like Gecko) Chrome/130.0.0.0 Safari/537.36"
103.159.85.179 - - [21/Dec/2025:14:09:08 -0500] "POST /wp-login.php HTTP/1.0" 200 2001 "https://grandbassaparking.com/wp-login.php" "Mozilla/5.0 (Windows NT 10.0; Win64; x64) AppleWebKit/537.36 (KHTML, like Gecko) Chrome/130.0.0.0 Safari/537.36"
173.231.242.79 - - [21/Dec/2025:14:10:10 -0500] "POST /wp-cron.php?doing_wp_cron=1766344210.4059178829193115234375 HTTP/1.0" 200 - "-" "WordPress/6.9; https://www.grandbassaparking.com"
163.223.13.96 - - [21/Dec/2025:14:10:08 -0500] "GET /wp-login.php HTTP/1.0" 200 1880 "-" "Mozilla/5.0 (Windows NT 10.0; Win64; x64) AppleWebKit/537.36 (KHTML, like Gecko) Chrome/130.0.0.0 Safari/537.36"
163.223.13.96 - - [21/Dec/2025:14:10:11 -0500] "POST /wp-login.php HTTP/1.0" 200 2001 "https://grandbassaparking.com/wp-login.php" "Mozilla/5.0 (Windows NT 10.0; Win64; x64) AppleWebKit/537.36 (KHTML, like Gecko) Chrome/130.0.0.0 Safari/537.36"
154.12.253.211 - - [21/Dec/2025:14:10:16 -0500] "GET /wp-login.php HTTP/1.0" 200 1880 "-" "Mozilla/5.0 (Windows NT 10.0; Win64; x64) AppleWebKit/537.36 (KHTML, like Gecko) Chrome/130.0.0.0 Safari/537.36"
154.12.253.211 - - [21/Dec/2025:14:10:18 -0500] "POST /wp-login.php HTTP/1.0" 200 2001 "https://grandbassaparking.com/wp-login.php" "Mozilla/5.0 (Windows NT 10.0; Win64; x64) AppleWebKit/537.36 (KHTML, like Gecko) Chrome/130.0.0.0 Safari/537.36"
173.231.242.79 - - [21/Dec/2025:14:14:37 -0500] "POST /wp-cron.php?doing_wp_cron=1766344477.7519910335540771484375 HTTP/1.0" 200 - "-" "WordPress/6.9; https://www.grandbassaparking.com"
137.184.171.145 - - [21/Dec/2025:14:14:36 -0500] "GET /wp-login.php HTTP/1.0" 200 1880 "-" "Mozilla/5.0 (Windows NT 10.0; Win64; x64) AppleWebKit/537.36 (KHTML, like Gecko) Chrome/130.0.0.0 Safari/537.36"
137.184.171.145 - - [21/Dec/2025:14:14:37 -0500] "POST /wp-login.php HTTP/1.0" 200 2001 "https://grandbassaparking.com/wp-login.php" "Mozilla/5.0 (Windows NT 10.0; Win64; x64) AppleWebKit/537.36 (KHTML, like Gecko) Chrome/130.0.0.0 Safari/537.36"
173.231.242.79 - - [21/Dec/2025:14:23:22 -0500] "POST /wp-cron.php?doing_wp_cron=1766345002.1514699459075927734375 HTTP/1.0" 200 - "-" "WordPress/6.9; https://www.grandbassaparking.com"
167.94.138.185 - - [21/Dec/2025:14:23:20 -0500] "GET / HTTP/1.0" 301 - "-" "Mozilla/5.0 (compatible; CensysInspect/1.1; +https://about.censys.io/)"
167.94.138.185 - - [21/Dec/2025:14:23:23 -0500] "GET /favicon.ico HTTP/1.0" 302 - "-" "Mozilla/5.0 (compatible; CensysInspect/1.1; +https://about.censys.io/)"
173.231.242.79 - - [21/Dec/2025:14:26:27 -0500] "POST /wp-cron.php?doing_wp_cron=1766345187.2796850204467773437500 HTTP/1.0" 200 - "-" "WordPress/6.9; https://www.grandbassaparking.com"
54.37.118.74 - - [21/Dec/2025:14:26:25 -0500] "GET /7-common-forklift-maintenance-mistakes-to-avoid/ HTTP/1.0" 200 33603 "-" "Mozilla/5.0 (compatible; AhrefsBot/7.0; +http://ahrefs.com/robot/)"
173.231.242.79 - - [21/Dec/2025:14:27:31 -0500] "POST /wp-cron.php?doing_wp_cron=1766345251.4002490043640136718750 HTTP/1.0" 200 - "-" "WordPress/6.9; https://www.grandbassaparking.com"
88.7.150.219 - - [21/Dec/2025:14:27:29 -0500] "POST /xmlrpc.php HTTP/1.0" 200 403 "-" "Mozilla/5.0 (X11; Ubuntu; Linux x86_64; x86) AppleWebKit/537.36 (KHTML, like Gecko) Safari/15.0.0.0 Safari/537.36"
173.231.242.79 - - [21/Dec/2025:14:28:32 -0500] "POST /wp-cron.php?doing_wp_cron=1766345312.1122388839721679687500 HTTP/1.0" 200 - "-" "WordPress/6.9; https://www.grandbassaparking.com"
103.159.51.214 - - [21/Dec/2025:14:28:30 -0500] "GET /wp-login.php HTTP/1.0" 200 1880 "-" "Mozilla/5.0 (Windows NT 10.0; Win64; x64) AppleWebKit/537.36 (KHTML, like Gecko) Chrome/130.0.0.0 Safari/537.36"
103.159.51.214 - - [21/Dec/2025:14:28:33 -0500] "POST /wp-login.php HTTP/1.0" 200 2001 "https://grandbassaparking.com/wp-login.php" "Mozilla/5.0 (Windows NT 10.0; Win64; x64) AppleWebKit/537.36 (KHTML, like Gecko) Chrome/130.0.0.0 Safari/537.36"
167.71.193.139 - - [21/Dec/2025:14:29:26 -0500] "GET /wp-login.php HTTP/1.0" 200 1880 "-" "Mozilla/5.0 (Windows NT 10.0; Win64; x64) AppleWebKit/537.36 (KHTML, like Gecko) Chrome/130.0.0.0 Safari/537.36"
167.71.193.139 - - [21/Dec/2025:14:29:29 -0500] "POST /wp-login.php HTTP/1.0" 200 2001 "https://grandbassaparking.com/wp-login.php" "Mozilla/5.0 (Windows NT 10.0; Win64; x64) AppleWebKit/537.36 (KHTML, like Gecko) Chrome/130.0.0.0 Safari/537.36"
173.231.242.79 - - [21/Dec/2025:14:31:13 -0500] "POST /wp-cron.php?doing_wp_cron=1766345473.0454900264739990234375 HTTP/1.0" 200 - "-" "WordPress/6.9; https://www.grandbassaparking.com"
88.7.150.219 - - [21/Dec/2025:14:31:10 -0500] "GET /wp-json/wp/v2/users HTTP/1.0" 200 5930 "-" "Mozilla/4.0 (compatible; Win32; WinHttp.WinHttpRequest.5)"
171.244.17.74 - - [21/Dec/2025:14:31:23 -0500] "GET /wp-login.php HTTP/1.0" 200 1880 "-" "Mozilla/5.0 (Windows NT 10.0; Win64; x64) AppleWebKit/537.36 (KHTML, like Gecko) Chrome/130.0.0.0 Safari/537.36"
171.244.17.74 - - [21/Dec/2025:14:31:27 -0500] "POST /wp-login.php HTTP/1.0" 200 2001 "https://grandbassaparking.com/wp-login.php" "Mozilla/5.0 (Windows NT 10.0; Win64; x64) AppleWebKit/537.36 (KHTML, like Gecko) Chrome/130.0.0.0 Safari/537.36"
173.231.242.79 - - [21/Dec/2025:14:31:46 -0500] "POST /wp-cron.php?doing_wp_cron=1766345506.5764679908752441406250 HTTP/1.0" 200 - "-" "WordPress/6.9; https://www.grandbassaparking.com"
66.175.44.56 - - [21/Dec/2025:14:31:43 -0500] "GET /wp-login.php HTTP/1.0" 200 1880 "-" "Mozilla/5.0 (Windows NT 10.0; Win64; x64) AppleWebKit/537.36 (KHTML, like Gecko) Chrome/130.0.0.0 Safari/537.36"
66.175.44.56 - - [21/Dec/2025:14:31:47 -0500] "POST /wp-login.php HTTP/1.0" 200 2001 "https://grandbassaparking.com/wp-login.php" "Mozilla/5.0 (Windows NT 10.0; Win64; x64) AppleWebKit/537.36 (KHTML, like Gecko) Chrome/130.0.0.0 Safari/537.36"
160.191.139.193 - - [21/Dec/2025:14:31:56 -0500] "GET /wp-login.php HTTP/1.0" 200 1880 "-" "Mozilla/5.0 (Windows NT 10.0; Win64; x64) AppleWebKit/537.36 (KHTML, like Gecko) Chrome/130.0.0.0 Safari/537.36"
