74.7.241.39 - - [21/Dec/2025:19:17:30 -0500] "GET /ant.php?fm=true&path=/home/zeusxp5/kamilletv.net/wp-includes/rest-api HTTP/1.0" 200 27629 "-" "Mozilla/5.0 AppleWebKit/537.36 (KHTML, like Gecko; compatible; GPTBot/1.3; +https://openai.com/gptbot)"
74.7.241.39 - - [21/Dec/2025:19:17:43 -0500] "GET /ant.php?download=L2hvbWUvemV1c3hwNS9rYW1pbGxldHYubmV0L3dwLWluY2x1ZGVzL2pzL2pjcm9wL2pxdWVyeS5KY3JvcC5taW4uanM= HTTP/1.0" 200 23443 "-" "Mozilla/5.0 AppleWebKit/537.36 (KHTML, like Gecko; compatible; GPTBot/1.3; +https://openai.com/gptbot)"
43.164.197.209 - - [21/Dec/2025:19:20:34 -0500] "GET /%3C?=$backlink?> HTTP/1.0" 404 236 "-" "Mozilla/5.0 (iPhone; CPU iPhone OS 13_2_3 like Mac OS X) AppleWebKit/605.1.15 (KHTML, like Gecko) Version/13.0.3 Mobile/15E148 Safari/604.1"
74.7.241.134 - - [21/Dec/2025:19:28:28 -0500] "GET /robots.txt HTTP/1.0" 404 236 "-" "Mozilla/5.0 (Macintosh; Intel Mac OS X 10_15_7) AppleWebKit/537.36 (KHTML, like Gecko) Chrome/131.0.0.0 Safari/537.36; compatible; OAI-SearchBot/1.3; robots.txt; +https://openai.com/searchbot"
74.7.241.39 - - [21/Dec/2025:19:28:35 -0500] "GET /ant.php?fm=true&path=/home/zeusxp5/kamilletv.net/wp-admin/includes/&rename=import.php HTTP/1.0" 200 16057 "-" "Mozilla/5.0 AppleWebKit/537.36 (KHTML, like Gecko; compatible; GPTBot/1.3; +https://openai.com/gptbot)"
49.51.72.76 - - [21/Dec/2025:19:31:17 -0500] "GET /www.kamilleinc.com.zip? HTTP/1.0" 200 79898 "-" "Mozilla/5.0 (iPhone; CPU iPhone OS 13_2_3 like Mac OS X) AppleWebKit/605.1.15 (KHTML, like Gecko) Version/13.0.3 Mobile/15E148 Safari/604.1"
74.7.241.134 - - [21/Dec/2025:19:32:28 -0500] "GET /robots.txt HTTP/1.0" 404 236 "-" "Mozilla/5.0 (Macintosh; Intel Mac OS X 10_15_7) AppleWebKit/537.36 (KHTML, like Gecko) Chrome/131.0.0.0 Safari/537.36; compatible; OAI-SearchBot/1.3; robots.txt; +https://openai.com/searchbot"
74.7.241.39 - - [21/Dec/2025:19:32:30 -0500] "GET /ant.php?fm=true&path=/home/zeusxp5/kamilletv.net/wp-includes/images/. HTTP/1.0" 200 62581 "-" "Mozilla/5.0 AppleWebKit/537.36 (KHTML, like Gecko; compatible; GPTBot/1.3; +https://openai.com/gptbot)"
74.7.241.39 - - [21/Dec/2025:19:32:32 -0500] "GET /ant.php?fm=true&path=/home/zeusxp5/kamilletv.net/wp-admin/&rename=post.php HTTP/1.0" 429 17 "-" "Mozilla/5.0 AppleWebKit/537.36 (KHTML, like Gecko; compatible; GPTBot/1.3; +https://openai.com/gptbot)"
74.7.241.39 - - [21/Dec/2025:19:32:35 -0500] "GET /ant.php?edit=edit-tag-form.php&fm=true&path=/home/zeusxp5/zenoxpressalongside.net/en/wp-admin/ HTTP/1.0" 200 29300 "-" "Mozilla/5.0 AppleWebKit/537.36 (KHTML, like Gecko; compatible; GPTBot/1.3; +https://openai.com/gptbot)"
74.7.241.39 - - [21/Dec/2025:19:32:44 -0500] "GET /ant.php?fm=true&path=/home/zeusxp5/kamilletv.net/wp-includes/images/&rename=wpicons-2x.png HTTP/1.0" 200 16068 "-" "Mozilla/5.0 AppleWebKit/537.36 (KHTML, like Gecko; compatible; GPTBot/1.3; +https://openai.com/gptbot)"
74.7.241.39 - - [21/Dec/2025:19:32:50 -0500] "GET /ant.php?edit=profile.php&fm=true&path=/home/zeusxp5/zenoxpressalongside.net/en/wp-admin/user/ HTTP/1.0" 200 16479 "-" "Mozilla/5.0 AppleWebKit/537.36 (KHTML, like Gecko; compatible; GPTBot/1.3; +https://openai.com/gptbot)"
74.7.241.39 - - [21/Dec/2025:19:32:57 -0500] "GET /ant.php?fm=true&path=/home/zeusxp5/kamilletv.net/wp-includes/js/dist/ HTTP/1.0" 200 187811 "-" "Mozilla/5.0 AppleWebKit/537.36 (KHTML, like Gecko; compatible; GPTBot/1.3; +https://openai.com/gptbot)"
74.7.241.39 - - [21/Dec/2025:19:33:13 -0500] "GET /ant.php?fm=true&path=/home/zeusxp5/kamilletv.net/wp-includes/images/&rights=wpicons-2x.png HTTP/1.0" 200 16084 "-" "Mozilla/5.0 AppleWebKit/537.36 (KHTML, like Gecko; compatible; GPTBot/1.3; +https://openai.com/gptbot)"
74.7.241.39 - - [21/Dec/2025:19:33:26 -0500] "GET /ant.php?fm=true&path=/home/zeusxp5/kamilletv.net/wp-includes/IXR HTTP/1.0" 200 33186 "-" "Mozilla/5.0 AppleWebKit/537.36 (KHTML, like Gecko; compatible; GPTBot/1.3; +https://openai.com/gptbot)"
74.7.241.39 - - [21/Dec/2025:19:33:26 -0500] "GET /ant.php?fm=true&path=/home/zeusxp5/zenoxpressalongside.net/en/wp-admin/user/&rights=profile.php HTTP/1.0" 429 17 "-" "Mozilla/5.0 AppleWebKit/537.36 (KHTML, like Gecko; compatible; GPTBot/1.3; +https://openai.com/gptbot)"
74.7.241.39 - - [21/Dec/2025:19:33:30 -0500] "GET /ant.php?fm=true&path=/home/zeusxp5/kamilletv.net/wp-includes/&rights=post-template.php HTTP/1.0" 200 16069 "-" "Mozilla/5.0 AppleWebKit/537.36 (KHTML, like Gecko; compatible; GPTBot/1.3; +https://openai.com/gptbot)"
74.7.241.39 - - [21/Dec/2025:19:33:57 -0500] "GET /ant.php?zip=L2hvbWUvemV1c3hwNS8uY2wuc2VsZWN0b3I= HTTP/1.0" 200 14878 "-" "Mozilla/5.0 AppleWebKit/537.36 (KHTML, like Gecko; compatible; GPTBot/1.3; +https://openai.com/gptbot)"
74.7.241.39 - - [21/Dec/2025:19:33:59 -0500] "GET /ant.php?gz=L2hvbWUvemV1c3hwNS8uY2wuc2VsZWN0b3I= HTTP/1.0" 429 17 "-" "Mozilla/5.0 AppleWebKit/537.36 (KHTML, like Gecko; compatible; GPTBot/1.3; +https://openai.com/gptbot)"
74.7.241.39 - - [21/Dec/2025:19:34:08 -0500] "GET /ant.php?download=L2hvbWUvemV1c3hwNS9rYW1pbGxldHYubmV0L3dwLWluY2x1ZGVzL3Jlc3QtYXBpL2NsYXNzLXdwLXJlc3QtcmVxdWVzdC5waHA= HTTP/1.0" 200 27379 "-" "Mozilla/5.0 AppleWebKit/537.36 (KHTML, like Gecko; compatible; GPTBot/1.3; +https://openai.com/gptbot)"
74.7.241.39 - - [21/Dec/2025:19:34:40 -0500] "GET /ant.php?fm=true&path=/home/zeusxp5/kamilletv.net/wp-admin/includes/&rights=update-core.php HTTP/1.0" 200 16083 "-" "Mozilla/5.0 AppleWebKit/537.36 (KHTML, like Gecko; compatible; GPTBot/1.3; +https://openai.com/gptbot)"
74.7.241.39 - - [21/Dec/2025:19:35:11 -0500] "GET /ant.php?download=L2hvbWUvemV1c3hwNS9rYW1pbGxldHYubmV0L3dwLWluY2x1ZGVzL2pzL2Rpc3QvYmFzZS1zdHlsZXMubWluLmpz HTTP/1.0" 200 933 "-" "Mozilla/5.0 AppleWebKit/537.36 (KHTML, like Gecko; compatible; GPTBot/1.3; +https://openai.com/gptbot)"
74.7.241.39 - - [21/Dec/2025:19:35:37 -0500] "GET /ant.php?edit=edit-post.min.js&fm=true&path=/home/zeusxp5/kamilletv.net/wp-includes/js/dist/ HTTP/1.0" 200 67345 "-" "Mozilla/5.0 AppleWebKit/537.36 (KHTML, like Gecko; compatible; GPTBot/1.3; +https://openai.com/gptbot)"
74.7.241.39 - - [21/Dec/2025:19:36:01 -0500] "GET /ant.php?edit=post.php&fm=true&path=/home/zeusxp5/kamilletv.net/wp-admin/ HTTP/1.0" 200 28027 "-" "Mozilla/5.0 AppleWebKit/537.36 (KHTML, like Gecko; compatible; GPTBot/1.3; +https://openai.com/gptbot)"
74.7.241.39 - - [21/Dec/2025:19:36:22 -0500] "GET /ant.php?download=L2hvbWUvemV1c3hwNS9rYW1pbGxldHYubmV0L3dwLWluY2x1ZGVzL0lYUi9jbGFzcy1JWFItY2xpZW50bXVsdGljYWxsLnBocA== HTTP/1.0" 200 2121 "-" "Mozilla/5.0 AppleWebKit/537.36 (KHTML, like Gecko; compatible; GPTBot/1.3; +https://openai.com/gptbot)"
74.7.241.39 - - [21/Dec/2025:19:36:42 -0500] "GET /ant.php?download=L2hvbWUvemV1c3hwNS9rYW1pbGxldHYubmV0L3dwLWluY2x1ZGVzL0lYUi9jbGFzcy1JWFItZXJyb3IucGhw HTTP/1.0" 200 1712 "-" "Mozilla/5.0 AppleWebKit/537.36 (KHTML, like Gecko; compatible; GPTBot/1.3; +https://openai.com/gptbot)"
74.7.241.39 - - [21/Dec/2025:19:36:59 -0500] "GET /ant.php?download=L2hvbWUvemV1c3hwNS9rYW1pbGxldHYubmV0L3dwLWluY2x1ZGVzL0lYUi9jbGFzcy1JWFItZGF0ZS5waHA= HTTP/1.0" 200 2549 "-" "Mozilla/5.0 AppleWebKit/537.36 (KHTML, like Gecko; compatible; GPTBot/1.3; +https://openai.com/gptbot)"
74.7.241.39 - - [21/Dec/2025:19:37:15 -0500] "GET /ant.php?download=L2hvbWUvemV1c3hwNS9rYW1pbGxldHYubmV0L3dwLWluY2x1ZGVzL0lYUi9jbGFzcy1JWFItdmFsdWUucGhw HTTP/1.0" 200 4648 "-" "Mozilla/5.0 AppleWebKit/537.36 (KHTML, like Gecko; compatible; GPTBot/1.3; +https://openai.com/gptbot)"
74.7.241.39 - - [21/Dec/2025:19:37:29 -0500] "GET /ant.php?fm=true&path=/home/zeusxp5/kamilletv.net/wp-includes/pomo/. HTTP/1.0" 200 26980 "-" "Mozilla/5.0 AppleWebKit/537.36 (KHTML, like Gecko; compatible; GPTBot/1.3; +https://openai.com/gptbot)"
74.7.241.134 - - [21/Dec/2025:19:37:29 -0500] "GET /robots.txt HTTP/1.0" 404 236 "-" "Mozilla/5.0 (Macintosh; Intel Mac OS X 10_15_7) AppleWebKit/537.36 (KHTML, like Gecko) Chrome/131.0.0.0 Safari/537.36; compatible; OAI-SearchBot/1.3; robots.txt; +https://openai.com/searchbot"
74.7.241.39 - - [21/Dec/2025:19:37:41 -0500] "GET /ant.php?download=L2hvbWUvemV1c3hwNS9rYW1pbGxldHYubmV0L3dwLWluY2x1ZGVzL0lYUi9jbGFzcy1JWFItbWVzc2FnZS5waHA= HTTP/1.0" 200 9267 "-" "Mozilla/5.0 AppleWebKit/537.36 (KHTML, like Gecko; compatible; GPTBot/1.3; +https://openai.com/gptbot)"
74.7.241.39 - - [21/Dec/2025:19:37:53 -0500] "GET /ant.php?download=L2hvbWUvemV1c3hwNS9rYW1pbGxldHYubmV0L3dwLWluY2x1ZGVzL2pzL2pjcm9wL2pxdWVyeS5KY3JvcC5taW4uY3Nz HTTP/1.0" 200 2926 "-" "Mozilla/5.0 AppleWebKit/537.36 (KHTML, like Gecko; compatible; GPTBot/1.3; +https://openai.com/gptbot)"
74.7.241.39 - - [21/Dec/2025:19:38:04 -0500] "GET /ant.php?download=L2hvbWUvemV1c3hwNS9rYW1pbGxldHYubmV0L3dwLWluY2x1ZGVzL0lYUi9jbGFzcy1JWFItaW50cm9zcGVjdGlvbnNlcnZlci5waHA= HTTP/1.0" 200 6224 "-" "Mozilla/5.0 AppleWebKit/537.36 (KHTML, like Gecko; compatible; GPTBot/1.3; +https://openai.com/gptbot)"
74.7.241.39 - - [21/Dec/2025:19:38:13 -0500] "GET /ant.php?download=L2hvbWUvemV1c3hwNS9rYW1pbGxldHYubmV0L3dwLWluY2x1ZGVzL0lYUi9jbGFzcy1JWFItcmVxdWVzdC5waHA= HTTP/1.0" 200 1785 "-" "Mozilla/5.0 AppleWebKit/537.36 (KHTML, like Gecko; compatible; GPTBot/1.3; +https://openai.com/gptbot)"
74.7.241.39 - - [21/Dec/2025:19:38:21 -0500] "GET /ant.php?fm=true&path=/home/zeusxp5/kamilletv.net/wp-includes/IXR/.. HTTP/1.0" 200 372474 "-" "Mozilla/5.0 AppleWebKit/537.36 (KHTML, like Gecko; compatible; GPTBot/1.3; +https://openai.com/gptbot)"
74.7.241.39 - - [21/Dec/2025:19:38:28 -0500] "GET /ant.php?fm=true&path=/home/zeusxp5/kamilletv.net/wp-admin/&rights=post.php HTTP/1.0" 200 16042 "-" "Mozilla/5.0 AppleWebKit/537.36 (KHTML, like Gecko; compatible; GPTBot/1.3; +https://openai.com/gptbot)"
74.7.241.39 - - [21/Dec/2025:19:38:36 -0500] "GET /ant.php?fm=true&path=/home/zeusxp5/kamilletv.net/wp-includes/&rights=blocks HTTP/1.0" 200 16138 "-" "Mozilla/5.0 AppleWebKit/537.36 (KHTML, like Gecko; compatible; GPTBot/1.3; +https://openai.com/gptbot)"
74.7.241.39 - - [21/Dec/2025:19:38:41 -0500] "GET /ant.php?download=L2hvbWUvemV1c3hwNS9rYW1pbGxldHYubmV0L3dwLWluY2x1ZGVzL3Jlc3QtYXBpL2NsYXNzLXdwLXJlc3QtcmVzcG9uc2UucGhw HTTP/1.0" 200 8235 "-" "Mozilla/5.0 AppleWebKit/537.36 (KHTML, like Gecko; compatible; GPTBot/1.3; +https://openai.com/gptbot)"
74.7.241.39 - - [21/Dec/2025:19:38:47 -0500] "GET /'%20.%20get_author_feed_link(%20$author-%3EID,%20$parsed_args['feed_type']%20)%20.%20' HTTP/1.0" 404 236 "-" "Mozilla/5.0 AppleWebKit/537.36 (KHTML, like Gecko; compatible; GPTBot/1.3; +https://openai.com/gptbot)"
74.7.241.39 - - [21/Dec/2025:19:38:52 -0500] "GET /ant.php?gz=L2hvbWUvemV1c3hwNS9rYW1pbGxlLnVz HTTP/1.0" 200 14878 "-" "Mozilla/5.0 AppleWebKit/537.36 (KHTML, like Gecko; compatible; GPTBot/1.3; +https://openai.com/gptbot)"
74.7.241.39 - - [21/Dec/2025:19:39:06 -0500] "GET /ant.php?fm=true&path=/home/zeusxp5/kamilletv.net/wp-includes/&rights=assets HTTP/1.0" 200 16138 "-" "Mozilla/5.0 AppleWebKit/537.36 (KHTML, like Gecko; compatible; GPTBot/1.3; +https://openai.com/gptbot)"
74.7.241.39 - - [21/Dec/2025:19:39:41 -0500] "GET /ant.php?zip=L2hvbWUvemV1c3hwNS9zdHJlZXRsaXZlc3BvcnR6LmNvbQ== HTTP/1.0" 200 14878 "-" "Mozilla/5.0 AppleWebKit/537.36 (KHTML, like Gecko; compatible; GPTBot/1.3; +https://openai.com/gptbot)"
74.7.241.39 - - [21/Dec/2025:19:39:10 -0500] "GET /ant.php?gz=L2hvbWUvemV1c3hwNS9zdHJlZXRsaXZlc3BvcnR6LmNvbQ== HTTP/1.0" 200 111692 "-" "Mozilla/5.0 AppleWebKit/537.36 (KHTML, like Gecko; compatible; GPTBot/1.3; +https://openai.com/gptbot)"
74.7.241.39 - - [21/Dec/2025:19:40:23 -0500] "GET /ant.php?zip=L2hvbWUvemV1c3hwNS8uaW1o HTTP/1.0" 200 14878 "-" "Mozilla/5.0 AppleWebKit/537.36 (KHTML, like Gecko; compatible; GPTBot/1.3; +https://openai.com/gptbot)"
74.7.241.39 - - [21/Dec/2025:19:39:53 -0500] "GET /ant.php?gzfile=L2hvbWUvemV1c3hwNS96ZW5veHByZXNzYWxvbmdzaWRlLm5ldC93cC1hZG1pbi9qcy9wbHVnaW4taW5zdGFsbC5taW4uanM= HTTP/1.0" 200 115151 "-" "Mozilla/5.0 AppleWebKit/537.36 (KHTML, like Gecko; compatible; GPTBot/1.3; +https://openai.com/gptbot)"
74.7.241.39 - - [21/Dec/2025:19:40:55 -0500] "GET /ant.php?zip=L2hvbWUvemV1c3hwNS9sb2dz HTTP/1.0" 200 14878 "-" "Mozilla/5.0 AppleWebKit/537.36 (KHTML, like Gecko; compatible; GPTBot/1.3; +https://openai.com/gptbot)"
49.51.252.146 - - [21/Dec/2025:19:41:37 -0500] "GET /www.kamilleinc.com.zip?phpinfo=true HTTP/1.0" 200 79898 "-" "Mozilla/5.0 (iPhone; CPU iPhone OS 13_2_3 like Mac OS X) AppleWebKit/605.1.15 (KHTML, like Gecko) Version/13.0.3 Mobile/15E148 Safari/604.1"
74.7.241.39 - - [21/Dec/2025:19:41:23 -0500] "GET /ant.php?zip=L2hvbWUvemV1c3hwNS8uc3No HTTP/1.0" 200 116078 "-" "Mozilla/5.0 AppleWebKit/537.36 (KHTML, like Gecko; compatible; GPTBot/1.3; +https://openai.com/gptbot)"
74.7.241.39 - - [21/Dec/2025:19:41:51 -0500] "GET /ant.php?zip=L2hvbWUvemV1c3hwNS9ldGM= HTTP/1.0" 200 14878 "-" "Mozilla/5.0 AppleWebKit/537.36 (KHTML, like Gecko; compatible; GPTBot/1.3; +https://openai.com/gptbot)"
74.7.241.39 - - [21/Dec/2025:19:42:14 -0500] "GET /%22https:/wordpress.com/tos/ HTTP/1.0" 404 236 "-" "Mozilla/5.0 AppleWebKit/537.36 (KHTML, like Gecko; compatible; GPTBot/1.3; +https://openai.com/gptbot)"
74.7.241.39 - - [21/Dec/2025:19:42:35 -0500] "GET /ant.php?fm=true&path=/home/zeusxp5/kamilletv.net/wp-includes/&rights=post.php HTTP/1.0" 200 16051 "-" "Mozilla/5.0 AppleWebKit/537.36 (KHTML, like Gecko; compatible; GPTBot/1.3; +https://openai.com/gptbot)"
74.7.241.134 - - [21/Dec/2025:19:42:35 -0500] "GET /robots.txt HTTP/1.0" 404 236 "-" "Mozilla/5.0 (Macintosh; Intel Mac OS X 10_15_7) AppleWebKit/537.36 (KHTML, like Gecko) Chrome/131.0.0.0 Safari/537.36; compatible; OAI-SearchBot/1.3; robots.txt; +https://openai.com/searchbot"
74.7.241.39 - - [21/Dec/2025:19:42:57 -0500] "GET /ant.php?gz=L2hvbWUvemV1c3hwNS8uc3No HTTP/1.0" 200 116998 "-" "Mozilla/5.0 AppleWebKit/537.36 (KHTML, like Gecko; compatible; GPTBot/1.3; +https://openai.com/gptbot)"
74.7.241.39 - - [21/Dec/2025:19:43:25 -0500] "GET /ant.php?gz=L2hvbWUvemV1c3hwNS8uaW1o HTTP/1.0" 200 118886 "-" "Mozilla/5.0 AppleWebKit/537.36 (KHTML, like Gecko; compatible; GPTBot/1.3; +https://openai.com/gptbot)"
74.7.241.39 - - [21/Dec/2025:19:43:54 -0500] "GET /ant.php?gz=L2hvbWUvemV1c3hwNS9sb2dz HTTP/1.0" 200 14878 "-" "Mozilla/5.0 AppleWebKit/537.36 (KHTML, like Gecko; compatible; GPTBot/1.3; +https://openai.com/gptbot)"
74.7.241.39 - - [21/Dec/2025:19:44:10 -0500] "GET /ant.php?fm=true&path=/home/zeusxp5/kamilletv.net/wp-includes/ID3 HTTP/1.0" 200 43521 "-" "Mozilla/5.0 AppleWebKit/537.36 (KHTML, like Gecko; compatible; GPTBot/1.3; +https://openai.com/gptbot)"
74.7.241.39 - - [21/Dec/2025:19:44:24 -0500] "GET /ant.php?fm=true&path=/home/zeusxp5/kamilletv.net/wp-content/themes/. HTTP/1.0" 200 30986 "-" "Mozilla/5.0 AppleWebKit/537.36 (KHTML, like Gecko; compatible; GPTBot/1.3; +https://openai.com/gptbot)"
74.7.241.39 - - [21/Dec/2025:19:44:37 -0500] "GET /ant.php?fm=true&path=/home/zeusxp5/kamilletv.net/wp-admin/js/&rename=post.js HTTP/1.0" 200 16033 "-" "Mozilla/5.0 AppleWebKit/537.36 (KHTML, like Gecko; compatible; GPTBot/1.3; +https://openai.com/gptbot)"
74.7.241.39 - - [21/Dec/2025:19:45:18 -0500] "GET /ant.php?fm=true&path=/home/zeusxp5/zenoxpressbank.com/&rename=zenoxpressbank.com.tar.gz HTTP/1.0" 200 16048 "-" "Mozilla/5.0 AppleWebKit/537.36 (KHTML, like Gecko; compatible; GPTBot/1.3; +https://openai.com/gptbot)"
74.7.241.39 - - [21/Dec/2025:19:44:48 -0500] "GET /ant.php?gz=L2hvbWUvemV1c3hwNS96ZW5veHByZXNzYWxvbmdzaWRldXNhLmNvbQ== HTTP/1.0" 200 121270 "-" "Mozilla/5.0 AppleWebKit/537.36 (KHTML, like Gecko; compatible; GPTBot/1.3; +https://openai.com/gptbot)"
74.7.241.39 - - [21/Dec/2025:19:45:49 -0500] "GET /ant.php?download=L2hvbWUvemV1c3hwNS96ZW5veHByZXNzYmFuay5jb20vcGx1Z2luLWluc3RhbGwubWluLmpzLm1pbi5qcy50YXIuZ3o= HTTP/1.0" 200 1991 "-" "Mozilla/5.0 AppleWebKit/537.36 (KHTML, like Gecko; compatible; GPTBot/1.3; +https://openai.com/gptbot)"
74.7.241.39 - - [21/Dec/2025:19:46:16 -0500] "GET /ant.php?download=L2hvbWUvemV1c3hwNS96ZW5veHByZXNzYmFuay5jb20vc3RyZWV0bGl2ZXNwb3J0ei5jb20udGFy HTTP/1.0" 200 82266 "-" "Mozilla/5.0 AppleWebKit/537.36 (KHTML, like Gecko; compatible; GPTBot/1.3; +https://openai.com/gptbot)"
74.7.241.39 - - [21/Dec/2025:19:46:42 -0500] "GET /ant.php?download=L2hvbWUvemV1c3hwNS96ZW5veHByZXNzYmFuay5jb20vc3RyZWV0bGl2ZXNwb3J0ei5jb20udGFyLmd6 HTTP/1.0" 200 25554 "-" "Mozilla/5.0 AppleWebKit/537.36 (KHTML, like Gecko; compatible; GPTBot/1.3; +https://openai.com/gptbot)"
74.7.241.39 - - [21/Dec/2025:19:47:05 -0500] "GET /ant.php?download=L2hvbWUvemV1c3hwNS96ZW5veHByZXNzYmFuay5jb20vZXRjLnppcA== HTTP/1.0" 200 18682035 "-" "Mozilla/5.0 AppleWebKit/537.36 (KHTML, like Gecko; compatible; GPTBot/1.3; +https://openai.com/gptbot)"
74.7.241.39 - - [21/Dec/2025:19:47:24 -0500] "GET /ant.php?download=L2hvbWUvemV1c3hwNS96ZW5veHByZXNzYmFuay5jb20vc3RyZWV0bGl2ZXNwb3J0ei5jb20uemlw HTTP/1.0" 200 80756 "-" "Mozilla/5.0 AppleWebKit/537.36 (KHTML, like Gecko; compatible; GPTBot/1.3; +https://openai.com/gptbot)"
74.7.241.39 - - [21/Dec/2025:19:47:43 -0500] "GET /ant.php?fm=true&path=/home/zeusxp5/kamilletv.net/wp-includes/IXR/. HTTP/1.0" 200 33183 "-" "Mozilla/5.0 AppleWebKit/537.36 (KHTML, like Gecko; compatible; GPTBot/1.3; +https://openai.com/gptbot)"
74.7.241.134 - - [21/Dec/2025:19:47:45 -0500] "GET /robots.txt HTTP/1.0" 404 236 "-" "Mozilla/5.0 (Macintosh; Intel Mac OS X 10_15_7) AppleWebKit/537.36 (KHTML, like Gecko) Chrome/131.0.0.0 Safari/537.36; compatible; OAI-SearchBot/1.3; robots.txt; +https://openai.com/searchbot"
74.7.241.39 - - [21/Dec/2025:19:48:00 -0500] "GET /ant.php?download=L2hvbWUvemV1c3hwNS9rYW1pbGxldHYubmV0L3dwLWluY2x1ZGVzL0lEMy9yZWFkbWUudHh0 HTTP/1.0" 200 27188 "-" "Mozilla/5.0 AppleWebKit/537.36 (KHTML, like Gecko; compatible; GPTBot/1.3; +https://openai.com/gptbot)"
74.7.241.39 - - [21/Dec/2025:19:48:14 -0500] "GET /ant.php?download=L2hvbWUvemV1c3hwNS9rYW1pbGxldHYubmV0L3dwLWluY2x1ZGVzL0lEMy9tb2R1bGUuYXVkaW8tdmlkZW8ubWF0cm9za2EucGhw HTTP/1.0" 200 108005 "-" "Mozilla/5.0 AppleWebKit/537.36 (KHTML, like Gecko; compatible; GPTBot/1.3; +https://openai.com/gptbot)"
74.7.241.39 - - [21/Dec/2025:19:48:27 -0500] "GET /ant.php?download=L2hvbWUvemV1c3hwNS9rYW1pbGxldHYubmV0L3dwLWluY2x1ZGVzL0lEMy9nZXRpZDMucGhw HTTP/1.0" 200 81808 "-" "Mozilla/5.0 AppleWebKit/537.36 (KHTML, like Gecko; compatible; GPTBot/1.3; +https://openai.com/gptbot)"
74.7.241.39 - - [21/Dec/2025:19:48:39 -0500] "GET /ant.php?download=L2hvbWUvemV1c3hwNS9rYW1pbGxldHYubmV0L3dwLWluY2x1ZGVzL0lEMy9tb2R1bGUuYXVkaW8uZmxhYy5waHA= HTTP/1.0" 200 20549 "-" "Mozilla/5.0 AppleWebKit/537.36 (KHTML, like Gecko; compatible; GPTBot/1.3; +https://openai.com/gptbot)"
74.7.241.39 - - [21/Dec/2025:19:48:49 -0500] "GET /ant.php?download=L2hvbWUvemV1c3hwNS9rYW1pbGxldHYubmV0L3dwLWluY2x1ZGVzL0lEMy9tb2R1bGUudGFnLmFwZXRhZy5waHA= HTTP/1.0" 200 19934 "-" "Mozilla/5.0 AppleWebKit/537.36 (KHTML, like Gecko; compatible; GPTBot/1.3; +https://openai.com/gptbot)"
74.7.241.39 - - [21/Dec/2025:19:48:59 -0500] "GET /ant.php?download=L2hvbWUvemV1c3hwNS9rYW1pbGxldHYubmV0L3dwLWluY2x1ZGVzL0lEMy9tb2R1bGUuYXVkaW8tdmlkZW8ucmlmZi5waHA= HTTP/1.0" 200 140667 "-" "Mozilla/5.0 AppleWebKit/537.36 (KHTML, like Gecko; compatible; GPTBot/1.3; +https://openai.com/gptbot)"
74.7.241.39 - - [21/Dec/2025:19:49:08 -0500] "GET /ant.php?download=L2hvbWUvemV1c3hwNS9rYW1pbGxldHYubmV0L3dwLWluY2x1ZGVzL0lEMy9tb2R1bGUudGFnLmx5cmljczMucGhw HTTP/1.0" 200 12894 "-" "Mozilla/5.0 AppleWebKit/537.36 (KHTML, like Gecko; compatible; GPTBot/1.3; +https://openai.com/gptbot)"
74.7.241.39 - - [21/Dec/2025:19:49:15 -0500] "GET /ant.php?download=L2hvbWUvemV1c3hwNS9rYW1pbGxldHYubmV0L3dwLWluY2x1ZGVzL0lEMy9tb2R1bGUuYXVkaW8tdmlkZW8ucXVpY2t0aW1lLnBocA== HTTP/1.0" 200 169783 "-" "Mozilla/5.0 AppleWebKit/537.36 (KHTML, like Gecko; compatible; GPTBot/1.3; +https://openai.com/gptbot)"
74.7.241.39 - - [21/Dec/2025:19:49:22 -0500] "GET /ant.php?fm=true&path=/home/zeusxp5/kamilletv.net/wp-includes/ID3/&rights=module.audio-video.riff.php HTTP/1.0" 200 16101 "-" "Mozilla/5.0 AppleWebKit/537.36 (KHTML, like Gecko; compatible; GPTBot/1.3; +https://openai.com/gptbot)"
74.7.241.39 - - [21/Dec/2025:19:49:29 -0500] "GET /ant.php?fm=true&path=/home/zeusxp5/kamilletv.net/wp-includes/ID3/&rename=module.audio-video.riff.php HTTP/1.0" 200 16085 "-" "Mozilla/5.0 AppleWebKit/537.36 (KHTML, like Gecko; compatible; GPTBot/1.3; +https://openai.com/gptbot)"
74.7.241.39 - - [21/Dec/2025:19:49:34 -0500] "GET /ant.php?fm=true&path=/home/zeusxp5/kamilletv.net/wp-includes/ID3/.. HTTP/1.0" 200 372474 "-" "Mozilla/5.0 AppleWebKit/537.36 (KHTML, like Gecko; compatible; GPTBot/1.3; +https://openai.com/gptbot)"
74.7.241.39 - - [21/Dec/2025:19:49:39 -0500] "GET /ant.php?fm=true&path=/home/zeusxp5/kamilletv.net/wp-admin/includes/&rights=export.php HTTP/1.0" 200 16073 "-" "Mozilla/5.0 AppleWebKit/537.36 (KHTML, like Gecko; compatible; GPTBot/1.3; +https://openai.com/gptbot)"
74.7.241.39 - - [21/Dec/2025:19:49:44 -0500] "GET /ant.php?fm=true&path=/home/zeusxp5/kamilletv.net/wp-admin/includes/&rights=import.php HTTP/1.0" 200 16073 "-" "Mozilla/5.0 AppleWebKit/537.36 (KHTML, like Gecko; compatible; GPTBot/1.3; +https://openai.com/gptbot)"
74.7.241.39 - - [21/Dec/2025:19:49:48 -0500] "GET /ant.php?fm=true&path=/home/zeusxp5/kamilletv.net/wp-includes/blocks/&rename=post-navigation-link.php HTTP/1.0" 200 16088 "-" "Mozilla/5.0 AppleWebKit/537.36 (KHTML, like Gecko; compatible; GPTBot/1.3; +https://openai.com/gptbot)"
74.7.241.39 - - [21/Dec/2025:19:49:52 -0500] "GET /ant.php?gz=L2hvbWUvemV1c3hwNS96ZW5veHByZXNzLmNvbQ== HTTP/1.0" 200 123383 "-" "Mozilla/5.0 AppleWebKit/537.36 (KHTML, like Gecko; compatible; GPTBot/1.3; +https://openai.com/gptbot)"
74.7.241.39 - - [21/Dec/2025:19:50:52 -0500] "GET /ant.php?zip=L2hvbWUvemV1c3hwNS96ZW5veHByZXNzLmNvbQ== HTTP/1.0" 200 14878 "-" "Mozilla/5.0 AppleWebKit/537.36 (KHTML, like Gecko; compatible; GPTBot/1.3; +https://openai.com/gptbot)"
74.7.241.39 - - [21/Dec/2025:19:50:22 -0500] "GET /ant.php?zip=L2hvbWUvemV1c3hwNS9rYW1pbGxlaW5jLmNvbQ== HTTP/1.0" 200 14878 "-" "Mozilla/5.0 AppleWebKit/537.36 (KHTML, like Gecko; compatible; GPTBot/1.3; +https://openai.com/gptbot)"
43.159.136.201 - - [21/Dec/2025:19:51:22 -0500] "GET /www.kamilleinc.com.zip?fm_settings=true HTTP/1.0" 200 79898 "-" "Mozilla/5.0 (iPhone; CPU iPhone OS 13_2_3 like Mac OS X) AppleWebKit/605.1.15 (KHTML, like Gecko) Version/13.0.3 Mobile/15E148 Safari/604.1"
74.7.241.39 - - [21/Dec/2025:19:51:23 -0500] "GET /ant.php?gz=L2hvbWUvemV1c3hwNS9rYW1pbGxlaW5jLmNvbQ== HTTP/1.0" 200 14878 "-" "Mozilla/5.0 AppleWebKit/537.36 (KHTML, like Gecko; compatible; GPTBot/1.3; +https://openai.com/gptbot)"
74.7.241.39 - - [21/Dec/2025:19:51:49 -0500] "GET /ant.php?zip=L2hvbWUvemV1c3hwNS90bXA= HTTP/1.0" 200 14878 "-" "Mozilla/5.0 AppleWebKit/537.36 (KHTML, like Gecko; compatible; GPTBot/1.3; +https://openai.com/gptbot)"
74.7.241.39 - - [21/Dec/2025:19:52:13 -0500] "GET /ant.php?zip=L2hvbWUvemV1c3hwNS9zc2w= HTTP/1.0" 200 14878 "-" "Mozilla/5.0 AppleWebKit/537.36 (KHTML, like Gecko; compatible; GPTBot/1.3; +https://openai.com/gptbot)"
74.7.241.39 - - [21/Dec/2025:19:52:36 -0500] "GET /ant.php?edit=menu.php&fm=true&path=/home/zeusxp5/zenoxpressalongside.net/en/wp-admin/ HTTP/1.0" 200 38770 "-" "Mozilla/5.0 AppleWebKit/537.36 (KHTML, like Gecko; compatible; GPTBot/1.3; +https://openai.com/gptbot)"
74.7.241.39 - - [21/Dec/2025:19:52:55 -0500] "GET /ant.php?edit=term.php&fm=true&path=/home/zeusxp5/zenoxpressalongside.net/en/wp-admin/ HTTP/1.0" 200 18847 "-" "Mozilla/5.0 AppleWebKit/537.36 (KHTML, like Gecko; compatible; GPTBot/1.3; +https://openai.com/gptbot)"
74.7.241.134 - - [21/Dec/2025:19:52:56 -0500] "GET /robots.txt HTTP/1.0" 404 236 "-" "Mozilla/5.0 (Macintosh; Intel Mac OS X 10_15_7) AppleWebKit/537.36 (KHTML, like Gecko) Chrome/131.0.0.0 Safari/537.36; compatible; OAI-SearchBot/1.3; robots.txt; +https://openai.com/searchbot"
74.7.241.39 - - [21/Dec/2025:19:53:13 -0500] "GET /%22%7B$edit_link%7D/%22 HTTP/1.0" 404 236 "-" "Mozilla/5.0 AppleWebKit/537.36 (KHTML, like Gecko; compatible; GPTBot/1.3; +https://openai.com/gptbot)"
74.7.241.39 - - [21/Dec/2025:19:53:28 -0500] "GET /ant.php?fm=true&path=/home/zeusxp5/kamilletv.net/wp-includes/pomo/&rename=streams.php HTTP/1.0" 200 16056 "-" "Mozilla/5.0 AppleWebKit/537.36 (KHTML, like Gecko; compatible; GPTBot/1.3; +https://openai.com/gptbot)"
74.7.241.39 - - [21/Dec/2025:19:53:45 -0500] "GET /ant.php?fm=true&path=/home/zeusxp5/kamilletv.net/wp-includes/&rename=class-phpass.php HTTP/1.0" 200 16051 "-" "Mozilla/5.0 AppleWebKit/537.36 (KHTML, like Gecko; compatible; GPTBot/1.3; +https://openai.com/gptbot)"
74.7.241.39 - - [21/Dec/2025:19:53:59 -0500] "GET /ant.php?fm=true&path=/home/zeusxp5/kamilletv.net/wp-includes/&rights=class-phpass.php HTTP/1.0" 200 16067 "-" "Mozilla/5.0 AppleWebKit/537.36 (KHTML, like Gecko; compatible; GPTBot/1.3; +https://openai.com/gptbot)"
74.7.241.39 - - [21/Dec/2025:19:54:12 -0500] "GET /ant.php?edit=media-template.php&fm=true&path=/home/zeusxp5/kamilletv.net/wp-includes/ HTTP/1.0" 200 102154 "-" "Mozilla/5.0 AppleWebKit/537.36 (KHTML, like Gecko; compatible; GPTBot/1.3; +https://openai.com/gptbot)"
74.7.241.39 - - [21/Dec/2025:19:54:24 -0500] "GET /ant.php?fm=true&path=/home/zeusxp5/kamilletv.net/wp-includes/pomo/&rename=plural-forms.php HTTP/1.0" 200 16066 "-" "Mozilla/5.0 AppleWebKit/537.36 (KHTML, like Gecko; compatible; GPTBot/1.3; +https://openai.com/gptbot)"
74.7.241.39 - - [21/Dec/2025:19:54:35 -0500] "GET /ant.php?edit=theme-previews.php&fm=true&path=/home/zeusxp5/kamilletv.net/wp-includes/ HTTP/1.0" 200 19334 "-" "Mozilla/5.0 AppleWebKit/537.36 (KHTML, like Gecko; compatible; GPTBot/1.3; +https://openai.com/gptbot)"
74.7.241.39 - - [21/Dec/2025:19:54:44 -0500] "GET /ant.php?fm=true&path=/home/zeusxp5/kamilletv.net/wp-includes/&rights=nav-menu-template.php HTTP/1.0" 200 16077 "-" "Mozilla/5.0 AppleWebKit/537.36 (KHTML, like Gecko; compatible; GPTBot/1.3; +https://openai.com/gptbot)"
74.7.241.39 - - [21/Dec/2025:19:54:52 -0500] "GET /ant.php?fm=true&path=/home/zeusxp5/kamilletv.net/wp-includes/blocks/&rename=site-title.php HTTP/1.0" 200 16068 "-" "Mozilla/5.0 AppleWebKit/537.36 (KHTML, like Gecko; compatible; GPTBot/1.3; +https://openai.com/gptbot)"
74.7.241.39 - - [21/Dec/2025:19:55:00 -0500] "GET /ant.php?fm=true&path=/home/zeusxp5/kamilletv.net/wp-includes/&rename=style-engine.php HTTP/1.0" 200 16051 "-" "Mozilla/5.0 AppleWebKit/537.36 (KHTML, like Gecko; compatible; GPTBot/1.3; +https://openai.com/gptbot)"
74.7.241.39 - - [21/Dec/2025:19:55:07 -0500] "GET /ant.php?fm=true&path=/home/zeusxp5/kamilletv.net/wp-includes/pomo/&rights=streams.php HTTP/1.0" 200 16072 "-" "Mozilla/5.0 AppleWebKit/537.36 (KHTML, like Gecko; compatible; GPTBot/1.3; +https://openai.com/gptbot)"
74.7.241.39 - - [21/Dec/2025:19:55:13 -0500] "GET /ant.php?edit=block-template.php&fm=true&path=/home/zeusxp5/kamilletv.net/wp-includes/ HTTP/1.0" 200 32623 "-" "Mozilla/5.0 AppleWebKit/537.36 (KHTML, like Gecko; compatible; GPTBot/1.3; +https://openai.com/gptbot)"
74.7.241.39 - - [21/Dec/2025:19:55:19 -0500] "GET /ant.php?fm=true&path=/home/zeusxp5/kamilletv.net/wp-includes/pomo/ HTTP/1.0" 200 26980 "-" "Mozilla/5.0 AppleWebKit/537.36 (KHTML, like Gecko; compatible; GPTBot/1.3; +https://openai.com/gptbot)"
43.134.141.244 - - [21/Dec/2025:19:55:20 -0500] "GET / HTTP/1.0" 200 13735 "-" "Mozilla/5.0 (iPhone; CPU iPhone OS 13_2_3 like Mac OS X) AppleWebKit/605.1.15 (KHTML, like Gecko) Version/13.0.3 Mobile/15E148 Safari/604.1"
74.7.241.39 - - [21/Dec/2025:19:55:24 -0500] "GET /ant.php?fm=true&path=/home/zeusxp5/kamilletv.net/wp-admin/&rename=privacy-policy-guide.php HTTP/1.0" 200 16058 "-" "Mozilla/5.0 AppleWebKit/537.36 (KHTML, like Gecko; compatible; GPTBot/1.3; +https://openai.com/gptbot)"
74.7.241.39 - - [21/Dec/2025:19:55:28 -0500] "GET /ant.php?fm=true&path=/home/zeusxp5/kamilletv.net/wp-admin/&rights=privacy-policy-guide.php HTTP/1.0" 200 16074 "-" "Mozilla/5.0 AppleWebKit/537.36 (KHTML, like Gecko; compatible; GPTBot/1.3; +https://openai.com/gptbot)"
74.7.241.39 - - [21/Dec/2025:19:55:32 -0500] "GET /ant.php?fm=true&path=/home/zeusxp5/&rename=zenoxpress.com HTTP/1.0" 200 15969 "-" "Mozilla/5.0 AppleWebKit/537.36 (KHTML, like Gecko; compatible; GPTBot/1.3; +https://openai.com/gptbot)"
74.7.241.39 - - [21/Dec/2025:19:55:36 -0500] "GET /ant.php?download=L2hvbWUvemV1c3hwNS8uenNocmM= HTTP/1.0" 200 1516 "-" "Mozilla/5.0 AppleWebKit/537.36 (KHTML, like Gecko; compatible; GPTBot/1.3; +https://openai.com/gptbot)"
74.7.241.39 - - [21/Dec/2025:19:56:09 -0500] "GET /ant.php?gz=L2hvbWUvemV1c3hwNS9ldS5rYW1pbGxlaW5jLmNvbQ== HTTP/1.0" 200 129487 "-" "Mozilla/5.0 AppleWebKit/537.36 (KHTML, like Gecko; compatible; GPTBot/1.3; +https://openai.com/gptbot)"
74.7.241.39 - - [21/Dec/2025:19:55:39 -0500] "GET /ant.php?gz=L2hvbWUvemV1c3hwNS96ZW5veHByZXNzYWxvbmdzaWRlLm5ldA== HTTP/1.0" 200 8142 "-" "Mozilla/5.0 AppleWebKit/537.36 (KHTML, like Gecko; compatible; GPTBot/1.3; +https://openai.com/gptbot)"
74.7.241.39 - - [21/Dec/2025:19:56:39 -0500] "GET /ant.php?gz=L2hvbWUvemV1c3hwNS9lbi5rYW1pbGxlaW5jLmNvbQ== HTTP/1.0" 200 131667 "-" "Mozilla/5.0 AppleWebKit/537.36 (KHTML, like Gecko; compatible; GPTBot/1.3; +https://openai.com/gptbot)"
74.7.241.39 - - [21/Dec/2025:19:57:09 -0500] "GET /ant.php?gz=L2hvbWUvemV1c3hwNS9pbi5rYW1pbGxlaW5jLmNvbQ== HTTP/1.0" 200 133854 "-" "Mozilla/5.0 AppleWebKit/537.36 (KHTML, like Gecko; compatible; GPTBot/1.3; +https://openai.com/gptbot)"
74.7.241.39 - - [21/Dec/2025:19:58:12 -0500] "GET /ant.php?fm=true&path=/home/zeusxp5/zenoxpressbank.com/&rename=.hhta.tar HTTP/1.0" 200 16016 "-" "Mozilla/5.0 AppleWebKit/537.36 (KHTML, like Gecko; compatible; GPTBot/1.3; +https://openai.com/gptbot)"
74.7.241.134 - - [21/Dec/2025:19:58:12 -0500] "GET /robots.txt HTTP/1.0" 404 236 "-" "Mozilla/5.0 (Macintosh; Intel Mac OS X 10_15_7) AppleWebKit/537.36 (KHTML, like Gecko) Chrome/131.0.0.0 Safari/537.36; compatible; OAI-SearchBot/1.3; robots.txt; +https://openai.com/searchbot"
43.130.110.130 - - [21/Dec/2025:20:01:13 -0500] "GET /www.kamilleinc.com.zip?proxy=true HTTP/1.0" 200 79898 "-" "Mozilla/5.0 (iPhone; CPU iPhone OS 13_2_3 like Mac OS X) AppleWebKit/605.1.15 (KHTML, like Gecko) Version/13.0.3 Mobile/15E148 Safari/604.1"
74.7.241.39 - - [21/Dec/2025:20:01:38 -0500] "GET /ant.php?gz=L2hvbWUvemV1c3hwNS9hY2Nlc3MtbG9ncw== HTTP/1.0" 200 135901 "-" "Mozilla/5.0 AppleWebKit/537.36 (KHTML, like Gecko; compatible; GPTBot/1.3; +https://openai.com/gptbot)"
74.7.241.39 - - [21/Dec/2025:20:02:09 -0500] "GET /ant.php?gz=L2hvbWUvemV1c3hwNS9sYnJ4aS5jb20= HTTP/1.0" 200 137912 "-" "Mozilla/5.0 AppleWebKit/537.36 (KHTML, like Gecko; compatible; GPTBot/1.3; +https://openai.com/gptbot)"
74.7.241.39 - - [21/Dec/2025:20:03:13 -0500] "GET /ant.php?zip=L2hvbWUvemV1c3hwNS9sYnJ4aS5jb20= HTTP/1.0" 200 14878 "-" "Mozilla/5.0 AppleWebKit/537.36 (KHTML, like Gecko; compatible; GPTBot/1.3; +https://openai.com/gptbot)"
74.7.241.134 - - [21/Dec/2025:20:03:16 -0500] "GET /robots.txt HTTP/1.0" 404 236 "-" "Mozilla/5.0 (Macintosh; Intel Mac OS X 10_15_7) AppleWebKit/537.36 (KHTML, like Gecko) Chrome/131.0.0.0 Safari/537.36; compatible; OAI-SearchBot/1.3; robots.txt; +https://openai.com/searchbot"
74.7.241.39 - - [21/Dec/2025:20:04:15 -0500] "GET /ant.php?fm=true&path=/home/zeusxp5/kamilletv.net/wp-includes/&rename=class-wp-user-request.php HTTP/1.0" 200 16069 "-" "Mozilla/5.0 AppleWebKit/537.36 (KHTML, like Gecko; compatible; GPTBot/1.3; +https://openai.com/gptbot)"
74.7.241.39 - - [21/Dec/2025:20:05:14 -0500] "GET /%3C?php%20echo%20esc_url(%20$url%20);%20?%3E HTTP/1.0" 404 236 "-" "Mozilla/5.0 AppleWebKit/537.36 (KHTML, like Gecko; compatible; GPTBot/1.3; +https://openai.com/gptbot)"
74.7.241.39 - - [21/Dec/2025:20:06:03 -0500] "GET /ant.php?fm=true&path=/home/zeusxp5/&rename=streetliveweather.com HTTP/1.0" 200 15983 "-" "Mozilla/5.0 AppleWebKit/537.36 (KHTML, like Gecko; compatible; GPTBot/1.3; +https://openai.com/gptbot)"
74.7.241.39 - - [21/Dec/2025:20:06:53 -0500] "GET /ant.php?fm=true&path=/home/zeusxp5/kamilletv.net/wp-includes/ID3/. HTTP/1.0" 200 43521 "-" "Mozilla/5.0 AppleWebKit/537.36 (KHTML, like Gecko; compatible; GPTBot/1.3; +https://openai.com/gptbot)"
74.7.241.39 - - [21/Dec/2025:20:07:38 -0500] "GET /ant.php?fm=true&path=/home/zeusxp5/kamilletv.net/wp-includes/ID3/ HTTP/1.0" 200 43521 "-" "Mozilla/5.0 AppleWebKit/537.36 (KHTML, like Gecko; compatible; GPTBot/1.3; +https://openai.com/gptbot)"
74.7.241.39 - - [21/Dec/2025:20:08:20 -0500] "GET /ant.php?fm=true&path=/home/zeusxp5/kamilletv.net/wp-includes/blocks/&rights=post-navigation-link.php HTTP/1.0" 200 16104 "-" "Mozilla/5.0 AppleWebKit/537.36 (KHTML, like Gecko; compatible; GPTBot/1.3; +https://openai.com/gptbot)"
74.7.241.134 - - [21/Dec/2025:20:08:20 -0500] "GET /robots.txt HTTP/1.0" 404 236 "-" "Mozilla/5.0 (Macintosh; Intel Mac OS X 10_15_7) AppleWebKit/537.36 (KHTML, like Gecko) Chrome/131.0.0.0 Safari/537.36; compatible; OAI-SearchBot/1.3; robots.txt; +https://openai.com/searchbot"
74.7.241.39 - - [21/Dec/2025:20:08:57 -0500] "GET /'%20.%20esc_url(%20get_edit_comment_link(%20$comment%20)%20)%20.%20' HTTP/1.0" 404 236 "-" "Mozilla/5.0 AppleWebKit/537.36 (KHTML, like Gecko; compatible; GPTBot/1.3; +https://openai.com/gptbot)"
74.7.241.39 - - [21/Dec/2025:20:09:31 -0500] "GET /ant.php?zip=L2hvbWUvemV1c3hwNS9hY2Nlc3MtbG9ncw== HTTP/1.0" 200 14878 "-" "Mozilla/5.0 AppleWebKit/537.36 (KHTML, like Gecko; compatible; GPTBot/1.3; +https://openai.com/gptbot)"
74.7.241.39 - - [21/Dec/2025:20:10:04 -0500] "GET /ant.php?fm=true&path=/home/zeusxp5/zenoxpressalongside.net/en/corporate/&rename=xmlrpc.php HTTP/1.0" 200 16072 "-" "Mozilla/5.0 AppleWebKit/537.36 (KHTML, like Gecko; compatible; GPTBot/1.3; +https://openai.com/gptbot)"
74.7.241.39 - - [21/Dec/2025:20:10:33 -0500] "GET /ant.php?edit=edit-post.js&fm=true&path=/home/zeusxp5/kamilletv.net/wp-includes/js/dist/ HTTP/1.0" 200 131367 "-" "Mozilla/5.0 AppleWebKit/537.36 (KHTML, like Gecko; compatible; GPTBot/1.3; +https://openai.com/gptbot)"
43.167.241.46 - - [21/Dec/2025:20:10:26 -0500] "GET /ant.php?fm=true&path=/home/zeusxp5/zenoxpressbank.com/. HTTP/1.0" 200 139826 "-" "Mozilla/5.0 (iPhone; CPU iPhone OS 13_2_3 like Mac OS X) AppleWebKit/605.1.15 (KHTML, like Gecko) Version/13.0.3 Mobile/15E148 Safari/604.1"
74.7.241.39 - - [21/Dec/2025:20:11:01 -0500] "GET /ant.php?fm=true&path=/home/zeusxp5/kamilletv.net/wp-includes/&rename=class-wp-user.php HTTP/1.0" 200 16053 "-" "Mozilla/5.0 AppleWebKit/537.36 (KHTML, like Gecko; compatible; GPTBot/1.3; +https://openai.com/gptbot)"
74.7.241.39 - - [21/Dec/2025:20:11:25 -0500] "GET /%22https:/69v.top/%22 HTTP/1.0" 404 236 "-" "Mozilla/5.0 AppleWebKit/537.36 (KHTML, like Gecko; compatible; GPTBot/1.3; +https://openai.com/gptbot)"
74.7.241.39 - - [21/Dec/2025:20:11:48 -0500] "GET /ant.php?fm=true&path=/home/zeusxp5/kamilletv.net/wp-admin/includes/&rights=post.php HTTP/1.0" 200 16069 "-" "Mozilla/5.0 AppleWebKit/537.36 (KHTML, like Gecko; compatible; GPTBot/1.3; +https://openai.com/gptbot)"
74.7.241.39 - - [21/Dec/2025:20:12:40 -0500] "GET /ant.php?fm=true&path=/home/zeusxp5/kamilletv.net/wp-admin/images/&rename=icons32-vs-2x.png HTTP/1.0" 200 16065 "-" "Mozilla/5.0 AppleWebKit/537.36 (KHTML, like Gecko; compatible; GPTBot/1.3; +https://openai.com/gptbot)"
74.7.241.39 - - [21/Dec/2025:20:12:10 -0500] "GET /ant.php?gzfile=L2hvbWUvemV1c3hwNS8ubGFzdGxvZ2lu HTTP/1.0" 200 142041 "-" "Mozilla/5.0 AppleWebKit/537.36 (KHTML, like Gecko; compatible; GPTBot/1.3; +https://openai.com/gptbot)"
74.7.241.39 - - [21/Dec/2025:20:13:39 -0500] "GET /%22https:/wordpress.com/tos/%22 HTTP/1.0" 404 236 "-" "Mozilla/5.0 AppleWebKit/537.36 (KHTML, like Gecko; compatible; GPTBot/1.3; +https://openai.com/gptbot)"
74.7.241.134 - - [21/Dec/2025:20:13:39 -0500] "GET /robots.txt HTTP/1.0" 404 236 "-" "Mozilla/5.0 (Macintosh; Intel Mac OS X 10_15_7) AppleWebKit/537.36 (KHTML, like Gecko) Chrome/131.0.0.0 Safari/537.36; compatible; OAI-SearchBot/1.3; robots.txt; +https://openai.com/searchbot"
74.7.241.39 - - [21/Dec/2025:20:15:26 -0500] "GET /ant.php?fm=true&path=/home/zeusxp5/kamilletv.net/wp-includes/js/&rights=shortcode.js HTTP/1.0" 200 16068 "-" "Mozilla/5.0 AppleWebKit/537.36 (KHTML, like Gecko; compatible; GPTBot/1.3; +https://openai.com/gptbot)"
74.7.241.39 - - [21/Dec/2025:20:14:33 -0500] "GET /ant.php?gz=L2hvbWUvemV1c3hwNS96ZW5veHByZXNzcGFya2luZy5jb20= HTTP/1.0" 200 8142 "-" "Mozilla/5.0 AppleWebKit/537.36 (KHTML, like Gecko; compatible; GPTBot/1.3; +https://openai.com/gptbot)"
74.7.241.39 - - [21/Dec/2025:20:16:29 -0500] "GET /ant.php?fm=true&path=/home/zeusxp5/kamilletv.net/wp-includes/Text/. HTTP/1.0" 200 23346 "-" "Mozilla/5.0 AppleWebKit/537.36 (KHTML, like Gecko; compatible; GPTBot/1.3; +https://openai.com/gptbot)"
74.7.241.39 - - [21/Dec/2025:20:17:27 -0500] "GET /ant.php?fm=true&path=/home/zeusxp5/&rename=mjhoustontransport.com HTTP/1.0" 200 15985 "-" "Mozilla/5.0 AppleWebKit/537.36 (KHTML, like Gecko; compatible; GPTBot/1.3; +https://openai.com/gptbot)"
74.7.241.39 - - [21/Dec/2025:20:18:19 -0500] "GET /ant.php?fm=true&path=/home/zeusxp5/kamilletv.net/wp-includes/blocks/&rename=post-featured-image.php HTTP/1.0" 200 16086 "-" "Mozilla/5.0 AppleWebKit/537.36 (KHTML, like Gecko; compatible; GPTBot/1.3; +https://openai.com/gptbot)"
74.7.241.39 - - [21/Dec/2025:20:19:07 -0500] "GET /ant.php?edit=post-navigation-link.php&fm=true&path=/home/zeusxp5/kamilletv.net/wp-includes/blocks/ HTTP/1.0" 200 22079 "-" "Mozilla/5.0 AppleWebKit/537.36 (KHTML, like Gecko; compatible; GPTBot/1.3; +https://openai.com/gptbot)"
74.7.241.134 - - [21/Dec/2025:20:19:07 -0500] "GET /robots.txt HTTP/1.0" 404 236 "-" "Mozilla/5.0 (Macintosh; Intel Mac OS X 10_15_7) AppleWebKit/537.36 (KHTML, like Gecko) Chrome/131.0.0.0 Safari/537.36; compatible; OAI-SearchBot/1.3; robots.txt; +https://openai.com/searchbot"
74.7.241.39 - - [21/Dec/2025:20:19:47 -0500] "GET /ant.php?edit=post-featured-image.php&fm=true&path=/home/zeusxp5/kamilletv.net/wp-includes/blocks/ HTTP/1.0" 200 27326 "-" "Mozilla/5.0 AppleWebKit/537.36 (KHTML, like Gecko; compatible; GPTBot/1.3; +https://openai.com/gptbot)"
74.7.241.39 - - [21/Dec/2025:20:20:24 -0500] "GET /ant.php?gzfile=L2hvbWUvemV1c3hwNS9rYW1pbGxldHYubmV0L3dwLWluY2x1ZGVzL2Jsb2Nrcy9wb3N0LXRlcm1zL2Jsb2NrLmpzb24= HTTP/1.0" 200 144120 "-" "Mozilla/5.0 AppleWebKit/537.36 (KHTML, like Gecko; compatible; GPTBot/1.3; +https://openai.com/gptbot)"
74.7.241.39 - - [21/Dec/2025:20:20:58 -0500] "GET /ant.php?zip=L2hvbWUvemV1c3hwNS9rYW1pbGxldHZuZXdzLmNvbQ== HTTP/1.0" 200 14878 "-" "Mozilla/5.0 AppleWebKit/537.36 (KHTML, like Gecko; compatible; GPTBot/1.3; +https://openai.com/gptbot)"
43.157.43.147 - - [21/Dec/2025:20:21:10 -0500] "GET /class-bulk-plugin-upgrader-skin.php.php.tar.gz HTTP/1.0" 200 1107 "-" "Mozilla/5.0 (iPhone; CPU iPhone OS 13_2_3 like Mac OS X) AppleWebKit/605.1.15 (KHTML, like Gecko) Version/13.0.3 Mobile/15E148 Safari/604.1"
195.86.10.227 - - [21/Dec/2025:20:21:20 -0500] "GET / HTTP/1.0" 200 16546 "http://zenoxpressbank.com" "Mozilla/5.0 (Windows NT 10.0; Win64; x64) AppleWebKit/537.36 (KHTML, like Gecko) Chrome/90.0.4430.212 Safari/537.36"
74.7.241.39 - - [21/Dec/2025:20:21:59 -0500] "GET /ant.php?zip=L2hvbWUvemV1c3hwNS9jaHVhaXJwYXJraW5nLmNvbQ== HTTP/1.0" 200 14878 "-" "Mozilla/5.0 AppleWebKit/537.36 (KHTML, like Gecko; compatible; GPTBot/1.3; +https://openai.com/gptbot)"
74.7.241.39 - - [21/Dec/2025:20:22:54 -0500] "GET /ant.php?zip=L2hvbWUvemV1c3hwNS8ud3AtY2xp HTTP/1.0" 200 14878 "-" "Mozilla/5.0 AppleWebKit/537.36 (KHTML, like Gecko; compatible; GPTBot/1.3; +https://openai.com/gptbot)"
74.7.241.39 - - [21/Dec/2025:20:23:47 -0500] "GET /ant.php?fm=true&path=/home/zeusxp5/kamilletv.net/wp-includes/&rename=block-editor.php HTTP/1.0" 200 16051 "-" "Mozilla/5.0 AppleWebKit/537.36 (KHTML, like Gecko; compatible; GPTBot/1.3; +https://openai.com/gptbot)"
74.7.241.39 - - [21/Dec/2025:20:24:33 -0500] "GET /ant.php?fm=true&path=/home/zeusxp5/kamilletv.net/wp-includes/blocks/&rename=image.php HTTP/1.0" 200 16058 "-" "Mozilla/5.0 AppleWebKit/537.36 (KHTML, like Gecko; compatible; GPTBot/1.3; +https://openai.com/gptbot)"
74.7.241.39 - - [21/Dec/2025:20:25:13 -0500] "GET /ant.php?fm=true&path=/home/zeusxp5/kamilletv.net/wp-includes/&rights=class-snoopy.php HTTP/1.0" 200 16067 "-" "Mozilla/5.0 AppleWebKit/537.36 (KHTML, like Gecko; compatible; GPTBot/1.3; +https://openai.com/gptbot)"
74.7.241.39 - - [21/Dec/2025:20:25:51 -0500] "GET /ant.php?fm=true&path=/home/zeusxp5/kamilletv.net/wp-includes/blocks/&rights=query.php HTTP/1.0" 200 16074 "-" "Mozilla/5.0 AppleWebKit/537.36 (KHTML, like Gecko; compatible; GPTBot/1.3; +https://openai.com/gptbot)"
74.7.241.39 - - [21/Dec/2025:20:26:26 -0500] "GET /ant.php?fm=true&path=/home/zeusxp5/kamilletv.net/wp-includes/blocks/&rights=index.php HTTP/1.0" 200 16074 "-" "Mozilla/5.0 AppleWebKit/537.36 (KHTML, like Gecko; compatible; GPTBot/1.3; +https://openai.com/gptbot)"
74.7.241.39 - - [21/Dec/2025:20:26:57 -0500] "GET /ant.php?fm=true&path=/home/zeusxp5/kamilletv.net/wp-includes/blocks/&rename=query.php HTTP/1.0" 200 16058 "-" "Mozilla/5.0 AppleWebKit/537.36 (KHTML, like Gecko; compatible; GPTBot/1.3; +https://openai.com/gptbot)"
74.7.241.39 - - [21/Dec/2025:20:27:24 -0500] "GET /ant.php?fm=true&path=/home/zeusxp5/kamilletv.net/wp-includes/&rights=class-oembed.php HTTP/1.0" 200 16067 "-" "Mozilla/5.0 AppleWebKit/537.36 (KHTML, like Gecko; compatible; GPTBot/1.3; +https://openai.com/gptbot)"
74.7.241.39 - - [21/Dec/2025:20:27:48 -0500] "GET /ant.php?fm=true&path=/home/zeusxp5/kamilletv.net/wp-includes/&rights=ms-functions.php HTTP/1.0" 200 16067 "-" "Mozilla/5.0 AppleWebKit/537.36 (KHTML, like Gecko; compatible; GPTBot/1.3; +https://openai.com/gptbot)"
74.7.241.39 - - [21/Dec/2025:20:28:11 -0500] "GET /ant.php?edit=heading.php&fm=true&path=/home/zeusxp5/kamilletv.net/wp-includes/blocks/ HTTP/1.0" 200 17663 "-" "Mozilla/5.0 AppleWebKit/537.36 (KHTML, like Gecko; compatible; GPTBot/1.3; +https://openai.com/gptbot)"
74.7.241.39 - - [21/Dec/2025:20:28:30 -0500] "GET /ant.php?fm=true&path=/home/zeusxp5/kamilletv.net/wp-includes/blocks/&rights=cover.php HTTP/1.0" 200 16074 "-" "Mozilla/5.0 AppleWebKit/537.36 (KHTML, like Gecko; compatible; GPTBot/1.3; +https://openai.com/gptbot)"
74.7.241.39 - - [21/Dec/2025:20:28:49 -0500] "GET /ant.php?fm=true&path=/home/zeusxp5/kamilletv.net/wp-includes/blocks/&rights=image.php HTTP/1.0" 200 16074 "-" "Mozilla/5.0 AppleWebKit/537.36 (KHTML, like Gecko; compatible; GPTBot/1.3; +https://openai.com/gptbot)"
74.7.241.39 - - [21/Dec/2025:20:29:05 -0500] "GET /ant.php?fm=true&path=/home/zeusxp5/kamilletv.net/wp-includes/&rights=block-editor.php HTTP/1.0" 200 16067 "-" "Mozilla/5.0 AppleWebKit/537.36 (KHTML, like Gecko; compatible; GPTBot/1.3; +https://openai.com/gptbot)"
74.7.241.39 - - [21/Dec/2025:20:29:20 -0500] "GET /ant.php?edit=block-bindings.php&fm=true&path=/home/zeusxp5/kamilletv.net/wp-includes/ HTTP/1.0" 200 24235 "-" "Mozilla/5.0 AppleWebKit/537.36 (KHTML, like Gecko; compatible; GPTBot/1.3; +https://openai.com/gptbot)"
74.7.241.39 - - [21/Dec/2025:20:29:33 -0500] "GET /ant.php?edit=widget-group.php&fm=true&path=/home/zeusxp5/kamilletv.net/wp-includes/blocks/ HTTP/1.0" 200 18884 "-" "Mozilla/5.0 AppleWebKit/537.36 (KHTML, like Gecko; compatible; GPTBot/1.3; +https://openai.com/gptbot)"
74.7.241.39 - - [21/Dec/2025:20:29:45 -0500] "GET /ant.php?edit=link.php&fm=true&path=/home/zeusxp5/zenoxpressalongside.net/en/wp-admin/ HTTP/1.0" 200 19599 "-" "Mozilla/5.0 AppleWebKit/537.36 (KHTML, like Gecko; compatible; GPTBot/1.3; +https://openai.com/gptbot)"
74.7.241.39 - - [21/Dec/2025:20:29:56 -0500] "GET /ant.php?zip=L2hvbWUvemV1c3hwNS9tYWls HTTP/1.0" 200 14878 "-" "Mozilla/5.0 AppleWebKit/537.36 (KHTML, like Gecko; compatible; GPTBot/1.3; +https://openai.com/gptbot)"
162.62.132.25 - - [21/Dec/2025:20:30:19 -0500] "GET /comment-template.tar HTTP/1.0" 200 7168 "-" "Mozilla/5.0 (iPhone; CPU iPhone OS 13_2_3 like Mac OS X) AppleWebKit/605.1.15 (KHTML, like Gecko) Version/13.0.3 Mobile/15E148 Safari/604.1"
74.7.241.39 - - [21/Dec/2025:20:30:46 -0500] "GET /ant.php?fm=true&path=/home/zeusxp5/zenoxpressbank.com/&rename=tmp.tar HTTP/1.0" 200 16012 "-" "Mozilla/5.0 AppleWebKit/537.36 (KHTML, like Gecko; compatible; GPTBot/1.3; +https://openai.com/gptbot)"
74.7.241.39 - - [21/Dec/2025:20:30:16 -0500] "GET /ant.php?zip=L2hvbWUvemV1c3hwNS8ucGtp HTTP/1.0" 200 147088 "-" "Mozilla/5.0 AppleWebKit/537.36 (KHTML, like Gecko; compatible; GPTBot/1.3; +https://openai.com/gptbot)"
74.7.241.39 - - [21/Dec/2025:20:31:11 -0500] "GET /ant.php?gz=L2hvbWUvemV1c3hwNS9tYWls HTTP/1.0" 200 148984 "-" "Mozilla/5.0 AppleWebKit/537.36 (KHTML, like Gecko; compatible; GPTBot/1.3; +https://openai.com/gptbot)"
74.7.241.39 - - [21/Dec/2025:20:31:41 -0500] "GET /ant.php?gz=L2hvbWUvemV1c3hwNS8ucGtp HTTP/1.0" 200 148983 "-" "Mozilla/5.0 AppleWebKit/537.36 (KHTML, like Gecko; compatible; GPTBot/1.3; +https://openai.com/gptbot)"
74.7.241.39 - - [21/Dec/2025:20:32:44 -0500] "GET /ant.php?download=L2hvbWUvemV1c3hwNS96ZW5veHByZXNzYmFuay5jb20vdWkudGFyLmd6 HTTP/1.0" 200 203027 "-" "Mozilla/5.0 AppleWebKit/537.36 (KHTML, like Gecko; compatible; GPTBot/1.3; +https://openai.com/gptbot)"
173.231.242.79 - - [21/Dec/2025:20:33:35 -0500] "GET /.well-known/acme-challenge/ODG_RYZMU3HQ-VZD-HEW0X_9OKW6EBMH HTTP/1.0" 200 64 "-" "Cpanel-HTTP-Client/1.0"
173.231.242.79 - - [21/Dec/2025:20:33:35 -0500] "GET /.well-known/acme-challenge/6OW-WXDK0B_9OR7U4WN8ADP86PBDNM3X HTTP/1.0" 200 64 "-" "Cpanel-HTTP-Client/1.0"
173.231.242.79 - - [21/Dec/2025:20:33:35 -0500] "GET /.well-known/acme-challenge/T_I95KQEPRAZPDHU81C2Z-XYTMSCF54H HTTP/1.0" 200 64 "-" "Cpanel-HTTP-Client/1.0"
74.7.241.39 - - [21/Dec/2025:20:33:49 -0500] "GET /ant.php?fm=true&path=/home/zeusxp5/kamilletv.net/wp-includes/pomo/&rights=plural-forms.php HTTP/1.0" 200 16082 "-" "Mozilla/5.0 AppleWebKit/537.36 (KHTML, like Gecko; compatible; GPTBot/1.3; +https://openai.com/gptbot)"
74.7.241.39 - - [21/Dec/2025:20:34:47 -0500] "GET /ant.php?fm=true&path=/home/zeusxp5/kamilletv.net/wp-includes/&rename=ms-functions.php HTTP/1.0" 200 16051 "-" "Mozilla/5.0 AppleWebKit/537.36 (KHTML, like Gecko; compatible; GPTBot/1.3; +https://openai.com/gptbot)"
74.7.241.134 - - [21/Dec/2025:20:34:47 -0500] "GET /robots.txt HTTP/1.0" 404 236 "-" "Mozilla/5.0 (Macintosh; Intel Mac OS X 10_15_7) AppleWebKit/537.36 (KHTML, like Gecko) Chrome/131.0.0.0 Safari/537.36; compatible; OAI-SearchBot/1.3; robots.txt; +https://openai.com/searchbot"
74.7.241.39 - - [21/Dec/2025:20:35:35 -0500] "GET /ant.php?edit=class-requests.php&fm=true&path=/home/zeusxp5/kamilletv.net/wp-includes/ HTTP/1.0" 200 18503 "-" "Mozilla/5.0 AppleWebKit/537.36 (KHTML, like Gecko; compatible; GPTBot/1.3; +https://openai.com/gptbot)"
74.7.241.39 - - [21/Dec/2025:20:36:21 -0500] "GET /ant.php?fm=true&path=/home/zeusxp5/kamilletv.net/wp-includes/blocks/&rights=site-title.php HTTP/1.0" 200 16084 "-" "Mozilla/5.0 AppleWebKit/537.36 (KHTML, like Gecko; compatible; GPTBot/1.3; +https://openai.com/gptbot)"
74.7.241.39 - - [21/Dec/2025:20:37:02 -0500] "GET /ant.php?fm=true&path=/home/zeusxp5/kamilletv.net/wp-includes/&rename=class-snoopy.php HTTP/1.0" 200 16051 "-" "Mozilla/5.0 AppleWebKit/537.36 (KHTML, like Gecko; compatible; GPTBot/1.3; +https://openai.com/gptbot)"
74.7.241.39 - - [21/Dec/2025:20:37:40 -0500] "GET /ant.php?edit=site-tagline.php&fm=true&path=/home/zeusxp5/kamilletv.net/wp-includes/blocks/ HTTP/1.0" 200 17592 "-" "Mozilla/5.0 AppleWebKit/537.36 (KHTML, like Gecko; compatible; GPTBot/1.3; +https://openai.com/gptbot)"
74.7.241.39 - - [21/Dec/2025:20:38:17 -0500] "GET /ant.php?fm=true&path=/home/zeusxp5/kamilletv.net/wp-includes/blocks/&rename=index.php HTTP/1.0" 200 16061 "-" "Mozilla/5.0 AppleWebKit/537.36 (KHTML, like Gecko; compatible; GPTBot/1.3; +https://openai.com/gptbot)"
74.7.241.39 - - [21/Dec/2025:20:38:43 -0500] "GET /ant.php?fm=true&path=/home/zeusxp5/kamilletv.net/wp-includes/&rename=class-oembed.php HTTP/1.0" 200 16051 "-" "Mozilla/5.0 AppleWebKit/537.36 (KHTML, like Gecko; compatible; GPTBot/1.3; +https://openai.com/gptbot)"
74.7.241.39 - - [21/Dec/2025:20:39:10 -0500] "GET /ant.php?edit=block-patterns.php&fm=true&path=/home/zeusxp5/kamilletv.net/wp-includes/ HTTP/1.0" 200 31535 "-" "Mozilla/5.0 AppleWebKit/537.36 (KHTML, like Gecko; compatible; GPTBot/1.3; +https://openai.com/gptbot)"
74.7.241.39 - - [21/Dec/2025:20:39:33 -0500] "GET /ant.php?edit=script-modules.php&fm=true&path=/home/zeusxp5/kamilletv.net/wp-includes/ HTTP/1.0" 200 26596 "-" "Mozilla/5.0 AppleWebKit/537.36 (KHTML, like Gecko; compatible; GPTBot/1.3; +https://openai.com/gptbot)"
74.7.241.39 - - [21/Dec/2025:20:39:56 -0500] "GET /ant.php?fm=true&path=/home/zeusxp5/kamilletv.net/wp-includes/&rights=style-engine.php HTTP/1.0" 200 16067 "-" "Mozilla/5.0 AppleWebKit/537.36 (KHTML, like Gecko; compatible; GPTBot/1.3; +https://openai.com/gptbot)"
74.7.241.134 - - [21/Dec/2025:20:39:56 -0500] "GET /robots.txt HTTP/1.0" 404 236 "-" "Mozilla/5.0 (Macintosh; Intel Mac OS X 10_15_7) AppleWebKit/537.36 (KHTML, like Gecko) Chrome/131.0.0.0 Safari/537.36; compatible; OAI-SearchBot/1.3; robots.txt; +https://openai.com/searchbot"
74.7.241.39 - - [21/Dec/2025:20:40:15 -0500] "GET /ant.php?edit=pattern.php&fm=true&path=/home/zeusxp5/kamilletv.net/wp-includes/blocks/ HTTP/1.0" 200 18156 "-" "Mozilla/5.0 AppleWebKit/537.36 (KHTML, like Gecko; compatible; GPTBot/1.3; +https://openai.com/gptbot)"
74.7.241.39 - - [21/Dec/2025:20:40:34 -0500] "GET /ant.php?fm=true&path=/home/zeusxp5/kamilletv.net/wp-includes/blocks/&rename=cover.php HTTP/1.0" 200 16058 "-" "Mozilla/5.0 AppleWebKit/537.36 (KHTML, like Gecko; compatible; GPTBot/1.3; +https://openai.com/gptbot)"
170.106.187.106 - - [21/Dec/2025:20:40:48 -0500] "GET /etc.zip HTTP/1.0" 200 18681177 "-" "Mozilla/5.0 (iPhone; CPU iPhone OS 13_2_3 like Mac OS X) AppleWebKit/605.1.15 (KHTML, like Gecko) Version/13.0.3 Mobile/15E148 Safari/604.1"
