17.246.19.228 - - [21/Dec/2025:20:48:25 -0500] "GET /wp-content/plugins/post-and-page-builder-premium/dist/application.min.css?ver=1.2.7 HTTP/1.0" 200 6279 "http://www.lrliberia.com/author/lbliberia/" "Mozilla/5.0 (Macintosh; Intel Mac OS X 10_15_7) AppleWebKit/605.1.15 (KHTML, like Gecko) Version/17.4 Safari/605.1.15 (Applebot/0.1; +http://www.apple.com/go/applebot)"
17.246.23.127 - - [21/Dec/2025:20:48:26 -0500] "GET /wp-includes/js/jquery/jquery.min.js?ver=3.7.1 HTTP/1.0" 200 30368 "http://www.lrliberia.com/author/lbliberia/" "Mozilla/5.0 (Macintosh; Intel Mac OS X 10_15_7) AppleWebKit/605.1.15 (KHTML, like Gecko) Version/17.4 Safari/605.1.15 (Applebot/0.1; +http://www.apple.com/go/applebot)"
17.246.23.109 - - [21/Dec/2025:20:48:26 -0500] "GET /wp-includes/js/jquery/jquery-migrate.min.js?ver=3.4.1 HTTP/1.0" 200 4872 "http://www.lrliberia.com/author/lbliberia/" "Mozilla/5.0 (Macintosh; Intel Mac OS X 10_15_7) AppleWebKit/605.1.15 (KHTML, like Gecko) Version/17.4 Safari/605.1.15 (Applebot/0.1; +http://www.apple.com/go/applebot)"
17.246.19.95 - - [21/Dec/2025:20:48:27 -0500] "GET /wp-content/plugins/woocommerce/assets/js/jquery-blockui/jquery.blockUI.min.js?ver=2.7.0-wc.10.3.5 HTTP/1.0" 200 3537 "http://www.lrliberia.com/author/lbliberia/" "Mozilla/5.0 (Macintosh; Intel Mac OS X 10_15_7) AppleWebKit/605.1.15 (KHTML, like Gecko) Version/17.4 Safari/605.1.15 (Applebot/0.1; +http://www.apple.com/go/applebot)"
17.246.23.176 - - [21/Dec/2025:20:48:28 -0500] "GET /wp-content/plugins/woocommerce/assets/js/frontend/add-to-cart.min.js?ver=10.3.5 HTTP/1.0" 200 1368 "http://www.lrliberia.com/author/lbliberia/" "Mozilla/5.0 (Macintosh; Intel Mac OS X 10_15_7) AppleWebKit/605.1.15 (KHTML, like Gecko) Version/17.4 Safari/605.1.15 (Applebot/0.1; +http://www.apple.com/go/applebot)"
17.246.19.95 - - [21/Dec/2025:20:48:28 -0500] "GET /wp-content/plugins/woocommerce/assets/js/js-cookie/js.cookie.min.js?ver=2.1.4-wc.10.3.5 HTTP/1.0" 200 833 "http://www.lrliberia.com/author/lbliberia/" "Mozilla/5.0 (Macintosh; Intel Mac OS X 10_15_7) AppleWebKit/605.1.15 (KHTML, like Gecko) Version/17.4 Safari/605.1.15 (Applebot/0.1; +http://www.apple.com/go/applebot)"
17.246.15.140 - - [21/Dec/2025:20:48:28 -0500] "GET /wp-content/plugins/post-and-page-builder/assets/css/editor-fe.min.css?ver=1.27.8 HTTP/1.0" 200 4254 "http://www.lrliberia.com/author/lbliberia/" "Mozilla/5.0 (Macintosh; Intel Mac OS X 10_15_7) AppleWebKit/605.1.15 (KHTML, like Gecko) Version/17.4 Safari/605.1.15 (Applebot/0.1; +http://www.apple.com/go/applebot)"
17.246.23.127 - - [21/Dec/2025:20:48:28 -0500] "GET /wp-content/plugins/woocommerce/assets/js/frontend/woocommerce.min.js?ver=10.3.5 HTTP/1.0" 200 1474 "http://www.lrliberia.com/author/lbliberia/" "Mozilla/5.0 (Macintosh; Intel Mac OS X 10_15_7) AppleWebKit/605.1.15 (KHTML, like Gecko) Version/17.4 Safari/605.1.15 (Applebot/0.1; +http://www.apple.com/go/applebot)"
17.246.23.109 - - [21/Dec/2025:20:48:29 -0500] "GET /wp-content/plugins/revslider/public/assets/css/rs6.css?ver=6.6.18 HTTP/1.0" 200 12492 "http://www.lrliberia.com/author/lbliberia/" "Mozilla/5.0 (Macintosh; Intel Mac OS X 10_15_7) AppleWebKit/605.1.15 (KHTML, like Gecko) Version/17.4 Safari/605.1.15 (Applebot/0.1; +http://www.apple.com/go/applebot)"
17.246.19.95 - - [21/Dec/2025:20:48:29 -0500] "GET /wp-includes/js/dist/vendor/wp-polyfill.min.js?ver=3.15.0 HTTP/1.0" 200 11852 "http://www.lrliberia.com/author/lbliberia/" "Mozilla/5.0 (Macintosh; Intel Mac OS X 10_15_7) AppleWebKit/605.1.15 (KHTML, like Gecko) Version/17.4 Safari/605.1.15 (Applebot/0.1; +http://www.apple.com/go/applebot)"
17.246.23.176 - - [21/Dec/2025:20:48:30 -0500] "GET /wp-includes/js/dist/hooks.min.js?ver=dd5603f07f9220ed27f1 HTTP/1.0" 200 1941 "http://www.lrliberia.com/author/lbliberia/" "Mozilla/5.0 (Macintosh; Intel Mac OS X 10_15_7) AppleWebKit/605.1.15 (KHTML, like Gecko) Version/17.4 Safari/605.1.15 (Applebot/0.1; +http://www.apple.com/go/applebot)"
17.246.19.95 - - [21/Dec/2025:20:48:30 -0500] "GET /wp-includes/js/dist/i18n.min.js?ver=c26c3dc7bed366793375 HTTP/1.0" 200 2229 "http://www.lrliberia.com/author/lbliberia/" "Mozilla/5.0 (Macintosh; Intel Mac OS X 10_15_7) AppleWebKit/605.1.15 (KHTML, like Gecko) Version/17.4 Safari/605.1.15 (Applebot/0.1; +http://www.apple.com/go/applebot)"
17.246.23.127 - - [21/Dec/2025:20:48:31 -0500] "GET /wp-content/plugins/woocommerce/assets/client/blocks/wc-cart-checkout-base-frontend.js?ver=161c226e82cfe5aeaa29 HTTP/1.0" 200 60430 "http://www.lrliberia.com/author/lbliberia/" "Mozilla/5.0 (Macintosh; Intel Mac OS X 10_15_7) AppleWebKit/605.1.15 (KHTML, like Gecko) Version/17.4 Safari/605.1.15 (Applebot/0.1; +http://www.apple.com/go/applebot)"
17.246.23.109 - - [21/Dec/2025:20:48:31 -0500] "GET /wp-content/plugins/woocommerce/assets/client/blocks/wc-cart-checkout-vendors-frontend.js?ver=bcad3fab21852551edee HTTP/1.0" 200 45993 "http://www.lrliberia.com/author/lbliberia/" "Mozilla/5.0 (Macintosh; Intel Mac OS X 10_15_7) AppleWebKit/605.1.15 (KHTML, like Gecko) Version/17.4 Safari/605.1.15 (Applebot/0.1; +http://www.apple.com/go/applebot)"
17.246.19.47 - - [21/Dec/2025:20:48:32 -0500] "GET /wp-content/plugins/woocommerce/assets/client/blocks/wc-types.js?ver=f0cc692c0367e0930c80 HTTP/1.0" 200 1587 "http://www.lrliberia.com/author/lbliberia/" "Mozilla/5.0 (Macintosh; Intel Mac OS X 10_15_7) AppleWebKit/605.1.15 (KHTML, like Gecko) Version/17.4 Safari/605.1.15 (Applebot/0.1; +http://www.apple.com/go/applebot)"
17.246.23.176 - - [21/Dec/2025:20:48:32 -0500] "GET /wp-content/plugins/woocommerce/assets/client/blocks/blocks-checkout-events.js?ver=2d0fd4590f6cc663947c HTTP/1.0" 200 771 "http://www.lrliberia.com/author/lbliberia/" "Mozilla/5.0 (Macintosh; Intel Mac OS X 10_15_7) AppleWebKit/605.1.15 (KHTML, like Gecko) Version/17.4 Safari/605.1.15 (Applebot/0.1; +http://www.apple.com/go/applebot)"
17.246.19.51 - - [21/Dec/2025:20:48:33 -0500] "GET /wp-includes/js/dist/vendor/react.min.js?ver=18.3.1.1 HTTP/1.0" 200 4165 "http://www.lrliberia.com/author/lbliberia/" "Mozilla/5.0 (Macintosh; Intel Mac OS X 10_15_7) AppleWebKit/605.1.15 (KHTML, like Gecko) Version/17.4 Safari/605.1.15 (Applebot/0.1; +http://www.apple.com/go/applebot)"
17.246.19.95 - - [21/Dec/2025:20:48:33 -0500] "GET /wp-includes/js/dist/vendor/react-jsx-runtime.min.js?ver=18.3.1 HTTP/1.0" 200 554 "http://www.lrliberia.com/author/lbliberia/" "Mozilla/5.0 (Macintosh; Intel Mac OS X 10_15_7) AppleWebKit/605.1.15 (KHTML, like Gecko) Version/17.4 Safari/605.1.15 (Applebot/0.1; +http://www.apple.com/go/applebot)"
17.246.23.127 - - [21/Dec/2025:20:48:34 -0500] "GET /wp-includes/js/dist/url.min.js?ver=9e178c9516d1222dc834 HTTP/1.0" 200 3856 "http://www.lrliberia.com/author/lbliberia/" "Mozilla/5.0 (Macintosh; Intel Mac OS X 10_15_7) AppleWebKit/605.1.15 (KHTML, like Gecko) Version/17.4 Safari/605.1.15 (Applebot/0.1; +http://www.apple.com/go/applebot)"
17.246.19.82 - - [21/Dec/2025:20:48:34 -0500] "GET /wp-includes/js/dist/api-fetch.min.js?ver=3a4d9af2b423048b0dee HTTP/1.0" 200 2436 "http://www.lrliberia.com/author/lbliberia/" "Mozilla/5.0 (Macintosh; Intel Mac OS X 10_15_7) AppleWebKit/605.1.15 (KHTML, like Gecko) Version/17.4 Safari/605.1.15 (Applebot/0.1; +http://www.apple.com/go/applebot)"
17.246.19.47 - - [21/Dec/2025:20:48:35 -0500] "GET /wp-content/plugins/woocommerce/assets/client/blocks/wc-settings.js?ver=508473c3c2ece9af8f8f HTTP/1.0" 200 2609 "http://www.lrliberia.com/author/lbliberia/" "Mozilla/5.0 (Macintosh; Intel Mac OS X 10_15_7) AppleWebKit/605.1.15 (KHTML, like Gecko) Version/17.4 Safari/605.1.15 (Applebot/0.1; +http://www.apple.com/go/applebot)"
17.246.23.176 - - [21/Dec/2025:20:48:35 -0500] "GET /wp-includes/js/dist/deprecated.min.js?ver=e1f84915c5e8ae38964c HTTP/1.0" 200 446 "http://www.lrliberia.com/author/lbliberia/" "Mozilla/5.0 (Macintosh; Intel Mac OS X 10_15_7) AppleWebKit/605.1.15 (KHTML, like Gecko) Version/17.4 Safari/605.1.15 (Applebot/0.1; +http://www.apple.com/go/applebot)"
17.246.19.51 - - [21/Dec/2025:20:48:36 -0500] "GET /wp-includes/js/dist/dom.min.js?ver=26edef3be6483da3de2e HTTP/1.0" 200 4738 "http://www.lrliberia.com/author/lbliberia/" "Mozilla/5.0 (Macintosh; Intel Mac OS X 10_15_7) AppleWebKit/605.1.15 (KHTML, like Gecko) Version/17.4 Safari/605.1.15 (Applebot/0.1; +http://www.apple.com/go/applebot)"
17.246.15.47 - - [21/Dec/2025:20:48:37 -0500] "GET /wp-includes/js/dist/element.min.js?ver=6a582b0c827fa25df3dd HTTP/1.0" 200 4993 "http://www.lrliberia.com/author/lbliberia/" "Mozilla/5.0 (Macintosh; Intel Mac OS X 10_15_7) AppleWebKit/605.1.15 (KHTML, like Gecko) Version/17.4 Safari/605.1.15 (Applebot/0.1; +http://www.apple.com/go/applebot)"
17.246.19.95 - - [21/Dec/2025:20:48:40 -0500] "GET /wp-includes/js/dist/vendor/react-dom.min.js?ver=18.3.1.1 HTTP/1.0" 200 41888 "http://www.lrliberia.com/author/lbliberia/" "Mozilla/5.0 (Macintosh; Intel Mac OS X 10_15_7) AppleWebKit/605.1.15 (KHTML, like Gecko) Version/17.4 Safari/605.1.15 (Applebot/0.1; +http://www.apple.com/go/applebot)"
17.246.23.109 - - [21/Dec/2025:20:48:41 -0500] "GET /wp-includes/js/dist/escape-html.min.js?ver=6561a406d2d232a6fbd2 HTTP/1.0" 200 532 "http://www.lrliberia.com/author/lbliberia/" "Mozilla/5.0 (Macintosh; Intel Mac OS X 10_15_7) AppleWebKit/605.1.15 (KHTML, like Gecko) Version/17.4 Safari/605.1.15 (Applebot/0.1; +http://www.apple.com/go/applebot)"
17.246.23.176 - - [21/Dec/2025:20:48:42 -0500] "GET /wp-includes/js/dist/keycodes.min.js?ver=34c8fb5e7a594a1c8037 HTTP/1.0" 200 1354 "http://www.lrliberia.com/author/lbliberia/" "Mozilla/5.0 (Macintosh; Intel Mac OS X 10_15_7) AppleWebKit/605.1.15 (KHTML, like Gecko) Version/17.4 Safari/605.1.15 (Applebot/0.1; +http://www.apple.com/go/applebot)"
17.246.19.47 - - [21/Dec/2025:20:48:42 -0500] "GET /wp-includes/js/dist/is-shallow-equal.min.js?ver=e0f9f1d78d83f5196979 HTTP/1.0" 200 520 "http://www.lrliberia.com/author/lbliberia/" "Mozilla/5.0 (Macintosh; Intel Mac OS X 10_15_7) AppleWebKit/605.1.15 (KHTML, like Gecko) Version/17.4 Safari/605.1.15 (Applebot/0.1; +http://www.apple.com/go/applebot)"
17.246.19.51 - - [21/Dec/2025:20:48:42 -0500] "GET /wp-includes/js/dist/priority-queue.min.js?ver=2d59d091223ee9a33838 HTTP/1.0" 200 1524 "http://www.lrliberia.com/author/lbliberia/" "Mozilla/5.0 (Macintosh; Intel Mac OS X 10_15_7) AppleWebKit/605.1.15 (KHTML, like Gecko) Version/17.4 Safari/605.1.15 (Applebot/0.1; +http://www.apple.com/go/applebot)"
17.246.23.110 - - [21/Dec/2025:20:48:45 -0500] "GET /wp-includes/js/dist/compose.min.js?ver=7a9b375d8c19cf9d3d9b HTTP/1.0" 200 12764 "http://www.lrliberia.com/author/lbliberia/" "Mozilla/5.0 (Macintosh; Intel Mac OS X 10_15_7) AppleWebKit/605.1.15 (KHTML, like Gecko) Version/17.4 Safari/605.1.15 (Applebot/0.1; +http://www.apple.com/go/applebot)"
17.246.23.142 - - [21/Dec/2025:20:48:47 -0500] "GET /wp-includes/js/dist/data-controls.min.js?ver=49f5587e8b90f9e7cc7e HTTP/1.0" 200 636 "http://www.lrliberia.com/author/lbliberia/" "Mozilla/5.0 (Macintosh; Intel Mac OS X 10_15_7) AppleWebKit/605.1.15 (KHTML, like Gecko) Version/17.4 Safari/605.1.15 (Applebot/0.1; +http://www.apple.com/go/applebot)"
17.246.23.148 - - [21/Dec/2025:20:48:47 -0500] "GET /wp-includes/js/dist/html-entities.min.js?ver=e8b78b18a162491d5e5f HTTP/1.0" 200 447 "http://www.lrliberia.com/author/lbliberia/" "Mozilla/5.0 (Macintosh; Intel Mac OS X 10_15_7) AppleWebKit/605.1.15 (KHTML, like Gecko) Version/17.4 Safari/605.1.15 (Applebot/0.1; +http://www.apple.com/go/applebot)"
17.246.15.247 - - [21/Dec/2025:20:48:48 -0500] "GET /wp-includes/js/dist/notices.min.js?ver=f62fbf15dcc23301922f HTTP/1.0" 200 946 "http://www.lrliberia.com/author/lbliberia/" "Mozilla/5.0 (Macintosh; Intel Mac OS X 10_15_7) AppleWebKit/605.1.15 (KHTML, like Gecko) Version/17.4 Safari/605.1.15 (Applebot/0.1; +http://www.apple.com/go/applebot)"
17.246.19.163 - - [21/Dec/2025:20:48:48 -0500] "GET /wp-content/plugins/woocommerce/assets/client/blocks/wc-blocks-middleware.js?ver=d79dedade2f2e4dc9df4 HTTP/1.0" 200 748 "http://www.lrliberia.com/author/lbliberia/" "Mozilla/5.0 (Macintosh; Intel Mac OS X 10_15_7) AppleWebKit/605.1.15 (KHTML, like Gecko) Version/17.4 Safari/605.1.15 (Applebot/0.1; +http://www.apple.com/go/applebot)"
17.246.19.36 - - [21/Dec/2025:20:48:49 -0500] "GET /wp-content/plugins/woocommerce/assets/client/blocks/wc-blocks-data.js?ver=c7cac5d19cadee0eb772 HTTP/1.0" 200 23499 "http://www.lrliberia.com/author/lbliberia/" "Mozilla/5.0 (Macintosh; Intel Mac OS X 10_15_7) AppleWebKit/605.1.15 (KHTML, like Gecko) Version/17.4 Safari/605.1.15 (Applebot/0.1; +http://www.apple.com/go/applebot)"
17.246.23.54 - - [21/Dec/2025:20:48:49 -0500] "GET /wp-content/plugins/woocommerce/assets/client/blocks/price-format.js?ver=57e176e7cc02bdd27978 HTTP/1.0" 200 823 "http://www.lrliberia.com/author/lbliberia/" "Mozilla/5.0 (Macintosh; Intel Mac OS X 10_15_7) AppleWebKit/605.1.15 (KHTML, like Gecko) Version/17.4 Safari/605.1.15 (Applebot/0.1; +http://www.apple.com/go/applebot)"
17.246.23.54 - - [21/Dec/2025:20:48:50 -0500] "GET /wp-content/plugins/woocommerce/assets/client/blocks/mini-cart-frontend.js?ver=960399d58af8890eb41e HTTP/1.0" 200 2370 "http://www.lrliberia.com/author/lbliberia/" "Mozilla/5.0 (Macintosh; Intel Mac OS X 10_15_7) AppleWebKit/605.1.15 (KHTML, like Gecko) Version/17.4 Safari/605.1.15 (Applebot/0.1; +http://www.apple.com/go/applebot)"
17.246.23.54 - - [21/Dec/2025:20:48:50 -0500] "GET /wp-content/plugins/contact-form-7/includes/swv/js/index.js?ver=6.1.3 HTTP/1.0" 200 3503 "http://www.lrliberia.com/author/lbliberia/" "Mozilla/5.0 (Macintosh; Intel Mac OS X 10_15_7) AppleWebKit/605.1.15 (KHTML, like Gecko) Version/17.4 Safari/605.1.15 (Applebot/0.1; +http://www.apple.com/go/applebot)"
17.246.15.19 - - [21/Dec/2025:20:48:51 -0500] "GET /wp-content/plugins/contact-form-7/includes/js/index.js?ver=6.1.3 HTTP/1.0" 200 4265 "http://www.lrliberia.com/author/lbliberia/" "Mozilla/5.0 (Macintosh; Intel Mac OS X 10_15_7) AppleWebKit/605.1.15 (KHTML, like Gecko) Version/17.4 Safari/605.1.15 (Applebot/0.1; +http://www.apple.com/go/applebot)"
17.246.15.19 - - [21/Dec/2025:20:48:51 -0500] "GET /wp-content/plugins/wd-framework/js/script.js?ver=6.9 HTTP/1.0" 200 1932 "http://www.lrliberia.com/author/lbliberia/" "Mozilla/5.0 (Macintosh; Intel Mac OS X 10_15_7) AppleWebKit/605.1.15 (KHTML, like Gecko) Version/17.4 Safari/605.1.15 (Applebot/0.1; +http://www.apple.com/go/applebot)"
17.246.15.19 - - [21/Dec/2025:20:48:52 -0500] "GET /wp-content/plugins/cookieadmin/assets/js/consent.js?ver=1.0.9 HTTP/1.0" 200 4535 "http://www.lrliberia.com/author/lbliberia/" "Mozilla/5.0 (Macintosh; Intel Mac OS X 10_15_7) AppleWebKit/605.1.15 (KHTML, like Gecko) Version/17.4 Safari/605.1.15 (Applebot/0.1; +http://www.apple.com/go/applebot)"
17.246.19.36 - - [21/Dec/2025:20:48:52 -0500] "GET /wp-content/themes/lifttruck/public/js/screen.js?ver=88d9a7237ddcf311aebb HTTP/1.0" 200 4222 "http://www.lrliberia.com/author/lbliberia/" "Mozilla/5.0 (Macintosh; Intel Mac OS X 10_15_7) AppleWebKit/605.1.15 (KHTML, like Gecko) Version/17.4 Safari/605.1.15 (Applebot/0.1; +http://www.apple.com/go/applebot)"
17.246.19.36 - - [21/Dec/2025:20:48:53 -0500] "GET /wp-content/plugins/woocommerce/assets/js/sourcebuster/sourcebuster.min.js?ver=10.3.5 HTTP/1.0" 200 4807 "http://www.lrliberia.com/author/lbliberia/" "Mozilla/5.0 (Macintosh; Intel Mac OS X 10_15_7) AppleWebKit/605.1.15 (KHTML, like Gecko) Version/17.4 Safari/605.1.15 (Applebot/0.1; +http://www.apple.com/go/applebot)"
17.246.19.36 - - [21/Dec/2025:20:48:53 -0500] "GET /wp-content/plugins/woocommerce/assets/js/frontend/order-attribution.min.js?ver=10.3.5 HTTP/1.0" 200 1128 "http://www.lrliberia.com/author/lbliberia/" "Mozilla/5.0 (Macintosh; Intel Mac OS X 10_15_7) AppleWebKit/605.1.15 (KHTML, like Gecko) Version/17.4 Safari/605.1.15 (Applebot/0.1; +http://www.apple.com/go/applebot)"
17.246.19.95 - - [21/Dec/2025:20:48:54 -0500] "GET /wp-includes/js/dist/private-apis.min.js?ver=4f465748bda624774139 HTTP/1.0" 200 1017 "http://www.lrliberia.com/author/lbliberia/" "Mozilla/5.0 (Macintosh; Intel Mac OS X 10_15_7) AppleWebKit/605.1.15 (KHTML, like Gecko) Version/17.4 Safari/605.1.15 (Applebot/0.1; +http://www.apple.com/go/applebot)"
17.246.19.36 - - [21/Dec/2025:20:48:54 -0500] "GET /wp-content/plugins/post-and-page-builder/assets/dist/public.min.js?ver=1.27.8 HTTP/1.0" 200 5724 "http://www.lrliberia.com/author/lbliberia/" "Mozilla/5.0 (Macintosh; Intel Mac OS X 10_15_7) AppleWebKit/605.1.15 (KHTML, like Gecko) Version/17.4 Safari/605.1.15 (Applebot/0.1; +http://www.apple.com/go/applebot)"
17.246.23.142 - - [21/Dec/2025:20:48:55 -0500] "GET /wp-content/plugins/post-and-page-builder-premium/dist/application.min.js?ver=1.2.7 HTTP/1.0" 200 15664 "http://www.lrliberia.com/author/lbliberia/" "Mozilla/5.0 (Macintosh; Intel Mac OS X 10_15_7) AppleWebKit/605.1.15 (KHTML, like Gecko) Version/17.4 Safari/605.1.15 (Applebot/0.1; +http://www.apple.com/go/applebot)"
17.246.23.142 - - [21/Dec/2025:20:48:55 -0500] "GET /wp-includes/js/dist/script-modules/block-library/navigation/view.min.js?ver=b0f909c3ec791c383210 HTTP/1.0" 200 1169 "http://www.lrliberia.com/author/lbliberia/" "Mozilla/5.0 (Macintosh; Intel Mac OS X 10_15_7) AppleWebKit/605.1.15 (KHTML, like Gecko) Version/17.4 Safari/605.1.15 (Applebot/0.1; +http://www.apple.com/go/applebot)"
17.246.23.212 - - [21/Dec/2025:20:48:56 -0500] "GET /wp-content/plugins/revslider/public/assets/js/rbtools.min.js?ver=6.6.18 HTTP/1.0" 200 61824 "http://www.lrliberia.com/author/lbliberia/" "Mozilla/5.0 (Macintosh; Intel Mac OS X 10_15_7) AppleWebKit/605.1.15 (KHTML, like Gecko) Version/17.4 Safari/605.1.15 (Applebot/0.1; +http://www.apple.com/go/applebot)"
17.246.23.212 - - [21/Dec/2025:20:48:56 -0500] "GET /wp-content/plugins/revslider/public/assets/js/rs6.min.js?ver=6.6.18 HTTP/1.0" 200 108161 "http://www.lrliberia.com/author/lbliberia/" "Mozilla/5.0 (Macintosh; Intel Mac OS X 10_15_7) AppleWebKit/605.1.15 (KHTML, like Gecko) Version/17.4 Safari/605.1.15 (Applebot/0.1; +http://www.apple.com/go/applebot)"
17.246.23.109 - - [21/Dec/2025:20:48:56 -0500] "GET /wp-includes/js/dist/redux-routine.min.js?ver=8bb92d45458b29590f53 HTTP/1.0" 200 2809 "http://www.lrliberia.com/author/lbliberia/" "Mozilla/5.0 (Macintosh; Intel Mac OS X 10_15_7) AppleWebKit/605.1.15 (KHTML, like Gecko) Version/17.4 Safari/605.1.15 (Applebot/0.1; +http://www.apple.com/go/applebot)"
17.246.19.51 - - [21/Dec/2025:20:48:56 -0500] "GET /wp-content/plugins/woocommerce/assets/client/blocks/wc-blocks-registry.js?ver=a16aa912ffa0a15063f1 HTTP/1.0" 200 5056 "http://www.lrliberia.com/author/lbliberia/" "Mozilla/5.0 (Macintosh; Intel Mac OS X 10_15_7) AppleWebKit/605.1.15 (KHTML, like Gecko) Version/17.4 Safari/605.1.15 (Applebot/0.1; +http://www.apple.com/go/applebot)"
17.246.23.176 - - [21/Dec/2025:20:48:56 -0500] "GET /wp-includes/js/dist/data.min.js?ver=f940198280891b0b6318 HTTP/1.0" 200 8837 "http://www.lrliberia.com/author/lbliberia/" "Mozilla/5.0 (Macintosh; Intel Mac OS X 10_15_7) AppleWebKit/605.1.15 (KHTML, like Gecko) Version/17.4 Safari/605.1.15 (Applebot/0.1; +http://www.apple.com/go/applebot)"
17.246.23.110 - - [21/Dec/2025:20:48:57 -0500] "GET /wp-content/plugins/cookieadmin-pro/assets/js/consent.js?ver=1.0.9 HTTP/1.0" 200 453 "http://www.lrliberia.com/author/lbliberia/" "Mozilla/5.0 (Macintosh; Intel Mac OS X 10_15_7) AppleWebKit/605.1.15 (KHTML, like Gecko) Version/17.4 Safari/605.1.15 (Applebot/0.1; +http://www.apple.com/go/applebot)"
17.246.23.110 - - [21/Dec/2025:20:48:58 -0500] "GET /wp-content/plugins/woocommerce/assets/css/woocommerce-smallscreen.css?ver=10.3.5 HTTP/1.0" 200 1279 "http://www.lrliberia.com/author/lbliberia/" "Mozilla/5.0 (Macintosh; Intel Mac OS X 10_15_7) AppleWebKit/605.1.15 (KHTML, like Gecko) Version/17.4 Safari/605.1.15 (Applebot/0.1; +http://www.apple.com/go/applebot)"
17.246.23.142 - - [21/Dec/2025:20:49:08 -0500] "GET /wp-includes/js/dist/script-modules/interactivity/index.min.js?ver=8964710565a1d258501f HTTP/1.0" 200 14955 "http://www.lrliberia.com/author/lbliberia/" "Mozilla/5.0 (Macintosh; Intel Mac OS X 10_15_7) AppleWebKit/605.1.15 (KHTML, like Gecko) Version/17.4 Safari/605.1.15 (Applebot/0.1; +http://www.apple.com/go/applebot)"
17.246.23.55 - - [21/Dec/2025:20:49:11 -0500] "GET /wp-content/plugins/woocommerce/assets/client/admin/sanitize/index.js?ver=555561bffd642731f079 HTTP/1.0" 200 8803 "http://www.lrliberia.com/author/lbliberia/" "Mozilla/5.0 (Macintosh; Intel Mac OS X 10_15_7) AppleWebKit/605.1.15 (KHTML, like Gecko) Version/17.4 Safari/605.1.15 (Applebot/0.1; +http://www.apple.com/go/applebot)"
17.246.23.137 - - [21/Dec/2025:20:49:12 -0500] "GET /wp-content/plugins/woocommerce/assets/client/blocks/blocks-components.js?ver=8b64025baef8d338aa5e HTTP/1.0" 200 1198 "http://www.lrliberia.com/author/lbliberia/" "Mozilla/5.0 (Macintosh; Intel Mac OS X 10_15_7) AppleWebKit/605.1.15 (KHTML, like Gecko) Version/17.4 Safari/605.1.15 (Applebot/0.1; +http://www.apple.com/go/applebot)"
17.246.23.138 - - [21/Dec/2025:20:49:13 -0500] "GET /wp-includes/js/dist/primitives.min.js?ver=0b5dcc337aa7cbf75570 HTTP/1.0" 200 833 "http://www.lrliberia.com/author/lbliberia/" "Mozilla/5.0 (Macintosh; Intel Mac OS X 10_15_7) AppleWebKit/605.1.15 (KHTML, like Gecko) Version/17.4 Safari/605.1.15 (Applebot/0.1; +http://www.apple.com/go/applebot)"
17.246.19.51 - - [21/Dec/2025:20:49:13 -0500] "GET /wp-includes/js/dist/warning.min.js?ver=d69bc18c456d01c11d5a HTTP/1.0" 200 240 "http://www.lrliberia.com/author/lbliberia/" "Mozilla/5.0 (Macintosh; Intel Mac OS X 10_15_7) AppleWebKit/605.1.15 (KHTML, like Gecko) Version/17.4 Safari/605.1.15 (Applebot/0.1; +http://www.apple.com/go/applebot)"
17.246.19.95 - - [21/Dec/2025:20:49:14 -0500] "GET /wp-includes/js/dist/dom-ready.min.js?ver=f77871ff7694fffea381 HTTP/1.0" 200 320 "http://www.lrliberia.com/author/lbliberia/" "Mozilla/5.0 (Macintosh; Intel Mac OS X 10_15_7) AppleWebKit/605.1.15 (KHTML, like Gecko) Version/17.4 Safari/605.1.15 (Applebot/0.1; +http://www.apple.com/go/applebot)"
17.246.23.55 - - [21/Dec/2025:20:49:14 -0500] "GET /wp-content/plugins/woocommerce/assets/client/blocks/blocks-checkout.js?ver=fd501851f2904ac6131a HTTP/1.0" 200 1254 "http://www.lrliberia.com/author/lbliberia/" "Mozilla/5.0 (Macintosh; Intel Mac OS X 10_15_7) AppleWebKit/605.1.15 (KHTML, like Gecko) Version/17.4 Safari/605.1.15 (Applebot/0.1; +http://www.apple.com/go/applebot)"
17.246.15.19 - - [21/Dec/2025:20:49:16 -0500] "GET /wp-includes/js/dist/a11y.min.js?ver=cb460b4676c94bd228ed HTTP/1.0" 200 929 "http://www.lrliberia.com/author/lbliberia/" "Mozilla/5.0 (Macintosh; Intel Mac OS X 10_15_7) AppleWebKit/605.1.15 (KHTML, like Gecko) Version/17.4 Safari/605.1.15 (Applebot/0.1; +http://www.apple.com/go/applebot)"
173.231.242.79 - - [21/Dec/2025:20:54:08 -0500] "POST /wp-cron.php?doing_wp_cron=1766368448.6069951057434082031250 HTTP/1.0" 200 - "-" "WordPress/6.9; https://www.lrliberia.com"
103.179.188.241 - - [21/Dec/2025:20:54:06 -0500] "POST /xmlrpc.php HTTP/1.0" 200 225 "-" "Mozilla/5.0 (Windows NT 6.1; WOW64) AppleWebKit/537.36 (KHTML, like Gecko) Chrome/66.0.3359.117 Safari/537.36"
157.66.46.84 - - [21/Dec/2025:20:54:31 -0500] "POST /xmlrpc.php HTTP/1.0" 406 300 "-" "Mozilla/5.0 (Windows NT 6.1; WOW64; Trident/7.0; EIE11;ENUSMSN; rv:11.0) like Gecko"
173.231.242.79 - - [21/Dec/2025:20:59:30 -0500] "POST /wp-cron.php?doing_wp_cron=1766368770.3126220703125000000000 HTTP/1.0" 200 - "-" "WordPress/6.9; https://www.lrliberia.com"
66.175.44.62 - - [21/Dec/2025:20:59:27 -0500] "POST /xmlrpc.php HTTP/1.0" 200 225 "-" "Mozilla/5.0 (Macintosh; Intel Mac OS X 10.9; rv:60.0) Gecko/20100101 Firefox/60.0"
173.231.242.79 - - [21/Dec/2025:21:07:01 -0500] "POST /wp-cron.php?doing_wp_cron=1766369221.8214590549468994140625 HTTP/1.0" 200 - "-" "WordPress/6.9; http://www.lrliberia.com"
195.86.10.65 - - [21/Dec/2025:21:06:58 -0500] "GET / HTTP/1.0" 301 - "http://www.openurls.com.cn/" "Mozilla/5.0 (Windows NT 10.0; Win64; x64) AppleWebKit/537.36 (KHTML, like Gecko) Chrome/143.0.0.0 Safari/537.36"
195.86.10.156 - - [21/Dec/2025:21:07:15 -0500] "GET / HTTP/1.0" 200 58567 "http://www.openurls.com.cn/" "Mozilla/5.0 (Windows NT 10.0; Win64; x64) AppleWebKit/537.36 (KHTML, like Gecko) Chrome/143.0.0.0 Safari/537.36"
195.86.10.143 - - [21/Dec/2025:21:07:19 -0500] "GET /wp-content/plugins/woocommerce/assets/client/blocks/mini-cart-contents.css?ver=wc-10.3.5 HTTP/1.0" 200 4663 "http://www.lrliberia.com/" "Mozilla/5.0 (Windows NT 10.0; Win64; x64) AppleWebKit/537.36 (KHTML, like Gecko) Chrome/143.0.0.0 Safari/537.36"
195.86.10.143 - - [21/Dec/2025:21:07:20 -0500] "GET /wp-includes/blocks/cover/style.min.css?ver=6.9 HTTP/1.0" 200 1722 "http://www.lrliberia.com/" "Mozilla/5.0 (Windows NT 10.0; Win64; x64) AppleWebKit/537.36 (KHTML, like Gecko) Chrome/143.0.0.0 Safari/537.36"
195.86.10.246 - - [21/Dec/2025:21:07:31 -0500] "GET /wp-content/themes/lifttruck/assets/fonts/dm-sans/DMSans-Bold.woff2 HTTP/1.0" 200 18124 "http://www.lrliberia.com/" "Mozilla/5.0 (Windows NT 10.0; Win64; x64) AppleWebKit/537.36 (KHTML, like Gecko) Chrome/143.0.0.0 Safari/537.36"
195.86.10.64 - - [21/Dec/2025:21:07:31 -0500] "GET /wp-content/themes/lifttruck/assets/fonts/dm-sans/DMSans-Medium.woff2 HTTP/1.0" 200 28162 "http://www.lrliberia.com/" "Mozilla/5.0 (Windows NT 10.0; Win64; x64) AppleWebKit/537.36 (KHTML, like Gecko) Chrome/143.0.0.0 Safari/537.36"
195.86.10.74 - - [21/Dec/2025:21:07:31 -0500] "GET /wp-content/themes/lifttruck/assets/fonts/dm-sans/DMSans-Bold-Italic.woff2 HTTP/1.0" 200 19182 "http://www.lrliberia.com/" "Mozilla/5.0 (Windows NT 10.0; Win64; x64) AppleWebKit/537.36 (KHTML, like Gecko) Chrome/143.0.0.0 Safari/537.36"
195.86.10.246 - - [21/Dec/2025:21:07:31 -0500] "GET /wp-content/themes/lifttruck/assets/fonts/dm-sans/DMSans-Regular.woff2 HTTP/1.0" 200 18053 "http://www.lrliberia.com/" "Mozilla/5.0 (Windows NT 10.0; Win64; x64) AppleWebKit/537.36 (KHTML, like Gecko) Chrome/143.0.0.0 Safari/537.36"
195.86.10.246 - - [21/Dec/2025:21:07:33 -0500] "GET /wp-content/plugins/wd-framework/build/dual-image/script.js?ver=31d6cfe0d16ae931b73c HTTP/1.0" 200 - "http://www.lrliberia.com/" "Mozilla/5.0 (Windows NT 10.0; Win64; x64) AppleWebKit/537.36 (KHTML, like Gecko) Chrome/143.0.0.0 Safari/537.36"
195.86.10.156 - - [21/Dec/2025:21:07:37 -0500] "GET /wp-content/plugins/cookieadmin/assets/images/cookieadmin_icon.svg HTTP/1.0" 200 322 "http://www.lrliberia.com/" "Mozilla/5.0 (Windows NT 10.0; Win64; x64) AppleWebKit/537.36 (KHTML, like Gecko) Chrome/143.0.0.0 Safari/537.36"
195.86.10.227 - - [21/Dec/2025:21:07:39 -0500] "GET /wp-includes/js/comment-reply.min.js?ver=6.9 HTTP/1.0" 200 1375 "http://www.lrliberia.com/" "Mozilla/5.0 (Windows NT 10.0; Win64; x64) AppleWebKit/537.36 (KHTML, like Gecko) Chrome/143.0.0.0 Safari/537.36"
195.86.10.227 - - [21/Dec/2025:21:07:42 -0500] "GET /wp-includes/js/wp-emoji-release.min.js?ver=6.9 HTTP/1.0" 200 5375 "http://www.lrliberia.com/" "Mozilla/5.0 (Windows NT 10.0; Win64; x64) AppleWebKit/537.36 (KHTML, like Gecko) Chrome/143.0.0.0 Safari/537.36"
195.86.10.156 - - [21/Dec/2025:21:07:39 -0500] "GET /wp-json/contact-form-7/v1/contact-forms/385/feedback/schema HTTP/1.0" 200 765 "http://www.lrliberia.com/" "Mozilla/5.0 (Windows NT 10.0; Win64; x64) AppleWebKit/537.36 (KHTML, like Gecko) Chrome/143.0.0.0 Safari/537.36"
195.86.10.227 - - [21/Dec/2025:21:07:44 -0500] "GET /wp-includes/js/dist/style-engine.min.js?ver=7c6fcedc37dadafb8a81 HTTP/1.0" 200 2080 "http://www.lrliberia.com/" "Mozilla/5.0 (Windows NT 10.0; Win64; x64) AppleWebKit/537.36 (KHTML, like Gecko) Chrome/143.0.0.0 Safari/537.36"
195.86.10.156 - - [21/Dec/2025:21:07:44 -0500] "GET /wp-includes/js/dist/autop.min.js?ver=9fb50649848277dd318d HTTP/1.0" 200 2109 "http://www.lrliberia.com/" "Mozilla/5.0 (Windows NT 10.0; Win64; x64) AppleWebKit/537.36 (KHTML, like Gecko) Chrome/143.0.0.0 Safari/537.36"
195.86.10.156 - - [21/Dec/2025:21:07:43 -0500] "GET /wp-json/contact-form-7/v1/contact-forms/385/refill HTTP/1.0" 200 2 "http://www.lrliberia.com/" "Mozilla/5.0 (Windows NT 10.0; Win64; x64) AppleWebKit/537.36 (KHTML, like Gecko) Chrome/143.0.0.0 Safari/537.36"
195.86.10.246 - - [21/Dec/2025:21:07:54 -0500] "GET /wp-includes/js/dist/wordcount.min.js?ver=c5b97f11206928ea9130 HTTP/1.0" 200 1266 "http://www.lrliberia.com/" "Mozilla/5.0 (Windows NT 10.0; Win64; x64) AppleWebKit/537.36 (KHTML, like Gecko) Chrome/143.0.0.0 Safari/537.36"
195.86.10.227 - - [21/Dec/2025:21:07:54 -0500] "GET /wp-content/plugins/woocommerce/assets/client/blocks/mini-cart-contents-block/empty-cart-frontend.js?ver=wc-10.3.5 HTTP/1.0" 200 381 "http://www.lrliberia.com/" "Mozilla/5.0 (Windows NT 10.0; Win64; x64) AppleWebKit/537.36 (KHTML, like Gecko) Chrome/143.0.0.0 Safari/537.36"
195.86.10.156 - - [21/Dec/2025:21:07:54 -0500] "GET /wp-content/plugins/woocommerce/assets/client/blocks/mini-cart-component-frontend.js?ver=2b8c9f76f07b4d13473b HTTP/1.0" 200 5930 "http://www.lrliberia.com/" "Mozilla/5.0 (Windows NT 10.0; Win64; x64) AppleWebKit/537.36 (KHTML, like Gecko) Chrome/143.0.0.0 Safari/537.36"
195.86.10.246 - - [21/Dec/2025:21:08:03 -0500] "GET /wp-content/plugins/woocommerce/assets/client/blocks/mini-cart-contents-block/filled-cart-frontend.js?ver=wc-10.3.5 HTTP/1.0" 200 303 "http://www.lrliberia.com/" "Mozilla/5.0 (Windows NT 10.0; Win64; x64) AppleWebKit/537.36 (KHTML, like Gecko) Chrome/143.0.0.0 Safari/537.36"
195.86.10.156 - - [21/Dec/2025:21:08:03 -0500] "GET /wp-content/plugins/woocommerce/assets/client/blocks/mini-cart-contents-block/shopping-button-frontend.js?ver=wc-10.3.5 HTTP/1.0" 200 564 "http://www.lrliberia.com/" "Mozilla/5.0 (Windows NT 10.0; Win64; x64) AppleWebKit/537.36 (KHTML, like Gecko) Chrome/143.0.0.0 Safari/537.36"
173.231.242.79 - - [21/Dec/2025:21:08:06 -0500] "POST /wp-cron.php?doing_wp_cron=1766369286.3325989246368408203125 HTTP/1.0" 200 - "-" "WordPress/6.9; http://www.lrliberia.com"
195.86.10.227 - - [21/Dec/2025:21:08:03 -0500] "GET /favicon.ico HTTP/1.0" 302 - "http://www.lrliberia.com/" "Mozilla/5.0 (Windows NT 10.0; Win64; x64) AppleWebKit/537.36 (KHTML, like Gecko) Chrome/143.0.0.0 Safari/537.36"
195.86.10.227 - - [21/Dec/2025:21:08:06 -0500] "GET /wp-includes/images/w-logo-blue-white-bg.png HTTP/1.0" 200 4119 "http://www.lrliberia.com/" "Mozilla/5.0 (Windows NT 10.0; Win64; x64) AppleWebKit/537.36 (KHTML, like Gecko) Chrome/143.0.0.0 Safari/537.36"
173.231.242.79 - - [21/Dec/2025:21:39:15 -0500] "POST /wp-cron.php?doing_wp_cron=1766371155.1427359580993652343750 HTTP/1.0" 200 - "-" "WordPress/6.9; https://www.lrliberia.com"
129.150.46.7 - - [21/Dec/2025:21:39:12 -0500] "POST /xmlrpc.php HTTP/1.0" 200 225 "-" "Mozilla/5.0 (Windows NT 10.0; WOW64) AppleWebKit/537.36 (KHTML, like Gecko) Chrome/67.0.3396.87 Safari/537.36"
173.231.242.79 - - [21/Dec/2025:21:44:49 -0500] "POST /wp-cron.php?doing_wp_cron=1766371489.4608199596405029296875 HTTP/1.0" 200 - "-" "WordPress/6.9; https://www.lrliberia.com"
68.183.98.56 - - [21/Dec/2025:21:44:47 -0500] "GET /wp-login.php HTTP/1.0" 200 1864 "-" "Mozilla/5.0 (Windows NT 6.1; WOW64; Trident/7.0; apetito Gruppe; rv:11.0) like Gecko"
68.183.98.56 - - [21/Dec/2025:21:44:53 -0500] "POST /wp-login.php HTTP/1.0" 200 1997 "https://lrliberia.com/wp-login.php" "Mozilla/5.0 (Windows NT 6.1; WOW64; Trident/7.0; apetito Gruppe; rv:11.0) like Gecko"
173.231.242.79 - - [21/Dec/2025:21:48:59 -0500] "POST /wp-cron.php?doing_wp_cron=1766371738.9935069084167480468750 HTTP/1.0" 200 - "-" "WordPress/6.9; http://www.lrliberia.com"
216.244.66.237 - - [21/Dec/2025:21:48:57 -0500] "GET /product/heavy-duty-telehandler-copy-2/ HTTP/1.0" 200 244380 "-" "Mozilla/5.0 (compatible; DotBot/1.2; +https://opensiteexplorer.org/dotbot; help@moz.com)"
173.231.242.79 - - [21/Dec/2025:21:51:06 -0500] "POST /wp-cron.php?doing_wp_cron=1766371866.6313219070434570312500 HTTP/1.0" 200 - "-" "WordPress/6.9; https://www.lrliberia.com"
188.245.180.5 - - [21/Dec/2025:21:51:03 -0500] "GET / HTTP/1.0" 301 - "-" "Mozilla/5.0 (Windows NT 10.0; Win64; x64) AppleWebKit/537.36 (KHTML, like Gecko) Chrome/101.0.4951.54 Safari/537.36"
188.245.180.5 - - [21/Dec/2025:21:51:16 -0500] "GET / HTTP/1.0" 301 - "-" "Mozilla/5.0 (Windows NT 10.0; Win64; x64) AppleWebKit/537.36 (KHTML, like Gecko) Chrome/101.0.4951.54 Safari/537.36"
188.245.180.5 - - [21/Dec/2025:21:51:25 -0500] "GET / HTTP/1.0" 200 58574 "https://lrliberia.com" "Mozilla/5.0 (Windows NT 10.0; Win64; x64) AppleWebKit/537.36 (KHTML, like Gecko) Chrome/101.0.4951.54 Safari/537.36"
188.245.180.5 - - [21/Dec/2025:21:51:29 -0500] "GET / HTTP/1.0" 301 - "-" "Mozilla/5.0 (Windows NT 10.0; Win64; x64) AppleWebKit/537.36 (KHTML, like Gecko) Chrome/101.0.4951.54 Safari/537.36"
188.245.180.5 - - [21/Dec/2025:21:51:36 -0500] "GET / HTTP/1.0" 200 58574 "https://lrliberia.com" "Mozilla/5.0 (Windows NT 10.0; Win64; x64) AppleWebKit/537.36 (KHTML, like Gecko) Chrome/101.0.4951.54 Safari/537.36"
173.231.242.79 - - [21/Dec/2025:22:04:50 -0500] "POST /wp-cron.php?doing_wp_cron=1766372690.7030520439147949218750 HTTP/1.0" 200 - "-" "WordPress/6.9; https://www.lrliberia.com"
184.168.123.167 - - [21/Dec/2025:22:04:48 -0500] "GET /wp-login.php HTTP/1.0" 200 1864 "-" "Mozilla/5.0 (Windows NT 10.0; rv:60.0) Gecko/20100101 Firefox/60.0"
184.168.123.167 - - [21/Dec/2025:22:04:56 -0500] "POST /wp-login.php HTTP/1.0" 200 1997 "https://lrliberia.com/wp-login.php" "Mozilla/5.0 (Windows NT 10.0; rv:60.0) Gecko/20100101 Firefox/60.0"
173.231.242.79 - - [21/Dec/2025:22:06:58 -0500] "POST /wp-cron.php?doing_wp_cron=1766372818.1548140048980712890625 HTTP/1.0" 200 - "-" "WordPress/6.9; https://www.lrliberia.com"
107.170.74.48 - - [21/Dec/2025:22:06:56 -0500] "POST /xmlrpc.php HTTP/1.0" 200 225 "-" "Mozilla/5.0 (Windows NT 6.3; WOW64; rv:60.0) Gecko/20100101 Firefox/60.0"
173.231.242.79 - - [21/Dec/2025:22:09:36 -0500] "POST /wp-cron.php?doing_wp_cron=1766372976.9763240814208984375000 HTTP/1.0" 200 - "-" "WordPress/6.9; http://www.lrliberia.com"
52.167.144.149 - - [21/Dec/2025:22:09:34 -0500] "GET /2024/05/30/the-role-of-forklift-technology-in-modern-warehousing/ HTTP/1.0" 200 54818 "-" "Mozilla/5.0 AppleWebKit/537.36 (KHTML, like Gecko; compatible; bingbot/2.0; +http://www.bing.com/bingbot.htm) Chrome/116.0.1938.76 Safari/537.36"
40.77.167.7 - - [21/Dec/2025:22:09:56 -0500] "GET /wp-includes/js/dist/i18n.min.js?ver=c26c3dc7bed366793375 HTTP/1.0" 200 2229 "-" "Mozilla/5.0 AppleWebKit/537.36 (KHTML, like Gecko; compatible; bingbot/2.0; +http://www.bing.com/bingbot.htm) Chrome/116.0.1938.76 Safari/537.36"
40.77.167.54 - - [21/Dec/2025:22:10:01 -0500] "GET /wp-includes/blocks/gallery/style.min.css?ver=6.9 HTTP/1.0" 200 1877 "-" "Mozilla/5.0 AppleWebKit/537.36 (KHTML, like Gecko; compatible; bingbot/2.0; +http://www.bing.com/bingbot.htm) Chrome/116.0.1938.76 Safari/537.36"
173.231.242.79 - - [21/Dec/2025:22:17:29 -0500] "POST /wp-cron.php?doing_wp_cron=1766373449.7441780567169189453125 HTTP/1.0" 200 - "-" "WordPress/6.9; https://www.lrliberia.com"
207.180.210.222 - - [21/Dec/2025:22:17:27 -0500] "GET /wp-login.php HTTP/1.0" 200 1864 "-" "Mozilla/5.0 (compatible; MSIE 9.0; Windows NT 6.1; Trident/7.0)"
207.180.210.222 - - [21/Dec/2025:22:17:32 -0500] "POST /wp-login.php HTTP/1.0" 200 2000 "https://lrliberia.com/wp-login.php" "Mozilla/5.0 (compatible; MSIE 9.0; Windows NT 6.1; Trident/7.0)"
40.77.179.104 - - [21/Dec/2025:22:25:54 -0500] "GET /wp-includes/js/dist/style-engine.min.js?ver=7c6fcedc37dadafb8a81 HTTP/1.0" 200 2080 "http://www.lrliberia.com/2024/05/30/the-role-of-forklift-technology-in-modern-warehousing/" "Mozilla/5.0 AppleWebKit/537.36 (KHTML, like Gecko; compatible; bingbot/2.0; +http://www.bing.com/bingbot.htm) Chrome/136.0.0.0 Safari/537.36"
40.77.179.104 - - [21/Dec/2025:22:25:54 -0500] "GET /wp-includes/js/dist/dom-ready.min.js?ver=f77871ff7694fffea381 HTTP/1.0" 200 320 "http://www.lrliberia.com/2024/05/30/the-role-of-forklift-technology-in-modern-warehousing/" "Mozilla/5.0 AppleWebKit/537.36 (KHTML, like Gecko; compatible; bingbot/2.0; +http://www.bing.com/bingbot.htm) Chrome/136.0.0.0 Safari/537.36"
173.231.242.79 - - [21/Dec/2025:22:30:40 -0500] "POST /wp-cron.php?doing_wp_cron=1766374240.8337039947509765625000 HTTP/1.0" 200 - "-" "WordPress/6.9; https://www.lrliberia.com"
72.29.178.86 - - [21/Dec/2025:22:30:38 -0500] "GET /wp-login.php HTTP/1.0" 200 1864 "-" "Mozilla/5.0 (Windows NT 6.1; WOW64; Trident/7.0; EIE10;ENGBMSN; rv:11.0) like Gecko"
173.231.242.79 - - [21/Dec/2025:22:35:01 -0500] "POST /wp-cron.php?doing_wp_cron=1766374501.3113279342651367187500 HTTP/1.0" 200 - "-" "WordPress/6.9; https://www.lrliberia.com"
160.250.186.250 - - [21/Dec/2025:22:34:58 -0500] "POST /xmlrpc.php HTTP/1.0" 200 403 "-" "Mozilla/5.0 (Windows NT 6.1; Win64; x64) AppleWebKit/537.36 (KHTML, like Gecko) Chrome/63.0.3239.132 Safari/537.36"
160.250.186.250 - - [21/Dec/2025:22:35:03 -0500] "POST /xmlrpc.php HTTP/1.0" 200 403 "-" "Mozilla/5.0 (Windows NT 6.1; Win64; x64) AppleWebKit/537.36 (KHTML, like Gecko) Chrome/63.0.3239.132 Safari/537.36"
104.28.222.46 - - [21/Dec/2025:22:35:06 -0500] "POST /xmlrpc.php HTTP/1.0" 200 403 "-" "Mozilla/5.0 (Windows NT 10.0; WOW64; rv:54.0) Gecko/20100101 Firefox/54.0"
160.250.186.250 - - [21/Dec/2025:22:35:06 -0500] "POST /xmlrpc.php HTTP/1.0" 200 403 "-" "Mozilla/5.0 (Windows NT 6.1; Win64; x64) AppleWebKit/537.36 (KHTML, like Gecko) Chrome/63.0.3239.132 Safari/537.36"
104.28.222.46 - - [21/Dec/2025:22:35:08 -0500] "POST /xmlrpc.php HTTP/1.0" 406 300 "-" "Mozilla/5.0 (Windows NT 10.0; WOW64; rv:54.0) Gecko/20100101 Firefox/54.0"
104.28.222.46 - - [21/Dec/2025:22:35:09 -0500] "POST /xmlrpc.php HTTP/1.0" 200 403 "-" "Mozilla/5.0 (Windows NT 10.0; WOW64; rv:54.0) Gecko/20100101 Firefox/54.0"
136.158.44.34 - - [21/Dec/2025:22:35:09 -0500] "GET /wp-json/wp/v2/users HTTP/1.0" 200 2931 "-" "Mozilla/4.0 (compatible; Win32; WinHttp.WinHttpRequest.5)"
47.238.170.64 - - [21/Dec/2025:22:35:24 -0500] "POST /xmlrpc.php HTTP/1.0" 200 403 "-" "Mozilla/5.0 (Windows NT 10.0; Win64; x64; rv:85.0) Gecko/20100101 Firefox/85.0"
47.238.170.64 - - [21/Dec/2025:22:35:27 -0500] "POST /xmlrpc.php HTTP/1.0" 200 403 "-" "Mozilla/5.0 (Windows NT 10.0; Win64; x64; rv:85.0) Gecko/20100101 Firefox/85.0"
47.238.170.64 - - [21/Dec/2025:22:35:29 -0500] "POST /xmlrpc.php HTTP/1.0" 406 300 "-" "Mozilla/5.0 (Windows NT 10.0; Win64; x64; rv:85.0) Gecko/20100101 Firefox/85.0"
129.154.50.81 - - [21/Dec/2025:22:35:33 -0500] "POST /xmlrpc.php HTTP/1.0" 200 403 "-" "Mozilla/5.0 (Windows NT 6.1; WOW64; rv:17.0) Gecko/20100101 Firefox/17.0"
129.154.50.81 - - [21/Dec/2025:22:35:38 -0500] "POST /xmlrpc.php HTTP/1.0" 200 403 "-" "Mozilla/5.0 (Windows NT 6.1; WOW64; rv:17.0) Gecko/20100101 Firefox/17.0"
54.251.104.161 - - [21/Dec/2025:22:35:39 -0500] "POST /xmlrpc.php HTTP/1.0" 200 403 "-" "Mozilla/5.0 (Windows NT 10.0; Win64; x64) AppleWebKit/537.36 (KHTML, like Gecko) Chrome/67.0.3396.99 Safari/537.36"
129.154.50.81 - - [21/Dec/2025:22:35:40 -0500] "POST /xmlrpc.php HTTP/1.0" 200 403 "-" "Mozilla/5.0 (Windows NT 6.1; WOW64; rv:17.0) Gecko/20100101 Firefox/17.0"
54.251.104.161 - - [21/Dec/2025:22:35:42 -0500] "POST /xmlrpc.php HTTP/1.0" 406 300 "-" "Mozilla/5.0 (Windows NT 10.0; Win64; x64) AppleWebKit/537.36 (KHTML, like Gecko) Chrome/67.0.3396.99 Safari/537.36"
54.251.104.161 - - [21/Dec/2025:22:35:43 -0500] "POST /xmlrpc.php HTTP/1.0" 200 403 "-" "Mozilla/5.0 (Windows NT 10.0; Win64; x64) AppleWebKit/537.36 (KHTML, like Gecko) Chrome/67.0.3396.99 Safari/537.36"
173.231.242.79 - - [21/Dec/2025:22:36:21 -0500] "POST /wp-cron.php?doing_wp_cron=1766374581.8391408920288085937500 HTTP/1.0" 200 - "-" "WordPress/6.9; https://www.lrliberia.com"
190.92.174.109 - - [21/Dec/2025:22:36:20 -0500] "POST /xmlrpc.php HTTP/1.0" 200 403 "-" "Mozilla/5.0 (Windows NT 6.2; Win64; x64) AppleWebKit/537.36 (KHTML, like Gecko) Chrome/60.0.3112.90 Safari/537.36"
190.92.174.109 - - [21/Dec/2025:22:36:23 -0500] "POST /xmlrpc.php HTTP/1.0" 200 403 "-" "Mozilla/5.0 (Windows NT 6.2; Win64; x64) AppleWebKit/537.36 (KHTML, like Gecko) Chrome/60.0.3112.90 Safari/537.36"
190.92.174.109 - - [21/Dec/2025:22:36:25 -0500] "POST /xmlrpc.php HTTP/1.0" 406 300 "-" "Mozilla/5.0 (Windows NT 6.2; Win64; x64) AppleWebKit/537.36 (KHTML, like Gecko) Chrome/60.0.3112.90 Safari/537.36"
129.154.50.81 - - [21/Dec/2025:22:36:32 -0500] "POST /xmlrpc.php HTTP/1.0" 200 403 "-" "Mozilla/5.0 (Windows NT 6.1; Win64; x64) AppleWebKit/537.36 (KHTML, like Gecko) Chrome/60.0.3112.90 Safari/537.36"
129.154.50.81 - - [21/Dec/2025:22:36:35 -0500] "POST /xmlrpc.php HTTP/1.0" 200 403 "-" "Mozilla/5.0 (Windows NT 6.1; Win64; x64) AppleWebKit/537.36 (KHTML, like Gecko) Chrome/60.0.3112.90 Safari/537.36"
129.154.50.81 - - [21/Dec/2025:22:36:37 -0500] "POST /xmlrpc.php HTTP/1.0" 200 403 "-" "Mozilla/5.0 (Windows NT 6.1; Win64; x64) AppleWebKit/537.36 (KHTML, like Gecko) Chrome/60.0.3112.90 Safari/537.36"
209.97.172.18 - - [21/Dec/2025:22:36:37 -0500] "POST /xmlrpc.php HTTP/1.0" 200 403 "-" "Mozilla/5.0 (Windows NT 10.0; Win64; x64; rv:65.0) Gecko/20100101 Firefox/65.0"
209.97.172.18 - - [21/Dec/2025:22:36:39 -0500] "POST /xmlrpc.php HTTP/1.0" 406 300 "-" "Mozilla/5.0 (Windows NT 10.0; Win64; x64; rv:65.0) Gecko/20100101 Firefox/65.0"
209.97.172.18 - - [21/Dec/2025:22:36:41 -0500] "POST /xmlrpc.php HTTP/1.0" 200 403 "-" "Mozilla/5.0 (Windows NT 10.0; Win64; x64; rv:65.0) Gecko/20100101 Firefox/65.0"
173.231.242.79 - - [21/Dec/2025:22:37:46 -0500] "POST /wp-cron.php?doing_wp_cron=1766374666.4158260822296142578125 HTTP/1.0" 200 - "-" "WordPress/6.9; https://www.lrliberia.com"
136.158.44.34 - - [21/Dec/2025:22:37:44 -0500] "POST /xmlrpc.php HTTP/1.0" 200 403 "-" "Mozilla/5.0 (Macintosh; Intel Mac OS X 10_15_7; x86) AppleWebKit/537.36 (KHTML, like Gecko) Firefox/89.0.0.0 Safari/537.36"
173.231.242.79 - - [21/Dec/2025:22:39:35 -0500] "POST /wp-cron.php?doing_wp_cron=1766374775.4527559280395507812500 HTTP/1.0" 200 - "-" "WordPress/6.9; http://www.lrliberia.com"
216.244.66.237 - - [21/Dec/2025:22:39:33 -0500] "GET /product/electric-pallet-jack/ HTTP/1.0" 200 244495 "-" "Mozilla/5.0 (compatible; DotBot/1.2; +https://opensiteexplorer.org/dotbot; help@moz.com)"
136.158.44.34 - - [21/Dec/2025:22:39:55 -0500] "POST /xmlrpc.php HTTP/1.0" 200 403 "-" "Mozilla/5.0 (Macintosh; Intel Mac OS X 10_15_7; arm64) AppleWebKit/537.36 (KHTML, like Gecko) Edge/86.0.0.0 Safari/537.36"
173.231.242.79 - - [21/Dec/2025:22:41:21 -0500] "POST /wp-cron.php?doing_wp_cron=1766374881.8474349975585937500000 HTTP/1.0" 200 - "-" "WordPress/6.9; https://www.lrliberia.com"
74.7.241.10 - - [21/Dec/2025:22:41:19 -0500] "GET / HTTP/1.0" 301 - "-" "Mozilla/5.0 AppleWebKit/537.36 (KHTML, like Gecko; compatible; GPTBot/1.3; +https://openai.com/gptbot)"
216.244.66.237 - - [21/Dec/2025:22:41:25 -0500] "GET /2024/05/28/top-trends-shaping-the-future-of-forklift-technology/ HTTP/1.0" 200 223777 "-" "Mozilla/5.0 (compatible; DotBot/1.2; +https://opensiteexplorer.org/dotbot; help@moz.com)"
136.158.44.34 - - [21/Dec/2025:22:42:18 -0500] "POST /xmlrpc.php HTTP/1.0" 406 300 "-" "Mozilla/5.0 (Windows NT 10.0; x64) AppleWebKit/537.36 (KHTML, like Gecko) Chrome/95.0.0.0 Safari/537.36"
52.167.144.136 - - [21/Dec/2025:22:42:22 -0500] "GET /wp-content/plugins/cookieadmin HTTP/1.0" 301 265 "-" "Mozilla/5.0 AppleWebKit/537.36 (KHTML, like Gecko; compatible; bingbot/2.0; +http://www.bing.com/bingbot.htm) Chrome/116.0.1938.76 Safari/537.36"
173.231.242.79 - - [21/Dec/2025:22:44:29 -0500] "POST /wp-cron.php?doing_wp_cron=1766375069.0566489696502685546875 HTTP/1.0" 200 - "-" "WordPress/6.9; https://www.lrliberia.com"
136.158.44.34 - - [21/Dec/2025:22:44:27 -0500] "POST /xmlrpc.php HTTP/1.0" 200 403 "-" "Mozilla/5.0 (Linux; Android 10; x86) AppleWebKit/537.36 (KHTML, like Gecko) Edge/83.0.0.0 Safari/537.36"
173.231.242.79 - - [21/Dec/2025:22:46:27 -0500] "POST /wp-cron.php?doing_wp_cron=1766375187.8110430240631103515625 HTTP/1.0" 200 - "-" "WordPress/6.9; https://www.lrliberia.com"
136.158.44.34 - - [21/Dec/2025:22:46:26 -0500] "POST /xmlrpc.php HTTP/1.0" 200 403 "-" "Mozilla/5.0 (Linux; Android 10; x64) AppleWebKit/537.36 (KHTML, like Gecko) Firefox/72.0.0.0 Safari/537.36"
173.231.242.79 - - [21/Dec/2025:22:48:42 -0500] "POST /wp-cron.php?doing_wp_cron=1766375322.6145589351654052734375 HTTP/1.0" 200 - "-" "WordPress/6.9; https://www.lrliberia.com"
136.158.44.34 - - [21/Dec/2025:22:48:40 -0500] "POST /xmlrpc.php HTTP/1.0" 200 403 "-" "Mozilla/5.0 (X11; Ubuntu; Linux x86_64; x64) AppleWebKit/537.36 (KHTML, like Gecko) Firefox/96.0.0.0 Safari/537.36"
136.158.44.34 - - [21/Dec/2025:22:50:43 -0500] "POST /xmlrpc.php HTTP/1.0" 406 300 "-" "Mozilla/5.0 (Windows NT 6.3; x86) AppleWebKit/537.36 (KHTML, like Gecko) Opera/76.0.0.0 Safari/537.36"
173.231.242.79 - - [21/Dec/2025:22:52:55 -0500] "POST /wp-cron.php?doing_wp_cron=1766375575.2236309051513671875000 HTTP/1.0" 200 - "-" "WordPress/6.9; https://www.lrliberia.com"
136.158.44.34 - - [21/Dec/2025:22:52:53 -0500] "POST /xmlrpc.php HTTP/1.0" 200 403 "-" "Mozilla/5.0 (Windows NT 6.2; arm64) AppleWebKit/537.36 (KHTML, like Gecko) Opera/73.0.0.0 Safari/537.36"
173.231.242.79 - - [21/Dec/2025:22:55:16 -0500] "POST /wp-cron.php?doing_wp_cron=1766375716.5513229370117187500000 HTTP/1.0" 200 - "-" "WordPress/6.9; https://www.lrliberia.com"
136.158.44.34 - - [21/Dec/2025:22:55:14 -0500] "POST /xmlrpc.php HTTP/1.0" 200 403 "-" "Mozilla/5.0 (Windows NT 6.3; arm64) AppleWebKit/537.36 (KHTML, like Gecko) Safari/15.0.0.0 Safari/537.36"
43.157.38.228 - - [21/Dec/2025:22:55:57 -0500] "GET / HTTP/1.0" 301 - "-" "Mozilla/5.0 (iPhone; CPU iPhone OS 13_2_3 like Mac OS X) AppleWebKit/605.1.15 (KHTML, like Gecko) Version/13.0.3 Mobile/15E148 Safari/604.1"
43.157.38.228 - - [21/Dec/2025:22:56:00 -0500] "GET / HTTP/1.0" 200 58567 "http://lrliberia.com" "Mozilla/5.0 (iPhone; CPU iPhone OS 13_2_3 like Mac OS X) AppleWebKit/605.1.15 (KHTML, like Gecko) Version/13.0.3 Mobile/15E148 Safari/604.1"
173.231.242.79 - - [21/Dec/2025:22:57:30 -0500] "POST /wp-cron.php?doing_wp_cron=1766375850.8812420368194580078125 HTTP/1.0" 200 - "-" "WordPress/6.9; https://www.lrliberia.com"
136.158.44.34 - - [21/Dec/2025:22:57:28 -0500] "POST /xmlrpc.php HTTP/1.0" 200 403 "-" "Mozilla/5.0 (Linux; Android 10; arm64) AppleWebKit/537.36 (KHTML, like Gecko) Firefox/99.0.0.0 Safari/537.36"
136.158.44.34 - - [21/Dec/2025:22:59:28 -0500] "POST /xmlrpc.php HTTP/1.0" 406 300 "-" "Mozilla/5.0 (Windows NT 6.3; arm64) AppleWebKit/537.36 (KHTML, like Gecko) Opera/78.0.0.0 Safari/537.36"
kamille.us.zeusxpressalongside.com000064000000264233151221411120013424 0ustar00173.231.242.79 - - [21/Dec/2025:01:46:58 -0500] "POST /wp-cron.php?doing_wp_cron=1766299618.3827280998229980468750 HTTP/1.0" 200 - "-" "WordPress/6.9; https://www.kamille.us"
139.99.9.144 - - [21/Dec/2025:01:46:56 -0500] "GET /wp-login.php HTTP/1.0" 200 6492 "-" "Mozilla/4.0 (compatible; MSIE 7.0; Windows NT 6.3; WOW64; Trident/7.0; Touch; .NET4.0E; .NET4.0C; .NET CLR 3.5.30729; .NET CLR 2.0.50727; .NET CLR 3.0.30729; Tablet PC 2.0)"
139.99.9.144 - - [21/Dec/2025:01:46:59 -0500] "POST /wp-login.php HTTP/1.0" 200 6923 "https://www.kamille.us/wp-login.php" "Mozilla/4.0 (compatible; MSIE 7.0; Windows NT 6.3; WOW64; Trident/7.0; Touch; .NET4.0E; .NET4.0C; .NET CLR 3.5.30729; .NET CLR 2.0.50727; .NET CLR 3.0.30729; Tablet PC 2.0)"
173.231.242.79 - - [21/Dec/2025:01:51:05 -0500] "POST /wp-cron.php?doing_wp_cron=1766299865.2805440425872802734375 HTTP/1.0" 200 - "-" "WordPress/6.9; https://www.kamille.us"
93.158.70.111 - - [21/Dec/2025:01:51:03 -0500] "GET / HTTP/1.0" 301 - "-" "Mozilla/5.0 (Windows NT 6.1; Win64; x64; rv:109.0) Gecko/20100101 Firefox/115"
93.158.70.111 - - [21/Dec/2025:01:51:06 -0500] "GET /product/spark-nigh-party-dress-green/ HTTP/1.0" 200 221786 "-" "Mozilla/5.0 (Windows NT 6.1; Win64; x64; rv:109.0) Gecko/20100101 Firefox/115"
151.248.1.103 - - [21/Dec/2025:01:51:08 -0500] "GET /product/benne-long-sleeve-shirt-black/ HTTP/1.0" 200 221804 "-" "Mozilla/5.0 (Windows NT 6.1; Win64; x64; rv:109.0) Gecko/20100101 Firefox/115"
93.158.127.79 - - [21/Dec/2025:01:51:10 -0500] "GET /product/eterna-long-dress-black/ HTTP/1.0" 200 221617 "-" "Mozilla/5.0 (Windows NT 6.1; Win64; x64; rv:109.0) Gecko/20100101 Firefox/115"
37.27.51.131 - - [21/Dec/2025:01:55:31 -0500] "GET /sitemap-lsu-2025-11-20.xml HTTP/1.0" 200 212174 "-" "Mozilla/5.0 (compatible; SERankingBacklinksBot/1.0; +https://seranking.com/backlinks-crawler)"
37.27.51.131 - - [21/Dec/2025:01:55:35 -0500] "GET /sitemap-lsu-2025-11-21.xml HTTP/1.0" 200 162566 "-" "Mozilla/5.0 (compatible; SERankingBacklinksBot/1.0; +https://seranking.com/backlinks-crawler)"
37.27.51.131 - - [21/Dec/2025:01:55:39 -0500] "GET /sitemap-lsu-2025-11-22.xml HTTP/1.0" 200 148494 "-" "Mozilla/5.0 (compatible; SERankingBacklinksBot/1.0; +https://seranking.com/backlinks-crawler)"
37.27.51.131 - - [21/Dec/2025:01:55:43 -0500] "GET /sitemap-lsu-2025-11-23.xml HTTP/1.0" 200 232098 "-" "Mozilla/5.0 (compatible; SERankingBacklinksBot/1.0; +https://seranking.com/backlinks-crawler)"
37.27.51.131 - - [21/Dec/2025:01:55:49 -0500] "GET /sitemap-lsu-2025-11-24.xml HTTP/1.0" 200 180102 "-" "Mozilla/5.0 (compatible; SERankingBacklinksBot/1.0; +https://seranking.com/backlinks-crawler)"
37.27.51.131 - - [21/Dec/2025:01:55:53 -0500] "GET /sitemap-lsu-2025-11-25.xml HTTP/1.0" 200 218597 "-" "Mozilla/5.0 (compatible; SERankingBacklinksBot/1.0; +https://seranking.com/backlinks-crawler)"
37.27.51.131 - - [21/Dec/2025:01:55:57 -0500] "GET /sitemap-lsu-2025-11-26.xml HTTP/1.0" 200 144568 "-" "Mozilla/5.0 (compatible; SERankingBacklinksBot/1.0; +https://seranking.com/backlinks-crawler)"
37.27.51.131 - - [21/Dec/2025:01:56:01 -0500] "GET /sitemap-lsu-2025-11-27.xml HTTP/1.0" 200 209183 "-" "Mozilla/5.0 (compatible; SERankingBacklinksBot/1.0; +https://seranking.com/backlinks-crawler)"
37.27.51.131 - - [21/Dec/2025:01:56:05 -0500] "GET /sitemap-lsu-2025-11-28.xml HTTP/1.0" 200 215292 "-" "Mozilla/5.0 (compatible; SERankingBacklinksBot/1.0; +https://seranking.com/backlinks-crawler)"
