37.27.51.131 - - [22/Dec/2025:08:58:33 -0500] "GET /633626/SuperFly-2018-Photos HTTP/1.0" 404 198274 "-" "Mozilla/5.0 (compatible; SERankingBacklinksBot/1.0; +https://seranking.com/backlinks-crawler)"
74.7.242.57 - - [22/Dec/2025:08:58:34 -0500] "GET /ant.php?gzfile=L2hvbWUvemV1c3hwNS96ZW5veHByZXNzYWxvbmdzaWRlLm5ldC93cC1sb2dpbi5waHA= HTTP/1.0" 403 228 "-" "Mozilla/5.0 AppleWebKit/537.36 (KHTML, like Gecko; compatible; GPTBot/1.3; +https://openai.com/gptbot)"
173.231.242.79 - - [22/Dec/2025:08:58:38 -0500] "POST /wp-cron.php?doing_wp_cron=1766411918.4326639175415039062500 HTTP/1.0" 403 228 "-" "WordPress/6.9; https://www.kamille.us"
37.27.51.131 - - [22/Dec/2025:08:58:38 -0500] "GET /636730/Hopkins-Sales-Co-Inc HTTP/1.0" 404 198274 "-" "Mozilla/5.0 (compatible; SERankingBacklinksBot/1.0; +https://seranking.com/backlinks-crawler)"
173.231.242.79 - - [22/Dec/2025:08:58:42 -0500] "POST /wp-cron.php?doing_wp_cron=1766411922.7506730556488037109375 HTTP/1.0" 403 228 "-" "WordPress/6.9; https://www.kamille.us"
37.27.51.131 - - [22/Dec/2025:08:58:42 -0500] "GET /653725/Mini-Felt-Santa-Hats HTTP/1.0" 404 198274 "-" "Mozilla/5.0 (compatible; SERankingBacklinksBot/1.0; +https://seranking.com/backlinks-crawler)"
173.231.242.79 - - [22/Dec/2025:08:58:47 -0500] "POST /wp-cron.php?doing_wp_cron=1766411927.0479269027709960937500 HTTP/1.0" 403 228 "-" "WordPress/6.9; https://www.kamille.us"
37.27.51.131 - - [22/Dec/2025:08:58:46 -0500] "GET /663417/Anti-Trump-Sticker-UK HTTP/1.0" 404 198274 "-" "Mozilla/5.0 (compatible; SERankingBacklinksBot/1.0; +https://seranking.com/backlinks-crawler)"
74.7.242.57 - - [22/Dec/2025:08:59:48 -0500] "GET /ant.php?img=L2hvbWUvemV1c3hwNS96ZW5veHByZXNzYWxvbmdzaWRlLm5ldC9mYXZpY29uICgyKS5wbmc= HTTP/1.0" 403 228 "-" "Mozilla/5.0 AppleWebKit/537.36 (KHTML, like Gecko; compatible; GPTBot/1.3; +https://openai.com/gptbot)"
74.7.242.57 - - [22/Dec/2025:09:00:17 -0500] "GET /ant.php?gzfile=L2hvbWUvemV1c3hwNS96ZW5veHByZXNzYWxvbmdzaWRlLm5ldC9lbi8uaHRhY2Nlc3M= HTTP/1.0" 403 228 "-" "Mozilla/5.0 AppleWebKit/537.36 (KHTML, like Gecko; compatible; GPTBot/1.3; +https://openai.com/gptbot)"
74.7.242.57 - - [22/Dec/2025:09:01:11 -0500] "GET /ant.php?edit=.zshrc&fm=true&path=/home/zeusxp5/ HTTP/1.0" 403 228 "-" "Mozilla/5.0 AppleWebKit/537.36 (KHTML, like Gecko; compatible; GPTBot/1.3; +https://openai.com/gptbot)"
74.7.242.57 - - [22/Dec/2025:09:02:20 -0500] "GET /ant.php?edit=.gemrc&fm=true&path=/home/zeusxp5/ HTTP/1.0" 403 228 "-" "Mozilla/5.0 AppleWebKit/537.36 (KHTML, like Gecko; compatible; GPTBot/1.3; +https://openai.com/gptbot)"
74.7.242.57 - - [22/Dec/2025:09:03:38 -0500] "GET /ant.php?fm=true&path=/home/zeusxp5/&rights=.dns HTTP/1.0" 403 228 "-" "Mozilla/5.0 AppleWebKit/537.36 (KHTML, like Gecko; compatible; GPTBot/1.3; +https://openai.com/gptbot)"
74.7.242.57 - - [22/Dec/2025:09:04:03 -0500] "GET /ant.php?fm=true&path=/home/zeusxp5/&rights=.pki HTTP/1.0" 403 228 "-" "Mozilla/5.0 AppleWebKit/537.36 (KHTML, like Gecko; compatible; GPTBot/1.3; +https://openai.com/gptbot)"
66.249.73.131 - - [22/Dec/2025:09:06:14 -0500] "GET /robots.txt HTTP/1.0" 200 747 "-" "Mozilla/5.0 (compatible; Googlebot/2.1; +http://www.google.com/bot.html)"
PK�H�[%relicwear.com.zeusxpressalongside.comnu��٘�PK�H�[zeusxpressalongside.com-ssl_lognu��٘�PK�H�[��������*zenoxpressjobs.com.zeusxpressalongside.comnu��٘�74.7.227.187 - - [22/Dec/2025:03:38:11 -0500] "GET /ant.php?fm=true&path=/home/zeusxp5/zenoxpressjobs.com/wp-admin/&rename=admin-post.php HTTP/1.0" 200 16049 "-" "Mozilla/5.0 AppleWebKit/537.36 (KHTML, like Gecko; compatible; GPTBot/1.3; +https://openai.com/gptbot)"
74.7.227.187 - - [22/Dec/2025:03:38:17 -0500] "GET /ant.php?edit=index.php&fm=true&path=/home/zeusxp5/zenoxpressjobs.com/wp-admin/user/ HTTP/1.0" 200 16446 "-" "Mozilla/5.0 AppleWebKit/537.36 (KHTML, like Gecko; compatible; GPTBot/1.3; +https://openai.com/gptbot)"
74.7.227.187 - - [22/Dec/2025:03:38:22 -0500] "GET /ant.php?fm=true&path=/home/zeusxp5/zenoxpressjobs.com/wp-admin/user/&rights=menu.php HTTP/1.0" 200 16068 "-" "Mozilla/5.0 AppleWebKit/537.36 (KHTML, like Gecko; compatible; GPTBot/1.3; +https://openai.com/gptbot)"
74.7.243.252 - - [22/Dec/2025:03:38:25 -0500] "GET /wp-content/plugins/elementor/assets/js/styleguide.js HTTP/1.0" 200 99166 "-" "Mozilla/5.0 AppleWebKit/537.36 (KHTML, like Gecko; compatible; GPTBot/1.3; +https://openai.com/gptbot)"
74.7.227.187 - - [22/Dec/2025:03:38:26 -0500] "GET /ant.php?fm=true&path=/home/zeusxp5/zenoxpressjobs.com/wp-admin/&rename=user-new.php HTTP/1.0" 200 16045 "-" "Mozilla/5.0 AppleWebKit/537.36 (KHTML, like Gecko; compatible; GPTBot/1.3; +https://openai.com/gptbot)"
74.7.227.187 - - [22/Dec/2025:03:38:30 -0500] "GET /ant.php?fm=true&path=/home/zeusxp5/zenoxpressjobs.com/wp-admin/user/&rename=admin.php HTTP/1.0" 200 16054 "-" "Mozilla/5.0 AppleWebKit/537.36 (KHTML, like Gecko; compatible; GPTBot/1.3; +https://openai.com/gptbot)"
74.7.227.187 - - [22/Dec/2025:03:38:33 -0500] "GET /ant.php?download=L2hvbWUvemV1c3hwNS96ZW5veHByZXNzam9icy5jb20vd3AtYWRtaW4vbWVkaWEucGhw HTTP/1.0" 200 1677 "-" "Mozilla/5.0 AppleWebKit/537.36 (KHTML, like Gecko; compatible; GPTBot/1.3; +https://openai.com/gptbot)"
74.7.227.187 - - [22/Dec/2025:03:38:36 -0500] "GET /ant.php?edit=async-upload.php&fm=true&path=/home/zeusxp5/zenoxpressjobs.com/wp-admin/ HTTP/1.0" 200 23100 "-" "Mozilla/5.0 AppleWebKit/537.36 (KHTML, like Gecko; compatible; GPTBot/1.3; +https://openai.com/gptbot)"
74.7.227.187 - - [22/Dec/2025:03:38:39 -0500] "GET /ant.php?fm=true&path=/home/zeusxp5/zenoxpressjobs.com/wp-admin/&rights=admin-post.php HTTP/1.0" 200 16065 "-" "Mozilla/5.0 AppleWebKit/537.36 (KHTML, like Gecko; compatible; GPTBot/1.3; +https://openai.com/gptbot)"
74.7.227.187 - - [22/Dec/2025:03:38:42 -0500] "GET /ant.php?fm=true&path=/home/zeusxp5/zenoxpressjobs.com/wp-admin/user/&rename=contribute.php HTTP/1.0" 200 16064 "-" "Mozilla/5.0 AppleWebKit/537.36 (KHTML, like Gecko; compatible; GPTBot/1.3; +https://openai.com/gptbot)"
74.7.243.252 - - [22/Dec/2025:03:38:43 -0500] "GET /wp-content/plugins/elementor/assets/shapes/drops.svg HTTP/1.0" 200 2343 "-" "Mozilla/5.0 AppleWebKit/537.36 (KHTML, like Gecko; compatible; GPTBot/1.3; +https://openai.com/gptbot)"
74.7.227.187 - - [22/Dec/2025:03:38:44 -0500] "GET /ant.php?fm=true&path=/home/zeusxp5/zenoxpressjobs.com/wp-admin/user/&rename=freedoms.php HTTP/1.0" 429 17 "-" "Mozilla/5.0 AppleWebKit/537.36 (KHTML, like Gecko; compatible; GPTBot/1.3; +https://openai.com/gptbot)"
74.7.227.187 - - [22/Dec/2025:03:38:47 -0500] "GET /ant.php?edit=contribute.php&fm=true&path=/home/zeusxp5/zenoxpressjobs.com/wp-admin/user/ HTTP/1.0" 200 16472 "-" "Mozilla/5.0 AppleWebKit/537.36 (KHTML, like Gecko; compatible; GPTBot/1.3; +https://openai.com/gptbot)"
74.7.227.187 - - [22/Dec/2025:03:38:53 -0500] "GET /ant.php?fm=true&path=/home/zeusxp5/zenoxpressjobs.com/wp-admin/user/&rights=freedoms.php HTTP/1.0" 200 16076 "-" "Mozilla/5.0 AppleWebKit/537.36 (KHTML, like Gecko; compatible; GPTBot/1.3; +https://openai.com/gptbot)"
74.7.227.187 - - [22/Dec/2025:03:39:16 -0500] "GET /ant.php?edit=menu.php&fm=true&path=/home/zeusxp5/zenoxpressjobs.com/wp-admin/user/ HTTP/1.0" 200 17302 "-" "Mozilla/5.0 AppleWebKit/537.36 (KHTML, like Gecko; compatible; GPTBot/1.3; +https://openai.com/gptbot)"
74.7.243.252 - - [22/Dec/2025:03:39:17 -0500] "GET /wp-content/plugins/elementor/assets/shapes/curve.svg HTTP/1.0" 200 208 "-" "Mozilla/5.0 AppleWebKit/537.36 (KHTML, like Gecko; compatible; GPTBot/1.3; +https://openai.com/gptbot)"
74.7.243.252 - - [22/Dec/2025:03:39:19 -0500] "GET /wp-content/plugins/elementor/assets/shapes/arrow.svg HTTP/1.0" 429 17 "-" "Mozilla/5.0 AppleWebKit/537.36 (KHTML, like Gecko; compatible; GPTBot/1.3; +https://openai.com/gptbot)"
74.7.227.187 - - [22/Dec/2025:03:39:19 -0500] "GET /ant.php?gz=L2hvbWUvemV1c3hwNS96ZW5veHByZXNzam9icy5jb20vd3AtYWRtaW4vdXNlcg== HTTP/1.0" 200 118743 "-" "Mozilla/5.0 AppleWebKit/537.36 (KHTML, like Gecko; compatible; GPTBot/1.3; +https://openai.com/gptbot)"
74.7.227.187 - - [22/Dec/2025:03:39:21 -0500] "GET /ant.php?fm=true&path=/home/zeusxp5/zenoxpressjobs.com/wp-admin/user/&rename=profile.php HTTP/1.0" 429 17 "-" "Mozilla/5.0 AppleWebKit/537.36 (KHTML, like Gecko; compatible; GPTBot/1.3; +https://openai.com/gptbot)"
74.7.227.187 - - [22/Dec/2025:03:39:25 -0500] "GET /ant.php?fm=true&path=/home/zeusxp5/zenoxpressjobs.com/wp-admin/user/&rights=about.php HTTP/1.0" 200 16070 "-" "Mozilla/5.0 AppleWebKit/537.36 (KHTML, like Gecko; compatible; GPTBot/1.3; +https://openai.com/gptbot)"
74.7.243.252 - - [22/Dec/2025:03:39:30 -0500] "GET /wp-content/plugins/elementor/assets/lib/imagesloaded/ HTTP/1.0" 200 1104 "-" "Mozilla/5.0 AppleWebKit/537.36 (KHTML, like Gecko; compatible; GPTBot/1.3; +https://openai.com/gptbot)"
74.7.227.187 - - [22/Dec/2025:03:39:37 -0500] "GET /ant.php?fm=true&path=/home/zeusxp5/zenoxpressjobs.com/wp-admin/user/&rename=about.php HTTP/1.0" 200 16054 "-" "Mozilla/5.0 AppleWebKit/537.36 (KHTML, like Gecko; compatible; GPTBot/1.3; +https://openai.com/gptbot)"
74.7.227.187 - - [22/Dec/2025:03:39:49 -0500] "GET /ant.php?fm=true&path=/home/zeusxp5/zenoxpressjobs.com/wp-admin/&rights=update-core.php HTTP/1.0" 200 16067 "-" "Mozilla/5.0 AppleWebKit/537.36 (KHTML, like Gecko; compatible; GPTBot/1.3; +https://openai.com/gptbot)"
74.7.227.187 - - [22/Dec/2025:03:39:59 -0500] "GET /ant.php?edit=bcg.txt.tar&fm=true&path=/home/zeusxp5/zenoxpressjobs.com/ HTTP/1.0" 200 18182 "-" "Mozilla/5.0 AppleWebKit/537.36 (KHTML, like Gecko; compatible; GPTBot/1.3; +https://openai.com/gptbot)"
74.7.243.252 - - [22/Dec/2025:03:40:08 -0500] "GET /wp-content/plugins/elementor/assets/shapes/split.svg HTTP/1.0" 200 242 "-" "Mozilla/5.0 AppleWebKit/537.36 (KHTML, like Gecko; compatible; GPTBot/1.3; +https://openai.com/gptbot)"
74.7.227.187 - - [22/Dec/2025:03:40:08 -0500] "GET /ant.php?fm=true&path=/home/zeusxp5/zenoxpressjobs.com/&rename=robots.txt HTTP/1.0" 200 16014 "-" "Mozilla/5.0 AppleWebKit/537.36 (KHTML, like Gecko; compatible; GPTBot/1.3; +https://openai.com/gptbot)"
74.7.227.187 - - [22/Dec/2025:03:40:16 -0500] "GET /ant.php?fm=true&path=/home/zeusxp5/zenoxpressjobs.com/&rights=robots.txt HTTP/1.0" 200 16030 "-" "Mozilla/5.0 AppleWebKit/537.36 (KHTML, like Gecko; compatible; GPTBot/1.3; +https://openai.com/gptbot)"
74.7.227.187 - - [22/Dec/2025:03:40:23 -0500] "GET /ant.php?fm=true&path=/home/zeusxp5/zenoxpressjobs.com/&rename=bcg.txt.tar HTTP/1.0" 200 16016 "-" "Mozilla/5.0 AppleWebKit/537.36 (KHTML, like Gecko; compatible; GPTBot/1.3; +https://openai.com/gptbot)"
74.7.227.187 - - [22/Dec/2025:03:40:30 -0500] "GET /ant.php?gzfile=L2hvbWUvemV1c3hwNS96ZW5veHByZXNzam9icy5jb20vd3AtYWRtaW4vdXNlci9jb250cmlidXRlLnBocA== HTTP/1.0" 200 120900 "-" "Mozilla/5.0 AppleWebKit/537.36 (KHTML, like Gecko; compatible; GPTBot/1.3; +https://openai.com/gptbot)"
74.7.227.187 - - [22/Dec/2025:03:40:36 -0500] "GET /ant.php?fm=true&path=/home/zeusxp5/zenoxpressjobs.com/&rename=bcg.txt HTTP/1.0" 200 16008 "-" "Mozilla/5.0 AppleWebKit/537.36 (KHTML, like Gecko; compatible; GPTBot/1.3; +https://openai.com/gptbot)"
74.7.227.187 - - [22/Dec/2025:03:40:41 -0500] "GET /ant.php?fm=true&path=/home/zeusxp5/zenoxpressjobs.com/&rename=user.tar.gz HTTP/1.0" 200 16016 "-" "Mozilla/5.0 AppleWebKit/537.36 (KHTML, like Gecko; compatible; GPTBot/1.3; +https://openai.com/gptbot)"
74.7.243.252 - - [22/Dec/2025:03:40:42 -0500] "GET /wp-content/plugins/elementor/assets/shapes/waves.svg HTTP/1.0" 200 419 "-" "Mozilla/5.0 AppleWebKit/537.36 (KHTML, like Gecko; compatible; GPTBot/1.3; +https://openai.com/gptbot)"
74.7.227.187 - - [22/Dec/2025:03:40:46 -0500] "GET /ant.php?edit=user.tar&fm=true&path=/home/zeusxp5/zenoxpressjobs.com/ HTTP/1.0" 200 28943 "-" "Mozilla/5.0 AppleWebKit/537.36 (KHTML, like Gecko; compatible; GPTBot/1.3; +https://openai.com/gptbot)"
74.7.227.187 - - [22/Dec/2025:03:40:50 -0500] "GET /ant.php?fm=true&path=/home/zeusxp5/zenoxpressjobs.com/&rights=user.tar.gz HTTP/1.0" 200 16032 "-" "Mozilla/5.0 AppleWebKit/537.36 (KHTML, like Gecko; compatible; GPTBot/1.3; +https://openai.com/gptbot)"
74.7.227.187 - - [22/Dec/2025:03:40:54 -0500] "GET /ant.php?edit=user.tar.gz&fm=true&path=/home/zeusxp5/zenoxpressjobs.com/ HTTP/1.0" 200 18183 "-" "Mozilla/5.0 AppleWebKit/537.36 (KHTML, like Gecko; compatible; GPTBot/1.3; +https://openai.com/gptbot)"
74.7.227.187 - - [22/Dec/2025:03:40:58 -0500] "GET /ant.php?fm=true&path=/home/zeusxp5/zenoxpressjobs.com/&rename=user.tar HTTP/1.0" 200 16010 "-" "Mozilla/5.0 AppleWebKit/537.36 (KHTML, like Gecko; compatible; GPTBot/1.3; +https://openai.com/gptbot)"
74.7.227.187 - - [22/Dec/2025:03:41:01 -0500] "GET /ant.php?fm=true&path=/home/zeusxp5/zenoxpressjobs.com/&rights=user.tar HTTP/1.0" 200 16026 "-" "Mozilla/5.0 AppleWebKit/537.36 (KHTML, like Gecko; compatible; GPTBot/1.3; +https://openai.com/gptbot)"
74.7.227.187 - - [22/Dec/2025:03:41:04 -0500] "GET /ant.php?download=L2hvbWUvemV1c3hwNS96ZW5veHByZXNzam9icy5jb20vdXNlci1lZGl0LnBocC5waHAudGFyLmd6 HTTP/1.0" 200 1141 "-" "Mozilla/5.0 AppleWebKit/537.36 (KHTML, like Gecko; compatible; GPTBot/1.3; +https://openai.com/gptbot)"
74.7.227.187 - - [22/Dec/2025:03:41:06 -0500] "GET /ant.php?download=L2hvbWUvemV1c3hwNS96ZW5veHByZXNzam9icy5jb20vcm9ib3RzLnR4dC50eHQudGFyLmd6 HTTP/1.0" 429 17 "-" "Mozilla/5.0 AppleWebKit/537.36 (KHTML, like Gecko; compatible; GPTBot/1.3; +https://openai.com/gptbot)"
74.7.227.187 - - [22/Dec/2025:03:41:09 -0500] "GET /ant.php?download=L2hvbWUvemV1c3hwNS96ZW5veHByZXNzam9icy5jb20vdXNlci50YXI= HTTP/1.0" 200 13146 "-" "Mozilla/5.0 AppleWebKit/537.36 (KHTML, like Gecko; compatible; GPTBot/1.3; +https://openai.com/gptbot)"
74.7.243.252 - - [22/Dec/2025:03:41:14 -0500] "GET /wp-content/plugins/elementor/assets/js/container-editor-handlers.11e3f73cbe2c3c5ffe24.bundle.js.map HTTP/1.0" 403 - "-" "Mozilla/5.0 AppleWebKit/537.36 (KHTML, like Gecko; compatible; GPTBot/1.3; +https://openai.com/gptbot)"
74.7.227.187 - - [22/Dec/2025:03:41:16 -0500] "GET /ant.php?download=L2hvbWUvemV1c3hwNS96ZW5veHByZXNzam9icy5jb20vY29udHJpYnV0ZS5waHAudGFy HTTP/1.0" 200 2906 "-" "Mozilla/5.0 AppleWebKit/537.36 (KHTML, like Gecko; compatible; GPTBot/1.3; +https://openai.com/gptbot)"
74.7.227.187 - - [22/Dec/2025:03:41:22 -0500] "GET /ant.php?edit=robots.txt.tar&fm=true&path=/home/zeusxp5/zenoxpressjobs.com/ HTTP/1.0" 200 18188 "-" "Mozilla/5.0 AppleWebKit/537.36 (KHTML, like Gecko; compatible; GPTBot/1.3; +https://openai.com/gptbot)"
74.7.227.187 - - [22/Dec/2025:03:41:27 -0500] "GET /ant.php?fm=true&path=/home/zeusxp5/zenoxpressjobs.com/&rights=robots.txt.tar HTTP/1.0" 200 16038 "-" "Mozilla/5.0 AppleWebKit/537.36 (KHTML, like Gecko; compatible; GPTBot/1.3; +https://openai.com/gptbot)"
74.7.227.187 - - [22/Dec/2025:03:41:32 -0500] "GET /ant.php?edit=robots.txt&fm=true&path=/home/zeusxp5/zenoxpressjobs.com/ HTTP/1.0" 200 16204 "-" "Mozilla/5.0 AppleWebKit/537.36 (KHTML, like Gecko; compatible; GPTBot/1.3; +https://openai.com/gptbot)"
74.7.227.187 - - [22/Dec/2025:03:41:37 -0500] "GET /ant.php?fm=true&path=/home/zeusxp5/zenoxpressjobs.com/&rights=bcg.txt.tar HTTP/1.0" 200 16032 "-" "Mozilla/5.0 AppleWebKit/537.36 (KHTML, like Gecko; compatible; GPTBot/1.3; +https://openai.com/gptbot)"
74.7.227.187 - - [22/Dec/2025:03:41:41 -0500] "GET /ant.php?fm=true&path=/home/zeusxp5/zenoxpressjobs.com/&rights=bcg.txt HTTP/1.0" 200 16024 "-" "Mozilla/5.0 AppleWebKit/537.36 (KHTML, like Gecko; compatible; GPTBot/1.3; +https://openai.com/gptbot)"
74.7.243.252 - - [22/Dec/2025:03:41:44 -0500] "GET /wp-content/plugins/elementor/assets/shapes/pyramids.svg HTTP/1.0" 200 190 "-" "Mozilla/5.0 AppleWebKit/537.36 (KHTML, like Gecko; compatible; GPTBot/1.3; +https://openai.com/gptbot)"
74.7.227.187 - - [22/Dec/2025:03:41:44 -0500] "GET /ant.php?edit=bcg.txt&fm=true&path=/home/zeusxp5/zenoxpressjobs.com/ HTTP/1.0" 200 16127 "-" "Mozilla/5.0 AppleWebKit/537.36 (KHTML, like Gecko; compatible; GPTBot/1.3; +https://openai.com/gptbot)"
74.7.227.187 - - [22/Dec/2025:03:41:48 -0500] "GET /ant.php?zip=L2hvbWUvemV1c3hwNS96ZW5veHByZXNzam9icy5jb20vd3AtYWRtaW4vbmV0d29yaw== HTTP/1.0" 200 14878 "-" "Mozilla/5.0 AppleWebKit/537.36 (KHTML, like Gecko; compatible; GPTBot/1.3; +https://openai.com/gptbot)"
74.7.227.187 - - [22/Dec/2025:03:41:51 -0500] "GET /ant.php?zip=L2hvbWUvemV1c3hwNS96ZW5veHByZXNzam9icy5jb20vd3AtYWRtaW4vaW5jbHVkZXM= HTTP/1.0" 200 14878 "-" "Mozilla/5.0 AppleWebKit/537.36 (KHTML, like Gecko; compatible; GPTBot/1.3; +https://openai.com/gptbot)"
74.7.227.187 - - [22/Dec/2025:03:41:54 -0500] "GET /ant.php?fm=true&path=/home/zeusxp5/zenoxpressjobs.com/&rename=user-edit.php.tar HTTP/1.0" 200 16028 "-" "Mozilla/5.0 AppleWebKit/537.36 (KHTML, like Gecko; compatible; GPTBot/1.3; +https://openai.com/gptbot)"
74.7.227.187 - - [22/Dec/2025:03:41:56 -0500] "GET /ant.php?fm=true&path=/home/zeusxp5/zenoxpressjobs.com/&rights=user-edit.php.tar HTTP/1.0" 429 17 "-" "Mozilla/5.0 AppleWebKit/537.36 (KHTML, like Gecko; compatible; GPTBot/1.3; +https://openai.com/gptbot)"
74.7.227.187 - - [22/Dec/2025:03:41:58 -0500] "GET /ant.php?edit=user-edit.php.tar&fm=true&path=/home/zeusxp5/zenoxpressjobs.com/ HTTP/1.0" 429 17 "-" "Mozilla/5.0 AppleWebKit/537.36 (KHTML, like Gecko; compatible; GPTBot/1.3; +https://openai.com/gptbot)"
74.7.227.187 - - [22/Dec/2025:03:42:05 -0500] "GET /ant.php?fm=true&path=/home/zeusxp5/zenoxpressjobs.com/wp-admin/&rights=link-parse-opml.php HTTP/1.0" 200 16075 "-" "Mozilla/5.0 AppleWebKit/537.36 (KHTML, like Gecko; compatible; GPTBot/1.3; +https://openai.com/gptbot)"
74.7.243.252 - - [22/Dec/2025:03:42:13 -0500] "GET /wp-content/plugins/elementor/assets/js/shared-frontend-handlers.a82dc0e60728c9cb9860.bundle.js HTTP/1.0" 200 16268 "-" "Mozilla/5.0 AppleWebKit/537.36 (KHTML, like Gecko; compatible; GPTBot/1.3; +https://openai.com/gptbot)"
74.7.227.187 - - [22/Dec/2025:03:42:24 -0500] "GET /%3C?php%20echo%20$url;%20?%3E HTTP/1.0" 403 - "-" "Mozilla/5.0 AppleWebKit/537.36 (KHTML, like Gecko; compatible; GPTBot/1.3; +https://openai.com/gptbot)"
74.7.243.252 - - [22/Dec/2025:03:42:40 -0500] "GET /wp-content/plugins/elementor/assets/js/admin-modules.min.js HTTP/1.0" 200 17495 "-" "Mozilla/5.0 AppleWebKit/537.36 (KHTML, like Gecko; compatible; GPTBot/1.3; +https://openai.com/gptbot)"
74.7.227.187 - - [22/Dec/2025:03:42:42 -0500] "GET /ant.php?gzfile=L2hvbWUvemV1c3hwNS96ZW5veHByZXNzam9icy5jb20vd3AtYWRtaW4vbGluay1tYW5hZ2VyLnBocA== HTTP/1.0" 200 125037 "-" "Mozilla/5.0 AppleWebKit/537.36 (KHTML, like Gecko; compatible; GPTBot/1.3; +https://openai.com/gptbot)"
74.7.227.187 - - [22/Dec/2025:03:42:59 -0500] "GET /ant.php?fm=true&path=/home/zeusxp5/zenoxpressjobs.com/wp-admin/&rename=link-parse-opml.php HTTP/1.0" 200 16059 "-" "Mozilla/5.0 AppleWebKit/537.36 (KHTML, like Gecko; compatible; GPTBot/1.3; +https://openai.com/gptbot)"
74.7.243.252 - - [22/Dec/2025:03:43:02 -0500] "GET /wp-content/plugins/elementor/assets/shapes/triangle.svg HTTP/1.0" 200 176 "-" "Mozilla/5.0 AppleWebKit/537.36 (KHTML, like Gecko; compatible; GPTBot/1.3; +https://openai.com/gptbot)"
74.7.227.187 - - [22/Dec/2025:03:43:14 -0500] "GET /ant.php?gzfile=L2hvbWUvemV1c3hwNS96ZW5veHByZXNzam9icy5jb20vd3AtYWRtaW4vb3B0aW9ucy1nZW5lcmFsLnBocA== HTTP/1.0" 200 127308 "-" "Mozilla/5.0 AppleWebKit/537.36 (KHTML, like Gecko; compatible; GPTBot/1.3; +https://openai.com/gptbot)"
74.7.243.252 - - [22/Dec/2025:03:43:23 -0500] "GET /wp-content/plugins/elementor/assets/shapes/mountains.svg HTTP/1.0" 200 780 "-" "Mozilla/5.0 AppleWebKit/537.36 (KHTML, like Gecko; compatible; GPTBot/1.3; +https://openai.com/gptbot)"
74.7.227.187 - - [22/Dec/2025:03:43:31 -0500] "GET /%3C?php%20echo%20esc_url(%20admin_url(%20%27?welcome=0%27%20)%20);%20?%3E HTTP/1.0" 403 - "-" "Mozilla/5.0 AppleWebKit/537.36 (KHTML, like Gecko; compatible; GPTBot/1.3; +https://openai.com/gptbot)"
74.7.243.252 - - [22/Dec/2025:03:43:43 -0500] "GET /wp-content/plugins/elementor/assets/lib/html2canvas/js/ HTTP/1.0" 200 1118 "-" "Mozilla/5.0 AppleWebKit/537.36 (KHTML, like Gecko; compatible; GPTBot/1.3; +https://openai.com/gptbot)"
74.7.227.187 - - [22/Dec/2025:03:43:46 -0500] "GET /ant.php?gzfile=L2hvbWUvemV1c3hwNS96ZW5veHByZXNzam9icy5jb20vd3AtYWRtaW4vcGx1Z2lucy5waHA= HTTP/1.0" 200 129399 "-" "Mozilla/5.0 AppleWebKit/537.36 (KHTML, like Gecko; compatible; GPTBot/1.3; +https://openai.com/gptbot)"
74.7.227.187 - - [22/Dec/2025:03:43:55 -0500] "GET /ant.php?gzfile=L2hvbWUvemV1c3hwNS96ZW5veHByZXNzam9icy5jb20vd3AtYWRtaW4vb3B0aW9ucy5waHA= HTTP/1.0" 200 131490 "-" "Mozilla/5.0 AppleWebKit/537.36 (KHTML, like Gecko; compatible; GPTBot/1.3; +https://openai.com/gptbot)"
74.7.243.252 - - [22/Dec/2025:03:44:00 -0500] "GET /wp-content/plugins/elementor/assets/js/video.6ebfa2c3f5493cb2eaaf.bundle.min.js HTTP/1.0" 200 3279 "-" "Mozilla/5.0 AppleWebKit/537.36 (KHTML, like Gecko; compatible; GPTBot/1.3; +https://openai.com/gptbot)"
74.7.227.187 - - [22/Dec/2025:03:44:10 -0500] "GET /ant.php?gzfile=L2hvbWUvemV1c3hwNS96ZW5veHByZXNzam9icy5jb20vd3AtYWRtaW4vd2lkZ2V0cy5waHA= HTTP/1.0" 200 133578 "-" "Mozilla/5.0 AppleWebKit/537.36 (KHTML, like Gecko; compatible; GPTBot/1.3; +https://openai.com/gptbot)"
74.7.243.252 - - [22/Dec/2025:03:44:13 -0500] "GET /wp-content/plugins/elementor/assets/lib/imagesloaded/imagesloaded.min.js HTTP/1.0" 200 7119 "-" "Mozilla/5.0 AppleWebKit/537.36 (KHTML, like Gecko; compatible; GPTBot/1.3; +https://openai.com/gptbot)"
74.7.227.187 - - [22/Dec/2025:03:44:21 -0500] "GET /ant.php?gzfile=L2hvbWUvemV1c3hwNS96ZW5veHByZXNzam9icy5jb20vd3AtYWRtaW4vY3JlZGl0cy5waHA= HTTP/1.0" 200 135669 "-" "Mozilla/5.0 AppleWebKit/537.36 (KHTML, like Gecko; compatible; GPTBot/1.3; +https://openai.com/gptbot)"
74.7.243.252 - - [22/Dec/2025:03:44:29 -0500] "GET /wp-content/plugins/elementor/assets/js/section-frontend-handlers.d85ab872da118940910d.bundle.min.js HTTP/1.0" 200 489 "-" "Mozilla/5.0 AppleWebKit/537.36 (KHTML, like Gecko; compatible; GPTBot/1.3; +https://openai.com/gptbot)"
74.7.227.187 - - [22/Dec/2025:03:44:33 -0500] "GET /ant.php?fm=true&path=/home/zeusxp5/zenoxpressjobs.com/&rename=robots.txt.tar HTTP/1.0" 200 16022 "-" "Mozilla/5.0 AppleWebKit/537.36 (KHTML, like Gecko; compatible; GPTBot/1.3; +https://openai.com/gptbot)"
74.7.227.187 - - [22/Dec/2025:03:44:40 -0500] "GET /ant.php?gzfile=L2hvbWUvemV1c3hwNS96ZW5veHByZXNzam9icy5jb20vd3AtYWRtaW4vZXhwb3J0LnBocA== HTTP/1.0" 200 137736 "-" "Mozilla/5.0 AppleWebKit/537.36 (KHTML, like Gecko; compatible; GPTBot/1.3; +https://openai.com/gptbot)"
74.7.243.252 - - [22/Dec/2025:03:44:42 -0500] "GET /wp-content/plugins/elementor/assets/js/admin-top-bar.min.js HTTP/1.0" 200 12611 "-" "Mozilla/5.0 AppleWebKit/537.36 (KHTML, like Gecko; compatible; GPTBot/1.3; +https://openai.com/gptbot)"
74.7.227.187 - - [22/Dec/2025:03:44:48 -0500] "GET /ant.php?gzfile=L2hvbWUvemV1c3hwNS96ZW5veHByZXNzam9icy5jb20vd3AtYWRtaW4vc2V0dXAtY29uZmlnLnBocA== HTTP/1.0" 200 139939 "-" "Mozilla/5.0 AppleWebKit/537.36 (KHTML, like Gecko; compatible; GPTBot/1.3; +https://openai.com/gptbot)"
74.7.243.252 - - [22/Dec/2025:03:44:53 -0500] "GET /wp-content/plugins/elementor/assets/js/import-export-admin.min.js HTTP/1.0" 200 6329 "-" "Mozilla/5.0 AppleWebKit/537.36 (KHTML, like Gecko; compatible; GPTBot/1.3; +https://openai.com/gptbot)"
74.7.227.187 - - [22/Dec/2025:03:44:57 -0500] "GET /ant.php?download=L2hvbWUvemV1c3hwNS96ZW5veHByZXNzam9icy5jb20vaW5jbHVkZXMuemlw HTTP/1.0" 200 3120288 "-" "Mozilla/5.0 AppleWebKit/537.36 (KHTML, like Gecko; compatible; GPTBot/1.3; +https://openai.com/gptbot)"
74.7.243.252 - - [22/Dec/2025:03:45:06 -0500] "GET /wp-content/plugins/elementor/assets/js/editor-notifications.min.js.LICENSE.txt HTTP/1.0" 200 249 "-" "Mozilla/5.0 AppleWebKit/537.36 (KHTML, like Gecko; compatible; GPTBot/1.3; +https://openai.com/gptbot)"
74.7.243.252 - - [22/Dec/2025:03:45:13 -0500] "GET /wp-content/plugins/elementor/assets/lib/imagesloaded/imagesloaded.js HTTP/1.0" 200 12283 "-" "Mozilla/5.0 AppleWebKit/537.36 (KHTML, like Gecko; compatible; GPTBot/1.3; +https://openai.com/gptbot)"
74.7.227.187 - - [22/Dec/2025:03:45:17 -0500] "GET /ant.php?download=L2hvbWUvemV1c3hwNS96ZW5veHByZXNzam9icy5jb20vbGluay1tYW5hZ2VyLnBocC5waHAudGFyLmd6 HTTP/1.0" 200 2779 "-" "Mozilla/5.0 AppleWebKit/537.36 (KHTML, like Gecko; compatible; GPTBot/1.3; +https://openai.com/gptbot)"
74.7.243.252 - - [22/Dec/2025:03:45:21 -0500] "GET /wp-content/plugins/elementor/assets/js/nested-title-keyboard-handler.967db65f6ba460c1f2e9.bundle.js HTTP/1.0" 200 8062 "-" "Mozilla/5.0 AppleWebKit/537.36 (KHTML, like Gecko; compatible; GPTBot/1.3; +https://openai.com/gptbot)"
74.7.227.187 - - [22/Dec/2025:03:45:25 -0500] "GET /ant.php?download=L2hvbWUvemV1c3hwNS96ZW5veHByZXNzam9icy5jb20vb3B0aW9ucy1nZW5lcmFsLnBocC5waHAudGFyLmd6 HTTP/1.0" 200 7437 "-" "Mozilla/5.0 AppleWebKit/537.36 (KHTML, like Gecko; compatible; GPTBot/1.3; +https://openai.com/gptbot)"
74.7.243.252 - - [22/Dec/2025:03:45:27 -0500] "GET /wp-content/plugins/elementor/assets/js/section-frontend-handlers.d0665d28b9f0b188fe4f.bundle.js HTTP/1.0" 200 1047 "-" "Mozilla/5.0 AppleWebKit/537.36 (KHTML, like Gecko; compatible; GPTBot/1.3; +https://openai.com/gptbot)"
74.7.227.187 - - [22/Dec/2025:03:45:31 -0500] "GET /ant.php?download=L2hvbWUvemV1c3hwNS96ZW5veHByZXNzam9icy5jb20vcm9ib3RzLnR4dC50eHQudGFyLmd6 HTTP/1.0" 200 1031 "-" "Mozilla/5.0 AppleWebKit/537.36 (KHTML, like Gecko; compatible; GPTBot/1.3; +https://openai.com/gptbot)"
74.7.243.252 - - [22/Dec/2025:03:45:33 -0500] "GET /wp-content/plugins/elementor/assets/js/kit-elements-defaults-editor.min.js HTTP/1.0" 200 34775 "-" "Mozilla/5.0 AppleWebKit/537.36 (KHTML, like Gecko; compatible; GPTBot/1.3; +https://openai.com/gptbot)"
74.7.227.187 - - [22/Dec/2025:03:45:36 -0500] "GET /ant.php?download=L2hvbWUvemV1c3hwNS96ZW5veHByZXNzam9icy5jb20vcGx1Z2lucy5waHAudGFy HTTP/1.0" 200 33626 "-" "Mozilla/5.0 AppleWebKit/537.36 (KHTML, like Gecko; compatible; GPTBot/1.3; +https://openai.com/gptbot)"
74.7.243.252 - - [22/Dec/2025:03:45:38 -0500] "GET /wp-content/plugins/elementor/assets/lib/html2canvas/js/?C=M;O=A HTTP/1.0" 200 1118 "-" "Mozilla/5.0 AppleWebKit/537.36 (KHTML, like Gecko; compatible; GPTBot/1.3; +https://openai.com/gptbot)"
74.7.227.187 - - [22/Dec/2025:03:45:42 -0500] "GET /ant.php?download=L2hvbWUvemV1c3hwNS96ZW5veHByZXNzam9icy5jb20vb3B0aW9ucy5waHAucGhwLnRhci5neg== HTTP/1.0" 200 5488 "-" "Mozilla/5.0 AppleWebKit/537.36 (KHTML, like Gecko; compatible; GPTBot/1.3; +https://openai.com/gptbot)"
74.7.243.252 - - [22/Dec/2025:03:45:43 -0500] "GET /wp-content/plugins/elementor/assets/lib/html2canvas/js/html2canvas.min.js HTTP/1.0" 200 198689 "-" "Mozilla/5.0 AppleWebKit/537.36 (KHTML, like Gecko; compatible; GPTBot/1.3; +https://openai.com/gptbot)"
74.7.227.187 - - [22/Dec/2025:03:45:47 -0500] "GET /$url HTTP/1.0" 403 - "-" "Mozilla/5.0 AppleWebKit/537.36 (KHTML, like Gecko; compatible; GPTBot/1.3; +https://openai.com/gptbot)"
74.7.243.252 - - [22/Dec/2025:03:45:49 -0500] "GET /wp-content/plugins/elementor/assets/js/section-editor-handlers.46a034cbaaa10c6afa92.bundle.js HTTP/1.0" 200 3498 "-" "Mozilla/5.0 AppleWebKit/537.36 (KHTML, like Gecko; compatible; GPTBot/1.3; +https://openai.com/gptbot)"
74.7.243.252 - - [22/Dec/2025:03:45:53 -0500] "GET /wp-content/plugins/elementor/assets/js/shared-frontend-handlers.a82dc0e60728c9cb9860.bundle.js.map HTTP/1.0" 403 - "-" "Mozilla/5.0 AppleWebKit/537.36 (KHTML, like Gecko; compatible; GPTBot/1.3; +https://openai.com/gptbot)"
74.7.227.187 - - [22/Dec/2025:03:45:59 -0500] "GET /ant.php?download=L2hvbWUvemV1c3hwNS96ZW5veHByZXNzam9icy5jb20vb3B0aW9ucy5waHAudGFy HTTP/1.0" 200 16730 "-" "Mozilla/5.0 AppleWebKit/537.36 (KHTML, like Gecko; compatible; GPTBot/1.3; +https://openai.com/gptbot)"
74.7.227.187 - - [22/Dec/2025:03:46:05 -0500] "GET /'%20.%20esc_url(%20$iframe_url%20)%20.%20' HTTP/1.0" 403 - "-" "Mozilla/5.0 AppleWebKit/537.36 (KHTML, like Gecko; compatible; GPTBot/1.3; +https://openai.com/gptbot)"
74.7.243.252 - - [22/Dec/2025:03:46:10 -0500] "GET /wp-content/plugins/elementor/assets/js/admin-top-bar.js HTTP/1.0" 200 69044 "-" "Mozilla/5.0 AppleWebKit/537.36 (KHTML, like Gecko; compatible; GPTBot/1.3; +https://openai.com/gptbot)"
74.7.227.187 - - [22/Dec/2025:03:46:15 -0500] "GET /ant.php?download=L2hvbWUvemV1c3hwNS96ZW5veHByZXNzam9icy5jb20vY3JlZGl0cy5waHAudGFy HTTP/1.0" 200 7002 "-" "Mozilla/5.0 AppleWebKit/537.36 (KHTML, like Gecko; compatible; GPTBot/1.3; +https://openai.com/gptbot)"
74.7.243.252 - - [22/Dec/2025:03:46:16 -0500] "GET /wp-content/plugins/elementor/assets/js/floating-bars.7efeeb8b098e55999ff1.bundle.js HTTP/1.0" 200 15148 "-" "Mozilla/5.0 AppleWebKit/537.36 (KHTML, like Gecko; compatible; GPTBot/1.3; +https://openai.com/gptbot)"
74.7.227.187 - - [22/Dec/2025:03:46:18 -0500] "GET /ant.php?download=L2hvbWUvemV1c3hwNS96ZW5veHByZXNzam9icy5jb20vd2lkZ2V0cy5waHAudGFy HTTP/1.0" 200 3930 "-" "Mozilla/5.0 AppleWebKit/537.36 (KHTML, like Gecko; compatible; GPTBot/1.3; +https://openai.com/gptbot)"
74.7.243.252 - - [22/Dec/2025:03:46:18 -0500] "GET /wp-content/plugins/elementor/changelog.txt HTTP/1.0" 429 17 "-" "Mozilla/5.0 AppleWebKit/537.36 (KHTML, like Gecko; compatible; GPTBot/1.3; +https://openai.com/gptbot)"
74.7.227.187 - - [22/Dec/2025:03:46:19 -0500] "GET /ant.php?fm=true&path=/home/zeusxp5/zenoxpressjobs.com/&rights=export.php.tar HTTP/1.0" 429 17 "-" "Mozilla/5.0 AppleWebKit/537.36 (KHTML, like Gecko; compatible; GPTBot/1.3; +https://openai.com/gptbot)"
74.7.243.252 - - [22/Dec/2025:03:46:20 -0500] "GET /wp-content/plugins/elementor/assets/lib/html2canvas/js/html2canvas.js HTTP/1.0" 429 17 "-" "Mozilla/5.0 AppleWebKit/537.36 (KHTML, like Gecko; compatible; GPTBot/1.3; +https://openai.com/gptbot)"
74.7.227.187 - - [22/Dec/2025:03:46:22 -0500] "GET /ant.php?download=L2hvbWUvemV1c3hwNS96ZW5veHByZXNzam9icy5jb20vZXhwb3J0LnBocC5waHAudGFyLmd6 HTTP/1.0" 200 4130 "-" "Mozilla/5.0 AppleWebKit/537.36 (KHTML, like Gecko; compatible; GPTBot/1.3; +https://openai.com/gptbot)"
74.7.227.187 - - [22/Dec/2025:03:46:28 -0500] "GET /ant.php?download=L2hvbWUvemV1c3hwNS96ZW5veHByZXNzam9icy5jb20vc2V0dXAtY29uZmlnLnBocC5waHAudGFyLmd6 HTTP/1.0" 200 6735 "-" "Mozilla/5.0 AppleWebKit/537.36 (KHTML, like Gecko; compatible; GPTBot/1.3; +https://openai.com/gptbot)"
74.7.243.252 - - [22/Dec/2025:03:46:30 -0500] "GET /wp-content/plugins/elementor/assets/js/nested-title-keyboard-handler.967db65f6ba460c1f2e9.bundle.js.map HTTP/1.0" 403 - "-" "Mozilla/5.0 AppleWebKit/537.36 (KHTML, like Gecko; compatible; GPTBot/1.3; +https://openai.com/gptbot)"
74.7.227.187 - - [22/Dec/2025:03:46:34 -0500] "GET /ant.php?edit=network.zip&fm=true&path=/home/zeusxp5/zenoxpressjobs.com/ HTTP/1.0" 200 183813 "-" "Mozilla/5.0 AppleWebKit/537.36 (KHTML, like Gecko; compatible; GPTBot/1.3; +https://openai.com/gptbot)"
74.7.227.187 - - [22/Dec/2025:03:46:40 -0500] "GET /ant.php?fm=true&path=/home/zeusxp5/zenoxpressjobs.com/&rights=network.zip HTTP/1.0" 200 16032 "-" "Mozilla/5.0 AppleWebKit/537.36 (KHTML, like Gecko; compatible; GPTBot/1.3; +https://openai.com/gptbot)"
74.7.227.187 - - [22/Dec/2025:03:46:45 -0500] "GET /ant.php?fm=true&path=/home/zeusxp5/zenoxpressjobs.com/&rename=includes.zip HTTP/1.0" 200 16018 "-" "Mozilla/5.0 AppleWebKit/537.36 (KHTML, like Gecko; compatible; GPTBot/1.3; +https://openai.com/gptbot)"
74.7.227.187 - - [22/Dec/2025:03:46:50 -0500] "GET /$url HTTP/1.0" 403 - "-" "Mozilla/5.0 AppleWebKit/537.36 (KHTML, like Gecko; compatible; GPTBot/1.3; +https://openai.com/gptbot)"
74.7.227.187 - - [22/Dec/2025:03:46:54 -0500] "GET /'%20.%20esc_url(%20$iframe_url%20)%20.%20' HTTP/1.0" 403 - "-" "Mozilla/5.0 AppleWebKit/537.36 (KHTML, like Gecko; compatible; GPTBot/1.3; +https://openai.com/gptbot)"
74.7.243.252 - - [22/Dec/2025:03:46:57 -0500] "GET /wp-content/plugins/elementor/assets/js/section-frontend-handlers.d0665d28b9f0b188fe4f.bundle.js.map HTTP/1.0" 403 - "-" "Mozilla/5.0 AppleWebKit/537.36 (KHTML, like Gecko; compatible; GPTBot/1.3; +https://openai.com/gptbot)"
74.7.227.187 - - [22/Dec/2025:03:46:58 -0500] "GET /ant.php?fm=true&path=/home/zeusxp5/zenoxpressjobs.com/&rename=network.zip HTTP/1.0" 200 16016 "-" "Mozilla/5.0 AppleWebKit/537.36 (KHTML, like Gecko; compatible; GPTBot/1.3; +https://openai.com/gptbot)"
74.7.227.187 - - [22/Dec/2025:03:47:03 -0500] "GET /ant.php?edit=includes.zip&fm=true&path=/home/zeusxp5/zenoxpressjobs.com/ HTTP/1.0" 200 3647337 "-" "Mozilla/5.0 AppleWebKit/537.36 (KHTML, like Gecko; compatible; GPTBot/1.3; +https://openai.com/gptbot)"
74.7.227.187 - - [22/Dec/2025:03:47:06 -0500] "GET /ant.php?fm=true&path=/home/zeusxp5/zenoxpressjobs.com/&rights=includes.zip HTTP/1.0" 200 16034 "-" "Mozilla/5.0 AppleWebKit/537.36 (KHTML, like Gecko; compatible; GPTBot/1.3; +https://openai.com/gptbot)"
74.7.227.187 - - [22/Dec/2025:03:47:11 -0500] "GET /ant.php?fm=true&path=/home/zeusxp5/zenoxpressjobs.com/&rights=user-edit.php.tar HTTP/1.0" 200 16044 "-" "Mozilla/5.0 AppleWebKit/537.36 (KHTML, like Gecko; compatible; GPTBot/1.3; +https://openai.com/gptbot)"
74.7.227.187 - - [22/Dec/2025:03:47:13 -0500] "GET /ant.php?edit=user-edit.php.tar&fm=true&path=/home/zeusxp5/zenoxpressjobs.com/ HTTP/1.0" 429 17 "-" "Mozilla/5.0 AppleWebKit/537.36 (KHTML, like Gecko; compatible; GPTBot/1.3; +https://openai.com/gptbot)"
74.7.227.187 - - [22/Dec/2025:03:47:16 -0500] "GET /ant.php?gzfile=L2hvbWUvemV1c3hwNS96ZW5veHByZXNzam9icy5jb20vd3AtYWRtaW4vdXNlci9tZW51LnBocA== HTTP/1.0" 200 141959 "-" "Mozilla/5.0 AppleWebKit/537.36 (KHTML, like Gecko; compatible; GPTBot/1.3; +https://openai.com/gptbot)"
74.7.227.187 - - [22/Dec/2025:03:47:24 -0500] "GET /ant.php?zip=L2hvbWUvemV1c3hwNS96ZW5veHByZXNzam9icy5jb20vd3AtYWRtaW4vdXNlcg== HTTP/1.0" 200 14878 "-" "Mozilla/5.0 AppleWebKit/537.36 (KHTML, like Gecko; compatible; GPTBot/1.3; +https://openai.com/gptbot)"
74.7.243.252 - - [22/Dec/2025:03:47:25 -0500] "GET /wp-content/plugins/elementor/assets/shapes/triangle-asymmetrical.svg HTTP/1.0" 200 170 "-" "Mozilla/5.0 AppleWebKit/537.36 (KHTML, like Gecko; compatible; GPTBot/1.3; +https://openai.com/gptbot)"
74.7.227.187 - - [22/Dec/2025:03:47:31 -0500] "GET /%3C?php%20echo%20esc_url(%20admin_url(%20%27images/freedom-4.svg?ver=6.5%27%20)%20);%20?%3E HTTP/1.0" 403 - "-" "Mozilla/5.0 AppleWebKit/537.36 (KHTML, like Gecko; compatible; GPTBot/1.3; +https://openai.com/gptbot)"
43.153.36.110 - - [22/Dec/2025:03:47:36 -0500] "GET / HTTP/1.0" 301 245 "-" "Mozilla/5.0 (iPhone; CPU iPhone OS 13_2_3 like Mac OS X) AppleWebKit/605.1.15 (KHTML, like Gecko) Version/13.0.3 Mobile/15E148 Safari/604.1"
74.7.227.187 - - [22/Dec/2025:03:47:38 -0500] "GET /%3C?php%20echo%20esc_url(%20admin_url(%20%27images/freedom-2.svg?ver=6.5%27%20)%20);%20?%3E HTTP/1.0" 403 - "-" "Mozilla/5.0 AppleWebKit/537.36 (KHTML, like Gecko; compatible; GPTBot/1.3; +https://openai.com/gptbot)"
173.231.242.79 - - [22/Dec/2025:03:47:40 -0500] "POST /index.html/wp-cron.php?doing_wp_cron=1766393260.8820369243621826171875 HTTP/1.0" 200 - "-" "WordPress/6.9; https://www.zenoxpressjobs.com/index.html"
43.153.36.110 - - [22/Dec/2025:03:47:36 -0500] "GET /index.html/ HTTP/1.0" 301 - "http://zenoxpressjobs.com" "Mozilla/5.0 (iPhone; CPU iPhone OS 13_2_3 like Mac OS X) AppleWebKit/605.1.15 (KHTML, like Gecko) Version/13.0.3 Mobile/15E148 Safari/604.1"
43.153.36.110 - - [22/Dec/2025:03:47:42 -0500] "GET /index.html/ HTTP/1.0" 200 235627 "http://zenoxpressjobs.com/index.html/" "Mozilla/5.0 (iPhone; CPU iPhone OS 13_2_3 like Mac OS X) AppleWebKit/605.1.15 (KHTML, like Gecko) Version/13.0.3 Mobile/15E148 Safari/604.1"
74.7.227.187 - - [22/Dec/2025:03:47:50 -0500] "GET /%3C?php%20echo%20esc_url(%20admin_url(%20%27images/freedom-3.svg?ver=6.5%27%20)%20);%20?%3E HTTP/1.0" 403 - "-" "Mozilla/5.0 AppleWebKit/537.36 (KHTML, like Gecko; compatible; GPTBot/1.3; +https://openai.com/gptbot)"
74.7.227.187 - - [22/Dec/2025:03:47:53 -0500] "GET /%3C?php%20echo%20esc_url(%20admin_url(%20%27images/freedom-1.svg?ver=6.5%27%20)%20);%20?%3E HTTP/1.0" 403 - "-" "Mozilla/5.0 AppleWebKit/537.36 (KHTML, like Gecko; compatible; GPTBot/1.3; +https://openai.com/gptbot)"
74.7.243.252 - - [22/Dec/2025:03:47:53 -0500] "GET /index.html/wp-content/plugins/elementor/assets/lib/ HTTP/1.0" 200 5216 "-" "Mozilla/5.0 AppleWebKit/537.36 (KHTML, like Gecko; compatible; GPTBot/1.3; +https://openai.com/gptbot)"
74.7.227.187 - - [22/Dec/2025:03:47:58 -0500] "GET /ant.php?edit=user-edit.php.php.tar.gz&fm=true&path=/home/zeusxp5/zenoxpressjobs.com/ HTTP/1.0" 200 16681 "-" "Mozilla/5.0 AppleWebKit/537.36 (KHTML, like Gecko; compatible; GPTBot/1.3; +https://openai.com/gptbot)"
74.7.227.187 - - [22/Dec/2025:03:48:05 -0500] "GET /ant.php?fm=true&path=/home/zeusxp5/zenoxpressjobs.com/&rights=user-edit.php.php.tar.gz HTTP/1.0" 200 16058 "-" "Mozilla/5.0 AppleWebKit/537.36 (KHTML, like Gecko; compatible; GPTBot/1.3; +https://openai.com/gptbot)"
74.7.227.187 - - [22/Dec/2025:03:48:10 -0500] "GET /ant.php?fm=true&path=/home/zeusxp5/zenoxpressjobs.com/&rename=user-edit.php.php.tar.gz HTTP/1.0" 200 16042 "-" "Mozilla/5.0 AppleWebKit/537.36 (KHTML, like Gecko; compatible; GPTBot/1.3; +https://openai.com/gptbot)"
74.7.227.187 - - [22/Dec/2025:03:48:19 -0500] "GET /ant.php?gzfile=L2hvbWUvemV1c3hwNS96ZW5veHByZXNzam9icy5jb20vd3AtYWRtaW4vb3B0aW9ucy13cml0aW5nLnBocA== HTTP/1.0" 200 145157 "-" "Mozilla/5.0 AppleWebKit/537.36 (KHTML, like Gecko; compatible; GPTBot/1.3; +https://openai.com/gptbot)"
74.7.227.187 - - [22/Dec/2025:03:48:21 -0500] "GET /ant.php?gzfile=L2hvbWUvemV1c3hwNS96ZW5veHByZXNzam9icy5jb20vd3AtYWRtaW4vbWVkaWEtdXBsb2FkLnBocA== HTTP/1.0" 429 17 "-" "Mozilla/5.0 AppleWebKit/537.36 (KHTML, like Gecko; compatible; GPTBot/1.3; +https://openai.com/gptbot)"
74.7.243.252 - - [22/Dec/2025:03:48:22 -0500] "GET /wp-content/plugins/elementor/assets/js/nested-accordion.a0f28ea648b29da812a1.bundle.js HTTP/1.0" 200 19215 "-" "Mozilla/5.0 AppleWebKit/537.36 (KHTML, like Gecko; compatible; GPTBot/1.3; +https://openai.com/gptbot)"
74.7.227.187 - - [22/Dec/2025:03:48:25 -0500] "GET /ant.php?fm=true&path=/home/zeusxp5/zenoxpressjobs.com/&rights=export.php.tar HTTP/1.0" 200 16038 "-" "Mozilla/5.0 AppleWebKit/537.36 (KHTML, like Gecko; compatible; GPTBot/1.3; +https://openai.com/gptbot)"
74.7.227.187 - - [22/Dec/2025:03:48:38 -0500] "GET /ant.php?download=L2hvbWUvemV1c3hwNS96ZW5veHByZXNzam9icy5jb20vbWVudS5waHAudGFy HTTP/1.0" 200 3418 "-" "Mozilla/5.0 AppleWebKit/537.36 (KHTML, like Gecko; compatible; GPTBot/1.3; +https://openai.com/gptbot)"
74.7.243.252 - - [22/Dec/2025:03:48:42 -0500] "GET /wp-content/plugins/elementor/assets/js/section-editor-handlers.46a034cbaaa10c6afa92.bundle.js.map HTTP/1.0" 403 - "-" "Mozilla/5.0 AppleWebKit/537.36 (KHTML, like Gecko; compatible; GPTBot/1.3; +https://openai.com/gptbot)"
74.7.227.187 - - [22/Dec/2025:03:48:51 -0500] "GET /ant.php?fm=true&path=/home/zeusxp5/zenoxpressjobs.com/&rename=menu.php.tar HTTP/1.0" 200 16018 "-" "Mozilla/5.0 AppleWebKit/537.36 (KHTML, like Gecko; compatible; GPTBot/1.3; +https://openai.com/gptbot)"
74.7.227.187 - - [22/Dec/2025:03:49:01 -0500] "GET /ant.php?edit=user-edit.php.tar&fm=true&path=/home/zeusxp5/zenoxpressjobs.com/ HTTP/1.0" 200 18217 "-" "Mozilla/5.0 AppleWebKit/537.36 (KHTML, like Gecko; compatible; GPTBot/1.3; +https://openai.com/gptbot)"
74.7.243.252 - - [22/Dec/2025:03:49:02 -0500] "GET /wp-content/plugins/elementor/assets/js/ai-admin.min.js HTTP/1.0" 200 619403 "-" "Mozilla/5.0 AppleWebKit/537.36 (KHTML, like Gecko; compatible; GPTBot/1.3; +https://openai.com/gptbot)"
74.7.227.187 - - [22/Dec/2025:03:49:15 -0500] "GET /ant.php?gzfile=L2hvbWUvemV1c3hwNS96ZW5veHByZXNzam9icy5jb20vd3AtYWRtaW4vdGhlbWUtZWRpdG9yLnBocA== HTTP/1.0" 200 147360 "-" "Mozilla/5.0 AppleWebKit/537.36 (KHTML, like Gecko; compatible; GPTBot/1.3; +https://openai.com/gptbot)"
74.7.227.187 - - [22/Dec/2025:03:49:20 -0500] "GET /ant.php?edit=admin-header.php&fm=true&path=/home/zeusxp5/zenoxpressjobs.com/wp-admin/ HTTP/1.0" 200 26859 "-" "Mozilla/5.0 AppleWebKit/537.36 (KHTML, like Gecko; compatible; GPTBot/1.3; +https://openai.com/gptbot)"
74.7.243.252 - - [22/Dec/2025:03:49:26 -0500] "GET /wp-content/plugins/elementor/assets/js/admin-top-bar.js.map HTTP/1.0" 403 - "-" "Mozilla/5.0 AppleWebKit/537.36 (KHTML, like Gecko; compatible; GPTBot/1.3; +https://openai.com/gptbot)"
74.7.227.187 - - [22/Dec/2025:03:49:27 -0500] "GET /ant.php?edit=admin-footer.php&fm=true&path=/home/zeusxp5/zenoxpressjobs.com/wp-admin/ HTTP/1.0" 200 19578 "-" "Mozilla/5.0 AppleWebKit/537.36 (KHTML, like Gecko; compatible; GPTBot/1.3; +https://openai.com/gptbot)"
74.7.227.187 - - [22/Dec/2025:03:49:34 -0500] "GET /ant.php?fm=true&path=/home/zeusxp5/zenoxpressjobs.com/wp-admin/&rename=admin-ajax.php HTTP/1.0" 200 16049 "-" "Mozilla/5.0 AppleWebKit/537.36 (KHTML, like Gecko; compatible; GPTBot/1.3; +https://openai.com/gptbot)"
74.7.243.252 - - [22/Dec/2025:03:49:40 -0500] "GET /wp-content/plugins/elementor/assets/js/floating-bars.7efeeb8b098e55999ff1.bundle.js.map HTTP/1.0" 403 - "-" "Mozilla/5.0 AppleWebKit/537.36 (KHTML, like Gecko; compatible; GPTBot/1.3; +https://openai.com/gptbot)"
74.7.227.187 - - [22/Dec/2025:03:49:41 -0500] "GET /ant.php?gzfile=L2hvbWUvemV1c3hwNS96ZW5veHByZXNzam9icy5jb20vd3AtYWRtaW4vbWVkaWEtbmV3LnBocA== HTTP/1.0" 200 149494 "-" "Mozilla/5.0 AppleWebKit/537.36 (KHTML, like Gecko; compatible; GPTBot/1.3; +https://openai.com/gptbot)"
74.7.227.187 - - [22/Dec/2025:03:49:48 -0500] "GET /ant.php?fm=true&path=/home/zeusxp5/zenoxpressjobs.com/&rename=user.zip HTTP/1.0" 200 16010 "-" "Mozilla/5.0 AppleWebKit/537.36 (KHTML, like Gecko; compatible; GPTBot/1.3; +https://openai.com/gptbot)"
74.7.227.187 - - [22/Dec/2025:03:49:52 -0500] "GET /ant.php?edit=user.zip&fm=true&path=/home/zeusxp5/zenoxpressjobs.com/ HTTP/1.0" 200 22093 "-" "Mozilla/5.0 AppleWebKit/537.36 (KHTML, like Gecko; compatible; GPTBot/1.3; +https://openai.com/gptbot)"
74.7.227.187 - - [22/Dec/2025:03:49:56 -0500] "GET /ant.php?fm=true&path=/home/zeusxp5/zenoxpressjobs.com/&rights=user.zip HTTP/1.0" 200 16026 "-" "Mozilla/5.0 AppleWebKit/537.36 (KHTML, like Gecko; compatible; GPTBot/1.3; +https://openai.com/gptbot)"
74.7.227.187 - - [22/Dec/2025:03:50:00 -0500] "GET /ant.php?download=L2hvbWUvemV1c3hwNS96ZW5veHByZXNzam9icy5jb20vb3B0aW9ucy13cml0aW5nLnBocC5waHAudGFyLmd6 HTTP/1.0" 200 3972 "-" "Mozilla/5.0 AppleWebKit/537.36 (KHTML, like Gecko; compatible; GPTBot/1.3; +https://openai.com/gptbot)"
74.7.243.252 - - [22/Dec/2025:03:50:03 -0500] "GET /wp-content/plugins/elementor/assets/js/accordion.36aa4c8c4eba17bc8e03.bundle.min.js HTTP/1.0" 200 3793 "-" "Mozilla/5.0 AppleWebKit/537.36 (KHTML, like Gecko; compatible; GPTBot/1.3; +https://openai.com/gptbot)"
74.7.227.187 - - [22/Dec/2025:03:50:12 -0500] "GET /ant.php?download=L2hvbWUvemV1c3hwNS96ZW5veHByZXNzam9icy5jb20vdXNlci56aXA= HTTP/1.0" 200 5972 "-" "Mozilla/5.0 AppleWebKit/537.36 (KHTML, like Gecko; compatible; GPTBot/1.3; +https://openai.com/gptbot)"
74.7.243.252 - - [22/Dec/2025:03:50:30 -0500] "GET /wp-content/plugins/elementor/assets/js/admin-feedback.min.js HTTP/1.0" 200 1959 "-" "Mozilla/5.0 AppleWebKit/537.36 (KHTML, like Gecko; compatible; GPTBot/1.3; +https://openai.com/gptbot)"
45.195.54.76 - - [22/Dec/2025:03:50:29 -0500] "GET /ant.php HTTP/1.0" 200 149417 "-" "Mozilla/5.0 (Windows NT 10.0; Win64; x64) AppleWebKit/537.36 (KHTML, like Gecko) Chrome/105.0.0.0 Safari/537.36"
45.195.54.76 - - [22/Dec/2025:03:50:32 -0500] "POST /ant.php HTTP/1.0" 200 31407 "-" "Mozilla/5.0 (Windows NT 10.0; Win64; x64) AppleWebKit/537.36 (KHTML, like Gecko) Chrome/105.0.0.0 Safari/537.36"
45.195.54.76 - - [22/Dec/2025:03:50:32 -0500] "POST /ant.php HTTP/1.0" 200 31524 "-" "Mozilla/5.0 (Windows NT 10.0; Win64; x64) AppleWebKit/537.36 (KHTML, like Gecko) Chrome/105.0.0.0 Safari/537.36"
74.7.227.187 - - [22/Dec/2025:03:50:32 -0500] "GET /ant.php?gz=L2hvbWUvemV1c3hwNS96ZW5veHByZXNzam9icy5jb20vd3AtYWRtaW4vbmV0d29yaw== HTTP/1.0" 200 151450 "-" "Mozilla/5.0 AppleWebKit/537.36 (KHTML, like Gecko; compatible; GPTBot/1.3; +https://openai.com/gptbot)"
74.7.227.187 - - [22/Dec/2025:03:50:35 -0500] "GET /ant.php?download=L2hvbWUvemV1c3hwNS96ZW5veHByZXNzam9icy5jb20vdGhlbWUtZWRpdG9yLnBocC5waHAudGFyLmd6 HTTP/1.0" 200 6530 "-" "Mozilla/5.0 AppleWebKit/537.36 (KHTML, like Gecko; compatible; GPTBot/1.3; +https://openai.com/gptbot)"
74.7.243.252 - - [22/Dec/2025:03:50:35 -0500] "GET /wp-content/plugins/elementor/license.txt HTTP/1.0" 200 35147 "-" "Mozilla/5.0 AppleWebKit/537.36 (KHTML, like Gecko; compatible; GPTBot/1.3; +https://openai.com/gptbot)"
74.7.227.187 - - [22/Dec/2025:03:50:36 -0500] "GET /ant.php?gzfile=L2hvbWUvemV1c3hwNS96ZW5veHByZXNzam9icy5jb20vd3AtYWRtaW4vaW1wb3J0LnBocA== HTTP/1.0" 429 17 "-" "Mozilla/5.0 AppleWebKit/537.36 (KHTML, like Gecko; compatible; GPTBot/1.3; +https://openai.com/gptbot)"
74.7.227.187 - - [22/Dec/2025:03:50:39 -0500] "GET /ant.php?fm=true&path=/home/zeusxp5/zenoxpressjobs.com/&rename=options.php.tar HTTP/1.0" 200 16024 "-" "Mozilla/5.0 AppleWebKit/537.36 (KHTML, like Gecko; compatible; GPTBot/1.3; +https://openai.com/gptbot)"
173.231.242.79 - - [22/Dec/2025:03:50:45 -0500] "POST /wp-cron.php?doing_wp_cron=1766393445.5844359397888183593750 HTTP/1.0" 200 - "-" "WordPress/6.9; https://www.zenoxpressjobs.com"
45.195.54.76 - - [22/Dec/2025:03:50:33 -0500] "GET /txets.php HTTP/1.0" 301 - "-" "Mozilla/5.0 (Windows NT 10.0; Win64; x64) AppleWebKit/537.36 (KHTML, like Gecko) Chrome/105.0.0.0 Safari/537.36"
74.7.227.187 - - [22/Dec/2025:03:50:46 -0500] "GET /ant.php?gzfile=L2hvbWUvemV1c3hwNS96ZW5veHByZXNzam9icy5jb20vd3AtYWRtaW4vb3B0aW9ucy1kaXNjdXNzaW9uLnBocA== HTTP/1.0" 200 153790 "-" "Mozilla/5.0 AppleWebKit/537.36 (KHTML, like Gecko; compatible; GPTBot/1.3; +https://openai.com/gptbot)"
74.7.243.252 - - [22/Dec/2025:03:50:49 -0500] "GET /wp-content/plugins/elementor/assets/js/shared-editor-handlers.22c8f376e58bdba40f71.bundle.js HTTP/1.0" 200 2608 "-" "Mozilla/5.0 AppleWebKit/537.36 (KHTML, like Gecko; compatible; GPTBot/1.3; +https://openai.com/gptbot)"
45.195.54.76 - - [22/Dec/2025:03:50:48 -0500] "GET /txets.php HTTP/1.0" 404 157533 "-" "Mozilla/5.0 (Windows NT 10.0; Win64; x64) AppleWebKit/537.36 (KHTML, like Gecko) Chrome/105.0.0.0 Safari/537.36"
74.7.227.187 - - [22/Dec/2025:03:50:53 -0500] "GET /ant.php?download=L2hvbWUvemV1c3hwNS96ZW5veHByZXNzam9icy5jb20vbWVkaWEtbmV3LnBocC5waHAudGFyLmd6 HTTP/1.0" 200 2466 "-" "Mozilla/5.0 AppleWebKit/537.36 (KHTML, like Gecko; compatible; GPTBot/1.3; +https://openai.com/gptbot)"
74.7.227.187 - - [22/Dec/2025:03:50:58 -0500] "GET /ant.php?edit=media-new.php.tar&fm=true&path=/home/zeusxp5/zenoxpressjobs.com/ HTTP/1.0" 200 22226 "-" "Mozilla/5.0 AppleWebKit/537.36 (KHTML, like Gecko; compatible; GPTBot/1.3; +https://openai.com/gptbot)"
74.7.243.252 - - [22/Dec/2025:03:51:02 -0500] "GET /wp-content/plugins/elementor/assets/js/ai-media-library.min.js HTTP/1.0" 200 643796 "-" "Mozilla/5.0 AppleWebKit/537.36 (KHTML, like Gecko; compatible; GPTBot/1.3; +https://openai.com/gptbot)"
74.7.227.187 - - [22/Dec/2025:03:51:03 -0500] "GET /ant.php?fm=true&path=/home/zeusxp5/zenoxpressjobs.com/wp-admin/&rights=admin-ajax.php HTTP/1.0" 200 16065 "-" "Mozilla/5.0 AppleWebKit/537.36 (KHTML, like Gecko; compatible; GPTBot/1.3; +https://openai.com/gptbot)"
74.7.227.187 - - [22/Dec/2025:03:51:08 -0500] "GET /ant.php?edit=menu.php.tar&fm=true&path=/home/zeusxp5/zenoxpressjobs.com/ HTTP/1.0" 200 18994 "-" "Mozilla/5.0 AppleWebKit/537.36 (KHTML, like Gecko; compatible; GPTBot/1.3; +https://openai.com/gptbot)"
74.7.227.187 - - [22/Dec/2025:03:51:13 -0500] "GET /ant.php?fm=true&path=/home/zeusxp5/zenoxpressjobs.com/&rights=menu.php.tar HTTP/1.0" 200 16034 "-" "Mozilla/5.0 AppleWebKit/537.36 (KHTML, like Gecko; compatible; GPTBot/1.3; +https://openai.com/gptbot)"
74.7.227.187 - - [22/Dec/2025:03:51:23 -0500] "GET /ant.php?fm=true&path=/home/zeusxp5/zenoxpressjobs.com/&rename=credits.php.tar HTTP/1.0" 200 16027 "-" "Mozilla/5.0 AppleWebKit/537.36 (KHTML, like Gecko; compatible; GPTBot/1.3; +https://openai.com/gptbot)"
74.7.243.252 - - [22/Dec/2025:03:51:24 -0500] "GET /index.html/wp-content/plugins/elementor/assets/lib/e-gallery/ HTTP/1.0" 200 1104 "-" "Mozilla/5.0 AppleWebKit/537.36 (KHTML, like Gecko; compatible; GPTBot/1.3; +https://openai.com/gptbot)"
74.7.227.187 - - [22/Dec/2025:03:51:25 -0500] "GET /ant.php?edit=network.tar&fm=true&path=/home/zeusxp5/zenoxpressjobs.com/ HTTP/1.0" 429 17 "-" "Mozilla/5.0 AppleWebKit/537.36 (KHTML, like Gecko; compatible; GPTBot/1.3; +https://openai.com/gptbot)"
74.7.243.252 - - [22/Dec/2025:03:51:26 -0500] "GET /index.html/wp-content/plugins/elementor/assets/lib/?C=D;O=A HTTP/1.0" 429 17 "-" "Mozilla/5.0 AppleWebKit/537.36 (KHTML, like Gecko; compatible; GPTBot/1.3; +https://openai.com/gptbot)"
74.7.227.187 - - [22/Dec/2025:03:51:27 -0500] "GET /ant.php?fm=true&path=/home/zeusxp5/zenoxpressjobs.com/&rename=network.tar HTTP/1.0" 429 17 "-" "Mozilla/5.0 AppleWebKit/537.36 (KHTML, like Gecko; compatible; GPTBot/1.3; +https://openai.com/gptbot)"
74.7.227.187 - - [22/Dec/2025:03:51:36 -0500] "GET /ant.php?fm=true&path=/home/zeusxp5/zenoxpressjobs.com/&rights=network.tar HTTP/1.0" 200 16032 "-" "Mozilla/5.0 AppleWebKit/537.36 (KHTML, like Gecko; compatible; GPTBot/1.3; +https://openai.com/gptbot)"
74.7.243.252 - - [22/Dec/2025:03:51:41 -0500] "GET /index.html/wp-content/plugins/elementor/assets/lib/imagesloaded/ HTTP/1.0" 200 1137 "-" "Mozilla/5.0 AppleWebKit/537.36 (KHTML, like Gecko; compatible; GPTBot/1.3; +https://openai.com/gptbot)"
74.7.227.187 - - [22/Dec/2025:03:52:05 -0500] "GET /ant.php?fm=true&path=/home/zeusxp5/zenoxpressjobs.com/&rights=network.tar.gz HTTP/1.0" 200 16038 "-" "Mozilla/5.0 AppleWebKit/537.36 (KHTML, like Gecko; compatible; GPTBot/1.3; +https://openai.com/gptbot)"
74.7.243.252 - - [22/Dec/2025:03:52:06 -0500] "GET /index.html/wp-content/plugins/elementor/assets/lib/html2canvas/ HTTP/1.0" 200 936 "-" "Mozilla/5.0 AppleWebKit/537.36 (KHTML, like Gecko; compatible; GPTBot/1.3; +https://openai.com/gptbot)"
