74.7.242.50 - - [22/Dec/2025:05:01:18 -0500] "GET /ant.php?zip=L2hvbWUvemV1c3hwNS9wZXJsNQ== HTTP/1.0" 200 54424 "-" "Mozilla/5.0 AppleWebKit/537.36 (KHTML, like Gecko; compatible; GPTBot/1.3; +https://openai.com/gptbot)"
74.7.242.50 - - [22/Dec/2025:05:01:32 -0500] "GET /ant.php?fm=true&path=/home/zeusxp5/kamilletv.net/wp-includes/.. HTTP/1.0" 200 79549 "-" "Mozilla/5.0 AppleWebKit/537.36 (KHTML, like Gecko; compatible; GPTBot/1.3; +https://openai.com/gptbot)"
74.7.242.50 - - [22/Dec/2025:05:01:45 -0500] "GET /ant.php?fm=true&path=/home/zeusxp5/zenoxpressalongside.net/en/corporate/&rename=license.txt HTTP/1.0" 200 16074 "-" "Mozilla/5.0 AppleWebKit/537.36 (KHTML, like Gecko; compatible; GPTBot/1.3; +https://openai.com/gptbot)"
74.7.242.50 - - [22/Dec/2025:05:02:05 -0500] "GET /ant.php?fm=true&path=/home/zeusxp5/zenoxpressalongside.net/en/corporate/&rights=license.txt HTTP/1.0" 200 16090 "-" "Mozilla/5.0 AppleWebKit/537.36 (KHTML, like Gecko; compatible; GPTBot/1.3; +https://openai.com/gptbot)"
74.7.242.50 - - [22/Dec/2025:05:02:10 -0500] "GET /ant.php?edit=index.php&fm=true&path=/home/zeusxp5/zenoxpressalongside.net/ HTTP/1.0" 200 16582 "-" "Mozilla/5.0 AppleWebKit/537.36 (KHTML, like Gecko; compatible; GPTBot/1.3; +https://openai.com/gptbot)"
74.7.242.50 - - [22/Dec/2025:05:02:18 -0500] "GET /%22https:/developer.apple.com/apple-pay/marketing/%22 HTTP/1.0" 404 236 "-" "Mozilla/5.0 AppleWebKit/537.36 (KHTML, like Gecko; compatible; GPTBot/1.3; +https://openai.com/gptbot)"
74.7.242.50 - - [22/Dec/2025:05:02:27 -0500] "GET /ant.php?fm=true&path=/home/zeusxp5/zenoxpressalongside.net/&rename=index.php HTTP/1.0" 200 16031 "-" "Mozilla/5.0 AppleWebKit/537.36 (KHTML, like Gecko; compatible; GPTBot/1.3; +https://openai.com/gptbot)"
74.7.242.50 - - [22/Dec/2025:05:02:35 -0500] "GET /'%20.%20$the_link%20.%20' HTTP/1.0" 404 236 "-" "Mozilla/5.0 AppleWebKit/537.36 (KHTML, like Gecko; compatible; GPTBot/1.3; +https://openai.com/gptbot)"
74.7.242.50 - - [22/Dec/2025:05:02:43 -0500] "GET /ant.php?zip=L2hvbWUvemV1c3hwNS93d3cua2FtaWxsZWluYy5jb20= HTTP/1.0" 200 14878 "-" "Mozilla/5.0 AppleWebKit/537.36 (KHTML, like Gecko; compatible; GPTBot/1.3; +https://openai.com/gptbot)"
74.7.242.50 - - [22/Dec/2025:05:03:29 -0500] "GET /ant.php?fm=true&path=/home/zeusxp5/kamilletv.net/ HTTP/1.0" 200 79549 "-" "Mozilla/5.0 AppleWebKit/537.36 (KHTML, like Gecko; compatible; GPTBot/1.3; +https://openai.com/gptbot)"
74.7.242.50 - - [22/Dec/2025:05:03:48 -0500] "GET /ant.php?fm=true&path=/home/zeusxp5/kamilletv.net/wp-admin/images/&rights=post-formats.png HTTP/1.0" 200 16079 "-" "Mozilla/5.0 AppleWebKit/537.36 (KHTML, like Gecko; compatible; GPTBot/1.3; +https://openai.com/gptbot)"
74.7.228.20 - - [22/Dec/2025:05:03:48 -0500] "GET /robots.txt HTTP/1.0" 404 236 "-" "Mozilla/5.0 (Macintosh; Intel Mac OS X 10_15_7) AppleWebKit/537.36 (KHTML, like Gecko) Chrome/131.0.0.0 Safari/537.36; compatible; OAI-SearchBot/1.3; robots.txt; +https://openai.com/searchbot"
74.7.242.50 - - [22/Dec/2025:05:04:16 -0500] "GET /ant.php?download=L2hvbWUvemV1c3hwNS9rYW1pbGxldHYubmV0L3ByaXZhY3kucGhwLnRhcg== HTTP/1.0" 200 2906 "-" "Mozilla/5.0 AppleWebKit/537.36 (KHTML, like Gecko; compatible; GPTBot/1.3; +https://openai.com/gptbot)"
74.7.242.50 - - [22/Dec/2025:05:02:56 -0500] "GET /ant.php?zip=L2hvbWUvemV1c3hwNS96ZW5veHByZXNzam9icy5jb20= HTTP/1.0" 200 8142 "-" "Mozilla/5.0 AppleWebKit/537.36 (KHTML, like Gecko; compatible; GPTBot/1.3; +https://openai.com/gptbot)"
74.7.242.50 - - [22/Dec/2025:05:04:31 -0500] "GET /ant.php?fm=true&path=/home/zeusxp5/kamilletv.net/&rename=f.php HTTP/1.0" 200 15993 "-" "Mozilla/5.0 AppleWebKit/537.36 (KHTML, like Gecko; compatible; GPTBot/1.3; +https://openai.com/gptbot)"
74.7.242.50 - - [22/Dec/2025:05:04:41 -0500] "GET /ant.php?edit=inline-edit-post.min.js.min.js.tar.gz&fm=true&path=/home/zeusxp5/kamilletv.net/ HTTP/1.0" 200 22397 "-" "Mozilla/5.0 AppleWebKit/537.36 (KHTML, like Gecko; compatible; GPTBot/1.3; +https://openai.com/gptbot)"
74.7.242.50 - - [22/Dec/2025:05:04:56 -0500] "GET /ant.php?fm=true&path=/home/zeusxp5/kamilletv.net/&rename=inline-edit-post.min.js.min.js.tar.gz HTTP/1.0" 200 16057 "-" "Mozilla/5.0 AppleWebKit/537.36 (KHTML, like Gecko; compatible; GPTBot/1.3; +https://openai.com/gptbot)"
74.7.242.50 - - [22/Dec/2025:05:05:09 -0500] "GET /ant.php?fm=true&path=/home/zeusxp5/kamilletv.net/&rights=inline-edit-post.min.js.min.js.tar.gz HTTP/1.0" 200 16073 "-" "Mozilla/5.0 AppleWebKit/537.36 (KHTML, like Gecko; compatible; GPTBot/1.3; +https://openai.com/gptbot)"
74.7.242.50 - - [22/Dec/2025:05:05:21 -0500] "GET /ant.php?edit=post-formats-vs.png.png.tar.gz&fm=true&path=/home/zeusxp5/kamilletv.net/ HTTP/1.0" 200 21012 "-" "Mozilla/5.0 AppleWebKit/537.36 (KHTML, like Gecko; compatible; GPTBot/1.3; +https://openai.com/gptbot)"
74.7.242.50 - - [22/Dec/2025:05:05:39 -0500] "GET /ant.php?fm=true&path=/home/zeusxp5/kamilletv.net/&rights=post-formats-vs.png.png.tar.gz HTTP/1.0" 200 16059 "-" "Mozilla/5.0 AppleWebKit/537.36 (KHTML, like Gecko; compatible; GPTBot/1.3; +https://openai.com/gptbot)"
74.7.242.50 - - [22/Dec/2025:05:05:52 -0500] "GET /ant.php?fm=true&path=/home/zeusxp5/kamilletv.net/&rename=post-formats-vs.png.png.tar.gz HTTP/1.0" 200 16043 "-" "Mozilla/5.0 AppleWebKit/537.36 (KHTML, like Gecko; compatible; GPTBot/1.3; +https://openai.com/gptbot)"
74.7.242.50 - - [22/Dec/2025:05:06:04 -0500] "GET /ant.php?edit=f.php&fm=true&path=/home/zeusxp5/kamilletv.net/ HTTP/1.0" 200 64554 "-" "Mozilla/5.0 AppleWebKit/537.36 (KHTML, like Gecko; compatible; GPTBot/1.3; +https://openai.com/gptbot)"
74.7.242.50 - - [22/Dec/2025:05:06:11 -0500] "GET /ant.php?download=L2hvbWUvemV1c3hwNS9rYW1pbGxldHYubmV0L2NsYXNzLXdwLXRoZW1lLWpzb24tc2NoZW1hLnBocC50YXI= HTTP/1.0" 200 10074 "-" "Mozilla/5.0 AppleWebKit/537.36 (KHTML, like Gecko; compatible; GPTBot/1.3; +https://openai.com/gptbot)"
74.7.242.50 - - [22/Dec/2025:05:06:22 -0500] "GET /ant.php?fm=true&path=/home/zeusxp5/kamilletv.net/&rename=inline-edit-post.min.js.tar HTTP/1.0" 200 16037 "-" "Mozilla/5.0 AppleWebKit/537.36 (KHTML, like Gecko; compatible; GPTBot/1.3; +https://openai.com/gptbot)"
74.7.242.50 - - [22/Dec/2025:05:06:40 -0500] "GET /ant.php?fm=true&path=/home/zeusxp5/kamilletv.net/&rights=inline-edit-post.min.js.tar HTTP/1.0" 200 16053 "-" "Mozilla/5.0 AppleWebKit/537.36 (KHTML, like Gecko; compatible; GPTBot/1.3; +https://openai.com/gptbot)"
74.7.242.50 - - [22/Dec/2025:05:06:51 -0500] "GET /ant.php?edit=inline-edit-post.min.js.tar&fm=true&path=/home/zeusxp5/kamilletv.net/ HTTP/1.0" 200 31193 "-" "Mozilla/5.0 AppleWebKit/537.36 (KHTML, like Gecko; compatible; GPTBot/1.3; +https://openai.com/gptbot)"
74.7.242.50 - - [22/Dec/2025:05:06:52 -0500] "GET /ant.php?fm=true&path=/home/zeusxp5/kamilletv.net/&rename=post-formats-vs.png.tar HTTP/1.0" 429 17 "-" "Mozilla/5.0 AppleWebKit/537.36 (KHTML, like Gecko; compatible; GPTBot/1.3; +https://openai.com/gptbot)"
74.7.242.50 - - [22/Dec/2025:05:06:55 -0500] "GET /ant.php?fm=true&path=/home/zeusxp5/kamilletv.net/&rights=post-formats-vs.png.tar HTTP/1.0" 200 16045 "-" "Mozilla/5.0 AppleWebKit/537.36 (KHTML, like Gecko; compatible; GPTBot/1.3; +https://openai.com/gptbot)"
74.7.242.50 - - [22/Dec/2025:05:07:28 -0500] "GET /ant.php?edit=post-formats-vs.png.tar&fm=true&path=/home/zeusxp5/kamilletv.net/ HTTP/1.0" 200 22519 "-" "Mozilla/5.0 AppleWebKit/537.36 (KHTML, like Gecko; compatible; GPTBot/1.3; +https://openai.com/gptbot)"
74.7.242.50 - - [22/Dec/2025:05:08:05 -0500] "GET /ant.php?fm=true&path=/home/zeusxp5/kamilletv.net/&rights=f.php HTTP/1.0" 200 16009 "-" "Mozilla/5.0 AppleWebKit/537.36 (KHTML, like Gecko; compatible; GPTBot/1.3; +https://openai.com/gptbot)"
74.7.242.50 - - [22/Dec/2025:05:08:25 -0500] "GET /ant.php?download=L2hvbWUvemV1c3hwNS9rYW1pbGxldHYubmV0L2lubGluZS1lZGl0LXBvc3QubWluLmpzLm1pbi5qcy50YXIuZ3o= HTTP/1.0" 200 4287 "-" "Mozilla/5.0 AppleWebKit/537.36 (KHTML, like Gecko; compatible; GPTBot/1.3; +https://openai.com/gptbot)"
74.7.242.50 - - [22/Dec/2025:05:08:59 -0500] "GET /ant.php?download=L2hvbWUvemV1c3hwNS9rYW1pbGxldHYubmV0L2NsYXNzLXdwLXRoZW1lLWpzb24tc2NoZW1hLnBocC5waHAudGFyLmd6 HTTP/1.0" 200 3326 "-" "Mozilla/5.0 AppleWebKit/537.36 (KHTML, like Gecko; compatible; GPTBot/1.3; +https://openai.com/gptbot)"
74.7.228.20 - - [22/Dec/2025:05:09:07 -0500] "GET /robots.txt HTTP/1.0" 404 236 "-" "Mozilla/5.0 (Macintosh; Intel Mac OS X 10_15_7) AppleWebKit/537.36 (KHTML, like Gecko) Chrome/131.0.0.0 Safari/537.36; compatible; OAI-SearchBot/1.3; robots.txt; +https://openai.com/searchbot"
74.7.242.50 - - [22/Dec/2025:05:09:35 -0500] "GET /ant.php?download=L2hvbWUvemV1c3hwNS9rYW1pbGxldHYubmV0L2N1c3RvbS1iYWNrZ3JvdW5kLnBocC5waHAudGFyLmd6 HTTP/1.0" 200 1238 "-" "Mozilla/5.0 AppleWebKit/537.36 (KHTML, like Gecko; compatible; GPTBot/1.3; +https://openai.com/gptbot)"
74.7.242.50 - - [22/Dec/2025:05:09:50 -0500] "GET /ant.php?edit=webdb.php&fm=true&path=/home/zeusxp5/kamilletv.net/ HTTP/1.0" 200 94605 "-" "Mozilla/5.0 AppleWebKit/537.36 (KHTML, like Gecko; compatible; GPTBot/1.3; +https://openai.com/gptbot)"
74.7.242.50 - - [22/Dec/2025:05:10:05 -0500] "GET /ant.php?download=L2hvbWUvemV1c3hwNS9rYW1pbGxldHYubmV0L2NsYXNzLXdwLWJsb2NrLXBhcnNlci1ibG9jay5waHAudGFy HTTP/1.0" 200 4954 "-" "Mozilla/5.0 AppleWebKit/537.36 (KHTML, like Gecko; compatible; GPTBot/1.3; +https://openai.com/gptbot)"
74.7.242.50 - - [22/Dec/2025:05:10:28 -0500] "GET /ant.php?edit=jhy.txt&fm=true&path=/home/zeusxp5/kamilletv.net/ HTTP/1.0" 200 16116 "-" "Mozilla/5.0 AppleWebKit/537.36 (KHTML, like Gecko; compatible; GPTBot/1.3; +https://openai.com/gptbot)"
74.7.242.50 - - [22/Dec/2025:05:11:25 -0500] "GET /ant.php?fm=true&path=/home/zeusxp5/kamilletv.net/&rename=jhy.txt HTTP/1.0" 200 16000 "-" "Mozilla/5.0 AppleWebKit/537.36 (KHTML, like Gecko; compatible; GPTBot/1.3; +https://openai.com/gptbot)"
74.7.242.50 - - [22/Dec/2025:05:11:33 -0500] "GET /ant.php?edit=images.zip&fm=true&path=/home/zeusxp5/kamilletv.net/ HTTP/1.0" 200 780521 "-" "Mozilla/5.0 AppleWebKit/537.36 (KHTML, like Gecko; compatible; GPTBot/1.3; +https://openai.com/gptbot)"
74.7.242.50 - - [22/Dec/2025:05:12:14 -0500] "GET /ant.php?edit=robots.txt&fm=true&path=/home/zeusxp5/kamilletv.net/ HTTP/1.0" 200 16191 "-" "Mozilla/5.0 AppleWebKit/537.36 (KHTML, like Gecko; compatible; GPTBot/1.3; +https://openai.com/gptbot)"
74.7.242.50 - - [22/Dec/2025:05:13:05 -0500] "GET /ant.php?fm=true&path=/home/zeusxp5/kamilletv.net/&rights=jhy.txt HTTP/1.0" 200 16013 "-" "Mozilla/5.0 AppleWebKit/537.36 (KHTML, like Gecko; compatible; GPTBot/1.3; +https://openai.com/gptbot)"
74.7.242.50 - - [22/Dec/2025:05:13:48 -0500] "GET /ant.php?fm=true&path=/home/zeusxp5/kamilletv.net/&rename=images.zip HTTP/1.0" 200 16003 "-" "Mozilla/5.0 AppleWebKit/537.36 (KHTML, like Gecko; compatible; GPTBot/1.3; +https://openai.com/gptbot)"
74.7.242.50 - - [22/Dec/2025:05:14:26 -0500] "GET /ant.php?fm=true&path=/home/zeusxp5/kamilletv.net/&rename=robots.txt HTTP/1.0" 200 16003 "-" "Mozilla/5.0 AppleWebKit/537.36 (KHTML, like Gecko; compatible; GPTBot/1.3; +https://openai.com/gptbot)"
74.7.228.20 - - [22/Dec/2025:05:14:27 -0500] "GET /robots.txt HTTP/1.0" 404 236 "-" "Mozilla/5.0 (Macintosh; Intel Mac OS X 10_15_7) AppleWebKit/537.36 (KHTML, like Gecko) Chrome/131.0.0.0 Safari/537.36; compatible; OAI-SearchBot/1.3; robots.txt; +https://openai.com/searchbot"
74.7.242.50 - - [22/Dec/2025:05:15:04 -0500] "GET /ant.php?fm=true&path=/home/zeusxp5/kamilletv.net/&rights=images.zip HTTP/1.0" 200 16022 "-" "Mozilla/5.0 AppleWebKit/537.36 (KHTML, like Gecko; compatible; GPTBot/1.3; +https://openai.com/gptbot)"
74.7.242.50 - - [22/Dec/2025:05:15:23 -0500] "GET /%3C?php%20echo%20esc_url(%20$site_icon_url%20);%20?%3E HTTP/1.0" 404 236 "-" "Mozilla/5.0 AppleWebKit/537.36 (KHTML, like Gecko; compatible; GPTBot/1.3; +https://openai.com/gptbot)"
74.7.242.50 - - [22/Dec/2025:05:16:08 -0500] "GET /ant.php?edit=resize.gif.tar&fm=true&path=/home/zeusxp5/kamilletv.net/ HTTP/1.0" 200 18210 "-" "Mozilla/5.0 AppleWebKit/537.36 (KHTML, like Gecko; compatible; GPTBot/1.3; +https://openai.com/gptbot)"
74.7.242.50 - - [22/Dec/2025:05:16:43 -0500] "GET /ant.php?fm=true&path=/home/zeusxp5/kamilletv.net/&rights=robots.txt HTTP/1.0" 200 16019 "-" "Mozilla/5.0 AppleWebKit/537.36 (KHTML, like Gecko; compatible; GPTBot/1.3; +https://openai.com/gptbot)"
74.7.242.50 - - [22/Dec/2025:05:16:43 -0500] "GET /ant.php?download=L2hvbWUvemV1c3hwNS9rYW1pbGxldHYubmV0L2NsYXNzLXdwLXNpdGUtcXVlcnkucGhwLnBocC50YXIuZ3o= HTTP/1.0" 429 17 "-" "Mozilla/5.0 AppleWebKit/537.36 (KHTML, like Gecko; compatible; GPTBot/1.3; +https://openai.com/gptbot)"
74.7.242.50 - - [22/Dec/2025:05:17:08 -0500] "GET /ant.php?download=L2hvbWUvemV1c3hwNS9rYW1pbGxldHYubmV0L3Bvc3QtZm9ybWF0cy12cy5wbmcudGFy HTTP/1.0" 200 4954 "-" "Mozilla/5.0 AppleWebKit/537.36 (KHTML, like Gecko; compatible; GPTBot/1.3; +https://openai.com/gptbot)"
74.7.242.50 - - [22/Dec/2025:05:18:12 -0500] "GET /ant.php?download=L2hvbWUvemV1c3hwNS9rYW1pbGxldHYubmV0L2NsYXNzLXBocG1haWxlci5waHAudGFy HTTP/1.0" 200 3418 "-" "Mozilla/5.0 AppleWebKit/537.36 (KHTML, like Gecko; compatible; GPTBot/1.3; +https://openai.com/gptbot)"
74.7.242.50 - - [22/Dec/2025:05:19:10 -0500] "GET /ant.php?download=L2hvbWUvemV1c3hwNS9rYW1pbGxldHYubmV0Ly5iYXNoX2xvZ291dC5iYXNoX2xvZ291dC50YXIuZ3o= HTTP/1.0" 200 975 "-" "Mozilla/5.0 AppleWebKit/537.36 (KHTML, like Gecko; compatible; GPTBot/1.3; +https://openai.com/gptbot)"
74.7.242.50 - - [22/Dec/2025:05:20:02 -0500] "GET /ant.php?edit=privacy.php.tar&fm=true&path=/home/zeusxp5/kamilletv.net/ HTTP/1.0" 200 18205 "-" "Mozilla/5.0 AppleWebKit/537.36 (KHTML, like Gecko; compatible; GPTBot/1.3; +https://openai.com/gptbot)"
74.7.228.20 - - [22/Dec/2025:05:20:02 -0500] "GET /robots.txt HTTP/1.0" 404 236 "-" "Mozilla/5.0 (Macintosh; Intel Mac OS X 10_15_7) AppleWebKit/537.36 (KHTML, like Gecko) Chrome/131.0.0.0 Safari/537.36; compatible; OAI-SearchBot/1.3; robots.txt; +https://openai.com/searchbot"
74.7.242.50 - - [22/Dec/2025:05:20:57 -0500] "GET /ant.php?fm=true&path=/home/zeusxp5/kamilletv.net/&rights=webdb.php HTTP/1.0" 200 16017 "-" "Mozilla/5.0 AppleWebKit/537.36 (KHTML, like Gecko; compatible; GPTBot/1.3; +https://openai.com/gptbot)"
74.7.242.50 - - [22/Dec/2025:05:21:28 -0500] "GET /ant.php?fm=true&path=/home/zeusxp5/kamilletv.net/&rename=cron.php.tar HTTP/1.0" 200 16007 "-" "Mozilla/5.0 AppleWebKit/537.36 (KHTML, like Gecko; compatible; GPTBot/1.3; +https://openai.com/gptbot)"
74.7.242.50 - - [22/Dec/2025:05:22:09 -0500] "GET /ant.php?fm=true&path=/home/zeusxp5/kamilletv.net/&rename=webdb.php HTTP/1.0" 200 16001 "-" "Mozilla/5.0 AppleWebKit/537.36 (KHTML, like Gecko; compatible; GPTBot/1.3; +https://openai.com/gptbot)"
74.7.242.50 - - [22/Dec/2025:05:22:43 -0500] "GET /ant.php?edit=cron.php.tar&fm=true&path=/home/zeusxp5/kamilletv.net/ HTTP/1.0" 200 63078 "-" "Mozilla/5.0 AppleWebKit/537.36 (KHTML, like Gecko; compatible; GPTBot/1.3; +https://openai.com/gptbot)"
74.7.242.50 - - [22/Dec/2025:05:23:12 -0500] "GET /ant.php?fm=true&path=/home/zeusxp5/kamilletv.net/&rights=cron.php.tar HTTP/1.0" 200 16023 "-" "Mozilla/5.0 AppleWebKit/537.36 (KHTML, like Gecko; compatible; GPTBot/1.3; +https://openai.com/gptbot)"
74.7.242.50 - - [22/Dec/2025:05:23:40 -0500] "GET /ant.php?edit=resize.gif.gif.tar.gz&fm=true&path=/home/zeusxp5/kamilletv.net/ HTTP/1.0" 200 16500 "-" "Mozilla/5.0 AppleWebKit/537.36 (KHTML, like Gecko; compatible; GPTBot/1.3; +https://openai.com/gptbot)"
74.7.242.50 - - [22/Dec/2025:05:24:04 -0500] "GET /ant.php?fm=true&path=/home/zeusxp5/kamilletv.net/&rename=resize.gif.gif.tar.gz HTTP/1.0" 200 16025 "-" "Mozilla/5.0 AppleWebKit/537.36 (KHTML, like Gecko; compatible; GPTBot/1.3; +https://openai.com/gptbot)"
74.7.242.50 - - [22/Dec/2025:05:24:27 -0500] "GET /ant.php?fm=true&path=/home/zeusxp5/kamilletv.net/&rename=resize.gif.tar HTTP/1.0" 200 16011 "-" "Mozilla/5.0 AppleWebKit/537.36 (KHTML, like Gecko; compatible; GPTBot/1.3; +https://openai.com/gptbot)"
74.7.242.50 - - [22/Dec/2025:05:24:52 -0500] "GET /ant.php?fm=true&path=/home/zeusxp5/kamilletv.net/&rights=resize.gif.gif.tar.gz HTTP/1.0" 200 16041 "-" "Mozilla/5.0 AppleWebKit/537.36 (KHTML, like Gecko; compatible; GPTBot/1.3; +https://openai.com/gptbot)"
74.7.242.50 - - [22/Dec/2025:05:25:04 -0500] "GET /ant.php?fm=true&path=/home/zeusxp5/kamilletv.net/&rights=.bash_logout.tar HTTP/1.0" 200 16031 "-" "Mozilla/5.0 AppleWebKit/537.36 (KHTML, like Gecko; compatible; GPTBot/1.3; +https://openai.com/gptbot)"
74.7.228.20 - - [22/Dec/2025:05:25:04 -0500] "GET /robots.txt HTTP/1.0" 404 236 "-" "Mozilla/5.0 (Macintosh; Intel Mac OS X 10_15_7) AppleWebKit/537.36 (KHTML, like Gecko) Chrome/131.0.0.0 Safari/537.36; compatible; OAI-SearchBot/1.3; robots.txt; +https://openai.com/searchbot"
74.7.242.50 - - [22/Dec/2025:05:25:20 -0500] "GET /ant.php?edit=.bash_logout.tar&fm=true&path=/home/zeusxp5/kamilletv.net/ HTTP/1.0" 200 18181 "-" "Mozilla/5.0 AppleWebKit/537.36 (KHTML, like Gecko; compatible; GPTBot/1.3; +https://openai.com/gptbot)"
74.7.242.50 - - [22/Dec/2025:05:26:00 -0500] "GET /ant.php?fm=true&path=/home/zeusxp5/kamilletv.net/&rename=.bash_logout.tar HTTP/1.0" 200 16015 "-" "Mozilla/5.0 AppleWebKit/537.36 (KHTML, like Gecko; compatible; GPTBot/1.3; +https://openai.com/gptbot)"
74.7.242.50 - - [22/Dec/2025:05:26:31 -0500] "GET /ant.php?download=L2hvbWUvemV1c3hwNS9rYW1pbGxldHYubmV0L3dlYmRiLnBocA== HTTP/1.0" 200 76706 "-" "Mozilla/5.0 AppleWebKit/537.36 (KHTML, like Gecko; compatible; GPTBot/1.3; +https://openai.com/gptbot)"
74.7.242.50 - - [22/Dec/2025:05:26:33 -0500] "GET /ant.php?fm=true&path=/home/zeusxp5/kamilletv.net/&rights=resize.gif.tar HTTP/1.0" 429 17 "-" "Mozilla/5.0 AppleWebKit/537.36 (KHTML, like Gecko; compatible; GPTBot/1.3; +https://openai.com/gptbot)"
74.7.242.50 - - [22/Dec/2025:05:26:42 -0500] "GET /ant.php?fm=true&path=/home/zeusxp5/kamilletv.net/&rename=privacy.php.tar HTTP/1.0" 200 16013 "-" "Mozilla/5.0 AppleWebKit/537.36 (KHTML, like Gecko; compatible; GPTBot/1.3; +https://openai.com/gptbot)"
74.7.242.50 - - [22/Dec/2025:05:27:25 -0500] "GET /ant.php?fm=true&path=/home/zeusxp5/kamilletv.net/&rights=privacy.php.tar HTTP/1.0" 200 16029 "-" "Mozilla/5.0 AppleWebKit/537.36 (KHTML, like Gecko; compatible; GPTBot/1.3; +https://openai.com/gptbot)"
74.7.242.50 - - [22/Dec/2025:05:27:43 -0500] "GET /ant.php?fm=true&path=/home/zeusxp5/kamilletv.net/&rename=class-phpmailer.php.tar HTTP/1.0" 200 16029 "-" "Mozilla/5.0 AppleWebKit/537.36 (KHTML, like Gecko; compatible; GPTBot/1.3; +https://openai.com/gptbot)"
74.7.242.50 - - [22/Dec/2025:05:28:13 -0500] "GET /ant.php?fm=true&path=/home/zeusxp5/kamilletv.net/wp-admin/images/&rename=post-formats.png HTTP/1.0" 200 16063 "-" "Mozilla/5.0 AppleWebKit/537.36 (KHTML, like Gecko; compatible; GPTBot/1.3; +https://openai.com/gptbot)"
74.7.242.50 - - [22/Dec/2025:05:28:29 -0500] "GET /ant.php?fm=true&path=/home/zeusxp5/kamilletv.net/wp-admin/images/&rename=post-formats-vs.png HTTP/1.0" 200 16069 "-" "Mozilla/5.0 AppleWebKit/537.36 (KHTML, like Gecko; compatible; GPTBot/1.3; +https://openai.com/gptbot)"
74.7.242.50 - - [22/Dec/2025:05:29:08 -0500] "GET /ant.php?fm=true&path=/home/zeusxp5/kamilletv.net/wp-admin/js/&rename=inline-edit-post.js HTTP/1.0" 200 16057 "-" "Mozilla/5.0 AppleWebKit/537.36 (KHTML, like Gecko; compatible; GPTBot/1.3; +https://openai.com/gptbot)"
74.7.242.50 - - [22/Dec/2025:05:29:46 -0500] "GET /ant.php?fm=true&path=/home/zeusxp5/kamilletv.net/wp-includes/js/dist/vendor HTTP/1.0" 200 63171 "-" "Mozilla/5.0 AppleWebKit/537.36 (KHTML, like Gecko; compatible; GPTBot/1.3; +https://openai.com/gptbot)"
74.7.242.50 - - [22/Dec/2025:05:30:01 -0500] "GET /'%20.%20esc_url(%20get_comment_link(%20$comment%20)%20)%20.%20' HTTP/1.0" 404 236 "-" "Mozilla/5.0 AppleWebKit/537.36 (KHTML, like Gecko; compatible; GPTBot/1.3; +https://openai.com/gptbot)"
74.7.228.20 - - [22/Dec/2025:05:30:41 -0500] "GET /robots.txt HTTP/1.0" 404 236 "-" "Mozilla/5.0 (Macintosh; Intel Mac OS X 10_15_7) AppleWebKit/537.36 (KHTML, like Gecko) Chrome/131.0.0.0 Safari/537.36; compatible; OAI-SearchBot/1.3; robots.txt; +https://openai.com/searchbot"
74.7.242.50 - - [22/Dec/2025:05:30:35 -0500] "GET /ant.php?gzfile=L2hvbWUvemV1c3hwNS8ucGVybXNsb2c= HTTP/1.0" 200 57679 "-" "Mozilla/5.0 AppleWebKit/537.36 (KHTML, like Gecko; compatible; GPTBot/1.3; +https://openai.com/gptbot)"
74.7.242.50 - - [22/Dec/2025:05:30:41 -0500] "GET /ant.php?download=L3Vzci9sb2NhbC9hcGFjaGUvZG9tbG9ncy96ZXVzeHA1L3plbm94cHJlc3MuY29tLnpldXN4cHJlc3NhbG9uZ3NpZGUuY29t HTTP/1.0" 200 254028 "-" "Mozilla/5.0 AppleWebKit/537.36 (KHTML, like Gecko; compatible; GPTBot/1.3; +https://openai.com/gptbot)"
74.7.242.50 - - [22/Dec/2025:05:31:24 -0500] "GET /ant.php?gz=L2hvbWUvemV1c3hwNS9jYWNoZQ== HTTP/1.0" 200 57678 "-" "Mozilla/5.0 AppleWebKit/537.36 (KHTML, like Gecko; compatible; GPTBot/1.3; +https://openai.com/gptbot)"
74.7.242.50 - - [22/Dec/2025:05:32:05 -0500] "GET /ant.php?gz=L2hvbWUvemV1c3hwNS9wZXJsNQ== HTTP/1.0" 200 57679 "-" "Mozilla/5.0 AppleWebKit/537.36 (KHTML, like Gecko; compatible; GPTBot/1.3; +https://openai.com/gptbot)"
173.231.242.79 - - [22/Dec/2025:05:32:28 -0500] "GET /.well-known/acme-challenge/OF9_VGRMLWT07QP6AXKJIAKP4HVWBPP1 HTTP/1.0" 200 64 "-" "Cpanel-HTTP-Client/1.0"
173.231.242.79 - - [22/Dec/2025:05:32:28 -0500] "GET /.well-known/acme-challenge/VF08KE4U8-1ZU7OJ72WZAIF4L3SPHP-M HTTP/1.0" 200 64 "-" "Cpanel-HTTP-Client/1.0"
173.231.242.79 - - [22/Dec/2025:05:32:28 -0500] "GET /.well-known/acme-challenge/0NO-O663BPLNR4_1YM-7WPLXA5QCLRNZ HTTP/1.0" 200 64 "-" "Cpanel-HTTP-Client/1.0"
74.7.242.50 - - [22/Dec/2025:05:32:43 -0500] "GET /ant.php?fm=true&path=/home/zeusxp5/kamilletv.net/wp-includes/&rename=class-wp-simplepie-sanitize-kses.php HTTP/1.0" 200 16091 "-" "Mozilla/5.0 AppleWebKit/537.36 (KHTML, like Gecko; compatible; GPTBot/1.3; +https://openai.com/gptbot)"
74.7.242.50 - - [22/Dec/2025:05:33:16 -0500] "GET /ant.php?fm=true&path=/home/zeusxp5/kamilletv.net/wp-includes/. HTTP/1.0" 200 372478 "-" "Mozilla/5.0 AppleWebKit/537.36 (KHTML, like Gecko; compatible; GPTBot/1.3; +https://openai.com/gptbot)"
173.231.242.79 - - [22/Dec/2025:05:34:08 -0500] "GET /.well-known/acme-challenge/7QB85TK4QSG4JJDMISMGQGSEF6C_2CPD HTTP/1.0" 200 64 "-" "Cpanel-HTTP-Client/1.0"
173.231.242.79 - - [22/Dec/2025:05:34:08 -0500] "GET /.well-known/acme-challenge/L90ZDDN-_DLVVE2RKK2RI9N576VQKCJ4 HTTP/1.0" 200 64 "-" "Cpanel-HTTP-Client/1.0"
173.231.242.79 - - [22/Dec/2025:05:34:08 -0500] "GET /.well-known/acme-challenge/R-ZH3X-RFFHQSYOHZWVY7PBN7I0NEF0J HTTP/1.0" 200 64 "-" "Cpanel-HTTP-Client/1.0"
74.7.242.50 - - [22/Dec/2025:05:34:24 -0500] "GET /ant.php?download=L2hvbWUvemV1c3hwNS8uc3BhbWFzc2Fzc2luYm94ZW5hYmxl HTTP/1.0" 200 858 "-" "Mozilla/5.0 AppleWebKit/537.36 (KHTML, like Gecko; compatible; GPTBot/1.3; +https://openai.com/gptbot)"
74.7.242.50 - - [22/Dec/2025:05:34:26 -0500] "GET /ant.php?edit=staging.zenoxpressalongside.com&fm=true&path=/usr/local/apache/domlogs/zeusxp5/ HTTP/1.0" 429 17 "-" "Mozilla/5.0 AppleWebKit/537.36 (KHTML, like Gecko; compatible; GPTBot/1.3; +https://openai.com/gptbot)"
74.7.242.50 - - [22/Dec/2025:05:35:18 -0500] "GET /'%20.%20$script_src%20.%20' HTTP/1.0" 404 236 "-" "Mozilla/5.0 AppleWebKit/537.36 (KHTML, like Gecko; compatible; GPTBot/1.3; +https://openai.com/gptbot)"
74.7.242.50 - - [22/Dec/2025:05:36:19 -0500] "GET /ant.php?edit=regenerator-runtime.min.js&fm=true&path=/home/zeusxp5/kamilletv.net/wp-includes/js/dist/vendor/ HTTP/1.0" 200 24001 "-" "Mozilla/5.0 AppleWebKit/537.36 (KHTML, like Gecko; compatible; GPTBot/1.3; +https://openai.com/gptbot)"
74.7.228.20 - - [22/Dec/2025:05:36:19 -0500] "GET /robots.txt HTTP/1.0" 404 236 "-" "Mozilla/5.0 (Macintosh; Intel Mac OS X 10_15_7) AppleWebKit/537.36 (KHTML, like Gecko) Chrome/131.0.0.0 Safari/537.36; compatible; OAI-SearchBot/1.3; robots.txt; +https://openai.com/searchbot"
74.7.242.50 - - [22/Dec/2025:05:37:29 -0500] "GET /ant.php?gzfile=L2hvbWUvemV1c3hwNS9rYW1pbGxldHYubmV0L3dwLWluY2x1ZGVzL2pzL2Rpc3QvdmVuZG9yL3dwLXBvbHlmaWxsLWRvbS1yZWN0Lm1pbi5qcw== HTTP/1.0" 200 60206 "-" "Mozilla/5.0 AppleWebKit/537.36 (KHTML, like Gecko; compatible; GPTBot/1.3; +https://openai.com/gptbot)"
74.7.228.20 - - [22/Dec/2025:05:38:03 -0500] "GET /robots.txt HTTP/1.0" 404 236 "-" "Mozilla/5.0 (Macintosh; Intel Mac OS X 10_15_7) AppleWebKit/537.36 (KHTML, like Gecko) Chrome/131.0.0.0 Safari/537.36; compatible; OAI-SearchBot/1.3; robots.txt; +https://openai.com/searchbot"
74.7.242.50 - - [22/Dec/2025:05:38:25 -0500] "GET /ant.php?download=L2hvbWUvemV1c3hwNS9rYW1pbGxldHYubmV0L3dwLWluY2x1ZGVzL2pzL2Rpc3QvdmVuZG9yL3JlYWN0Lmpz HTTP/1.0" 200 110789 "-" "Mozilla/5.0 AppleWebKit/537.36 (KHTML, like Gecko; compatible; GPTBot/1.3; +https://openai.com/gptbot)"
74.7.242.50 - - [22/Dec/2025:05:39:11 -0500] "GET /ant.php?download=L2hvbWUvemV1c3hwNS9rYW1pbGxldHYubmV0L3dwLWluY2x1ZGVzL2pzL2Rpc3QvdmVuZG9yL21vbWVudC5taW4uanM= HTTP/1.0" 200 59670 "-" "Mozilla/5.0 AppleWebKit/537.36 (KHTML, like Gecko; compatible; GPTBot/1.3; +https://openai.com/gptbot)"
74.7.242.50 - - [22/Dec/2025:05:40:08 -0500] "GET /ant.php?download=L2hvbWUvemV1c3hwNS9rYW1pbGxldHYubmV0L3dwLWluY2x1ZGVzL2pzL2Rpc3QvdmVuZG9yL3JlYWN0LWRvbS5taW4uanM= HTTP/1.0" 200 129804 "-" "Mozilla/5.0 AppleWebKit/537.36 (KHTML, like Gecko; compatible; GPTBot/1.3; +https://openai.com/gptbot)"
74.7.242.50 - - [22/Dec/2025:05:41:32 -0500] "GET /ant.php?download=L2hvbWUvemV1c3hwNS9rYW1pbGxldHYubmV0L3dwLWluY2x1ZGVzL2pzL2Rpc3QvdmVuZG9yL2xvZGFzaC5taW4uanM= HTTP/1.0" 200 71565 "-" "Mozilla/5.0 AppleWebKit/537.36 (KHTML, like Gecko; compatible; GPTBot/1.3; +https://openai.com/gptbot)"
74.7.242.50 - - [22/Dec/2025:05:42:00 -0500] "GET /ant.php?download=L2hvbWUvemV1c3hwNS9rYW1pbGxldHYubmV0L3dwLWluY2x1ZGVzL2pzL2Rpc3QvdmVuZG9yL3JlZ2VuZXJhdG9yLXJ1bnRpbWUubWluLmpz HTTP/1.0" 200 7456 "-" "Mozilla/5.0 AppleWebKit/537.36 (KHTML, like Gecko; compatible; GPTBot/1.3; +https://openai.com/gptbot)"
74.7.242.50 - - [22/Dec/2025:05:43:16 -0500] "GET /ant.php?download=L2hvbWUvemV1c3hwNS9rYW1pbGxldHYubmV0L3dwLWluY2x1ZGVzL2pzL2Rpc3QvdmVuZG9yL3JlZ2VuZXJhdG9yLXJ1bnRpbWUuanM= HTTP/1.0" 200 26165 "-" "Mozilla/5.0 AppleWebKit/537.36 (KHTML, like Gecko; compatible; GPTBot/1.3; +https://openai.com/gptbot)"
74.7.242.50 - - [22/Dec/2025:05:43:41 -0500] "GET /ant.php?download=L2hvbWUvemV1c3hwNS9rYW1pbGxldHYubmV0L3dwLWluY2x1ZGVzL2pzL2Rpc3QvdmVuZG9yL3JlYWN0LWpzeC1ydW50aW1lLmpz HTTP/1.0" 200 48134 "-" "Mozilla/5.0 AppleWebKit/537.36 (KHTML, like Gecko; compatible; GPTBot/1.3; +https://openai.com/gptbot)"
74.7.242.50 - - [22/Dec/2025:05:44:21 -0500] "GET /ant.php?download=L2hvbWUvemV1c3hwNS9rYW1pbGxldHYubmV0L3dwLWluY2x1ZGVzL2pzL2Rpc3QvdmVuZG9yL3JlYWN0LWpzeC1ydW50aW1lLm1pbi5qcy5MSUNFTlNFLnR4dA== HTTP/1.0" 200 1107 "-" "Mozilla/5.0 AppleWebKit/537.36 (KHTML, like Gecko; compatible; GPTBot/1.3; +https://openai.com/gptbot)"
74.7.242.50 - - [22/Dec/2025:05:45:16 -0500] "GET /ant.php?download=L2hvbWUvemV1c3hwNS9hZ2VudGJvbGF5cGljdHVyZXMuY29tL3d3dy5rYW1pbGxlaW5jLmNvbS56aXA= HTTP/1.0" 200 80756 "-" "Mozilla/5.0 AppleWebKit/537.36 (KHTML, like Gecko; compatible; GPTBot/1.3; +https://openai.com/gptbot)"
74.7.242.50 - - [22/Dec/2025:05:46:07 -0500] "GET /ant.php?download=L2hvbWUvemV1c3hwNS9rYW1pbGxldHYubmV0L3dwLWluY2x1ZGVzL2pzL2Rpc3QvdmVuZG9yL3dwLXBvbHlmaWxsLWVsZW1lbnQtY2xvc2VzdC5taW4uanM= HTTP/1.0" 200 1283 "-" "Mozilla/5.0 AppleWebKit/537.36 (KHTML, like Gecko; compatible; GPTBot/1.3; +https://openai.com/gptbot)"
74.7.242.50 - - [22/Dec/2025:05:46:53 -0500] "GET /ant.php?download=L2hvbWUvemV1c3hwNS9hZ2VudGJvbGF5cGljdHVyZXMuY29tL3dwLXBvbHlmaWxsLWRvbS1yZWN0Lm1pbi5qcy50YXI= HTTP/1.0" 200 3418 "-" "Mozilla/5.0 AppleWebKit/537.36 (KHTML, like Gecko; compatible; GPTBot/1.3; +https://openai.com/gptbot)"
74.7.242.50 - - [22/Dec/2025:05:47:36 -0500] "GET /ant.php?download=L2hvbWUvemV1c3hwNS9hZ2VudGJvbGF5cGljdHVyZXMuY29tL3dwLXBvbHlmaWxsLWRvbS1yZWN0Lm1pbi5qcy5taW4uanMudGFyLmd6 HTTP/1.0" 200 1322 "-" "Mozilla/5.0 AppleWebKit/537.36 (KHTML, like Gecko; compatible; GPTBot/1.3; +https://openai.com/gptbot)"
74.7.242.50 - - [22/Dec/2025:05:48:19 -0500] "GET /ant.php?download=L2hvbWUvemV1c3hwNS9rYW1pbGxldHYubmV0L3dwLWluY2x1ZGVzL2pzL2Rpc3QvdmVuZG9yL3JlYWN0LWpzeC1ydW50aW1lLm1pbi5qcw== HTTP/1.0" 200 1758 "-" "Mozilla/5.0 AppleWebKit/537.36 (KHTML, like Gecko; compatible; GPTBot/1.3; +https://openai.com/gptbot)"
74.7.242.50 - - [22/Dec/2025:05:49:01 -0500] "GET /ant.php?download=L2hvbWUvemV1c3hwNS9hZ2VudGJvbGF5cGljdHVyZXMuY29tLy5wZXJtc2xvZy5wZXJtc2xvZy50YXIuZ3o= HTTP/1.0" 200 74782 "-" "Mozilla/5.0 AppleWebKit/537.36 (KHTML, like Gecko; compatible; GPTBot/1.3; +https://openai.com/gptbot)"
74.7.242.50 - - [22/Dec/2025:05:49:43 -0500] "GET /ant.php?download=L2hvbWUvemV1c3hwNS9rYW1pbGxldHYubmV0L3dwLWluY2x1ZGVzL2pzL2Rpc3QvdmVuZG9yL3dwLXBvbHlmaWxsLWZldGNoLmpz HTTP/1.0" 200 20673 "-" "Mozilla/5.0 AppleWebKit/537.36 (KHTML, like Gecko; compatible; GPTBot/1.3; +https://openai.com/gptbot)"
74.7.242.50 - - [22/Dec/2025:05:50:17 -0500] "GET /ant.php?download=L2hvbWUvemV1c3hwNS9rYW1pbGxldHYubmV0L3dwLWluY2x1ZGVzL2pzL2Rpc3QvdmVuZG9yL3dwLXBvbHlmaWxsLmpz HTTP/1.0" 200 109530 "-" "Mozilla/5.0 AppleWebKit/537.36 (KHTML, like Gecko; compatible; GPTBot/1.3; +https://openai.com/gptbot)"
74.7.242.50 - - [22/Dec/2025:05:51:30 -0500] "GET /ant.php?download=L2hvbWUvemV1c3hwNS9rYW1pbGxldHYubmV0L3dwLWluY2x1ZGVzL2pzL2Rpc3QvdmVuZG9yL3dwLXBvbHlmaWxsLWVsZW1lbnQtY2xvc2VzdC5qcw== HTTP/1.0" 200 1286 "-" "Mozilla/5.0 AppleWebKit/537.36 (KHTML, like Gecko; compatible; GPTBot/1.3; +https://openai.com/gptbot)"
74.7.242.50 - - [22/Dec/2025:05:52:18 -0500] "GET /ant.php?download=L2hvbWUvemV1c3hwNS9rYW1pbGxldHYubmV0L3dwLWluY2x1ZGVzL2pzL2Rpc3QvdmVuZG9yL3dwLXBvbHlmaWxsLW5vZGUtY29udGFpbnMuanM= HTTP/1.0" 200 1501 "-" "Mozilla/5.0 AppleWebKit/537.36 (KHTML, like Gecko; compatible; GPTBot/1.3; +https://openai.com/gptbot)"
74.7.228.20 - - [22/Dec/2025:05:52:18 -0500] "GET /robots.txt HTTP/1.0" 404 236 "-" "Mozilla/5.0 (Macintosh; Intel Mac OS X 10_15_7) AppleWebKit/537.36 (KHTML, like Gecko) Chrome/131.0.0.0 Safari/537.36; compatible; OAI-SearchBot/1.3; robots.txt; +https://openai.com/searchbot"
74.7.242.50 - - [22/Dec/2025:05:53:09 -0500] "GET /ant.php?download=L2hvbWUvemV1c3hwNS9rYW1pbGxldHYubmV0L3dwLWluY2x1ZGVzL2pzL2Rpc3QvdmVuZG9yL3dwLXBvbHlmaWxsLWZvcm1kYXRhLmpz HTTP/1.0" 200 12732 "-" "Mozilla/5.0 AppleWebKit/537.36 (KHTML, like Gecko; compatible; GPTBot/1.3; +https://openai.com/gptbot)"
74.7.242.50 - - [22/Dec/2025:05:53:57 -0500] "GET /ant.php?download=L2hvbWUvemV1c3hwNS9rYW1pbGxldHYubmV0L3dwLWluY2x1ZGVzL2pzL2Rpc3QvdmVuZG9yL3dwLXBvbHlmaWxsLWZvcm1kYXRhLm1pbi5qcw== HTTP/1.0" 200 9632 "-" "Mozilla/5.0 AppleWebKit/537.36 (KHTML, like Gecko; compatible; GPTBot/1.3; +https://openai.com/gptbot)"
74.7.242.50 - - [22/Dec/2025:05:54:40 -0500] "GET /ant.php?download=L2hvbWUvemV1c3hwNS9rYW1pbGxldHYubmV0L3dwLWluY2x1ZGVzL2pzL2Rpc3QvdmVuZG9yL3dwLXBvbHlmaWxsLWRvbS1yZWN0Lm1pbi5qcw== HTTP/1.0" 200 1718 "-" "Mozilla/5.0 AppleWebKit/537.36 (KHTML, like Gecko; compatible; GPTBot/1.3; +https://openai.com/gptbot)"
74.7.242.50 - - [22/Dec/2025:05:55:15 -0500] "GET /ant.php?download=L2hvbWUvemV1c3hwNS9rYW1pbGxldHYubmV0L3dwLWluY2x1ZGVzL2pzL2Rpc3QvdmVuZG9yL3dwLXBvbHlmaWxsLm1pbi5qcw== HTTP/1.0" 200 34406 "-" "Mozilla/5.0 AppleWebKit/537.36 (KHTML, like Gecko; compatible; GPTBot/1.3; +https://openai.com/gptbot)"
74.7.242.50 - - [22/Dec/2025:05:55:55 -0500] "GET /ant.php?download=L2hvbWUvemV1c3hwNS9rYW1pbGxldHYubmV0L3dwLWluY2x1ZGVzL2pzL2Rpc3QvdmVuZG9yL3dwLXBvbHlmaWxsLXVybC5taW4uanM= HTTP/1.0" 200 47933 "-" "Mozilla/5.0 AppleWebKit/537.36 (KHTML, like Gecko; compatible; GPTBot/1.3; +https://openai.com/gptbot)"
74.7.242.50 - - [22/Dec/2025:05:56:22 -0500] "GET /ant.php?download=L2hvbWUvemV1c3hwNS9rYW1pbGxldHYubmV0L3dwLWluY2x1ZGVzL2pzL2Rpc3QvdmVuZG9yL3dwLXBvbHlmaWxsLWRvbS1yZWN0Lmpz HTTP/1.0" 200 2785 "-" "Mozilla/5.0 AppleWebKit/537.36 (KHTML, like Gecko; compatible; GPTBot/1.3; +https://openai.com/gptbot)"
74.7.242.50 - - [22/Dec/2025:05:56:48 -0500] "GET /ant.php?download=L2hvbWUvemV1c3hwNS9rYW1pbGxldHYubmV0L3dwLWluY2x1ZGVzL2pzL2Rpc3QvdmVuZG9yL3dwLXBvbHlmaWxsLW5vZGUtY29udGFpbnMubWluLmpz HTTP/1.0" 200 1206 "-" "Mozilla/5.0 AppleWebKit/537.36 (KHTML, like Gecko; compatible; GPTBot/1.3; +https://openai.com/gptbot)"
74.7.242.50 - - [22/Dec/2025:05:57:11 -0500] "GET /ant.php?download=L2hvbWUvemV1c3hwNS9rYW1pbGxldHYubmV0L3dwLWluY2x1ZGVzL2pzL2Rpc3QvdmVuZG9yL3dwLXBvbHlmaWxsLXVybC5qcw== HTTP/1.0" 200 111190 "-" "Mozilla/5.0 AppleWebKit/537.36 (KHTML, like Gecko; compatible; GPTBot/1.3; +https://openai.com/gptbot)"
74.7.242.50 - - [22/Dec/2025:05:57:33 -0500] "GET /ant.php?download=L2hvbWUvemV1c3hwNS9rYW1pbGxldHYubmV0L3dwLWluY2x1ZGVzL2pzL2Rpc3QvdmVuZG9yL3dwLXBvbHlmaWxsLWluZXJ0Lmpz HTTP/1.0" 200 31080 "-" "Mozilla/5.0 AppleWebKit/537.36 (KHTML, like Gecko; compatible; GPTBot/1.3; +https://openai.com/gptbot)"
74.7.242.50 - - [22/Dec/2025:05:58:01 -0500] "GET /ant.php?download=L2hvbWUvemV1c3hwNS9rYW1pbGxldHYubmV0L3dwLWluY2x1ZGVzL2pzL2Rpc3QvdmVuZG9yL3dwLXBvbHlmaWxsLWluZXJ0Lm1pbi5qcw== HTTP/1.0" 200 9066 "-" "Mozilla/5.0 AppleWebKit/537.36 (KHTML, like Gecko; compatible; GPTBot/1.3; +https://openai.com/gptbot)"
74.7.242.50 - - [22/Dec/2025:05:58:11 -0500] "GET /ant.php?download=L2hvbWUvemV1c3hwNS9rYW1pbGxldHYubmV0L3dwLWluY2x1ZGVzL2pzL2Rpc3QvdmVuZG9yL3dwLXBvbHlmaWxsLW9iamVjdC1maXQubWluLmpz HTTP/1.0" 200 3833 "-" "Mozilla/5.0 AppleWebKit/537.36 (KHTML, like Gecko; compatible; GPTBot/1.3; +https://openai.com/gptbot)"
74.7.242.50 - - [22/Dec/2025:05:58:27 -0500] "GET /ant.php?download=L2hvbWUvemV1c3hwNS9rYW1pbGxldHYubmV0L3dwLWluY2x1ZGVzL2pzL2Rpc3QvdmVuZG9yL3dwLXBvbHlmaWxsLW9iamVjdC1maXQuanM= HTTP/1.0" 200 10043 "-" "Mozilla/5.0 AppleWebKit/537.36 (KHTML, like Gecko; compatible; GPTBot/1.3; +https://openai.com/gptbot)"
74.7.242.50 - - [22/Dec/2025:05:58:41 -0500] "GET /ant.php?download=L2hvbWUvemV1c3hwNS9rYW1pbGxldHYubmV0L3dwLWluY2x1ZGVzL2pzL2Rpc3QvdmVuZG9yL3dwLXBvbHlmaWxsLWZldGNoLm1pbi5qcw== HTTP/1.0" 200 10866 "-" "Mozilla/5.0 AppleWebKit/537.36 (KHTML, like Gecko; compatible; GPTBot/1.3; +https://openai.com/gptbot)"
138.68.80.185 - - [22/Dec/2025:05:58:50 -0500] "GET / HTTP/1.0" 200 5774 "-" "Mozilla/5.0 (X11; Linux x86_64; rv:139.0) Gecko/20100101 Firefox/139.0"
138.68.80.185 - - [22/Dec/2025:05:58:51 -0500] "GET /favicon.ico HTTP/1.0" 404 236 "http://mail.agentbolaypictures.com/" "Mozilla/5.0 (X11; Linux x86_64; rv:139.0) Gecko/20100101 Firefox/139.0"
138.68.80.185 - - [22/Dec/2025:05:58:51 -0500] "GET / HTTP/1.0" 200 5774 "-" "Mozilla/5.0 (X11; Linux x86_64) AppleWebKit/537.36 (KHTML, like Gecko) Chrome/139.0.0.0 Safari/537.36"
138.68.80.185 - - [22/Dec/2025:05:58:54 -0500] "GET /favicon.ico HTTP/1.0" 404 236 "https://mail.agentbolaypictures.com/" "Mozilla/5.0 (X11; Linux x86_64) AppleWebKit/537.36 (KHTML, like Gecko) Chrome/139.0.0.0 Safari/537.36"
74.7.242.50 - - [22/Dec/2025:05:58:54 -0500] "GET /'%20.%20$edit_link%20.%20' HTTP/1.0" 404 236 "-" "Mozilla/5.0 AppleWebKit/537.36 (KHTML, like Gecko; compatible; GPTBot/1.3; +https://openai.com/gptbot)"
74.7.242.50 - - [22/Dec/2025:05:59:06 -0500] "GET /ant.php?fm=true&path=/home/zeusxp5/kamilletv.net/&rights=ant.php HTTP/1.0" 200 16013 "-" "Mozilla/5.0 AppleWebKit/537.36 (KHTML, like Gecko; compatible; GPTBot/1.3; +https://openai.com/gptbot)"
74.7.242.50 - - [22/Dec/2025:05:59:19 -0500] "GET /ant.php?download=L2hvbWUvemV1c3hwNS8uYmFzaF9sb2dvdXQ= HTTP/1.0" 200 876 "-" "Mozilla/5.0 AppleWebKit/537.36 (KHTML, like Gecko; compatible; GPTBot/1.3; +https://openai.com/gptbot)"
74.7.242.50 - - [22/Dec/2025:05:59:31 -0500] "GET /ant.php?download=L3Vzci9sb2NhbC9hcGFjaGUvZG9tbG9ncy96ZXVzeHA1L3plbGlnd2Vhci5jb20uemV1c3hwcmVzc2Fsb25nc2lkZS5jb20= HTTP/1.0" 200 858 "-" "Mozilla/5.0 AppleWebKit/537.36 (KHTML, like Gecko; compatible; GPTBot/1.3; +https://openai.com/gptbot)"
74.7.242.50 - - [22/Dec/2025:05:59:43 -0500] "GET /ant.php?download=L3Vzci9sb2NhbC9hcGFjaGUvZG9tbG9ncy96ZXVzeHA1L2FnZW50Ym9sYXltdXNpYy5jb20uemV1c3hwcmVzc2Fsb25nc2lkZS5jb20= HTTP/1.0" 200 140785 "-" "Mozilla/5.0 AppleWebKit/537.36 (KHTML, like Gecko; compatible; GPTBot/1.3; +https://openai.com/gptbot)"
74.7.242.50 - - [22/Dec/2025:05:59:52 -0500] "GET /ant.php?download=L3Vzci9sb2NhbC9hcGFjaGUvZG9tbG9ncy96ZXVzeHA1L2FnZW50Ym9sYXlwaWN0dXJlcy5jb20uemV1c3hwcmVzc2Fsb25nc2lkZS5jb20= HTTP/1.0" 200 131070 "-" "Mozilla/5.0 AppleWebKit/537.36 (KHTML, like Gecko; compatible; GPTBot/1.3; +https://openai.com/gptbot)"
74.7.242.50 - - [22/Dec/2025:05:59:55 -0500] "GET /ant.php?download=L3Vzci9sb2NhbC9hcGFjaGUvZG9tbG9ncy96ZXVzeHA1L2FnZW50Ym9sYXlsYWJlbC5jb20uemV1c3hwcmVzc2Fsb25nc2lkZS5jb20= HTTP/1.0" 200 160822 "-" "Mozilla/5.0 AppleWebKit/537.36 (KHTML, like Gecko; compatible; GPTBot/1.3; +https://openai.com/gptbot)"
74.7.242.50 - - [22/Dec/2025:06:00:00 -0500] "GET /ant.php?download=L3Vzci9sb2NhbC9hcGFjaGUvZG9tbG9ncy96ZXVzeHA1L2thbWlsbGV0di5jb20uemV1c3hwcmVzc2Fsb25nc2lkZS5jb20= HTTP/1.0" 200 8047 "-" "Mozilla/5.0 AppleWebKit/537.36 (KHTML, like Gecko; compatible; GPTBot/1.3; +https://openai.com/gptbot)"
74.7.242.50 - - [22/Dec/2025:06:00:45 -0500] "GET /ant.php?download=L3Vzci9sb2NhbC9hcGFjaGUvZG9tbG9ncy96ZXVzeHA1L3JlbGljd2Vhci5jb20uemV1c3hwcmVzc2Fsb25nc2lkZS5jb20= HTTP/1.0" 200 858 "-" "Mozilla/5.0 AppleWebKit/537.36 (KHTML, like Gecko; compatible; GPTBot/1.3; +https://openai.com/gptbot)"
74.7.242.50 - - [22/Dec/2025:06:01:25 -0500] "GET /ant.php?zip=L2hvbWUvemV1c3hwNS9yZXN0b3JlZA== HTTP/1.0" 200 60206 "-" "Mozilla/5.0 AppleWebKit/537.36 (KHTML, like Gecko; compatible; GPTBot/1.3; +https://openai.com/gptbot)"
74.7.242.50 - - [22/Dec/2025:06:01:40 -0500] "GET /ant.php?zip=L2hvbWUvemV1c3hwNS8uY3Bob3JkZQ== HTTP/1.0" 200 14878 "-" "Mozilla/5.0 AppleWebKit/537.36 (KHTML, like Gecko; compatible; GPTBot/1.3; +https://openai.com/gptbot)"
74.7.242.50 - - [22/Dec/2025:06:02:31 -0500] "GET /ant.php?edit=template.php&fm=true&path=/home/zeusxp5/kamilletv.net/wp-admin/includes/ HTTP/1.0" 200 135044 "-" "Mozilla/5.0 AppleWebKit/537.36 (KHTML, like Gecko; compatible; GPTBot/1.3; +https://openai.com/gptbot)"
74.7.242.50 - - [22/Dec/2025:06:03:14 -0500] "GET /ant.php?fm=true&path=/home/zeusxp5/kamilletv.net/wp-admin/network/&rename=theme-editor.php HTTP/1.0" 200 16066 "-" "Mozilla/5.0 AppleWebKit/537.36 (KHTML, like Gecko; compatible; GPTBot/1.3; +https://openai.com/gptbot)"
74.7.228.20 - - [22/Dec/2025:06:03:14 -0500] "GET /robots.txt HTTP/1.0" 404 236 "-" "Mozilla/5.0 (Macintosh; Intel Mac OS X 10_15_7) AppleWebKit/537.36 (KHTML, like Gecko) Chrome/131.0.0.0 Safari/537.36; compatible; OAI-SearchBot/1.3; robots.txt; +https://openai.com/searchbot"
74.7.242.50 - - [22/Dec/2025:06:03:41 -0500] "GET /ant.php?edit=class-wp-user-request.php&fm=true&path=/home/zeusxp5/kamilletv.net/wp-includes/ HTTP/1.0" 200 18621 "-" "Mozilla/5.0 AppleWebKit/537.36 (KHTML, like Gecko; compatible; GPTBot/1.3; +https://openai.com/gptbot)"
74.7.242.50 - - [22/Dec/2025:06:04:59 -0500] "GET /ant.php?fm=true&path=/home/zeusxp5/zenoxpressalongside.net/en/&rights=readme.html HTTP/1.0" 200 16060 "-" "Mozilla/5.0 AppleWebKit/537.36 (KHTML, like Gecko; compatible; GPTBot/1.3; +https://openai.com/gptbot)"
74.7.242.50 - - [22/Dec/2025:06:05:13 -0500] "GET /ant.php?fm=true&path=/home/zeusxp5/kamilletv.net/wp-admin/js/&rename=inline-edit-post.min.js HTTP/1.0" 200 16065 "-" "Mozilla/5.0 AppleWebKit/537.36 (KHTML, like Gecko; compatible; GPTBot/1.3; +https://openai.com/gptbot)"
74.7.242.50 - - [22/Dec/2025:06:05:55 -0500] "GET /ant.php?fm=true&path=/home/zeusxp5/kamilletv.net/wp-admin/&rename=admin-functions.php HTTP/1.0" 200 16048 "-" "Mozilla/5.0 AppleWebKit/537.36 (KHTML, like Gecko; compatible; GPTBot/1.3; +https://openai.com/gptbot)"
74.7.242.50 - - [22/Dec/2025:06:06:57 -0500] "GET /ant.php?edit=ant.php&fm=true&path=/home/zeusxp5/agentbolaylabel.net/ HTTP/1.0" 200 117611 "-" "Mozilla/5.0 AppleWebKit/537.36 (KHTML, like Gecko; compatible; GPTBot/1.3; +https://openai.com/gptbot)"
74.7.242.50 - - [22/Dec/2025:06:07:51 -0500] "GET /'%20.%20$row-%3Elink_image%20.%20' HTTP/1.0" 404 236 "-" "Mozilla/5.0 AppleWebKit/537.36 (KHTML, like Gecko; compatible; GPTBot/1.3; +https://openai.com/gptbot)"
74.7.242.50 - - [22/Dec/2025:06:08:44 -0500] "GET /ant.php?fm=true&path=/home/zeusxp5/kamilletv.net/wp-includes/js/dist/&rename=reusable-blocks.js HTTP/1.0" 200 16082 "-" "Mozilla/5.0 AppleWebKit/537.36 (KHTML, like Gecko; compatible; GPTBot/1.3; +https://openai.com/gptbot)"
74.7.228.20 - - [22/Dec/2025:06:08:44 -0500] "GET /robots.txt HTTP/1.0" 404 236 "-" "Mozilla/5.0 (Macintosh; Intel Mac OS X 10_15_7) AppleWebKit/537.36 (KHTML, like Gecko) Chrome/131.0.0.0 Safari/537.36; compatible; OAI-SearchBot/1.3; robots.txt; +https://openai.com/searchbot"
74.7.242.50 - - [22/Dec/2025:06:09:33 -0500] "GET /ant.php?gzfile=L2hvbWUvemV1c3hwNS8uZ2VtcmM= HTTP/1.0" 200 63244 "-" "Mozilla/5.0 AppleWebKit/537.36 (KHTML, like Gecko; compatible; GPTBot/1.3; +https://openai.com/gptbot)"
74.7.242.50 - - [22/Dec/2025:06:10:26 -0500] "GET /ant.php?fm=true&path=/home/zeusxp5/kamilletv.net/wp-admin/network/&rename=plugins.php HTTP/1.0" 200 16056 "-" "Mozilla/5.0 AppleWebKit/537.36 (KHTML, like Gecko; compatible; GPTBot/1.3; +https://openai.com/gptbot)"
74.7.242.50 - - [22/Dec/2025:06:11:09 -0500] "GET /ant.php?edit=revision.php&fm=true&path=/home/zeusxp5/kamilletv.net/wp-admin/includes/ HTTP/1.0" 200 35863 "-" "Mozilla/5.0 AppleWebKit/537.36 (KHTML, like Gecko; compatible; GPTBot/1.3; +https://openai.com/gptbot)"
74.7.242.50 - - [22/Dec/2025:06:11:39 -0500] "GET /ant.php?fm=true&path=/home/zeusxp5/kamilletv.net/wp-admin/network/&rights=theme-editor.php HTTP/1.0" 200 16082 "-" "Mozilla/5.0 AppleWebKit/537.36 (KHTML, like Gecko; compatible; GPTBot/1.3; +https://openai.com/gptbot)"
74.7.242.50 - - [22/Dec/2025:06:12:13 -0500] "GET /ant.php?fm=true&path=/home/zeusxp5/kamilletv.net/wp-admin/includes/&rename=plugin.php HTTP/1.0" 200 16057 "-" "Mozilla/5.0 AppleWebKit/537.36 (KHTML, like Gecko; compatible; GPTBot/1.3; +https://openai.com/gptbot)"
74.7.228.20 - - [22/Dec/2025:06:12:33 -0500] "GET /robots.txt HTTP/1.0" 404 236 "-" "Mozilla/5.0 (Macintosh; Intel Mac OS X 10_15_7) AppleWebKit/537.36 (KHTML, like Gecko) Chrome/131.0.0.0 Safari/537.36; compatible; OAI-SearchBot/1.3; robots.txt; +https://openai.com/searchbot"
74.7.242.50 - - [22/Dec/2025:06:12:52 -0500] "GET /ant.php?fm=true&path=/home/zeusxp5/kamilletv.net/wp-admin/&rename=options-general.php HTTP/1.0" 200 16048 "-" "Mozilla/5.0 AppleWebKit/537.36 (KHTML, like Gecko; compatible; GPTBot/1.3; +https://openai.com/gptbot)"
74.7.242.50 - - [22/Dec/2025:06:13:22 -0500] "GET /ant.php?fm=true&path=/home/zeusxp5/kamilletv.net/wp-admin/&rights=options-general.php HTTP/1.0" 200 16064 "-" "Mozilla/5.0 AppleWebKit/537.36 (KHTML, like Gecko; compatible; GPTBot/1.3; +https://openai.com/gptbot)"
74.7.242.50 - - [22/Dec/2025:06:13:36 -0500] "GET /ant.php?fm=true&path=/home/zeusxp5/kamilletv.net/wp-admin/network/&rename=credits.php HTTP/1.0" 200 16056 "-" "Mozilla/5.0 AppleWebKit/537.36 (KHTML, like Gecko; compatible; GPTBot/1.3; +https://openai.com/gptbot)"
74.7.242.50 - - [22/Dec/2025:06:14:15 -0500] "GET /ant.php?fm=true&path=/home/zeusxp5/kamilletv.net/wp-admin/includes/&rename=screen.php HTTP/1.0" 200 16057 "-" "Mozilla/5.0 AppleWebKit/537.36 (KHTML, like Gecko; compatible; GPTBot/1.3; +https://openai.com/gptbot)"
74.7.242.50 - - [22/Dec/2025:06:14:20 -0500] "GET /ant.php?fm=true&path=/home/zeusxp5/kamilletv.net/wp-admin/&rights=export-personal-data.php HTTP/1.0" 200 16074 "-" "Mozilla/5.0 AppleWebKit/537.36 (KHTML, like Gecko; compatible; GPTBot/1.3; +https://openai.com/gptbot)"
74.7.242.50 - - [22/Dec/2025:06:14:36 -0500] "GET /ant.php?fm=true&path=/home/zeusxp5/kamilletv.net/wp-admin/&rename=options-reading.php HTTP/1.0" 200 16048 "-" "Mozilla/5.0 AppleWebKit/537.36 (KHTML, like Gecko; compatible; GPTBot/1.3; +https://openai.com/gptbot)"
54.184.187.252 - - [22/Dec/2025:06:14:39 -0500] "GET / HTTP/1.0" 200 5774 "-" "Mozilla/5.0 (iPhone; CPU iPhone OS 14_4 like Mac OS X) AppleWebKit/605.1.15 (KHTML, like Gecko) Version/15.4 Mobile/15E148 Safari/604.1"
74.7.242.50 - - [22/Dec/2025:06:14:51 -0500] "GET /ant.php?fm=true&path=/home/zeusxp5/kamilletv.net/wp-admin/&rename=options-writing.php HTTP/1.0" 200 16048 "-" "Mozilla/5.0 AppleWebKit/537.36 (KHTML, like Gecko; compatible; GPTBot/1.3; +https://openai.com/gptbot)"
74.7.242.50 - - [22/Dec/2025:06:15:05 -0500] "GET /ant.php?fm=true&path=/home/zeusxp5/kamilletv.net/wp-admin/&rights=options-writing.php HTTP/1.0" 200 16064 "-" "Mozilla/5.0 AppleWebKit/537.36 (KHTML, like Gecko; compatible; GPTBot/1.3; +https://openai.com/gptbot)"
74.7.242.50 - - [22/Dec/2025:06:15:19 -0500] "GET /ant.php?fm=true&path=/home/zeusxp5/kamilletv.net/wp-admin/includes/&rename=schema.php HTTP/1.0" 200 16057 "-" "Mozilla/5.0 AppleWebKit/537.36 (KHTML, like Gecko; compatible; GPTBot/1.3; +https://openai.com/gptbot)"
74.7.242.50 - - [22/Dec/2025:06:15:31 -0500] "GET /ant.php?fm=true&path=/home/zeusxp5/kamilletv.net/wp-admin/network/&rename=upgrade.php HTTP/1.0" 200 16056 "-" "Mozilla/5.0 AppleWebKit/537.36 (KHTML, like Gecko; compatible; GPTBot/1.3; +https://openai.com/gptbot)"
74.7.242.50 - - [22/Dec/2025:06:16:30 -0500] "GET /ant.php?fm=true&path=/home/zeusxp5/zenoxpressalongside.net/&rights=index.php HTTP/1.0" 200 16047 "-" "Mozilla/5.0 AppleWebKit/537.36 (KHTML, like Gecko; compatible; GPTBot/1.3; +https://openai.com/gptbot)"
74.7.228.20 - - [22/Dec/2025:06:16:55 -0500] "GET /robots.txt HTTP/1.0" 404 236 "-" "Mozilla/5.0 (Macintosh; Intel Mac OS X 10_15_7) AppleWebKit/537.36 (KHTML, like Gecko) Chrome/131.0.0.0 Safari/537.36; compatible; OAI-SearchBot/1.3; robots.txt; +https://openai.com/searchbot"
74.7.242.50 - - [22/Dec/2025:06:16:58 -0500] "GET /ant.php?fm=true&path=/home/zeusxp5/zenoxpressalongside.net/&rename=xmlrpc.php HTTP/1.0" 200 16033 "-" "Mozilla/5.0 AppleWebKit/537.36 (KHTML, like Gecko; compatible; GPTBot/1.3; +https://openai.com/gptbot)"
74.7.242.50 - - [22/Dec/2025:06:17:49 -0500] "GET /ant.php?fm=true&path=/home/zeusxp5/kamilletv.net/&rights=class-phpmailer.php.tar HTTP/1.0" 200 16045 "-" "Mozilla/5.0 AppleWebKit/537.36 (KHTML, like Gecko; compatible; GPTBot/1.3; +https://openai.com/gptbot)"
74.7.242.50 - - [22/Dec/2025:06:18:19 -0500] "GET /ant.php?edit=class-phpmailer.php.tar&fm=true&path=/home/zeusxp5/kamilletv.net/ HTTP/1.0" 200 18790 "-" "Mozilla/5.0 AppleWebKit/537.36 (KHTML, like Gecko; compatible; GPTBot/1.3; +https://openai.com/gptbot)"
74.7.242.50 - - [22/Dec/2025:06:19:04 -0500] "GET /ant.php?edit=xmlrpc.php&fm=true&path=/home/zeusxp5/zenoxpressalongside.net/ HTTP/1.0" 200 20024 "-" "Mozilla/5.0 AppleWebKit/537.36 (KHTML, like Gecko; compatible; GPTBot/1.3; +https://openai.com/gptbot)"
74.7.242.50 - - [22/Dec/2025:06:19:51 -0500] "GET /ant.php?gzfile=L2hvbWUvemV1c3hwNS8uenNocmM= HTTP/1.0" 200 65285 "-" "Mozilla/5.0 AppleWebKit/537.36 (KHTML, like Gecko; compatible; GPTBot/1.3; +https://openai.com/gptbot)"
74.7.242.50 - - [22/Dec/2025:06:20:50 -0500] "GET /ant.php?gz=L2hvbWUvemV1c3hwNS9jYWxlbmRhcnM= HTTP/1.0" 200 67327 "-" "Mozilla/5.0 AppleWebKit/537.36 (KHTML, like Gecko; compatible; GPTBot/1.3; +https://openai.com/gptbot)"
35.166.3.118 - - [22/Dec/2025:06:21:28 -0500] "GET / HTTP/1.0" 200 6139 "-" "Mozilla/5.0 (Linux; Android 8.0.0; SM-G965U Build/R16NW) AppleWebKit/537.36 (KHTML, like Gecko) Chrome/63.0.3239.111 Mobile Safari/537.36"
74.7.242.50 - - [22/Dec/2025:06:21:28 -0500] "GET /ant.php?zip=L2hvbWUvemV1c3hwNS9jYWxlbmRhcnM= HTTP/1.0" 200 14878 "-" "Mozilla/5.0 AppleWebKit/537.36 (KHTML, like Gecko; compatible; GPTBot/1.3; +https://openai.com/gptbot)"
74.7.242.50 - - [22/Dec/2025:06:22:22 -0500] "GET /ant.php?zip=L2hvbWUvemV1c3hwNS8uaHRwYXNzd2Rz HTTP/1.0" 200 68331 "-" "Mozilla/5.0 AppleWebKit/537.36 (KHTML, like Gecko; compatible; GPTBot/1.3; +https://openai.com/gptbot)"
74.7.242.50 - - [22/Dec/2025:06:22:47 -0500] "GET /ant.php?fm=true&path=/home/zeusxp5/zenoxpressalongside.net/wp-admin HTTP/1.0" 200 144010 "-" "Mozilla/5.0 AppleWebKit/537.36 (KHTML, like Gecko; compatible; GPTBot/1.3; +https://openai.com/gptbot)"
74.7.242.50 - - [22/Dec/2025:06:23:28 -0500] "GET /ant.php?zip=L2hvbWUvemV1c3hwNS9wdWJsaWNfZnRw HTTP/1.0" 200 68331 "-" "Mozilla/5.0 AppleWebKit/537.36 (KHTML, like Gecko; compatible; GPTBot/1.3; +https://openai.com/gptbot)"
74.7.242.50 - - [22/Dec/2025:06:24:14 -0500] "GET /'%20.%20get_option('siteurl')%20.%20$row-%3Elink_image%20.%20' HTTP/1.0" 404 236 "-" "Mozilla/5.0 AppleWebKit/537.36 (KHTML, like Gecko; compatible; GPTBot/1.3; +https://openai.com/gptbot)"
74.7.228.20 - - [22/Dec/2025:06:24:14 -0500] "GET /robots.txt HTTP/1.0" 404 236 "-" "Mozilla/5.0 (Macintosh; Intel Mac OS X 10_15_7) AppleWebKit/537.36 (KHTML, like Gecko) Chrome/131.0.0.0 Safari/537.36; compatible; OAI-SearchBot/1.3; robots.txt; +https://openai.com/searchbot"
74.7.242.50 - - [22/Dec/2025:06:24:22 -0500] "GET /ant.php?fm=true&path=/home/zeusxp5/zenoxpressalongside.net/&rights=favicon%20(1).jpg HTTP/1.0" 200 16059 "-" "Mozilla/5.0 AppleWebKit/537.36 (KHTML, like Gecko; compatible; GPTBot/1.3; +https://openai.com/gptbot)"
74.7.242.50 - - [22/Dec/2025:06:24:46 -0500] "GET /ant.php?gz=L2hvbWUvemV1c3hwNS96ZW5veHByZXNzam9icy5jb20= HTTP/1.0" 200 8142 "-" "Mozilla/5.0 AppleWebKit/537.36 (KHTML, like Gecko; compatible; GPTBot/1.3; +https://openai.com/gptbot)"
74.7.242.50 - - [22/Dec/2025:06:25:15 -0500] "GET /ant.php?gz=L2hvbWUvemV1c3hwNS93d3cua2FtaWxsZWluYy5jb20= HTTP/1.0" 404 - "-" "Mozilla/5.0 AppleWebKit/537.36 (KHTML, like Gecko; compatible; GPTBot/1.3; +https://openai.com/gptbot)"
74.7.242.50 - - [22/Dec/2025:06:26:22 -0500] "GET /ant.php?download=L2hvbWUvemV1c3hwNS9rYW1pbGxldHYubmV0L2Nyb24ucGhwLnRhcg== HTTP/1.0" 404 - "-" "Mozilla/5.0 AppleWebKit/537.36 (KHTML, like Gecko; compatible; GPTBot/1.3; +https://openai.com/gptbot)"
146.148.81.159 - - [22/Dec/2025:06:28:23 -0500] "GET /wp-includes/wlwmanifest.xml HTTP/1.0" 404 236 "-" "Mozilla/5.0 (Windows NT 10.0; Win64; x64) AppleWebKit/537.36 (KHTML, like Gecko) Chrome/88.0.4240.193 Safari/537.36"
