52.167.144.139 - - [22/Dec/2025:04:57:53 -0500] "GET /?products/21890823/ HTTP/1.0" 301 269 "-" "Mozilla/5.0 AppleWebKit/537.36 (KHTML, like Gecko; compatible; bingbot/2.0; +http://www.bing.com/bingbot.htm) Chrome/116.0.1938.76 Safari/537.36"
74.7.243.252 - - [22/Dec/2025:04:57:59 -0500] "GET /wp-content/plugins/elementor/modules/atomic-widgets/elements/div-block/ HTTP/1.0" 200 972 "-" "Mozilla/5.0 AppleWebKit/537.36 (KHTML, like Gecko; compatible; GPTBot/1.3; +https://openai.com/gptbot)"
207.46.13.116 - - [22/Dec/2025:04:58:02 -0500] "GET /?products/11851201/ HTTP/1.0" 301 269 "-" "Mozilla/5.0 AppleWebKit/537.36 (KHTML, like Gecko; compatible; bingbot/2.0; +http://www.bing.com/bingbot.htm) Chrome/116.0.1938.76 Safari/537.36"
74.7.243.252 - - [22/Dec/2025:04:58:18 -0500] "GET /wp-content/plugins/elementor/modules/atomic-widgets/elements/atomic-heading/ HTTP/1.0" 200 1182 "-" "Mozilla/5.0 AppleWebKit/537.36 (KHTML, like Gecko; compatible; GPTBot/1.3; +https://openai.com/gptbot)"
52.167.144.139 - - [22/Dec/2025:04:58:25 -0500] "GET /?f/help HTTP/1.0" 301 257 "-" "Mozilla/5.0 AppleWebKit/537.36 (KHTML, like Gecko; compatible; bingbot/2.0; +http://www.bing.com/bingbot.htm) Chrome/116.0.1938.76 Safari/537.36"
74.7.227.187 - - [22/Dec/2025:04:58:36 -0500] "GET /'%20.%20$plugin_data['AuthorURI']%20.%20' HTTP/1.0" 403 - "-" "Mozilla/5.0 AppleWebKit/537.36 (KHTML, like Gecko; compatible; GPTBot/1.3; +https://openai.com/gptbot)"
74.7.243.252 - - [22/Dec/2025:04:58:49 -0500] "GET /wp-content/plugins/elementor/modules/atomic-widgets/elements/atomic-youtube/ HTTP/1.0" 200 1368 "-" "Mozilla/5.0 AppleWebKit/537.36 (KHTML, like Gecko; compatible; GPTBot/1.3; +https://openai.com/gptbot)"
74.7.243.252 - - [22/Dec/2025:04:58:54 -0500] "GET /wp-content/plugins/elementor/modules/atomic-widgets/elements/flexbox/ HTTP/1.0" 200 966 "-" "Mozilla/5.0 AppleWebKit/537.36 (KHTML, like Gecko; compatible; GPTBot/1.3; +https://openai.com/gptbot)"
74.7.243.252 - - [22/Dec/2025:04:59:10 -0500] "GET /wp-content/plugins/elementor/modules/atomic-widgets/elements/atomic-element-base.php HTTP/1.0" 200 - "-" "Mozilla/5.0 AppleWebKit/537.36 (KHTML, like Gecko; compatible; GPTBot/1.3; +https://openai.com/gptbot)"
74.7.243.252 - - [22/Dec/2025:04:59:15 -0500] "GET /wp-content/plugins/elementor/modules/atomic-widgets/image/image-sizes.php HTTP/1.0" 200 - "-" "Mozilla/5.0 AppleWebKit/537.36 (KHTML, like Gecko; compatible; GPTBot/1.3; +https://openai.com/gptbot)"
74.7.227.187 - - [22/Dec/2025:04:59:16 -0500] "GET /%22%20.%20esc_url(%20%22mailto:$user-%3Euser_email%22%20)%20.%20%22 HTTP/1.0" 403 - "-" "Mozilla/5.0 AppleWebKit/537.36 (KHTML, like Gecko; compatible; GPTBot/1.3; +https://openai.com/gptbot)"
74.7.243.252 - - [22/Dec/2025:04:59:29 -0500] "GET /wp-content/plugins/elementor/modules/atomic-widgets/props-resolver/multi-props.php HTTP/1.0" 200 - "-" "Mozilla/5.0 AppleWebKit/537.36 (KHTML, like Gecko; compatible; GPTBot/1.3; +https://openai.com/gptbot)"
74.7.243.252 - - [22/Dec/2025:04:59:29 -0500] "GET /wp-content/plugins/elementor/modules/atomic-widgets/elements/atomic-image/atomic-image.html.twig HTTP/1.0" 429 17 "-" "Mozilla/5.0 AppleWebKit/537.36 (KHTML, like Gecko; compatible; GPTBot/1.3; +https://openai.com/gptbot)"
74.7.243.252 - - [22/Dec/2025:04:59:34 -0500] "GET /wp-content/plugins/elementor/modules/atomic-widgets/elements/atomic-svg/atomic-svg.php HTTP/1.0" 200 - "-" "Mozilla/5.0 AppleWebKit/537.36 (KHTML, like Gecko; compatible; GPTBot/1.3; +https://openai.com/gptbot)"
74.7.243.252 - - [22/Dec/2025:04:59:51 -0500] "GET /wp-content/plugins/elementor/modules/atomic-widgets/elements/atomic-button/atomic-button.html.twig HTTP/1.0" 200 634 "-" "Mozilla/5.0 AppleWebKit/537.36 (KHTML, like Gecko; compatible; GPTBot/1.3; +https://openai.com/gptbot)"
51.89.129.184 - - [22/Dec/2025:04:59:59 -0500] "GET /wp-sitemap.xml HTTP/1.0" 403 - "-" "Mozilla/5.0 (compatible; AhrefsBot/7.0; +http://ahrefs.com/robot/)"
74.7.243.252 - - [22/Dec/2025:05:00:05 -0500] "GET /wp-content/plugins/elementor/modules/atomic-widgets/elements/atomic-paragraph/atomic-paragraph.html.twig HTTP/1.0" 200 597 "-" "Mozilla/5.0 AppleWebKit/537.36 (KHTML, like Gecko; compatible; GPTBot/1.3; +https://openai.com/gptbot)"
74.7.243.252 - - [22/Dec/2025:05:00:18 -0500] "GET /wp-content/plugins/elementor/modules/atomic-widgets/elements/div-block/div-block.php HTTP/1.0" 200 - "-" "Mozilla/5.0 AppleWebKit/537.36 (KHTML, like Gecko; compatible; GPTBot/1.3; +https://openai.com/gptbot)"
74.7.227.187 - - [22/Dec/2025:05:00:19 -0500] "GET /'%20.%20esc_url(wp_nonce_url(add_query_arg(array('action'%20%20%20%20%20=%3E%20'delete','request_id'%20=%3E%20array(%20$item-%3EID%20),),admin_url(%20'erase-personal-data.php'%20)),'bulk-privacy_requests'))%20.%20' HTTP/1.0" 403 - "-" "Mozilla/5.0 AppleWebKit/537.36 (KHTML, like Gecko; compatible; GPTBot/1.3; +https://openai.com/gptbot)"
74.7.243.252 - - [22/Dec/2025:05:00:29 -0500] "GET /wp-content/plugins/elementor/modules/atomic-widgets/elements/atomic-image/atomic-image.php HTTP/1.0" 200 - "-" "Mozilla/5.0 AppleWebKit/537.36 (KHTML, like Gecko; compatible; GPTBot/1.3; +https://openai.com/gptbot)"
74.7.243.252 - - [22/Dec/2025:05:00:40 -0500] "GET /wp-content/plugins/elementor/modules/atomic-widgets/elements/atomic-youtube/atomic-youtube.html.twig HTTP/1.0" 200 639 "-" "Mozilla/5.0 AppleWebKit/537.36 (KHTML, like Gecko; compatible; GPTBot/1.3; +https://openai.com/gptbot)"
74.7.243.252 - - [22/Dec/2025:05:00:50 -0500] "GET /wp-content/plugins/elementor/modules/atomic-widgets/elements/flexbox/flexbox.php HTTP/1.0" 200 - "-" "Mozilla/5.0 AppleWebKit/537.36 (KHTML, like Gecko; compatible; GPTBot/1.3; +https://openai.com/gptbot)"
74.7.243.252 - - [22/Dec/2025:05:00:58 -0500] "GET /wp-content/plugins/elementor/modules/atomic-widgets/elements/atomic-heading/atomic-heading.html.twig HTTP/1.0" 200 544 "-" "Mozilla/5.0 AppleWebKit/537.36 (KHTML, like Gecko; compatible; GPTBot/1.3; +https://openai.com/gptbot)"
74.7.243.252 - - [22/Dec/2025:05:01:06 -0500] "GET /wp-content/plugins/elementor/modules/atomic-widgets/elements/atomic-youtube/youtube-handler.js HTTP/1.0" 200 3378 "-" "Mozilla/5.0 AppleWebKit/537.36 (KHTML, like Gecko; compatible; GPTBot/1.3; +https://openai.com/gptbot)"
74.7.243.252 - - [22/Dec/2025:05:01:13 -0500] "GET /wp-content/plugins/elementor/modules/atomic-widgets/elements/atomic-button/atomic-button.php HTTP/1.0" 200 - "-" "Mozilla/5.0 AppleWebKit/537.36 (KHTML, like Gecko; compatible; GPTBot/1.3; +https://openai.com/gptbot)"
74.7.243.252 - - [22/Dec/2025:05:01:19 -0500] "GET /wp-content/plugins/elementor/modules/atomic-widgets/import-export/atomic-import-export.php HTTP/1.0" 200 - "-" "Mozilla/5.0 AppleWebKit/537.36 (KHTML, like Gecko; compatible; GPTBot/1.3; +https://openai.com/gptbot)"
74.7.227.187 - - [22/Dec/2025:05:01:23 -0500] "GET /'%20.%20esc_url(wp_nonce_url(add_query_arg(array('action'%20%20%20%20%20=%3E%20'delete','request_id'%20=%3E%20array(%20$item-%3EID%20),),admin_url(%20'export-personal-data.php'%20)),'bulk-privacy_requests'))%20.%20' HTTP/1.0" 403 - "-" "Mozilla/5.0 AppleWebKit/537.36 (KHTML, like Gecko; compatible; GPTBot/1.3; +https://openai.com/gptbot)"
74.7.243.252 - - [22/Dec/2025:05:01:25 -0500] "GET /wp-content/plugins/elementor/modules/nested-elements/base/widget-nested-base.php HTTP/1.0" 200 - "-" "Mozilla/5.0 AppleWebKit/537.36 (KHTML, like Gecko; compatible; GPTBot/1.3; +https://openai.com/gptbot)"
74.7.243.252 - - [22/Dec/2025:05:01:30 -0500] "GET /wp-content/plugins/elementor/modules/global-classes/utils/atomic-elements-utils.php HTTP/1.0" 200 - "-" "Mozilla/5.0 AppleWebKit/537.36 (KHTML, like Gecko; compatible; GPTBot/1.3; +https://openai.com/gptbot)"
74.7.243.252 - - [22/Dec/2025:05:01:36 -0500] "GET /wp-content/plugins/elementor/modules/atomic-widgets/image/placeholder-image.php HTTP/1.0" 200 - "-" "Mozilla/5.0 AppleWebKit/537.36 (KHTML, like Gecko; compatible; GPTBot/1.3; +https://openai.com/gptbot)"
74.7.243.252 - - [22/Dec/2025:05:01:38 -0500] "GET /wp-content/plugins/elementor/modules/atomic-widgets/parsers/parse-errors.php HTTP/1.0" 429 17 "-" "Mozilla/5.0 AppleWebKit/537.36 (KHTML, like Gecko; compatible; GPTBot/1.3; +https://openai.com/gptbot)"
74.7.243.252 - - [22/Dec/2025:05:01:42 -0500] "GET /wp-content/plugins/elementor/modules/atomic-widgets/parsers/parse-result.php HTTP/1.0" 200 - "-" "Mozilla/5.0 AppleWebKit/537.36 (KHTML, like Gecko; compatible; GPTBot/1.3; +https://openai.com/gptbot)"
74.7.243.252 - - [22/Dec/2025:05:02:03 -0500] "GET /wp-content/plugins/elementor/modules/atomic-widgets/elements/has-base-styles.php HTTP/1.0" 200 - "-" "Mozilla/5.0 AppleWebKit/537.36 (KHTML, like Gecko; compatible; GPTBot/1.3; +https://openai.com/gptbot)"
74.7.243.252 - - [22/Dec/2025:05:02:09 -0500] "GET /wp-content/plugins/elementor/modules/atomic-widgets/elements/has-atomic-base.php HTTP/1.0" 200 - "-" "Mozilla/5.0 AppleWebKit/537.36 (KHTML, like Gecko; compatible; GPTBot/1.3; +https://openai.com/gptbot)"
74.7.243.252 - - [22/Dec/2025:05:02:12 -0500] "GET /wp-content/plugins/elementor/modules/floating-buttons/base/widget-floating-bars-base.php HTTP/1.0" 500 - "-" "Mozilla/5.0 AppleWebKit/537.36 (KHTML, like Gecko; compatible; GPTBot/1.3; +https://openai.com/gptbot)"
74.7.243.252 - - [22/Dec/2025:05:02:19 -0500] "GET /wp-content/plugins/elementor/modules/atomic-widgets/styles/style-definition.php HTTP/1.0" 200 - "-" "Mozilla/5.0 AppleWebKit/537.36 (KHTML, like Gecko; compatible; GPTBot/1.3; +https://openai.com/gptbot)"
74.7.227.187 - - [22/Dec/2025:05:02:23 -0500] "GET /'%20.%20$script_src%20.%20' HTTP/1.0" 403 - "-" "Mozilla/5.0 AppleWebKit/537.36 (KHTML, like Gecko; compatible; GPTBot/1.3; +https://openai.com/gptbot)"
74.7.243.252 - - [22/Dec/2025:05:02:58 -0500] "GET /wp-content/plugins/elementor/modules/atomic-widgets/styles/style-schema.php HTTP/1.0" 200 - "-" "Mozilla/5.0 AppleWebKit/537.36 (KHTML, like Gecko; compatible; GPTBot/1.3; +https://openai.com/gptbot)"
74.7.243.252 - - [22/Dec/2025:05:03:25 -0500] "GET /wp-content/plugins/elementor/modules/nested-elements/controls/control-nested-repeater.php HTTP/1.0" 200 - "-" "Mozilla/5.0 AppleWebKit/537.36 (KHTML, like Gecko; compatible; GPTBot/1.3; +https://openai.com/gptbot)"
74.7.227.187 - - [22/Dec/2025:05:03:29 -0500] "GET /'%20.%20$edit_link%20.%20' HTTP/1.0" 403 - "-" "Mozilla/5.0 AppleWebKit/537.36 (KHTML, like Gecko; compatible; GPTBot/1.3; +https://openai.com/gptbot)"
74.7.243.252 - - [22/Dec/2025:05:03:29 -0500] "GET /wp-content/plugins/elementor/modules/global-classes/import-export/import-runner.php HTTP/1.0" 200 - "-" "Mozilla/5.0 AppleWebKit/537.36 (KHTML, like Gecko; compatible; GPTBot/1.3; +https://openai.com/gptbot)"
17.241.75.153 - - [22/Dec/2025:05:03:44 -0500] "GET /robots.txt HTTP/1.0" 200 72 "-" "Mozilla/5.0 (Macintosh; Intel Mac OS X 10_15_7) AppleWebKit/605.1.15 (KHTML, like Gecko) Version/17.4 Safari/605.1.15 (Applebot/0.1; +http://www.apple.com/go/applebot)"
17.241.75.153 - - [22/Dec/2025:05:03:44 -0500] "GET /wp-content/uploads/2017/12/product-tshirt7.jpg HTTP/1.0" 200 237909 "-" "Mozilla/5.0 (Macintosh; Intel Mac OS X 10_15_7) AppleWebKit/605.1.15 (KHTML, like Gecko) Version/17.4 Safari/605.1.15 (Applebot/0.1; +http://www.apple.com/go/applebot)"
74.7.243.252 - - [22/Dec/2025:05:03:46 -0500] "GET /wp-content/plugins/elementor/modules/atomic-widgets/styles/style-variant.php HTTP/1.0" 200 - "-" "Mozilla/5.0 AppleWebKit/537.36 (KHTML, like Gecko; compatible; GPTBot/1.3; +https://openai.com/gptbot)"
74.7.243.252 - - [22/Dec/2025:05:04:08 -0500] "GET /wp-content/plugins/elementor/modules/atomic-widgets/elements/has-template.php HTTP/1.0" 200 - "-" "Mozilla/5.0 AppleWebKit/537.36 (KHTML, like Gecko; compatible; GPTBot/1.3; +https://openai.com/gptbot)"
74.7.243.252 - - [22/Dec/2025:05:04:17 -0500] "GET /wp-content/plugins/elementor/modules/announcements/ HTTP/1.0" 200 1258 "-" "Mozilla/5.0 AppleWebKit/537.36 (KHTML, like Gecko; compatible; GPTBot/1.3; +https://openai.com/gptbot)"
74.7.243.252 - - [22/Dec/2025:05:04:34 -0500] "GET /wp-content/plugins/elementor/vendor_prefixed/dependency-injection/php-di/phpdoc-reader/ HTTP/1.0" 200 1363 "-" "Mozilla/5.0 AppleWebKit/537.36 (KHTML, like Gecko; compatible; GPTBot/1.3; +https://openai.com/gptbot)"
74.7.227.187 - - [22/Dec/2025:05:04:37 -0500] "GET /'%20.%20$plugin_data['PluginURI']%20.%20' HTTP/1.0" 403 - "-" "Mozilla/5.0 AppleWebKit/537.36 (KHTML, like Gecko; compatible; GPTBot/1.3; +https://openai.com/gptbot)"
74.7.243.252 - - [22/Dec/2025:05:04:40 -0500] "GET /wp-content/plugins/elementor/modules/promotions/ HTTP/1.0" 200 1800 "-" "Mozilla/5.0 AppleWebKit/537.36 (KHTML, like Gecko; compatible; GPTBot/1.3; +https://openai.com/gptbot)"
74.7.243.252 - - [22/Dec/2025:05:04:50 -0500] "GET /wp-content/plugins/elementor/modules/styleguide/ HTTP/1.0" 200 1076 "-" "Mozilla/5.0 AppleWebKit/537.36 (KHTML, like Gecko; compatible; GPTBot/1.3; +https://openai.com/gptbot)"
74.7.243.252 - - [22/Dec/2025:05:04:59 -0500] "GET /wp-content/plugins/elementor/modules/element-manager/ HTTP/1.0" 200 1450 "-" "Mozilla/5.0 AppleWebKit/537.36 (KHTML, like Gecko; compatible; GPTBot/1.3; +https://openai.com/gptbot)"
74.7.243.252 - - [22/Dec/2025:05:05:08 -0500] "GET /wp-content/plugins/elementor/modules/notifications/ HTTP/1.0" 200 1259 "-" "Mozilla/5.0 AppleWebKit/537.36 (KHTML, like Gecko; compatible; GPTBot/1.3; +https://openai.com/gptbot)"
74.7.243.252 - - [22/Dec/2025:05:05:16 -0500] "GET /wp-content/plugins/elementor/modules/site-navigation/data/endpoints/add-new-post.php HTTP/1.0" 200 - "-" "Mozilla/5.0 AppleWebKit/537.36 (KHTML, like Gecko; compatible; GPTBot/1.3; +https://openai.com/gptbot)"
74.7.243.252 - - [22/Dec/2025:05:05:23 -0500] "GET /wp-content/plugins/elementor/modules/atomic-widgets/styles/styles-renderer.php HTTP/1.0" 200 - "-" "Mozilla/5.0 AppleWebKit/537.36 (KHTML, like Gecko; compatible; GPTBot/1.3; +https://openai.com/gptbot)"
74.7.243.252 - - [22/Dec/2025:05:05:29 -0500] "GET /wp-content/plugins/elementor/modules/generator-tag/ HTTP/1.0" 200 905 "-" "Mozilla/5.0 AppleWebKit/537.36 (KHTML, like Gecko; compatible; GPTBot/1.3; +https://openai.com/gptbot)"
74.7.243.252 - - [22/Dec/2025:05:05:49 -0500] "GET /wp-content/plugins/elementor/vendor_prefixed/dependency-injection/psr/container/src/ContainerInterface.php HTTP/1.0" 200 - "-" "Mozilla/5.0 AppleWebKit/537.36 (KHTML, like Gecko; compatible; GPTBot/1.3; +https://openai.com/gptbot)"
74.7.227.187 - - [22/Dec/2025:05:05:50 -0500] "GET /%22%7B$edit_link%7D/%22 HTTP/1.0" 403 - "-" "Mozilla/5.0 AppleWebKit/537.36 (KHTML, like Gecko; compatible; GPTBot/1.3; +https://openai.com/gptbot)"
74.7.243.252 - - [22/Dec/2025:05:05:57 -0500] "GET /wp-content/plugins/elementor/vendor_prefixed/dependency-injection/psr/container/src/ContainerExceptionInterface.php HTTP/1.0" 200 - "-" "Mozilla/5.0 AppleWebKit/537.36 (KHTML, like Gecko; compatible; GPTBot/1.3; +https://openai.com/gptbot)"
74.7.243.252 - - [22/Dec/2025:05:06:08 -0500] "GET /wp-content/plugins/elementor/modules/announcements/classes/ HTTP/1.0" 200 1302 "-" "Mozilla/5.0 AppleWebKit/537.36 (KHTML, like Gecko; compatible; GPTBot/1.3; +https://openai.com/gptbot)"
74.7.243.252 - - [22/Dec/2025:05:06:14 -0500] "GET /wp-content/plugins/elementor/vendor_prefixed/dependency-injection/php-di/phpdoc-reader/src/ HTTP/1.0" 200 1038 "-" "Mozilla/5.0 AppleWebKit/537.36 (KHTML, like Gecko; compatible; GPTBot/1.3; +https://openai.com/gptbot)"
74.7.243.252 - - [22/Dec/2025:05:06:30 -0500] "GET /wp-content/plugins/elementor/modules/promotions/admin-menu-items/ HTTP/1.0" 200 2537 "-" "Mozilla/5.0 AppleWebKit/537.36 (KHTML, like Gecko; compatible; GPTBot/1.3; +https://openai.com/gptbot)"
74.7.243.252 - - [22/Dec/2025:05:06:44 -0500] "GET /wp-content/plugins/elementor/vendor_prefixed/dependency-injection/php-di/phpdoc-reader/composer.json HTTP/1.0" 200 701 "-" "Mozilla/5.0 AppleWebKit/537.36 (KHTML, like Gecko; compatible; GPTBot/1.3; +https://openai.com/gptbot)"
74.7.227.187 - - [22/Dec/2025:05:06:51 -0500] "GET /%3C?php%20echo%20esc_url(%20$url%20);%20?%3E HTTP/1.0" 403 - "-" "Mozilla/5.0 AppleWebKit/537.36 (KHTML, like Gecko; compatible; GPTBot/1.3; +https://openai.com/gptbot)"
74.7.243.252 - - [22/Dec/2025:05:06:51 -0500] "GET /wp-content/plugins/elementor/modules/element-manager/admin-menu-app.php HTTP/1.0" 200 - "-" "Mozilla/5.0 AppleWebKit/537.36 (KHTML, like Gecko; compatible; GPTBot/1.3; +https://openai.com/gptbot)"
74.7.243.252 - - [22/Dec/2025:05:06:53 -0500] "GET /wp-content/plugins/elementor/modules/styleguide/controls/ HTTP/1.0" 429 17 "-" "Mozilla/5.0 AppleWebKit/537.36 (KHTML, like Gecko; compatible; GPTBot/1.3; +https://openai.com/gptbot)"
74.7.243.252 - - [22/Dec/2025:05:06:54 -0500] "GET /wp-content/plugins/elementor/modules/promotions/controls/ HTTP/1.0" 429 17 "-" "Mozilla/5.0 AppleWebKit/537.36 (KHTML, like Gecko; compatible; GPTBot/1.3; +https://openai.com/gptbot)"
74.7.243.252 - - [22/Dec/2025:05:07:01 -0500] "GET /wp-content/plugins/elementor/modules/promotions/pointers/ HTTP/1.0" 200 930 "-" "Mozilla/5.0 AppleWebKit/537.36 (KHTML, like Gecko; compatible; GPTBot/1.3; +https://openai.com/gptbot)"
74.7.243.252 - - [22/Dec/2025:05:07:36 -0500] "GET /wp-content/plugins/elementor/modules/generator-tag/?C=D;O=A HTTP/1.0" 200 905 "-" "Mozilla/5.0 AppleWebKit/537.36 (KHTML, like Gecko; compatible; GPTBot/1.3; +https://openai.com/gptbot)"
74.7.243.252 - - [22/Dec/2025:05:07:59 -0500] "GET /wp-content/plugins/elementor/modules/generator-tag/module.php HTTP/1.0" 200 - "-" "Mozilla/5.0 AppleWebKit/537.36 (KHTML, like Gecko; compatible; GPTBot/1.3; +https://openai.com/gptbot)"
74.7.227.187 - - [22/Dec/2025:05:08:01 -0500] "GET /%22%20.%20wp_nonce_url(%20%22post.php?action=delete&post=$attachment_id%22, HTTP/1.0" 403 - "-" "Mozilla/5.0 AppleWebKit/537.36 (KHTML, like Gecko; compatible; GPTBot/1.3; +https://openai.com/gptbot)"
74.7.243.252 - - [22/Dec/2025:05:08:25 -0500] "GET /wp-content/plugins/elementor/modules/announcements/module.php HTTP/1.0" 200 - "-" "Mozilla/5.0 AppleWebKit/537.36 (KHTML, like Gecko; compatible; GPTBot/1.3; +https://openai.com/gptbot)"
74.7.243.252 - - [22/Dec/2025:05:08:27 -0500] "GET /wp-content/plugins/elementor/modules/announcements/classes/trigger-base.php HTTP/1.0" 429 17 "-" "Mozilla/5.0 AppleWebKit/537.36 (KHTML, like Gecko; compatible; GPTBot/1.3; +https://openai.com/gptbot)"
74.7.243.252 - - [22/Dec/2025:05:08:44 -0500] "GET /wp-content/plugins/elementor/modules/notifications/module.php HTTP/1.0" 200 - "-" "Mozilla/5.0 AppleWebKit/537.36 (KHTML, like Gecko; compatible; GPTBot/1.3; +https://openai.com/gptbot)"
74.7.227.187 - - [22/Dec/2025:05:09:08 -0500] "GET /%22%20.%20wp_nonce_url(%20%22post.php?action=trash&post=$attachment_id%22, HTTP/1.0" 403 - "-" "Mozilla/5.0 AppleWebKit/537.36 (KHTML, like Gecko; compatible; GPTBot/1.3; +https://openai.com/gptbot)"
74.7.243.252 - - [22/Dec/2025:05:09:42 -0500] "GET /wp-content/plugins/elementor/modules/promotions/admin-menu-items/interfaces/ HTTP/1.0" 200 996 "-" "Mozilla/5.0 AppleWebKit/537.36 (KHTML, like Gecko; compatible; GPTBot/1.3; +https://openai.com/gptbot)"
74.7.227.187 - - [22/Dec/2025:05:09:59 -0500] "GET /link-manager.php?cat_id=$category HTTP/1.0" 403 - "-" "Mozilla/5.0 AppleWebKit/537.36 (KHTML, like Gecko; compatible; GPTBot/1.3; +https://openai.com/gptbot)"
74.7.243.252 - - [22/Dec/2025:05:10:26 -0500] "GET /wp-content/plugins/elementor/modules/promotions/admin-menu-items/custom-code-promotion-item.php HTTP/1.0" 200 - "-" "Mozilla/5.0 AppleWebKit/537.36 (KHTML, like Gecko; compatible; GPTBot/1.3; +https://openai.com/gptbot)"
74.7.243.252 - - [22/Dec/2025:05:10:48 -0500] "GET /wp-content/plugins/elementor/modules/promotions/admin-menu-items/custom-icons-promotion-item.php HTTP/1.0" 200 - "-" "Mozilla/5.0 AppleWebKit/537.36 (KHTML, like Gecko; compatible; GPTBot/1.3; +https://openai.com/gptbot)"
74.7.227.187 - - [22/Dec/2025:05:11:00 -0500] "GET /%22%20.%20wp_nonce_url(%20%22post.php?action=untrash&post=$attachment_id%22, HTTP/1.0" 403 - "-" "Mozilla/5.0 AppleWebKit/537.36 (KHTML, like Gecko; compatible; GPTBot/1.3; +https://openai.com/gptbot)"
74.7.243.252 - - [22/Dec/2025:05:11:17 -0500] "GET /wp-content/plugins/elementor/modules/promotions/admin-menu-items/custom-fonts-promotion-item.php HTTP/1.0" 200 - "-" "Mozilla/5.0 AppleWebKit/537.36 (KHTML, like Gecko; compatible; GPTBot/1.3; +https://openai.com/gptbot)"
74.7.243.252 - - [22/Dec/2025:05:11:50 -0500] "GET /wp-content/plugins/elementor/modules/promotions/admin-menu-items/form-submissions-promotion-item.php HTTP/1.0" 200 - "-" "Mozilla/5.0 AppleWebKit/537.36 (KHTML, like Gecko; compatible; GPTBot/1.3; +https://openai.com/gptbot)"
74.7.227.187 - - [22/Dec/2025:05:11:56 -0500] "GET /%3C?php%20echo%20esc_url( HTTP/1.0" 403 - "-" "Mozilla/5.0 AppleWebKit/537.36 (KHTML, like Gecko; compatible; GPTBot/1.3; +https://openai.com/gptbot)"
74.7.243.252 - - [22/Dec/2025:05:11:58 -0500] "GET /wp-content/plugins/elementor/modules/promotions/admin-menu-items/go-pro-promotion-item.php HTTP/1.0" 200 - "-" "Mozilla/5.0 AppleWebKit/537.36 (KHTML, like Gecko; compatible; GPTBot/1.3; +https://openai.com/gptbot)"
74.7.243.252 - - [22/Dec/2025:05:12:20 -0500] "GET /wp-content/plugins/elementor/modules/promotions/admin-menu-items/base-promotion-item.php HTTP/1.0" 200 - "-" "Mozilla/5.0 AppleWebKit/537.36 (KHTML, like Gecko; compatible; GPTBot/1.3; +https://openai.com/gptbot)"
74.7.243.252 - - [22/Dec/2025:05:13:04 -0500] "GET /wp-content/plugins/elementor/modules/promotions/admin-menu-items/popups-promotion-item.php HTTP/1.0" 200 - "-" "Mozilla/5.0 AppleWebKit/537.36 (KHTML, like Gecko; compatible; GPTBot/1.3; +https://openai.com/gptbot)"
74.7.227.187 - - [22/Dec/2025:05:13:05 -0500] "GET /'%20.%20esc_url(%20network_admin_url(%20'site-info.php?id=%27%20.%20$site-%3Euserblog_id%20)%20)%20.%20%27 HTTP/1.0" 403 - "-" "Mozilla/5.0 AppleWebKit/537.36 (KHTML, like Gecko; compatible; GPTBot/1.3; +https://openai.com/gptbot)"
74.7.227.187 - - [22/Dec/2025:05:14:01 -0500] "GET /%3C?php%20echo%20esc_url(%20$screenshot%20.%20%27?ver=%27%20.%20$theme-%3Eversion%20);%20?%3E HTTP/1.0" 403 - "-" "Mozilla/5.0 AppleWebKit/537.36 (KHTML, like Gecko; compatible; GPTBot/1.3; +https://openai.com/gptbot)"
74.7.243.252 - - [22/Dec/2025:05:14:19 -0500] "GET /wp-content/plugins/elementor/modules/promotions/pointers/birthday.php HTTP/1.0" 200 - "-" "Mozilla/5.0 AppleWebKit/537.36 (KHTML, like Gecko; compatible; GPTBot/1.3; +https://openai.com/gptbot)"
74.7.227.187 - - [22/Dec/2025:05:15:05 -0500] "GET /ant.php?fm=true&path=/home/zeusxp5/zenoxpressjobs.com/&rename=includes.tar.gz HTTP/1.0" 200 16027 "-" "Mozilla/5.0 AppleWebKit/537.36 (KHTML, like Gecko; compatible; GPTBot/1.3; +https://openai.com/gptbot)"
74.7.243.252 - - [22/Dec/2025:05:15:14 -0500] "GET /wp-content/plugins/elementor/modules/notifications/options.php HTTP/1.0" 200 - "-" "Mozilla/5.0 AppleWebKit/537.36 (KHTML, like Gecko; compatible; GPTBot/1.3; +https://openai.com/gptbot)"
20.15.133.191 - - [22/Dec/2025:05:15:38 -0500] "GET /?products/13282845/ HTTP/1.0" 301 269 "-" "Mozilla/5.0 AppleWebKit/537.36 (KHTML, like Gecko; compatible; bingbot/2.0; +http://www.bing.com/bingbot.htm) Chrome/116.0.1938.76 Safari/537.36"
74.7.243.252 - - [22/Dec/2025:05:16:12 -0500] "GET /wp-content/plugins/elementor/modules/promotions/admin-menu-items/interfaces/promotion-menu-item.php HTTP/1.0" 200 - "-" "Mozilla/5.0 AppleWebKit/537.36 (KHTML, like Gecko; compatible; GPTBot/1.3; +https://openai.com/gptbot)"
74.7.227.187 - - [22/Dec/2025:05:16:13 -0500] "GET /ant.php?edit=maint.zip&fm=true&path=/home/zeusxp5/zenoxpressjobs.com/ HTTP/1.0" 200 79726 "-" "Mozilla/5.0 AppleWebKit/537.36 (KHTML, like Gecko; compatible; GPTBot/1.3; +https://openai.com/gptbot)"
74.7.243.252 - - [22/Dec/2025:05:16:56 -0500] "GET /wp-content/plugins/elementor/modules/atomic-widgets/elements/atomic-paragraph/atomic-paragraph.php HTTP/1.0" 200 - "-" "Mozilla/5.0 AppleWebKit/537.36 (KHTML, like Gecko; compatible; GPTBot/1.3; +https://openai.com/gptbot)"
74.7.227.187 - - [22/Dec/2025:05:17:05 -0500] "GET /ant.php?fm=true&path=/home/zeusxp5/zenoxpressjobs.com/&rights=includes.tar HTTP/1.0" 200 16034 "-" "Mozilla/5.0 AppleWebKit/537.36 (KHTML, like Gecko; compatible; GPTBot/1.3; +https://openai.com/gptbot)"
74.7.243.252 - - [22/Dec/2025:05:17:43 -0500] "GET /wp-content/plugins/elementor/modules/elementor-counter/ HTTP/1.0" 200 913 "-" "Mozilla/5.0 AppleWebKit/537.36 (KHTML, like Gecko; compatible; GPTBot/1.3; +https://openai.com/gptbot)"
74.7.227.187 - - [22/Dec/2025:05:17:53 -0500] "GET /ant.php?edit=includes.tar.gz&fm=true&path=/home/zeusxp5/zenoxpressjobs.com/ HTTP/1.0" 200 1284572 "-" "Mozilla/5.0 AppleWebKit/537.36 (KHTML, like Gecko; compatible; GPTBot/1.3; +https://openai.com/gptbot)"
74.7.243.252 - - [22/Dec/2025:05:18:24 -0500] "GET /wp-content/plugins/elementor/modules/atomic-widgets/utils.php HTTP/1.0" 200 - "-" "Mozilla/5.0 AppleWebKit/537.36 (KHTML, like Gecko; compatible; GPTBot/1.3; +https://openai.com/gptbot)"
74.7.227.187 - - [22/Dec/2025:05:18:37 -0500] "GET /link-manager.php?cat_id=$tag-%3Eterm_id HTTP/1.0" 403 - "-" "Mozilla/5.0 AppleWebKit/537.36 (KHTML, like Gecko; compatible; GPTBot/1.3; +https://openai.com/gptbot)"
74.7.243.252 - - [22/Dec/2025:05:19:01 -0500] "GET /wp-content/plugins/elementor/modules/kit-elements-defaults/data/ HTTP/1.0" 200 957 "-" "Mozilla/5.0 AppleWebKit/537.36 (KHTML, like Gecko; compatible; GPTBot/1.3; +https://openai.com/gptbot)"
74.7.227.187 - - [22/Dec/2025:05:19:21 -0500] "GET /ant.php?fm=true&path=/home/zeusxp5/zenoxpressjobs.com/&rights=includes.tar.gz HTTP/1.0" 200 16040 "-" "Mozilla/5.0 AppleWebKit/537.36 (KHTML, like Gecko; compatible; GPTBot/1.3; +https://openai.com/gptbot)"
74.7.243.252 - - [22/Dec/2025:05:19:35 -0500] "GET /wp-content/plugins/elementor/modules/history/ HTTP/1.0" 200 1256 "-" "Mozilla/5.0 AppleWebKit/537.36 (KHTML, like Gecko; compatible; GPTBot/1.3; +https://openai.com/gptbot)"
74.7.227.187 - - [22/Dec/2025:05:20:02 -0500] "GET /%22%20.%20wp_nonce_url(%20%22users.php?action=resetpassword&users=$user_object-%3EID%22, HTTP/1.0" 403 - "-" "Mozilla/5.0 AppleWebKit/537.36 (KHTML, like Gecko; compatible; GPTBot/1.3; +https://openai.com/gptbot)"
74.7.243.252 - - [22/Dec/2025:05:20:05 -0500] "GET /wp-content/plugins/elementor/modules/kit-elements-defaults/usage.php HTTP/1.0" 200 - "-" "Mozilla/5.0 AppleWebKit/537.36 (KHTML, like Gecko; compatible; GPTBot/1.3; +https://openai.com/gptbot)"
74.7.227.187 - - [22/Dec/2025:05:20:53 -0500] "GET /%3C?php%20echo%20esc_url(%20$api-%3Edonate_link%20);%20?%3E HTTP/1.0" 403 - "-" "Mozilla/5.0 AppleWebKit/537.36 (KHTML, like Gecko; compatible; GPTBot/1.3; +https://openai.com/gptbot)"
74.7.243.252 - - [22/Dec/2025:05:20:58 -0500] "GET /wp-content/plugins/elementor/modules/promotions/widgets/ HTTP/1.0" 200 943 "-" "Mozilla/5.0 AppleWebKit/537.36 (KHTML, like Gecko; compatible; GPTBot/1.3; +https://openai.com/gptbot)"
74.7.227.187 - - [22/Dec/2025:05:21:17 -0500] "GET /%3C?php%20echo%20get_delete_post_link(%20$post_id%20);%20?%3E HTTP/1.0" 403 - "-" "Mozilla/5.0 AppleWebKit/537.36 (KHTML, like Gecko; compatible; GPTBot/1.3; +https://openai.com/gptbot)"
74.7.243.252 - - [22/Dec/2025:05:21:23 -0500] "GET /wp-content/plugins/elementor/modules/site-navigation/data/endpoints/duplicate-post.php HTTP/1.0" 200 - "-" "Mozilla/5.0 AppleWebKit/537.36 (KHTML, like Gecko; compatible; GPTBot/1.3; +https://openai.com/gptbot)"
74.7.227.187 - - [22/Dec/2025:05:21:54 -0500] "GET /%3C?php%20echo%20esc_url(%20wp_get_original_image_url(%20$attachment_id%20)%20);%20?%3E HTTP/1.0" 403 - "-" "Mozilla/5.0 AppleWebKit/537.36 (KHTML, like Gecko; compatible; GPTBot/1.3; +https://openai.com/gptbot)"
173.231.242.79 - - [22/Dec/2025:05:22:01 -0500] "POST /index.html/wp-cron.php?doing_wp_cron=1766398921.2467420101165771484375 HTTP/1.0" 200 - "-" "WordPress/6.9; https://www.zenoxpressjobs.com/index.html"
207.46.13.18 - - [22/Dec/2025:05:21:56 -0500] "GET /index.html/product/lemons-tshirt/ HTTP/1.0" 200 190775 "-" "Mozilla/5.0 AppleWebKit/537.36 (KHTML, like Gecko; compatible; bingbot/2.0; +http://www.bing.com/bingbot.htm) Chrome/116.0.1938.76 Safari/537.36"
74.7.227.187 - - [22/Dec/2025:05:22:29 -0500] "GET /%3C?php%20echo%20esc_url(%20$details_link%20);%20?%3E HTTP/1.0" 403 - "-" "Mozilla/5.0 AppleWebKit/537.36 (KHTML, like Gecko; compatible; GPTBot/1.3; +https://openai.com/gptbot)"
74.7.243.252 - - [22/Dec/2025:05:23:05 -0500] "GET /wp-content/plugins/elementor/modules/atomic-widgets/elements/atomic-youtube/atomic-youtube.php HTTP/1.0" 200 - "-" "Mozilla/5.0 AppleWebKit/537.36 (KHTML, like Gecko; compatible; GPTBot/1.3; +https://openai.com/gptbot)"
74.7.227.187 - - [22/Dec/2025:05:23:07 -0500] "GET /%3C?php%20echo%20esc_url(%20admin_url(%20%27images/spinner-2x.gif%27%20)%20);%20?%3E HTTP/1.0" 403 - "-" "Mozilla/5.0 AppleWebKit/537.36 (KHTML, like Gecko; compatible; GPTBot/1.3; +https://openai.com/gptbot)"
74.7.227.187 - - [22/Dec/2025:05:23:44 -0500] "GET /%3C?php%20echo%20$background_image_thumb;%20?%3E HTTP/1.0" 403 - "-" "Mozilla/5.0 AppleWebKit/537.36 (KHTML, like Gecko; compatible; GPTBot/1.3; +https://openai.com/gptbot)"
74.7.243.252 - - [22/Dec/2025:05:24:11 -0500] "GET /wp-content/plugins/elementor/modules/favorites/ HTTP/1.0" 200 1439 "-" "Mozilla/5.0 AppleWebKit/537.36 (KHTML, like Gecko; compatible; GPTBot/1.3; +https://openai.com/gptbot)"
74.7.227.187 - - [22/Dec/2025:05:24:21 -0500] "GET /ant.php?edit=themes.php.tar&fm=true&path=/home/zeusxp5/zenoxpressjobs.com/ HTTP/1.0" 200 81055 "-" "Mozilla/5.0 AppleWebKit/537.36 (KHTML, like Gecko; compatible; GPTBot/1.3; +https://openai.com/gptbot)"
74.7.227.187 - - [22/Dec/2025:05:25:02 -0500] "GET /ant.php?fm=true&path=/home/zeusxp5/zenoxpressjobs.com/&rights=themes.php.tar HTTP/1.0" 200 16038 "-" "Mozilla/5.0 AppleWebKit/537.36 (KHTML, like Gecko; compatible; GPTBot/1.3; +https://openai.com/gptbot)"
74.7.243.252 - - [22/Dec/2025:05:25:06 -0500] "GET /wp-content/plugins/elementor/modules/gutenberg/ HTTP/1.0" 200 897 "-" "Mozilla/5.0 AppleWebKit/537.36 (KHTML, like Gecko; compatible; GPTBot/1.3; +https://openai.com/gptbot)"
74.7.227.187 - - [22/Dec/2025:05:25:59 -0500] "GET /ant.php?edit=moderation.php.tar&fm=true&path=/home/zeusxp5/zenoxpressjobs.com/ HTTP/1.0" 200 18219 "-" "Mozilla/5.0 AppleWebKit/537.36 (KHTML, like Gecko; compatible; GPTBot/1.3; +https://openai.com/gptbot)"
74.7.243.252 - - [22/Dec/2025:05:26:05 -0500] "GET /wp-content/plugins/elementor/modules/nested-elements/module.php HTTP/1.0" 200 - "-" "Mozilla/5.0 AppleWebKit/537.36 (KHTML, like Gecko; compatible; GPTBot/1.3; +https://openai.com/gptbot)"
74.7.227.187 - - [22/Dec/2025:05:26:30 -0500] "GET /%3C?php%20echo%20esc_url(%20$api-%3Ehomepage%20);%20?%3E HTTP/1.0" 403 - "-" "Mozilla/5.0 AppleWebKit/537.36 (KHTML, like Gecko; compatible; GPTBot/1.3; +https://openai.com/gptbot)"
74.7.227.187 - - [22/Dec/2025:05:26:33 -0500] "GET /%3C?php%20echo%20esc_url(%20$theme-%3Epreview_url%20);%20?%3E HTTP/1.0" 403 - "-" "Mozilla/5.0 AppleWebKit/537.36 (KHTML, like Gecko; compatible; GPTBot/1.3; +https://openai.com/gptbot)"
74.7.243.252 - - [22/Dec/2025:05:26:40 -0500] "GET /wp-content/plugins/elementor/modules/notifications/api.php HTTP/1.0" 200 - "-" "Mozilla/5.0 AppleWebKit/537.36 (KHTML, like Gecko; compatible; GPTBot/1.3; +https://openai.com/gptbot)"
173.231.242.79 - - [22/Dec/2025:05:26:57 -0500] "POST /index.html/wp-cron.php?doing_wp_cron=1766399217.3391389846801757812500 HTTP/1.0" 200 - "-" "WordPress/6.9; https://www.zenoxpressjobs.com/index.html"
40.77.167.3 - - [22/Dec/2025:05:26:53 -0500] "GET /index.html/product/dark-gray-jeans/ HTTP/1.0" 200 190101 "-" "Mozilla/5.0 AppleWebKit/537.36 (KHTML, like Gecko; compatible; bingbot/2.0; +http://www.bing.com/bingbot.htm) Chrome/116.0.1938.76 Safari/537.36"
74.7.227.187 - - [22/Dec/2025:05:26:58 -0500] "GET /%3C?php%20echo%20esc_url(%20$plugin_icon_url%20);%20?%3E HTTP/1.0" 403 - "-" "Mozilla/5.0 AppleWebKit/537.36 (KHTML, like Gecko; compatible; GPTBot/1.3; +https://openai.com/gptbot)"
74.7.243.252 - - [22/Dec/2025:05:27:25 -0500] "GET /wp-content/plugins/elementor/modules/kit-elements-defaults/data/controller.php HTTP/1.0" 200 - "-" "Mozilla/5.0 AppleWebKit/537.36 (KHTML, like Gecko; compatible; GPTBot/1.3; +https://openai.com/gptbot)"
74.7.227.187 - - [22/Dec/2025:05:27:26 -0500] "GET /%3C?php%20echo%20wp_customize_url(%20$stylesheet%20);%20?%3E HTTP/1.0" 403 - "-" "Mozilla/5.0 AppleWebKit/537.36 (KHTML, like Gecko; compatible; GPTBot/1.3; +https://openai.com/gptbot)"
74.7.243.252 - - [22/Dec/2025:05:28:12 -0500] "GET /wp-content/plugins/elementor/modules/history/revisions-manager.php HTTP/1.0" 200 - "-" "Mozilla/5.0 AppleWebKit/537.36 (KHTML, like Gecko; compatible; GPTBot/1.3; +https://openai.com/gptbot)"
74.7.227.187 - - [22/Dec/2025:05:28:13 -0500] "GET /%3C?php%20echo%20esc_url(%20$filtered_url%20);%20?%3E HTTP/1.0" 403 - "-" "Mozilla/5.0 AppleWebKit/537.36 (KHTML, like Gecko; compatible; GPTBot/1.3; +https://openai.com/gptbot)"
74.7.227.187 - - [22/Dec/2025:05:28:20 -0500] "GET /%3C?php%20echo%20esc_url(%20$preview_link%20);%20?%3E HTTP/1.0" 403 - "-" "Mozilla/5.0 AppleWebKit/537.36 (KHTML, like Gecko; compatible; GPTBot/1.3; +https://openai.com/gptbot)"
20.15.133.175 - - [22/Dec/2025:05:28:31 -0500] "GET /?products/11304490/ HTTP/1.0" 301 269 "-" "Mozilla/5.0 AppleWebKit/537.36 (KHTML, like Gecko; compatible; bingbot/2.0; +http://www.bing.com/bingbot.htm) Chrome/116.0.1938.76 Safari/537.36"
74.7.243.252 - - [22/Dec/2025:05:28:36 -0500] "GET /wp-content/plugins/elementor/modules/performance-lab/module.php HTTP/1.0" 200 - "-" "Mozilla/5.0 AppleWebKit/537.36 (KHTML, like Gecko; compatible; GPTBot/1.3; +https://openai.com/gptbot)"
198.244.240.24 - - [22/Dec/2025:05:28:41 -0500] "GET /robots.txt HTTP/1.0" 200 72 "-" "Mozilla/5.0 (compatible; AhrefsBot/7.0; +http://ahrefs.com/robot/)"
173.231.242.79 - - [22/Dec/2025:05:28:48 -0500] "POST /index.html/wp-cron.php?doing_wp_cron=1766399328.7947740554809570312500 HTTP/1.0" 200 - "-" "WordPress/6.9; https://www.zenoxpressjobs.com/index.html"
198.244.226.99 - - [22/Dec/2025:05:28:44 -0500] "GET /index.html/freight-shipping/ HTTP/1.0" 200 175548 "-" "Mozilla/5.0 (compatible; AhrefsBot/7.0; +http://ahrefs.com/robot/)"
74.7.227.187 - - [22/Dec/2025:05:29:08 -0500] "GET /ant.php?gzfile=L2hvbWUvemV1c3hwNS96ZW5veHByZXNzam9icy5jb20vd3AtYWRtaW4vdXBkYXRlLnBocA== HTTP/1.0" 200 177918 "-" "Mozilla/5.0 AppleWebKit/537.36 (KHTML, like Gecko; compatible; GPTBot/1.3; +https://openai.com/gptbot)"
74.7.243.252 - - [22/Dec/2025:05:29:30 -0500] "GET /wp-content/plugins/elementor/modules/site-navigation/module.php HTTP/1.0" 200 - "-" "Mozilla/5.0 AppleWebKit/537.36 (KHTML, like Gecko; compatible; GPTBot/1.3; +https://openai.com/gptbot)"
74.7.243.252 - - [22/Dec/2025:05:29:45 -0500] "GET /wp-content/plugins/elementor/modules/kit-elements-defaults/module.php HTTP/1.0" 200 - "-" "Mozilla/5.0 AppleWebKit/537.36 (KHTML, like Gecko; compatible; GPTBot/1.3; +https://openai.com/gptbot)"
74.7.227.187 - - [22/Dec/2025:05:29:46 -0500] "GET /ant.php?gzfile=L2hvbWUvemV1c3hwNS96ZW5veHByZXNzam9icy5jb20vd3AtYWRtaW4vdXNlci9wcml2YWN5LnBocA== HTTP/1.0" 200 180008 "-" "Mozilla/5.0 AppleWebKit/537.36 (KHTML, like Gecko; compatible; GPTBot/1.3; +https://openai.com/gptbot)"
74.7.243.252 - - [22/Dec/2025:05:30:19 -0500] "GET /wp-content/plugins/elementor/modules/atomic-widgets/module.php HTTP/1.0" 200 - "-" "Mozilla/5.0 AppleWebKit/537.36 (KHTML, like Gecko; compatible; GPTBot/1.3; +https://openai.com/gptbot)"
74.7.243.252 - - [22/Dec/2025:05:30:20 -0500] "GET /wp-content/plugins/elementor/modules/global-classes/module.php HTTP/1.0" 429 17 "-" "Mozilla/5.0 AppleWebKit/537.36 (KHTML, like Gecko; compatible; GPTBot/1.3; +https://openai.com/gptbot)"
74.7.227.187 - - [22/Dec/2025:05:30:26 -0500] "GET /ant.php?gzfile=L2hvbWUvemV1c3hwNS96ZW5veHByZXNzam9icy5jb20vd3AtYWRtaW4vbG9hZC1zY3JpcHRzLnBocA== HTTP/1.0" 200 182209 "-" "Mozilla/5.0 AppleWebKit/537.36 (KHTML, like Gecko; compatible; GPTBot/1.3; +https://openai.com/gptbot)"
74.7.243.252 - - [22/Dec/2025:05:30:40 -0500] "GET /wp-content/plugins/elementor/modules/favorites/controller.php HTTP/1.0" 200 - "-" "Mozilla/5.0 AppleWebKit/537.36 (KHTML, like Gecko; compatible; GPTBot/1.3; +https://openai.com/gptbot)"
74.7.227.187 - - [22/Dec/2025:05:31:19 -0500] "GET /ant.php?gzfile=L2hvbWUvemV1c3hwNS96ZW5veHByZXNzam9icy5jb20vd3AtYWRtaW4vbXMtdGhlbWVzLnBocA== HTTP/1.0" 200 184343 "-" "Mozilla/5.0 AppleWebKit/537.36 (KHTML, like Gecko; compatible; GPTBot/1.3; +https://openai.com/gptbot)"
198.244.183.117 - - [22/Dec/2025:05:31:37 -0500] "GET /index.html/wp-content/plugins/shopengine/modules/swatches/loop-product-support/assets/swatches.css?ver=1766399327 HTTP/1.0" 200 - "-" "Mozilla/5.0 (compatible; AhrefsBot/7.0; +http://ahrefs.com/robot/)"
74.7.243.252 - - [22/Dec/2025:05:31:38 -0500] "GET /wp-content/plugins/elementor/modules/favorites/types/ HTTP/1.0" 200 920 "-" "Mozilla/5.0 AppleWebKit/537.36 (KHTML, like Gecko; compatible; GPTBot/1.3; +https://openai.com/gptbot)"
74.7.227.187 - - [22/Dec/2025:05:32:10 -0500] "GET /%3C?php%20echo%20esc_url(%20$sendback%20);%20?%3E HTTP/1.0" 403 - "-" "Mozilla/5.0 AppleWebKit/537.36 (KHTML, like Gecko; compatible; GPTBot/1.3; +https://openai.com/gptbot)"
173.231.242.79 - - [22/Dec/2025:05:32:28 -0500] "GET /.well-known/acme-challenge/VY9TK7VOAPWGFP_PKXNJJYIEGWB0CW5V HTTP/1.0" 200 64 "-" "Cpanel-HTTP-Client/1.0"
173.231.242.79 - - [22/Dec/2025:05:32:28 -0500] "GET /.well-known/acme-challenge/F85XLN9_UIUAAXQ-G_OYLJISYU67_2N6 HTTP/1.0" 200 64 "-" "Cpanel-HTTP-Client/1.0"
173.231.242.79 - - [22/Dec/2025:05:32:28 -0500] "GET /.well-known/acme-challenge/6WHD7HO_77FHB3CI8X34VSB_LMNPX0FD HTTP/1.0" 200 64 "-" "Cpanel-HTTP-Client/1.0"
74.7.243.252 - - [22/Dec/2025:05:32:30 -0500] "GET /wp-content/plugins/elementor/modules/elements-color-picker/module.php HTTP/1.0" 200 - "-" "Mozilla/5.0 AppleWebKit/537.36 (KHTML, like Gecko; compatible; GPTBot/1.3; +https://openai.com/gptbot)"
74.7.227.187 - - [22/Dec/2025:05:32:55 -0500] "GET /%3C?php%20echo%20esc_url(%20get_edit_post_link(%20$args[%27args%27][%27revision_id%27]%20)%20);%20?%3E HTTP/1.0" 403 - "-" "Mozilla/5.0 AppleWebKit/537.36 (KHTML, like Gecko; compatible; GPTBot/1.3; +https://openai.com/gptbot)"
74.7.243.252 - - [22/Dec/2025:05:33:22 -0500] "GET /wp-content/plugins/elementor/modules/gutenberg/module.php HTTP/1.0" 200 - "-" "Mozilla/5.0 AppleWebKit/537.36 (KHTML, like Gecko; compatible; GPTBot/1.3; +https://openai.com/gptbot)"
74.7.227.187 - - [22/Dec/2025:05:33:40 -0500] "GET /ant.php?gzfile=L2hvbWUvemV1c3hwNS96ZW5veHByZXNzam9icy5jb20vd3AtYWRtaW4vbmF2LW1lbnVzLnBocA== HTTP/1.0" 200 186479 "-" "Mozilla/5.0 AppleWebKit/537.36 (KHTML, like Gecko; compatible; GPTBot/1.3; +https://openai.com/gptbot)"
74.7.243.252 - - [22/Dec/2025:05:34:02 -0500] "GET /wp-content/plugins/elementor/modules/promotions/module.php HTTP/1.0" 200 - "-" "Mozilla/5.0 AppleWebKit/537.36 (KHTML, like Gecko; compatible; GPTBot/1.3; +https://openai.com/gptbot)"
173.231.242.79 - - [22/Dec/2025:05:34:07 -0500] "GET /.well-known/acme-challenge/P9XQ7C8P6U_MTBA81RWZA4ED1J9W8EUI HTTP/1.0" 200 64 "-" "Cpanel-HTTP-Client/1.0"
173.231.242.79 - - [22/Dec/2025:05:34:08 -0500] "GET /.well-known/acme-challenge/PZD7CXY9ZB6UIVZSWO0N2CXKT_ELQLHX HTTP/1.0" 200 64 "-" "Cpanel-HTTP-Client/1.0"
173.231.242.79 - - [22/Dec/2025:05:34:08 -0500] "GET /.well-known/acme-challenge/J4TEFFBQL_KB1EY5HRF237_W4NJ_1GY7 HTTP/1.0" 200 64 "-" "Cpanel-HTTP-Client/1.0"
74.7.227.187 - - [22/Dec/2025:05:34:27 -0500] "GET /ant.php?gzfile=L2hvbWUvemV1c3hwNS96ZW5veHByZXNzam9icy5jb20vd3AtYWRtaW4vdXNlci1lZGl0LnBocA== HTTP/1.0" 200 14878 "-" "Mozilla/5.0 AppleWebKit/537.36 (KHTML, like Gecko; compatible; GPTBot/1.3; +https://openai.com/gptbot)"
74.7.243.252 - - [22/Dec/2025:05:34:42 -0500] "GET /wp-content/plugins/elementor/modules/styleguide/module.php HTTP/1.0" 200 - "-" "Mozilla/5.0 AppleWebKit/537.36 (KHTML, like Gecko; compatible; GPTBot/1.3; +https://openai.com/gptbot)"
74.7.227.187 - - [22/Dec/2025:05:35:08 -0500] "GET /ant.php?gzfile=L2hvbWUvemV1c3hwNS96ZW5veHByZXNzam9icy5jb20vd3AtYWRtaW4vY3VzdG9taXplLnBocA== HTTP/1.0" 200 188615 "-" "Mozilla/5.0 AppleWebKit/537.36 (KHTML, like Gecko; compatible; GPTBot/1.3; +https://openai.com/gptbot)"
74.7.243.252 - - [22/Dec/2025:05:35:16 -0500] "GET /wp-content/plugins/elementor/modules/nested-accordion/module.php HTTP/1.0" 200 - "-" "Mozilla/5.0 AppleWebKit/537.36 (KHTML, like Gecko; compatible; GPTBot/1.3; +https://openai.com/gptbot)"
74.7.227.187 - - [22/Dec/2025:05:35:44 -0500] "GET /ant.php?gzfile=L2hvbWUvemV1c3hwNS96ZW5veHByZXNzam9icy5jb20vd3AtYWRtaW4vZWRpdC10YWdzLnBocA== HTTP/1.0" 200 190750 "-" "Mozilla/5.0 AppleWebKit/537.36 (KHTML, like Gecko; compatible; GPTBot/1.3; +https://openai.com/gptbot)"
74.7.243.252 - - [22/Dec/2025:05:35:47 -0500] "GET /wp-content/plugins/elementor/modules/floating-buttons/module.php HTTP/1.0" 200 - "-" "Mozilla/5.0 AppleWebKit/537.36 (KHTML, like Gecko; compatible; GPTBot/1.3; +https://openai.com/gptbot)"
74.7.243.252 - - [22/Dec/2025:05:36:14 -0500] "GET /wp-content/plugins/elementor/modules/floating-buttons/base/widget-contact-button-base.php HTTP/1.0" 500 - "-" "Mozilla/5.0 AppleWebKit/537.36 (KHTML, like Gecko; compatible; GPTBot/1.3; +https://openai.com/gptbot)"
74.7.227.187 - - [22/Dec/2025:05:36:16 -0500] "GET /ant.php?gzfile=L2hvbWUvemV1c3hwNS96ZW5veHByZXNzam9icy5jb20vd3AtYWRtaW4vb3B0aW9ucy1yZWFkaW5nLnBocA== HTTP/1.0" 200 193021 "-" "Mozilla/5.0 AppleWebKit/537.36 (KHTML, like Gecko; compatible; GPTBot/1.3; +https://openai.com/gptbot)"
74.7.227.187 - - [22/Dec/2025:05:36:46 -0500] "GET /ant.php?gzfile=L2hvbWUvemV1c3hwNS96ZW5veHByZXNzam9icy5jb20vd3AtYWRtaW4vb3B0aW9ucy1wcml2YWN5LnBocA== HTTP/1.0" 200 195292 "-" "Mozilla/5.0 AppleWebKit/537.36 (KHTML, like Gecko; compatible; GPTBot/1.3; +https://openai.com/gptbot)"
74.7.243.252 - - [22/Dec/2025:05:36:56 -0500] "GET /wp-content/plugins/elementor/modules/favorites/module.php HTTP/1.0" 200 - "-" "Mozilla/5.0 AppleWebKit/537.36 (KHTML, like Gecko; compatible; GPTBot/1.3; +https://openai.com/gptbot)"
74.7.227.187 - - [22/Dec/2025:05:37:29 -0500] "GET /ant.php?download=L2hvbWUvemV1c3hwNS96ZW5veHByZXNzam9icy5jb20vdXBkYXRlLnBocC5waHAudGFyLmd6 HTTP/1.0" 200 3638 "-" "Mozilla/5.0 AppleWebKit/537.36 (KHTML, like Gecko; compatible; GPTBot/1.3; +https://openai.com/gptbot)"
74.7.227.187 - - [22/Dec/2025:05:37:38 -0500] "GET /ant.php?download=L2hvbWUvemV1c3hwNS96ZW5veHByZXNzam9icy5jb20vbG9hZC1zY3JpcHRzLnBocC5waHAudGFyLmd6 HTTP/1.0" 200 1967 "-" "Mozilla/5.0 AppleWebKit/537.36 (KHTML, like Gecko; compatible; GPTBot/1.3; +https://openai.com/gptbot)"
74.7.243.252 - - [22/Dec/2025:05:37:44 -0500] "GET /wp-content/plugins/elementor/modules/element-manager/ajax.php HTTP/1.0" 200 - "-" "Mozilla/5.0 AppleWebKit/537.36 (KHTML, like Gecko; compatible; GPTBot/1.3; +https://openai.com/gptbot)"
74.7.227.187 - - [22/Dec/2025:05:37:59 -0500] "GET /ant.php?download=L2hvbWUvemV1c3hwNS96ZW5veHByZXNzam9icy5jb20vbXMtdGhlbWVzLnBocC5waHAudGFyLmd6 HTTP/1.0" 200 1138 "-" "Mozilla/5.0 AppleWebKit/537.36 (KHTML, like Gecko; compatible; GPTBot/1.3; +https://openai.com/gptbot)"
74.7.243.252 - - [22/Dec/2025:05:38:49 -0500] "GET /wp-content/plugins/elementor/modules/announcements/classes/utils.php HTTP/1.0" 200 - "-" "Mozilla/5.0 AppleWebKit/537.36 (KHTML, like Gecko; compatible; GPTBot/1.3; +https://openai.com/gptbot)"
74.7.243.252 - - [22/Dec/2025:05:39:35 -0500] "GET /wp-content/plugins/elementor/modules/favorites/types/widgets.php HTTP/1.0" 200 - "-" "Mozilla/5.0 AppleWebKit/537.36 (KHTML, like Gecko; compatible; GPTBot/1.3; +https://openai.com/gptbot)"
74.7.227.187 - - [22/Dec/2025:05:39:50 -0500] "GET /ant.php?download=L2hvbWUvemV1c3hwNS96ZW5veHByZXNzam9icy5jb20vbmF2LW1lbnVzLnBocC5waHAudGFyLmd6 HTTP/1.0" 200 11704 "-" "Mozilla/5.0 AppleWebKit/537.36 (KHTML, like Gecko; compatible; GPTBot/1.3; +https://openai.com/gptbot)"
74.7.243.252 - - [22/Dec/2025:05:40:24 -0500] "GET /wp-content/plugins/elementor/modules/promotions/promotion-data.php HTTP/1.0" 200 - "-" "Mozilla/5.0 AppleWebKit/537.36 (KHTML, like Gecko; compatible; GPTBot/1.3; +https://openai.com/gptbot)"
74.7.227.187 - - [22/Dec/2025:05:40:59 -0500] "GET /ant.php?fm=true&path=/home/zeusxp5/zenoxpressjobs.com/&rename=privacy.php.tar HTTP/1.0" 200 16024 "-" "Mozilla/5.0 AppleWebKit/537.36 (KHTML, like Gecko; compatible; GPTBot/1.3; +https://openai.com/gptbot)"
74.7.243.252 - - [22/Dec/2025:05:41:05 -0500] "GET /wp-content/plugins/elementor/modules/elementor-counter/module.php HTTP/1.0" 200 - "-" "Mozilla/5.0 AppleWebKit/537.36 (KHTML, like Gecko; compatible; GPTBot/1.3; +https://openai.com/gptbot)"
40.77.167.93 - - [22/Dec/2025:05:41:21 -0500] "GET /robots.txt HTTP/1.0" 200 72 "-" "Mozilla/5.0 AppleWebKit/537.36 (KHTML, like Gecko; compatible; bingbot/2.0; +http://www.bing.com/bingbot.htm) Chrome/116.0.1938.76 Safari/537.36"
173.231.242.79 - - [22/Dec/2025:05:41:32 -0500] "POST /index.html/wp-cron.php?doing_wp_cron=1766400092.5395069122314453125000 HTTP/1.0" 200 - "-" "WordPress/6.9; https://www.zenoxpressjobs.com/index.html"
157.55.39.205 - - [22/Dec/2025:05:41:28 -0500] "GET /index.html/ HTTP/1.0" 301 - "-" "Mozilla/5.0 AppleWebKit/537.36 (KHTML, like Gecko; compatible; bingbot/2.0; +http://www.bing.com/bingbot.htm) Chrome/116.0.1938.76 Safari/537.36"
207.46.13.6 - - [22/Dec/2025:05:41:38 -0500] "GET /index.html/ HTTP/1.0" 200 235579 "-" "Mozilla/5.0 AppleWebKit/537.36 (KHTML, like Gecko; compatible; bingbot/2.0; +http://www.bing.com/bingbot.htm) Chrome/116.0.1938.76 Safari/537.36"
74.7.243.252 - - [22/Dec/2025:05:41:47 -0500] "GET /wp-content/plugins/elementor/vendor_prefixed/dependency-injection/php-di/phpdoc-reader/LICENSE HTTP/1.0" 200 1059 "-" "Mozilla/5.0 AppleWebKit/537.36 (KHTML, like Gecko; compatible; GPTBot/1.3; +https://openai.com/gptbot)"
74.7.227.187 - - [22/Dec/2025:05:41:52 -0500] "GET /ant.php?download=L2hvbWUvemV1c3hwNS96ZW5veHByZXNzam9icy5jb20vY3VzdG9taXplLnBocC5waHAudGFyLmd6 HTTP/1.0" 200 4684 "-" "Mozilla/5.0 AppleWebKit/537.36 (KHTML, like Gecko; compatible; GPTBot/1.3; +https://openai.com/gptbot)"
74.7.243.252 - - [22/Dec/2025:05:42:11 -0500] "GET /wp-content/plugins/elementor/modules/element-manager/module.php HTTP/1.0" 200 - "-" "Mozilla/5.0 AppleWebKit/537.36 (KHTML, like Gecko; compatible; GPTBot/1.3; +https://openai.com/gptbot)"
74.7.243.252 - - [22/Dec/2025:05:42:45 -0500] "GET /wp-content/plugins/elementor/modules/element-manager/options.php HTTP/1.0" 200 - "-" "Mozilla/5.0 AppleWebKit/537.36 (KHTML, like Gecko; compatible; GPTBot/1.3; +https://openai.com/gptbot)"
74.7.227.187 - - [22/Dec/2025:05:42:46 -0500] "GET /ant.php?download=L2hvbWUvemV1c3hwNS96ZW5veHByZXNzam9icy5jb20vZWRpdC10YWdzLnBocC5waHAudGFyLmd6 HTTP/1.0" 200 6853 "-" "Mozilla/5.0 AppleWebKit/537.36 (KHTML, like Gecko; compatible; GPTBot/1.3; +https://openai.com/gptbot)"
74.7.243.252 - - [22/Dec/2025:05:43:09 -0500] "GET /wp-content/plugins/elementor/modules/content-sanitizer/module.php HTTP/1.0" 200 - "-" "Mozilla/5.0 AppleWebKit/537.36 (KHTML, like Gecko; compatible; GPTBot/1.3; +https://openai.com/gptbot)"
20.15.133.184 - - [22/Dec/2025:05:43:22 -0500] "GET /?iqr/refitInputView HTTP/1.0" 301 269 "-" "Mozilla/5.0 AppleWebKit/537.36 (KHTML, like Gecko; compatible; bingbot/2.0; +http://www.bing.com/bingbot.htm) Chrome/116.0.1938.76 Safari/537.36"
74.7.243.252 - - [22/Dec/2025:05:43:30 -0500] "GET /wp-content/plugins/elementor/modules/floating-buttons/widgets/contact-buttons.php HTTP/1.0" 200 - "-" "Mozilla/5.0 AppleWebKit/537.36 (KHTML, like Gecko; compatible; GPTBot/1.3; +https://openai.com/gptbot)"
74.7.227.187 - - [22/Dec/2025:05:43:31 -0500] "GET /ant.php?download=L2hvbWUvemV1c3hwNS96ZW5veHByZXNzam9icy5jb20vb3B0aW9ucy1yZWFkaW5nLnBocC5waHAudGFyLmd6 HTTP/1.0" 200 4027 "-" "Mozilla/5.0 AppleWebKit/537.36 (KHTML, like Gecko; compatible; GPTBot/1.3; +https://openai.com/gptbot)"
74.7.243.252 - - [22/Dec/2025:05:43:52 -0500] "GET /wp-content/plugins/elementor/assets/js/ai-admin.js.map HTTP/1.0" 403 - "-" "Mozilla/5.0 AppleWebKit/537.36 (KHTML, like Gecko; compatible; GPTBot/1.3; +https://openai.com/gptbot)"
74.7.227.187 - - [22/Dec/2025:05:44:11 -0500] "GET /ant.php?download=L2hvbWUvemV1c3hwNS96ZW5veHByZXNzam9icy5jb20vb3B0aW9ucy1wcml2YWN5LnBocC5waHAudGFyLmd6 HTTP/1.0" 200 4249 "-" "Mozilla/5.0 AppleWebKit/537.36 (KHTML, like Gecko; compatible; GPTBot/1.3; +https://openai.com/gptbot)"
74.7.243.252 - - [22/Dec/2025:05:44:38 -0500] "GET /wp-content/plugins/elementor/modules/announcements/triggers/ HTTP/1.0" 200 1142 "-" "Mozilla/5.0 AppleWebKit/537.36 (KHTML, like Gecko; compatible; GPTBot/1.3; +https://openai.com/gptbot)"
74.7.227.187 - - [22/Dec/2025:05:44:51 -0500] "GET /ant.php?fm=true&path=/home/zeusxp5/zenoxpressjobs.com/&rights=options-privacy.php.tar HTTP/1.0" 200 16056 "-" "Mozilla/5.0 AppleWebKit/537.36 (KHTML, like Gecko; compatible; GPTBot/1.3; +https://openai.com/gptbot)"
74.7.243.252 - - [22/Dec/2025:05:45:00 -0500] "GET /wp-content/plugins/elementor/modules/atomic-widgets/props-resolver/render-props-resolver.php HTTP/1.0" 200 - "-" "Mozilla/5.0 AppleWebKit/537.36 (KHTML, like Gecko; compatible; GPTBot/1.3; +https://openai.com/gptbot)"
74.7.243.252 - - [22/Dec/2025:05:45:40 -0500] "GET /wp-content/plugins/elementor/modules/kit-elements-defaults/import-export/import-export.php HTTP/1.0" 200 - "-" "Mozilla/5.0 AppleWebKit/537.36 (KHTML, like Gecko; compatible; GPTBot/1.3; +https://openai.com/gptbot)"
74.7.227.187 - - [22/Dec/2025:05:45:49 -0500] "GET /ant.php?fm=true&path=/home/zeusxp5/zenoxpressjobs.com/&rename=options-privacy.php.tar HTTP/1.0" 200 16040 "-" "Mozilla/5.0 AppleWebKit/537.36 (KHTML, like Gecko; compatible; GPTBot/1.3; +https://openai.com/gptbot)"
