101.91.110.161 - - [22/Dec/2025:04:12:43 -0500] "GET /wp-content/plugins/contact-form-7/readme.txt HTTP/1.0" 200 1748 "-" "Mozilla/5.0 (Linux; Android 14) AppleWebKit/531.1 (KHTML, like Gecko) Chrome/30.0.831.0 Safari/531.1"
101.91.110.141 - - [22/Dec/2025:04:12:44 -0500] "GET /wp-content/plugins/woocommerce/readme.txt HTTP/1.0" 200 6697 "-" "Mozilla/5.0 (Linux; Android 14) AppleWebKit/531.1 (KHTML, like Gecko) Chrome/30.0.831.0 Safari/531.1"
101.91.110.36 - - [22/Dec/2025:04:12:45 -0500] "GET /wp-content/plugins/post-and-page-builder/readme.txt HTTP/1.0" 200 13357 "-" "Mozilla/5.0 (Linux; Android 14) AppleWebKit/531.1 (KHTML, like Gecko) Chrome/30.0.831.0 Safari/531.1"
101.91.110.26 - - [22/Dec/2025:04:12:46 -0500] "GET /wp-content/plugins/woocommerce/readme.txt HTTP/1.0" 200 6697 "-" "Mozilla/5.0 (Linux; Android 14) AppleWebKit/531.1 (KHTML, like Gecko) Chrome/30.0.831.0 Safari/531.1"
101.91.110.162 - - [22/Dec/2025:04:12:46 -0500] "GET /wp-content/plugins/contact-form-7/readme.txt HTTP/1.0" 200 1748 "-" "Mozilla/5.0 (Linux; Android 14) AppleWebKit/531.1 (KHTML, like Gecko) Chrome/30.0.831.0 Safari/531.1"
101.91.110.163 - - [22/Dec/2025:04:12:46 -0500] "GET /wp-content/plugins/*\",\"/readme.txt HTTP/1.0" 301 - "-" "Mozilla/5.0 (Linux; Android 14) AppleWebKit/531.1 (KHTML, like Gecko) Chrome/30.0.831.0 Safari/531.1"
101.91.110.154 - - [22/Dec/2025:04:12:48 -0500] "GET /wp-content/plugins/woocommerce/readme.txt HTTP/1.0" 200 6697 "-" "Mozilla/5.0 (Linux; Android 14) AppleWebKit/531.1 (KHTML, like Gecko) Chrome/30.0.831.0 Safari/531.1"
101.91.110.36 - - [22/Dec/2025:04:12:49 -0500] "GET /wp-content/plugins/contact-form-7/readme.txt HTTP/1.0" 200 1748 "-" "Mozilla/5.0 (Linux; Android 14) AppleWebKit/531.1 (KHTML, like Gecko) Chrome/30.0.831.0 Safari/531.1"
101.91.110.134 - - [22/Dec/2025:04:12:49 -0500] "GET /wp-content/plugins/post-and-page-builder/readme.txt HTTP/1.0" 200 13357 "-" "Mozilla/5.0 (Linux; Android 14) AppleWebKit/531.1 (KHTML, like Gecko) Chrome/30.0.831.0 Safari/531.1"
101.91.110.33 - - [22/Dec/2025:04:12:50 -0500] "GET /wp-content/plugins/post-and-page-builder/readme.txt HTTP/1.0" 200 13357 "-" "Mozilla/5.0 (Linux; Android 14) AppleWebKit/531.1 (KHTML, like Gecko) Chrome/30.0.831.0 Safari/531.1"
101.91.110.151 - - [22/Dec/2025:04:12:50 -0500] "GET /wp-content/plugins/*,/readme.txt HTTP/1.0" 404 192743 "-" "Mozilla/5.0 (Linux; Android 14) AppleWebKit/531.1 (KHTML, like Gecko) Chrome/30.0.831.0 Safari/531.1"
101.91.110.153 - - [22/Dec/2025:04:12:51 -0500] "GET /wp-content/plugins/woocommerce/readme.txt HTTP/1.0" 200 6697 "-" "Mozilla/5.0 (Linux; Android 14) AppleWebKit/531.1 (KHTML, like Gecko) Chrome/30.0.831.0 Safari/531.1"
101.91.110.3 - - [22/Dec/2025:04:12:51 -0500] "GET /wp-content/plugins/*\",\"/readme.txt HTTP/1.0" 404 192743 "-" "Mozilla/5.0 (Linux; Android 14) AppleWebKit/531.1 (KHTML, like Gecko) Chrome/30.0.831.0 Safari/531.1"
101.91.110.16 - - [22/Dec/2025:04:12:51 -0500] "GET /wp-content/plugins/*\",\"/readme.txt HTTP/1.0" 301 - "-" "Mozilla/5.0 (Linux; Android 14) AppleWebKit/531.1 (KHTML, like Gecko) Chrome/30.0.831.0 Safari/531.1"
101.91.110.163 - - [22/Dec/2025:04:12:52 -0500] "GET /wp-content/plugins/post-and-page-builder/readme.txt HTTP/1.0" 200 13357 "-" "Mozilla/5.0 (Linux; Android 14) AppleWebKit/531.1 (KHTML, like Gecko) Chrome/30.0.831.0 Safari/531.1"
101.91.110.154 - - [22/Dec/2025:04:12:52 -0500] "GET /wp-content/plugins/wd-framework/readme.txt HTTP/1.0" 301 - "-" "Mozilla/5.0 (Linux; Android 14) AppleWebKit/531.1 (KHTML, like Gecko) Chrome/30.0.831.0 Safari/531.1"
101.91.110.26 - - [22/Dec/2025:04:12:54 -0500] "GET /wp-content/plugins/*,/readme.txt HTTP/1.0" 404 192890 "-" "Mozilla/5.0 (Linux; Android 14) AppleWebKit/531.1 (KHTML, like Gecko) Chrome/30.0.831.0 Safari/531.1"
101.91.110.132 - - [22/Dec/2025:04:12:54 -0500] "GET /wp-content/plugins/wd-framework/readme.txt HTTP/1.0" 404 192743 "-" "Mozilla/5.0 (Linux; Android 14) AppleWebKit/531.1 (KHTML, like Gecko) Chrome/30.0.831.0 Safari/531.1"
101.91.110.143 - - [22/Dec/2025:04:12:54 -0500] "GET /wp-content/plugins/*\",\"/readme.txt HTTP/1.0" 404 192890 "-" "Mozilla/5.0 (Linux; Android 14) AppleWebKit/531.1 (KHTML, like Gecko) Chrome/30.0.831.0 Safari/531.1"
101.91.110.133 - - [22/Dec/2025:04:12:56 -0500] "GET /wp-content/plugins/post-and-page-builder-premium/readme.txt HTTP/1.0" 200 3894 "-" "Mozilla/5.0 (Linux; Android 14) AppleWebKit/531.1 (KHTML, like Gecko) Chrome/30.0.831.0 Safari/531.1"
101.91.110.5 - - [22/Dec/2025:04:12:57 -0500] "GET /wp-content/plugins/post-and-page-builder-premium/readme.txt HTTP/1.0" 200 3894 "-" "Mozilla/5.0 (Linux; Android 14) AppleWebKit/531.1 (KHTML, like Gecko) Chrome/30.0.831.0 Safari/531.1"
101.91.110.152 - - [22/Dec/2025:04:12:57 -0500] "GET /wp-content/plugins/wd-framework/readme.txt HTTP/1.0" 301 - "-" "Mozilla/5.0 (Linux; Android 14) AppleWebKit/531.1 (KHTML, like Gecko) Chrome/30.0.831.0 Safari/531.1"
101.91.110.151 - - [22/Dec/2025:04:13:04 -0500] "GET /wp-content/plugins/cookieadmin/readme.txt HTTP/1.0" 200 1352 "-" "Mozilla/5.0 (Linux; Android 14) AppleWebKit/531.1 (KHTML, like Gecko) Chrome/30.0.831.0 Safari/531.1"
173.231.242.79 - - [22/Dec/2025:04:13:08 -0500] "POST /wp-cron.php?doing_wp_cron=1766394788.3129870891571044921875 HTTP/1.0" 200 - "-" "WordPress/6.9; https://www.lrliberia.com"
101.91.110.23 - - [22/Dec/2025:04:13:05 -0500] "GET /wp-content/plugins/wd-framework/readme.txt HTTP/1.0" 404 192890 "-" "Mozilla/5.0 (Linux; Android 14) AppleWebKit/531.1 (KHTML, like Gecko) Chrome/30.0.831.0 Safari/531.1"
101.91.110.153 - - [22/Dec/2025:04:13:09 -0500] "GET /wp-content/plugins/cookieadmin\",\"is_pro\":\"cookieadmin-pro/readme.txt HTTP/1.0" 301 - "-" "Mozilla/5.0 (Linux; Android 14) AppleWebKit/531.1 (KHTML, like Gecko) Chrome/30.0.831.0 Safari/531.1"
101.91.110.14 - - [22/Dec/2025:04:13:15 -0500] "GET /wp-content/plugins/cookieadmin,is_pro:cookieadmin-pro/readme.txt HTTP/1.0" 404 192743 "-" "Mozilla/5.0 (Linux; Android 14) AppleWebKit/531.1 (KHTML, like Gecko) Chrome/30.0.831.0 Safari/531.1"
101.91.110.153 - - [22/Dec/2025:04:13:30 -0500] "GET /wp-content/plugins/post-and-page-builder-premium/readme.txt HTTP/1.0" 200 3894 "-" "Mozilla/5.0 (Linux; Android 14) AppleWebKit/531.1 (KHTML, like Gecko) Chrome/30.0.831.0 Safari/531.1"
101.91.110.131 - - [22/Dec/2025:04:13:42 -0500] "GET /wp-content/plugins/cookieadmin/readme.txt HTTP/1.0" 200 1352 "-" "Mozilla/5.0 (Linux; Android 14) AppleWebKit/531.1 (KHTML, like Gecko) Chrome/30.0.831.0 Safari/531.1"
173.231.242.79 - - [22/Dec/2025:04:29:50 -0500] "POST /wp-cron.php?doing_wp_cron=1766395790.5857100486755371093750 HTTP/1.0" 200 - "-" "WordPress/6.9; https://www.lrliberia.com"
132.226.228.67 - - [22/Dec/2025:04:29:48 -0500] "POST /xmlrpc.php HTTP/1.0" 200 225 "-" "Mozilla/5.0 (Windows NT 6.3; WOW64; Trident/7.0; MASBJS; rv:11.0) like Gecko"
128.65.195.203 - - [22/Dec/2025:04:32:22 -0500] "POST /xmlrpc.php HTTP/1.0" 200 403 "-" "Mozilla/5.0 (Windows NT 6.1; rv:17.0) Gecko/20100101 Firefox/20.6.14"
129.152.12.94 - - [22/Dec/2025:04:32:22 -0500] "POST /xmlrpc.php HTTP/1.0" 200 403 "-" "Mozilla/5.0 (Windows NT 10.0; Win64; x64) AppleWebKit/537.36 (KHTML, like Gecko) Chrome/79.0.3945.117 Safari/537.36"
173.231.242.79 - - [22/Dec/2025:04:32:23 -0500] "POST /wp-cron.php?doing_wp_cron=1766395943.8267509937286376953125 HTTP/1.0" 200 - "-" "WordPress/6.9; https://www.lrliberia.com"
129.148.21.186 - - [22/Dec/2025:04:32:22 -0500] "POST /xmlrpc.php HTTP/1.0" 200 403 "-" "Mozilla/5.0 (Linux; Android 10) AppleWebKit/537.36 (KHTML, like Gecko) Chrome/91.0.4472.114 Mobile Safari/537.36"
128.65.195.203 - - [22/Dec/2025:04:32:24 -0500] "POST /xmlrpc.php HTTP/1.0" 200 403 "-" "Mozilla/5.0 (Windows NT 6.1; rv:17.0) Gecko/20100101 Firefox/20.6.14"
129.152.12.94 - - [22/Dec/2025:04:32:24 -0500] "POST /xmlrpc.php HTTP/1.0" 200 403 "-" "Mozilla/5.0 (Windows NT 10.0; Win64; x64) AppleWebKit/537.36 (KHTML, like Gecko) Chrome/79.0.3945.117 Safari/537.36"
129.148.21.186 - - [22/Dec/2025:04:32:24 -0500] "POST /xmlrpc.php HTTP/1.0" 200 403 "-" "Mozilla/5.0 (Linux; Android 10) AppleWebKit/537.36 (KHTML, like Gecko) Chrome/91.0.4472.114 Mobile Safari/537.36"
128.65.195.203 - - [22/Dec/2025:04:32:25 -0500] "POST /xmlrpc.php HTTP/1.0" 406 300 "-" "Mozilla/5.0 (Windows NT 6.1; rv:17.0) Gecko/20100101 Firefox/20.6.14"
129.152.12.94 - - [22/Dec/2025:04:32:25 -0500] "POST /xmlrpc.php HTTP/1.0" 200 403 "-" "Mozilla/5.0 (Windows NT 10.0; Win64; x64) AppleWebKit/537.36 (KHTML, like Gecko) Chrome/79.0.3945.117 Safari/537.36"
129.148.21.186 - - [22/Dec/2025:04:32:26 -0500] "POST /xmlrpc.php HTTP/1.0" 200 403 "-" "Mozilla/5.0 (Linux; Android 10) AppleWebKit/537.36 (KHTML, like Gecko) Chrome/91.0.4472.114 Mobile Safari/537.36"
103.224.167.77 - - [22/Dec/2025:04:32:32 -0500] "POST /xmlrpc.php HTTP/1.0" 200 403 "-" "Mozilla/5.0 (Windows NT 10.0; Win64; x64) AppleWebKit/537.36 (KHTML, like Gecko) Chrome/84.0.4147.105 Safari/537.36"
62.210.185.4 - - [22/Dec/2025:04:32:32 -0500] "POST /xmlrpc.php HTTP/1.0" 200 403 "-" "Mozilla/5.0 (Windows; U; Windows NT 5.1; en-US; rv:1.7.12) Gecko/20050915 Firefox/1.0.7"
62.210.185.4 - - [22/Dec/2025:04:32:34 -0500] "POST /xmlrpc.php HTTP/1.0" 200 403 "-" "Mozilla/5.0 (Windows; U; Windows NT 5.1; en-US; rv:1.7.12) Gecko/20050915 Firefox/1.0.7"
62.210.185.4 - - [22/Dec/2025:04:32:35 -0500] "POST /xmlrpc.php HTTP/1.0" 406 300 "-" "Mozilla/5.0 (Windows; U; Windows NT 5.1; en-US; rv:1.7.12) Gecko/20050915 Firefox/1.0.7"
103.224.167.77 - - [22/Dec/2025:04:32:35 -0500] "POST /xmlrpc.php HTTP/1.0" 200 403 "-" "Mozilla/5.0 (Windows NT 10.0; Win64; x64) AppleWebKit/537.36 (KHTML, like Gecko) Chrome/84.0.4147.105 Safari/537.36"
162.19.70.61 - - [22/Dec/2025:04:32:36 -0500] "POST /xmlrpc.php HTTP/1.0" 406 300 "-" "Mozilla/5.0 (Windows NT 5.1; rv:30.0) Gecko/20100101 Firefox/30.0"
162.19.70.61 - - [22/Dec/2025:04:32:37 -0500] "POST /xmlrpc.php HTTP/1.0" 200 403 "-" "Mozilla/5.0 (Windows NT 5.1; rv:30.0) Gecko/20100101 Firefox/30.0"
103.224.167.77 - - [22/Dec/2025:04:32:37 -0500] "POST /xmlrpc.php HTTP/1.0" 200 403 "-" "Mozilla/5.0 (Windows NT 10.0; Win64; x64) AppleWebKit/537.36 (KHTML, like Gecko) Chrome/84.0.4147.105 Safari/537.36"
162.19.70.61 - - [22/Dec/2025:04:32:38 -0500] "POST /xmlrpc.php HTTP/1.0" 200 403 "-" "Mozilla/5.0 (Windows NT 5.1; rv:30.0) Gecko/20100101 Firefox/30.0"
173.231.242.79 - - [22/Dec/2025:04:33:04 -0500] "POST /wp-cron.php?doing_wp_cron=1766395984.0479130744934082031250 HTTP/1.0" 200 - "-" "WordPress/6.9; https://www.lrliberia.com"
160.191.55.144 - - [22/Dec/2025:04:33:02 -0500] "POST /xmlrpc.php HTTP/1.0" 200 403 "-" "Mozilla/5.0 (Windows NT 10.0; Win64; x64; rv:84.0) Gecko/20100101 Firefox/84.0"
160.191.55.144 - - [22/Dec/2025:04:33:06 -0500] "POST /xmlrpc.php HTTP/1.0" 406 300 "-" "Mozilla/5.0 (Windows NT 10.0; Win64; x64; rv:84.0) Gecko/20100101 Firefox/84.0"
160.191.55.144 - - [22/Dec/2025:04:33:08 -0500] "POST /xmlrpc.php HTTP/1.0" 200 403 "-" "Mozilla/5.0 (Windows NT 10.0; Win64; x64; rv:84.0) Gecko/20100101 Firefox/84.0"
185.109.217.223 - - [22/Dec/2025:04:33:25 -0500] "POST /xmlrpc.php HTTP/1.0" 200 403 "-" "Mozilla/5.0 (Windows NT 10.0; Win64; x64) AppleWebKit/537.36 (KHTML, like Gecko) Chrome/74.0.3729.157 Safari/537.36"
185.109.217.223 - - [22/Dec/2025:04:33:27 -0500] "POST /xmlrpc.php HTTP/1.0" 200 403 "-" "Mozilla/5.0 (Windows NT 10.0; Win64; x64) AppleWebKit/537.36 (KHTML, like Gecko) Chrome/74.0.3729.157 Safari/537.36"
185.109.217.223 - - [22/Dec/2025:04:33:28 -0500] "POST /xmlrpc.php HTTP/1.0" 406 300 "-" "Mozilla/5.0 (Windows NT 10.0; Win64; x64) AppleWebKit/537.36 (KHTML, like Gecko) Chrome/74.0.3729.157 Safari/537.36"
103.47.184.2 - - [22/Dec/2025:04:33:41 -0500] "POST /xmlrpc.php HTTP/1.0" 200 403 "-" "Mozilla/5.0 (Windows NT 6.1; WOW64; rv:43.0) Gecko/20100101 Firefox/43.0"
103.47.184.2 - - [22/Dec/2025:04:33:44 -0500] "POST /xmlrpc.php HTTP/1.0" 200 403 "-" "Mozilla/5.0 (Windows NT 6.1; WOW64; rv:43.0) Gecko/20100101 Firefox/43.0"
103.47.184.2 - - [22/Dec/2025:04:33:47 -0500] "POST /xmlrpc.php HTTP/1.0" 200 403 "-" "Mozilla/5.0 (Windows NT 6.1; WOW64; rv:43.0) Gecko/20100101 Firefox/43.0"
103.56.164.130 - - [22/Dec/2025:04:34:19 -0500] "POST /xmlrpc.php HTTP/1.0" 406 300 "-" "Mozilla/5.0 (Windows; U; Windows NT 5.1; en-US; rv:1.7.5) Gecko/20041107 Firefox/1.0"
173.231.242.79 - - [22/Dec/2025:04:34:22 -0500] "POST /wp-cron.php?doing_wp_cron=1766396062.3885390758514404296875 HTTP/1.0" 200 - "-" "WordPress/6.9; https://www.lrliberia.com"
103.56.164.130 - - [22/Dec/2025:04:34:21 -0500] "POST /xmlrpc.php HTTP/1.0" 200 403 "-" "Mozilla/5.0 (Windows; U; Windows NT 5.1; en-US; rv:1.7.5) Gecko/20041107 Firefox/1.0"
103.56.164.130 - - [22/Dec/2025:04:34:24 -0500] "POST /xmlrpc.php HTTP/1.0" 200 403 "-" "Mozilla/5.0 (Windows; U; Windows NT 5.1; en-US; rv:1.7.5) Gecko/20041107 Firefox/1.0"
173.231.242.79 - - [22/Dec/2025:04:38:22 -0500] "POST /wp-cron.php?doing_wp_cron=1766396302.1315429210662841796875 HTTP/1.0" 200 - "-" "WordPress/6.9; http://www.lrliberia.com"
130.211.125.140 - - [22/Dec/2025:04:38:20 -0500] "GET / HTTP/1.0" 301 - "-" "Mozilla/5.0 (Windows NT 10.0; Win64; x64) AppleWebKit/537.36 (KHTML, like Gecko) Chrome/88.0.4240.193 Safari/537.36"
130.211.125.140 - - [22/Dec/2025:04:38:33 -0500] "GET //wp-includes/wlwmanifest.xml HTTP/1.0" 301 - "-" "Mozilla/5.0 (Windows NT 10.0; Win64; x64) AppleWebKit/537.36 (KHTML, like Gecko) Chrome/88.0.4240.193 Safari/537.36"
130.211.125.140 - - [22/Dec/2025:04:38:45 -0500] "GET //xmlrpc.php?rsd HTTP/1.0" 200 810 "-" "Mozilla/5.0 (Windows NT 10.0; Win64; x64) AppleWebKit/537.36 (KHTML, like Gecko) Chrome/88.0.4240.193 Safari/537.36"
130.211.125.140 - - [22/Dec/2025:04:38:47 -0500] "GET //?author=1 HTTP/1.0" 301 - "-" "Mozilla/5.0 (Windows NT 10.0; Win64; x64) AppleWebKit/537.36 (KHTML, like Gecko) Chrome/88.0.4240.193 Safari/537.36"
130.211.125.140 - - [22/Dec/2025:04:38:48 -0500] "GET //?author=2 HTTP/1.0" 301 - "-" "Mozilla/5.0 (Windows NT 10.0; Win64; x64) AppleWebKit/537.36 (KHTML, like Gecko) Chrome/88.0.4240.193 Safari/537.36"
130.211.125.140 - - [22/Dec/2025:04:38:50 -0500] "GET //?author=3 HTTP/1.0" 301 - "-" "Mozilla/5.0 (Windows NT 10.0; Win64; x64) AppleWebKit/537.36 (KHTML, like Gecko) Chrome/88.0.4240.193 Safari/537.36"
130.211.125.140 - - [22/Dec/2025:04:38:51 -0500] "GET //wp-json/wp/v2/users/ HTTP/1.0" 200 2925 "-" "Mozilla/5.0 (Windows NT 10.0; Win64; x64) AppleWebKit/537.36 (KHTML, like Gecko) Chrome/88.0.4240.193 Safari/537.36"
130.211.125.140 - - [22/Dec/2025:04:38:52 -0500] "POST //xmlrpc.php HTTP/1.0" 200 401 "-" "Mozilla/5.0 (Windows NT 10.0; Win64; x64) AppleWebKit/537.36 (KHTML, like Gecko) Chrome/88.0.4240.193 Safari/537.36"
130.211.125.140 - - [22/Dec/2025:04:38:53 -0500] "POST //xmlrpc.php HTTP/1.0" 200 401 "-" "Mozilla/5.0 (Windows NT 10.0; Win64; x64) AppleWebKit/537.36 (KHTML, like Gecko) Chrome/88.0.4240.193 Safari/537.36"
130.211.125.140 - - [22/Dec/2025:04:38:53 -0500] "POST //xmlrpc.php HTTP/1.0" 200 401 "-" "Mozilla/5.0 (Windows NT 10.0; Win64; x64) AppleWebKit/537.36 (KHTML, like Gecko) Chrome/88.0.4240.193 Safari/537.36"
130.211.125.140 - - [22/Dec/2025:04:38:54 -0500] "POST //xmlrpc.php HTTP/1.0" 406 300 "-" "Mozilla/5.0 (Windows NT 10.0; Win64; x64) AppleWebKit/537.36 (KHTML, like Gecko) Chrome/88.0.4240.193 Safari/537.36"
130.211.125.140 - - [22/Dec/2025:04:38:54 -0500] "POST //xmlrpc.php HTTP/1.0" 200 401 "-" "Mozilla/5.0 (Windows NT 10.0; Win64; x64) AppleWebKit/537.36 (KHTML, like Gecko) Chrome/88.0.4240.193 Safari/537.36"
130.211.125.140 - - [22/Dec/2025:04:38:55 -0500] "POST //xmlrpc.php HTTP/1.0" 200 401 "-" "Mozilla/5.0 (Windows NT 10.0; Win64; x64) AppleWebKit/537.36 (KHTML, like Gecko) Chrome/88.0.4240.193 Safari/537.36"
130.211.125.140 - - [22/Dec/2025:04:38:55 -0500] "POST //xmlrpc.php HTTP/1.0" 200 401 "-" "Mozilla/5.0 (Windows NT 10.0; Win64; x64) AppleWebKit/537.36 (KHTML, like Gecko) Chrome/88.0.4240.193 Safari/537.36"
130.211.125.140 - - [22/Dec/2025:04:38:56 -0500] "POST //xmlrpc.php HTTP/1.0" 406 300 "-" "Mozilla/5.0 (Windows NT 10.0; Win64; x64) AppleWebKit/537.36 (KHTML, like Gecko) Chrome/88.0.4240.193 Safari/537.36"
173.231.242.79 - - [22/Dec/2025:04:43:01 -0500] "POST /wp-cron.php?doing_wp_cron=1766396581.7084219455718994140625 HTTP/1.0" 200 - "-" "WordPress/6.9; https://www.lrliberia.com"
185.191.171.4 - - [22/Dec/2025:04:43:00 -0500] "GET /robots.txt HTTP/1.0" 200 142 "-" "Mozilla/5.0 (compatible; SemrushBot/7~bl; +http://www.semrush.com/bot.html)"
185.191.171.14 - - [22/Dec/2025:04:43:02 -0500] "GET / HTTP/1.0" 200 58574 "-" "Mozilla/5.0 (compatible; SemrushBot/7~bl; +http://www.semrush.com/bot.html)"
173.231.242.79 - - [22/Dec/2025:04:52:48 -0500] "POST /wp-cron.php?doing_wp_cron=1766397167.9194910526275634765625 HTTP/1.0" 200 - "-" "WordPress/6.9; https://www.lrliberia.com"
175.100.42.35 - - [22/Dec/2025:04:52:45 -0500] "POST /xmlrpc.php HTTP/1.0" 200 225 "-" "Mozilla/5.0 (Windows NT 10.0; Win64; x64) AppleWebKit/537.36 (KHTML, like Gecko) Chrome/64.0.3282.140 Safari/537.36 Edge/17.17134"
173.231.242.79 - - [22/Dec/2025:04:56:06 -0500] "POST /wp-cron.php?doing_wp_cron=1766397366.3771469593048095703125 HTTP/1.0" 200 - "-" "WordPress/6.9; http://www.lrliberia.com"
34.56.38.36 - - [22/Dec/2025:04:56:05 -0500] "GET / HTTP/1.0" 301 - "-" "Mozilla/5.0 (Windows NT 10.0; Win64; x64) AppleWebKit/537.36 (KHTML, like Gecko) Chrome/88.0.4240.193 Safari/537.36"
34.56.38.36 - - [22/Dec/2025:04:56:07 -0500] "GET //wp-includes/wlwmanifest.xml HTTP/1.0" 301 - "-" "Mozilla/5.0 (Windows NT 10.0; Win64; x64) AppleWebKit/537.36 (KHTML, like Gecko) Chrome/88.0.4240.193 Safari/537.36"
34.56.38.36 - - [22/Dec/2025:04:56:07 -0500] "GET //xmlrpc.php?rsd HTTP/1.0" 200 810 "-" "Mozilla/5.0 (Windows NT 10.0; Win64; x64) AppleWebKit/537.36 (KHTML, like Gecko) Chrome/88.0.4240.193 Safari/537.36"
34.56.38.36 - - [22/Dec/2025:04:56:08 -0500] "GET //?author=1 HTTP/1.0" 301 - "-" "Mozilla/5.0 (Windows NT 10.0; Win64; x64) AppleWebKit/537.36 (KHTML, like Gecko) Chrome/88.0.4240.193 Safari/537.36"
34.56.38.36 - - [22/Dec/2025:04:56:09 -0500] "GET //?author=2 HTTP/1.0" 301 - "-" "Mozilla/5.0 (Windows NT 10.0; Win64; x64) AppleWebKit/537.36 (KHTML, like Gecko) Chrome/88.0.4240.193 Safari/537.36"
34.56.38.36 - - [22/Dec/2025:04:56:10 -0500] "GET //?author=3 HTTP/1.0" 301 - "-" "Mozilla/5.0 (Windows NT 10.0; Win64; x64) AppleWebKit/537.36 (KHTML, like Gecko) Chrome/88.0.4240.193 Safari/537.36"
34.56.38.36 - - [22/Dec/2025:04:56:11 -0500] "POST //xmlrpc.php HTTP/1.0" 200 401 "-" "Mozilla/5.0 (Windows NT 10.0; Win64; x64) AppleWebKit/537.36 (KHTML, like Gecko) Chrome/88.0.4240.193 Safari/537.36"
34.56.38.36 - - [22/Dec/2025:04:56:12 -0500] "POST //xmlrpc.php HTTP/1.0" 200 401 "-" "Mozilla/5.0 (Windows NT 10.0; Win64; x64) AppleWebKit/537.36 (KHTML, like Gecko) Chrome/88.0.4240.193 Safari/537.36"
34.56.38.36 - - [22/Dec/2025:04:56:13 -0500] "POST //xmlrpc.php HTTP/1.0" 200 401 "-" "Mozilla/5.0 (Windows NT 10.0; Win64; x64) AppleWebKit/537.36 (KHTML, like Gecko) Chrome/88.0.4240.193 Safari/537.36"
34.56.38.36 - - [22/Dec/2025:04:56:14 -0500] "POST //xmlrpc.php HTTP/1.0" 406 300 "-" "Mozilla/5.0 (Windows NT 10.0; Win64; x64) AppleWebKit/537.36 (KHTML, like Gecko) Chrome/88.0.4240.193 Safari/537.36"
34.56.38.36 - - [22/Dec/2025:04:56:14 -0500] "POST //xmlrpc.php HTTP/1.0" 200 401 "-" "Mozilla/5.0 (Windows NT 10.0; Win64; x64) AppleWebKit/537.36 (KHTML, like Gecko) Chrome/88.0.4240.193 Safari/537.36"
34.56.38.36 - - [22/Dec/2025:04:56:18 -0500] "POST //xmlrpc.php HTTP/1.0" 200 401 "-" "Mozilla/5.0 (Windows NT 10.0; Win64; x64) AppleWebKit/537.36 (KHTML, like Gecko) Chrome/88.0.4240.193 Safari/537.36"
34.56.38.36 - - [22/Dec/2025:04:56:18 -0500] "POST //xmlrpc.php HTTP/1.0" 200 401 "-" "Mozilla/5.0 (Windows NT 10.0; Win64; x64) AppleWebKit/537.36 (KHTML, like Gecko) Chrome/88.0.4240.193 Safari/537.36"
34.56.38.36 - - [22/Dec/2025:04:56:19 -0500] "POST //xmlrpc.php HTTP/1.0" 406 300 "-" "Mozilla/5.0 (Windows NT 10.0; Win64; x64) AppleWebKit/537.36 (KHTML, like Gecko) Chrome/88.0.4240.193 Safari/537.36"
173.231.242.79 - - [22/Dec/2025:05:11:36 -0500] "POST /wp-cron.php?doing_wp_cron=1766398296.8803451061248779296875 HTTP/1.0" 200 - "-" "WordPress/6.9; https://www.lrliberia.com"
213.55.96.149 - - [22/Dec/2025:05:11:34 -0500] "POST /xmlrpc.php HTTP/1.0" 200 225 "-" "Mozilla/5.0 (Windows NT 6.1; WOW64; Trident/7.0; MSBrowserIE; rv:11.0) like Gecko"
173.231.242.79 - - [22/Dec/2025:05:14:39 -0500] "POST /wp-cron.php?doing_wp_cron=1766398479.1957941055297851562500 HTTP/1.0" 200 - "-" "WordPress/6.9; http://www.lrliberia.com"
129.226.213.145 - - [22/Dec/2025:05:14:37 -0500] "GET / HTTP/1.0" 301 - "-" "Mozilla/5.0 (iPhone; CPU iPhone OS 13_2_3 like Mac OS X) AppleWebKit/605.1.15 (KHTML, like Gecko) Version/13.0.3 Mobile/15E148 Safari/604.1"
129.226.213.145 - - [22/Dec/2025:05:14:40 -0500] "GET / HTTP/1.0" 200 58566 "http://lrliberia.com" "Mozilla/5.0 (iPhone; CPU iPhone OS 13_2_3 like Mac OS X) AppleWebKit/605.1.15 (KHTML, like Gecko) Version/13.0.3 Mobile/15E148 Safari/604.1"
173.231.242.79 - - [22/Dec/2025:05:19:49 -0500] "POST /wp-cron.php?doing_wp_cron=1766398789.6556839942932128906250 HTTP/1.0" 200 - "-" "WordPress/6.9; https://www.lrliberia.com"
142.112.61.80 - - [22/Dec/2025:05:19:47 -0500] "POST /xmlrpc.php HTTP/1.0" 200 225 "-" "Mozilla/5.0 (Windows NT 10.0; Win64; x64) AppleWebKit/537.36 (KHTML, like Gecko) Chrome/66.0.3359.139 Safari/537.36"
173.231.242.79 - - [22/Dec/2025:05:25:41 -0500] "POST /wp-cron.php?doing_wp_cron=1766399140.9760239124298095703125 HTTP/1.0" 200 - "-" "WordPress/6.9; https://www.lrliberia.com"
216.73.216.216 - - [22/Dec/2025:05:25:38 -0500] "GET /robots.txt HTTP/1.0" 200 142 "-" "Mozilla/5.0 AppleWebKit/537.36 (KHTML, like Gecko; compatible; ClaudeBot/1.0; +claudebot@anthropic.com)"
216.73.216.216 - - [22/Dec/2025:05:25:41 -0500] "GET /sitemap.xml HTTP/1.0" 301 - "-" "Mozilla/5.0 AppleWebKit/537.36 (KHTML, like Gecko; compatible; ClaudeBot/1.0; +claudebot@anthropic.com)"
52.167.144.219 - - [22/Dec/2025:05:40:15 -0500] "GET /home-5/ HTTP/1.0" 200 61636 "-" "Mozilla/5.0 AppleWebKit/537.36 (KHTML, like Gecko; compatible; bingbot/2.0; +http://www.bing.com/bingbot.htm) Chrome/116.0.1938.76 Safari/537.36"
173.231.242.79 - - [22/Dec/2025:05:49:26 -0500] "POST /wp-cron.php?doing_wp_cron=1766400566.5008211135864257812500 HTTP/1.0" 200 - "-" "WordPress/6.9; http://www.lrliberia.com"
216.244.66.237 - - [22/Dec/2025:05:49:24 -0500] "GET /robots.txt HTTP/1.0" 200 269 "-" "Mozilla/5.0 (compatible; DotBot/1.2; +https://opensiteexplorer.org/dotbot; help@moz.com)"
173.231.242.79 - - [22/Dec/2025:05:58:07 -0500] "POST /wp-cron.php?doing_wp_cron=1766401087.8403570652008056640625 HTTP/1.0" 200 - "-" "WordPress/6.9; http://www.lrliberia.com"
216.244.66.237 - - [22/Dec/2025:05:58:05 -0500] "GET /product/electric-pallet-truck-extra-wide-for-special-pallets/ HTTP/1.0" 200 237677 "-" "Mozilla/5.0 (compatible; DotBot/1.2; +https://opensiteexplorer.org/dotbot; help@moz.com)"
173.231.242.79 - - [22/Dec/2025:06:02:56 -0500] "POST /wp-cron.php?doing_wp_cron=1766401376.7219679355621337890625 HTTP/1.0" 200 - "-" "WordPress/6.9; https://www.lrliberia.com"
160.187.68.131 - - [22/Dec/2025:06:02:53 -0500] "POST /xmlrpc.php HTTP/1.0" 200 225 "-" "Mozilla/5.0 (Windows NT 6.3; WOW64; Trident/7.0; Touch; MATBJS; rv:11.0) like Gecko"
173.231.242.79 - - [22/Dec/2025:06:07:58 -0500] "POST /wp-cron.php?doing_wp_cron=1766401678.1904640197753906250000 HTTP/1.0" 200 - "-" "WordPress/6.9; https://www.lrliberia.com"
173.252.167.70 - - [22/Dec/2025:06:07:56 -0500] "POST /xmlrpc.php HTTP/1.0" 200 225 "-" "Mozilla/5.0 (Windows NT 6.3; WOW64; Trident/7.0; Touch; MATBJS; rv:11.0) like Gecko"
173.231.242.79 - - [22/Dec/2025:06:10:57 -0500] "POST /wp-cron.php?doing_wp_cron=1766401857.2402150630950927734375 HTTP/1.0" 200 - "-" "WordPress/6.9; https://www.lrliberia.com"
103.82.25.248 - - [22/Dec/2025:06:10:55 -0500] "POST /xmlrpc.php HTTP/1.0" 200 225 "-" "Mozilla/5.0 (Windows NT 6.3; WOW64; Trident/7.0; Touch; MATBJS; rv:11.0) like Gecko"
5.175.45.198 - - [22/Dec/2025:06:13:00 -0500] "POST /xmlrpc.php HTTP/1.0" 406 300 "-" "Mozilla/5.0 (Macintosh; Intel Mac OS X 10_12_6) AppleWebKit/605.1.15 (KHTML, like Gecko) Version/11.1.2 Safari/605.1.15"
173.231.242.79 - - [22/Dec/2025:06:15:49 -0500] "POST /wp-cron.php?doing_wp_cron=1766402149.0606091022491455078125 HTTP/1.0" 200 - "-" "WordPress/6.9; https://www.lrliberia.com"
103.28.36.105 - - [22/Dec/2025:06:15:47 -0500] "POST /xmlrpc.php HTTP/1.0" 200 225 "-" "Mozilla/5.0 (Windows NT 6.3; WOW64; Trident/7.0; Touch; MATBJS; rv:11.0) like Gecko"
173.231.242.79 - - [22/Dec/2025:06:21:02 -0500] "POST /wp-cron.php?doing_wp_cron=1766402462.7685050964355468750000 HTTP/1.0" 200 - "-" "WordPress/6.9; http://www.lrliberia.com"
182.44.9.147 - - [22/Dec/2025:06:21:00 -0500] "GET / HTTP/1.0" 301 - "-" "Mozilla/5.0 (iPhone; CPU iPhone OS 13_2_3 like Mac OS X) AppleWebKit/605.1.15 (KHTML, like Gecko) Version/13.0.3 Mobile/15E148 Safari/604.1"
182.44.9.147 - - [22/Dec/2025:06:21:06 -0500] "GET / HTTP/1.0" 200 58566 "http://lrliberia.com" "Mozilla/5.0 (iPhone; CPU iPhone OS 13_2_3 like Mac OS X) AppleWebKit/605.1.15 (KHTML, like Gecko) Version/13.0.3 Mobile/15E148 Safari/604.1"
173.231.242.79 - - [22/Dec/2025:06:22:20 -0500] "POST /wp-cron.php?doing_wp_cron=1766402540.1733639240264892578125 HTTP/1.0" 200 - "-" "WordPress/6.9; https://www.lrliberia.com"
159.65.151.212 - - [22/Dec/2025:06:22:18 -0500] "GET /wp-login.php HTTP/1.0" 200 1864 "-" "Mozilla/5.0 (Windows NT 10.0) AppleWebKit/537.36 (KHTML, like Gecko) Chrome/64.0.3282.140 Safari/537.36 Edge/17.17134"
159.65.151.212 - - [22/Dec/2025:06:22:22 -0500] "GET /wp-login.php HTTP/1.0" 200 1864 "-" "Mozilla/5.0 (Windows NT 10.0) AppleWebKit/537.36 (KHTML, like Gecko) Chrome/64.0.3282.140 Safari/537.36 Edge/17.17134"
173.231.242.79 - - [22/Dec/2025:06:25:51 -0500] "POST /wp-cron.php?doing_wp_cron=1766402750.9854609966278076171875 HTTP/1.0" 200 - "-" "WordPress/6.9; https://www.lrliberia.com"
163.47.203.76 - - [22/Dec/2025:06:25:49 -0500] "POST /xmlrpc.php HTTP/1.0" 200 225 "-" "Mozilla/4.0 (compatible; MSIE 8.0; Windows NT 6.1; WOW64; Trident/7.0; SLCC2; .NET CLR 2.0.50727; .NET CLR 3.5.30729; .NET CLR 3.0.30729; Media Center PC 6.0; .NET4.0C; .NET4.0E)"
173.231.242.79 - - [22/Dec/2025:06:27:03 -0500] "POST /wp-cron.php?doing_wp_cron=1766402823.4996440410614013671875 HTTP/1.0" 200 - "-" "WordPress/6.9; https://www.lrliberia.com"
62.204.61.5 - - [22/Dec/2025:06:27:01 -0500] "POST /xmlrpc.php HTTP/1.0" 200 225 "-" "Mozilla/5.0 (compatible, MSIE 11, Windows NT 6.3; Trident/7.0; rv:11.0) like Gecko"
173.231.242.79 - - [22/Dec/2025:06:29:32 -0500] "POST /wp-cron.php?doing_wp_cron=1766402972.9060890674591064453125 HTTP/1.0" 200 - "-" "WordPress/6.9; https://www.lrliberia.com"
139.99.9.144 - - [22/Dec/2025:06:29:31 -0500] "POST /xmlrpc.php HTTP/1.0" 200 225 "-" "Mozilla/5.0 (Macintosh; Intel Mac OS X 10_10_5) AppleWebKit/537.36 (KHTML, like Gecko) Chrome/66.0.3359.117 Safari/537.36"
173.231.242.79 - - [22/Dec/2025:06:38:18 -0500] "POST /wp-cron.php?doing_wp_cron=1766403498.0092608928680419921875 HTTP/1.0" 200 - "-" "WordPress/6.9; https://www.lrliberia.com"
52.21.211.135 - - [22/Dec/2025:06:38:15 -0500] "GET / HTTP/1.0" 301 - "-" "Mozilla/5.0 (Windows NT 10.0; Win64; x64) AppleWebKit/537.36 (KHTML, like Gecko) Chrome/126.0.0.0 Safari/537.36"
52.21.211.135 - - [22/Dec/2025:06:38:18 -0500] "GET / HTTP/1.0" 200 58574 "-" "Mozilla/5.0 (Windows NT 10.0; Win64; x64) AppleWebKit/537.36 (KHTML, like Gecko) Chrome/126.0.0.0 Safari/537.36"
52.21.211.135 - - [22/Dec/2025:06:38:19 -0500] "GET /wp-content/plugins/wd-framework/css/swiper-bundle.min.css?ver=6.9 HTTP/1.0" 200 4812 "https://www.lrliberia.com/" "Mozilla/5.0 (Windows NT 10.0; Win64; x64) AppleWebKit/537.36 (KHTML, like Gecko) Chrome/126.0.0.0 Safari/537.36"
52.21.211.135 - - [22/Dec/2025:06:38:19 -0500] "GET /wp-includes/blocks/navigation/style.min.css?ver=6.9 HTTP/1.0" 200 2305 "https://www.lrliberia.com/" "Mozilla/5.0 (Windows NT 10.0; Win64; x64) AppleWebKit/537.36 (KHTML, like Gecko) Chrome/126.0.0.0 Safari/537.36"
52.21.211.135 - - [22/Dec/2025:06:38:19 -0500] "GET /wp-content/plugins/woocommerce/assets/client/blocks/wc-blocks.css?ver=wc-10.3.5 HTTP/1.0" 200 2618 "https://www.lrliberia.com/" "Mozilla/5.0 (Windows NT 10.0; Win64; x64) AppleWebKit/537.36 (KHTML, like Gecko) Chrome/126.0.0.0 Safari/537.36"
52.21.211.135 - - [22/Dec/2025:06:38:19 -0500] "GET /wp-content/plugins/woocommerce/assets/client/blocks/mini-cart.css?ver=wc-10.3.5 HTTP/1.0" 200 2276 "https://www.lrliberia.com/" "Mozilla/5.0 (Windows NT 10.0; Win64; x64) AppleWebKit/537.36 (KHTML, like Gecko) Chrome/126.0.0.0 Safari/537.36"
52.21.211.135 - - [22/Dec/2025:06:38:19 -0500] "GET /wp-includes/blocks/cover/style.min.css?ver=6.9 HTTP/1.0" 200 1722 "https://www.lrliberia.com/" "Mozilla/5.0 (Windows NT 10.0; Win64; x64) AppleWebKit/537.36 (KHTML, like Gecko) Chrome/126.0.0.0 Safari/537.36"
52.21.211.135 - - [22/Dec/2025:06:38:19 -0500] "GET /wp-content/plugins/contact-form-7/includes/css/styles.css?ver=6.1.3 HTTP/1.0" 200 1031 "https://www.lrliberia.com/" "Mozilla/5.0 (Windows NT 10.0; Win64; x64) AppleWebKit/537.36 (KHTML, like Gecko) Chrome/126.0.0.0 Safari/537.36"
52.21.211.135 - - [22/Dec/2025:06:38:19 -0500] "GET /wp-content/plugins/wd-framework/build/editor/style-index.css?ver=1.0 HTTP/1.0" 200 110 "https://www.lrliberia.com/" "Mozilla/5.0 (Windows NT 10.0; Win64; x64) AppleWebKit/537.36 (KHTML, like Gecko) Chrome/126.0.0.0 Safari/537.36"
52.21.211.135 - - [22/Dec/2025:06:38:19 -0500] "GET /wp-content/plugins/woocommerce/assets/css/brands.css?ver=10.3.5 HTTP/1.0" 200 684 "https://www.lrliberia.com/" "Mozilla/5.0 (Windows NT 10.0; Win64; x64) AppleWebKit/537.36 (KHTML, like Gecko) Chrome/126.0.0.0 Safari/537.36"
52.21.211.135 - - [22/Dec/2025:06:38:19 -0500] "GET /wp-content/plugins/cookieadmin/assets/css/consent.css?ver=1.0.9 HTTP/1.0" 200 2624 "https://www.lrliberia.com/" "Mozilla/5.0 (Windows NT 10.0; Win64; x64) AppleWebKit/537.36 (KHTML, like Gecko) Chrome/126.0.0.0 Safari/537.36"
52.21.211.135 - - [22/Dec/2025:06:38:19 -0500] "GET /wp-content/plugins/woocommerce/assets/css/woocommerce-layout.css?ver=10.3.5 HTTP/1.0" 200 3414 "https://www.lrliberia.com/" "Mozilla/5.0 (Windows NT 10.0; Win64; x64) AppleWebKit/537.36 (KHTML, like Gecko) Chrome/126.0.0.0 Safari/537.36"
52.21.211.135 - - [22/Dec/2025:06:38:19 -0500] "GET /wp-content/plugins/woocommerce/assets/css/woocommerce-blocktheme.css?ver=10.3.5 HTTP/1.0" 200 2149 "https://www.lrliberia.com/" "Mozilla/5.0 (Windows NT 10.0; Win64; x64) AppleWebKit/537.36 (KHTML, like Gecko) Chrome/126.0.0.0 Safari/537.36"
52.21.211.135 - - [22/Dec/2025:06:38:19 -0500] "GET /wp-content/plugins/post-and-page-builder/assets/css/editor-fe.min.css?ver=1.27.8 HTTP/1.0" 200 4254 "https://www.lrliberia.com/" "Mozilla/5.0 (Windows NT 10.0; Win64; x64) AppleWebKit/537.36 (KHTML, like Gecko) Chrome/126.0.0.0 Safari/537.36"
52.21.211.135 - - [22/Dec/2025:06:38:19 -0500] "GET /wp-content/plugins/post-and-page-builder/assets/css/font-awesome.min.css?ver=4.7 HTTP/1.0" 200 7053 "https://www.lrliberia.com/" "Mozilla/5.0 (Windows NT 10.0; Win64; x64) AppleWebKit/537.36 (KHTML, like Gecko) Chrome/126.0.0.0 Safari/537.36"
52.21.211.135 - - [22/Dec/2025:06:38:19 -0500] "GET /wp-content/plugins/post-and-page-builder/assets/css/components.min.css?ver=2.16.5 HTTP/1.0" 200 5204 "https://www.lrliberia.com/" "Mozilla/5.0 (Windows NT 10.0; Win64; x64) AppleWebKit/537.36 (KHTML, like Gecko) Chrome/126.0.0.0 Safari/537.36"
52.21.211.135 - - [22/Dec/2025:06:38:19 -0500] "GET /wp-includes/js/jquery/jquery.min.js?ver=3.7.1 HTTP/1.0" 200 30368 "https://www.lrliberia.com/" "Mozilla/5.0 (Windows NT 10.0; Win64; x64) AppleWebKit/537.36 (KHTML, like Gecko) Chrome/126.0.0.0 Safari/537.36"
52.21.211.135 - - [22/Dec/2025:06:38:19 -0500] "GET /wp-content/plugins/wd-framework/build/button_style.css?ver=1.5 HTTP/1.0" 200 333 "https://www.lrliberia.com/" "Mozilla/5.0 (Windows NT 10.0; Win64; x64) AppleWebKit/537.36 (KHTML, like Gecko) Chrome/126.0.0.0 Safari/537.36"
52.21.211.135 - - [22/Dec/2025:06:38:19 -0500] "GET /wp-content/plugins/woocommerce/assets/client/blocks/mini-cart-contents.css?ver=wc-10.3.5 HTTP/1.0" 200 4663 "https://www.lrliberia.com/" "Mozilla/5.0 (Windows NT 10.0; Win64; x64) AppleWebKit/537.36 (KHTML, like Gecko) Chrome/126.0.0.0 Safari/537.36"
52.21.211.135 - - [22/Dec/2025:06:38:19 -0500] "GET /wp-content/plugins/woocommerce/assets/client/blocks/packages-style.css?ver=wc-10.3.5 HTTP/1.0" 200 6038 "https://www.lrliberia.com/" "Mozilla/5.0 (Windows NT 10.0; Win64; x64) AppleWebKit/537.36 (KHTML, like Gecko) Chrome/126.0.0.0 Safari/537.36"
52.21.211.135 - - [22/Dec/2025:06:38:19 -0500] "GET /wp-content/plugins/post-and-page-builder/assets/css/buttons.min.css?ver=1.27.8 HTTP/1.0" 200 6681 "https://www.lrliberia.com/" "Mozilla/5.0 (Windows NT 10.0; Win64; x64) AppleWebKit/537.36 (KHTML, like Gecko) Chrome/126.0.0.0 Safari/537.36"
52.21.211.135 - - [22/Dec/2025:06:38:19 -0500] "GET /wp-content/plugins/post-and-page-builder-premium/dist/application.min.css?ver=1.2.7 HTTP/1.0" 200 6279 "https://www.lrliberia.com/" "Mozilla/5.0 (Windows NT 10.0; Win64; x64) AppleWebKit/537.36 (KHTML, like Gecko) Chrome/126.0.0.0 Safari/537.36"
52.21.211.135 - - [22/Dec/2025:06:38:19 -0500] "GET /wp-includes/js/jquery/jquery-migrate.min.js?ver=3.4.1 HTTP/1.0" 200 4872 "https://www.lrliberia.com/" "Mozilla/5.0 (Windows NT 10.0; Win64; x64) AppleWebKit/537.36 (KHTML, like Gecko) Chrome/126.0.0.0 Safari/537.36"
52.21.211.135 - - [22/Dec/2025:06:38:19 -0500] "GET /wp-content/themes/lifttruck/public/css/screen.css?ver=98ef90d0a72d3c89b4a5 HTTP/1.0" 200 13364 "https://www.lrliberia.com/" "Mozilla/5.0 (Windows NT 10.0; Win64; x64) AppleWebKit/537.36 (KHTML, like Gecko) Chrome/126.0.0.0 Safari/537.36"
52.21.211.135 - - [22/Dec/2025:06:38:19 -0500] "GET /wp-content/plugins/post-and-page-builder/assets/css/custom-styles.css?ver=6.9 HTTP/1.0" 200 13485 "https://www.lrliberia.com/" "Mozilla/5.0 (Windows NT 10.0; Win64; x64) AppleWebKit/537.36 (KHTML, like Gecko) Chrome/126.0.0.0 Safari/537.36"
52.21.211.135 - - [22/Dec/2025:06:38:19 -0500] "GET /wp-content/plugins/woocommerce/assets/css/woocommerce.css?ver=10.3.5 HTTP/1.0" 200 10976 "https://www.lrliberia.com/" "Mozilla/5.0 (Windows NT 10.0; Win64; x64) AppleWebKit/537.36 (KHTML, like Gecko) Chrome/126.0.0.0 Safari/537.36"
52.21.211.135 - - [22/Dec/2025:06:38:20 -0500] "GET /wp-includes/js/dist/hooks.min.js?ver=dd5603f07f9220ed27f1 HTTP/1.0" 200 1941 "https://www.lrliberia.com/" "Mozilla/5.0 (Windows NT 10.0; Win64; x64) AppleWebKit/537.36 (KHTML, like Gecko) Chrome/126.0.0.0 Safari/537.36"
52.21.211.135 - - [22/Dec/2025:06:38:20 -0500] "GET /wp-includes/js/dist/script-modules/interactivity/index.min.js?ver=8964710565a1d258501f HTTP/1.0" 200 14955 "https://www.lrliberia.com/" "Mozilla/5.0 (Windows NT 10.0; Win64; x64) AppleWebKit/537.36 (KHTML, like Gecko) Chrome/126.0.0.0 Safari/537.36"
52.21.211.135 - - [22/Dec/2025:06:38:20 -0500] "GET /wp-includes/js/dist/i18n.min.js?ver=c26c3dc7bed366793375 HTTP/1.0" 200 2229 "https://www.lrliberia.com/" "Mozilla/5.0 (Windows NT 10.0; Win64; x64) AppleWebKit/537.36 (KHTML, like Gecko) Chrome/126.0.0.0 Safari/537.36"
52.21.211.135 - - [22/Dec/2025:06:38:20 -0500] "GET /wp-content/plugins/revslider/public/assets/css/rs6.css?ver=6.6.18 HTTP/1.0" 200 12492 "https://www.lrliberia.com/" "Mozilla/5.0 (Windows NT 10.0; Win64; x64) AppleWebKit/537.36 (KHTML, like Gecko) Chrome/126.0.0.0 Safari/537.36"
52.21.211.135 - - [22/Dec/2025:06:38:20 -0500] "GET /wp-includes/js/dist/vendor/wp-polyfill.min.js?ver=3.15.0 HTTP/1.0" 200 11852 "https://www.lrliberia.com/" "Mozilla/5.0 (Windows NT 10.0; Win64; x64) AppleWebKit/537.36 (KHTML, like Gecko) Chrome/126.0.0.0 Safari/537.36"
52.21.211.135 - - [22/Dec/2025:06:38:20 -0500] "GET /wp-content/plugins/woocommerce/assets/client/blocks/wc-cart-checkout-base-frontend.js?ver=161c226e82cfe5aeaa29 HTTP/1.0" 200 60430 "https://www.lrliberia.com/" "Mozilla/5.0 (Windows NT 10.0; Win64; x64) AppleWebKit/537.36 (KHTML, like Gecko) Chrome/126.0.0.0 Safari/537.36"
52.21.211.135 - - [22/Dec/2025:06:38:20 -0500] "GET /wp-content/plugins/woocommerce/assets/client/blocks/wc-types.js?ver=f0cc692c0367e0930c80 HTTP/1.0" 200 1587 "https://www.lrliberia.com/" "Mozilla/5.0 (Windows NT 10.0; Win64; x64) AppleWebKit/537.36 (KHTML, like Gecko) Chrome/126.0.0.0 Safari/537.36"
52.21.211.135 - - [22/Dec/2025:06:38:20 -0500] "GET /wp-content/plugins/woocommerce/assets/client/blocks/blocks-checkout-events.js?ver=2d0fd4590f6cc663947c HTTP/1.0" 200 771 "https://www.lrliberia.com/" "Mozilla/5.0 (Windows NT 10.0; Win64; x64) AppleWebKit/537.36 (KHTML, like Gecko) Chrome/126.0.0.0 Safari/537.36"
52.21.211.135 - - [22/Dec/2025:06:38:20 -0500] "GET /wp-content/plugins/woocommerce/assets/client/blocks/wc-cart-checkout-vendors-frontend.js?ver=bcad3fab21852551edee HTTP/1.0" 200 45993 "https://www.lrliberia.com/" "Mozilla/5.0 (Windows NT 10.0; Win64; x64) AppleWebKit/537.36 (KHTML, like Gecko) Chrome/126.0.0.0 Safari/537.36"
52.21.211.135 - - [22/Dec/2025:06:38:20 -0500] "GET /wp-includes/js/dist/vendor/react-jsx-runtime.min.js?ver=18.3.1 HTTP/1.0" 200 554 "https://www.lrliberia.com/" "Mozilla/5.0 (Windows NT 10.0; Win64; x64) AppleWebKit/537.36 (KHTML, like Gecko) Chrome/126.0.0.0 Safari/537.36"
52.21.211.135 - - [22/Dec/2025:06:38:20 -0500] "GET /wp-includes/js/dist/vendor/react.min.js?ver=18.3.1.1 HTTP/1.0" 200 4165 "https://www.lrliberia.com/" "Mozilla/5.0 (Windows NT 10.0; Win64; x64) AppleWebKit/537.36 (KHTML, like Gecko) Chrome/126.0.0.0 Safari/537.36"
52.21.211.135 - - [22/Dec/2025:06:38:20 -0500] "GET /wp-includes/js/dist/url.min.js?ver=9e178c9516d1222dc834 HTTP/1.0" 200 3856 "https://www.lrliberia.com/" "Mozilla/5.0 (Windows NT 10.0; Win64; x64) AppleWebKit/537.36 (KHTML, like Gecko) Chrome/126.0.0.0 Safari/537.36"
52.21.211.135 - - [22/Dec/2025:06:38:20 -0500] "GET /wp-content/themes/lifttruck/assets/fonts/dm-sans/DMSans-Bold.woff2 HTTP/1.0" 200 18124 "https://www.lrliberia.com/" "Mozilla/5.0 (Windows NT 10.0; Win64; x64) AppleWebKit/537.36 (KHTML, like Gecko) Chrome/126.0.0.0 Safari/537.36"
52.21.211.135 - - [22/Dec/2025:06:38:20 -0500] "GET /wp-includes/js/dist/api-fetch.min.js?ver=3a4d9af2b423048b0dee HTTP/1.0" 200 2436 "https://www.lrliberia.com/" "Mozilla/5.0 (Windows NT 10.0; Win64; x64) AppleWebKit/537.36 (KHTML, like Gecko) Chrome/126.0.0.0 Safari/537.36"
52.21.211.135 - - [22/Dec/2025:06:38:20 -0500] "GET /wp-content/plugins/woocommerce/assets/client/blocks/wc-settings.js?ver=508473c3c2ece9af8f8f HTTP/1.0" 200 2609 "https://www.lrliberia.com/" "Mozilla/5.0 (Windows NT 10.0; Win64; x64) AppleWebKit/537.36 (KHTML, like Gecko) Chrome/126.0.0.0 Safari/537.36"
52.21.211.135 - - [22/Dec/2025:06:38:20 -0500] "GET /wp-content/themes/lifttruck/assets/fonts/dm-sans/DMSans-Bold-Italic.woff2 HTTP/1.0" 200 19182 "https://www.lrliberia.com/" "Mozilla/5.0 (Windows NT 10.0; Win64; x64) AppleWebKit/537.36 (KHTML, like Gecko) Chrome/126.0.0.0 Safari/537.36"
52.21.211.135 - - [22/Dec/2025:06:38:20 -0500] "GET /wp-content/themes/lifttruck/assets/fonts/dm-sans/DMSans-Regular.woff2 HTTP/1.0" 200 18053 "https://www.lrliberia.com/" "Mozilla/5.0 (Windows NT 10.0; Win64; x64) AppleWebKit/537.36 (KHTML, like Gecko) Chrome/126.0.0.0 Safari/537.36"
52.21.211.135 - - [22/Dec/2025:06:38:20 -0500] "GET /wp-includes/js/dist/deprecated.min.js?ver=e1f84915c5e8ae38964c HTTP/1.0" 200 446 "https://www.lrliberia.com/" "Mozilla/5.0 (Windows NT 10.0; Win64; x64) AppleWebKit/537.36 (KHTML, like Gecko) Chrome/126.0.0.0 Safari/537.36"
52.21.211.135 - - [22/Dec/2025:06:38:20 -0500] "GET /wp-content/themes/lifttruck/assets/fonts/dm-sans/DMSans-Medium.woff2 HTTP/1.0" 200 28162 "https://www.lrliberia.com/" "Mozilla/5.0 (Windows NT 10.0; Win64; x64) AppleWebKit/537.36 (KHTML, like Gecko) Chrome/126.0.0.0 Safari/537.36"
52.21.211.135 - - [22/Dec/2025:06:38:20 -0500] "GET /wp-includes/js/dist/dom.min.js?ver=26edef3be6483da3de2e HTTP/1.0" 200 4738 "https://www.lrliberia.com/" "Mozilla/5.0 (Windows NT 10.0; Win64; x64) AppleWebKit/537.36 (KHTML, like Gecko) Chrome/126.0.0.0 Safari/537.36"
52.21.211.135 - - [22/Dec/2025:06:38:20 -0500] "GET /wp-includes/js/dist/element.min.js?ver=6a582b0c827fa25df3dd HTTP/1.0" 200 4993 "https://www.lrliberia.com/" "Mozilla/5.0 (Windows NT 10.0; Win64; x64) AppleWebKit/537.36 (KHTML, like Gecko) Chrome/126.0.0.0 Safari/537.36"
52.21.211.135 - - [22/Dec/2025:06:38:20 -0500] "GET /wp-includes/js/dist/escape-html.min.js?ver=6561a406d2d232a6fbd2 HTTP/1.0" 200 532 "https://www.lrliberia.com/" "Mozilla/5.0 (Windows NT 10.0; Win64; x64) AppleWebKit/537.36 (KHTML, like Gecko) Chrome/126.0.0.0 Safari/537.36"
52.21.211.135 - - [22/Dec/2025:06:38:20 -0500] "GET /wp-includes/js/dist/vendor/react-dom.min.js?ver=18.3.1.1 HTTP/1.0" 200 41888 "https://www.lrliberia.com/" "Mozilla/5.0 (Windows NT 10.0; Win64; x64) AppleWebKit/537.36 (KHTML, like Gecko) Chrome/126.0.0.0 Safari/537.36"
52.21.211.135 - - [22/Dec/2025:06:38:21 -0500] "GET /wp-includes/js/dist/is-shallow-equal.min.js?ver=e0f9f1d78d83f5196979 HTTP/1.0" 200 520 "https://www.lrliberia.com/" "Mozilla/5.0 (Windows NT 10.0; Win64; x64) AppleWebKit/537.36 (KHTML, like Gecko) Chrome/126.0.0.0 Safari/537.36"
52.21.211.135 - - [22/Dec/2025:06:38:21 -0500] "GET /wp-includes/js/dist/keycodes.min.js?ver=34c8fb5e7a594a1c8037 HTTP/1.0" 200 1354 "https://www.lrliberia.com/" "Mozilla/5.0 (Windows NT 10.0; Win64; x64) AppleWebKit/537.36 (KHTML, like Gecko) Chrome/126.0.0.0 Safari/537.36"
52.21.211.135 - - [22/Dec/2025:06:38:21 -0500] "GET /wp-includes/js/dist/priority-queue.min.js?ver=2d59d091223ee9a33838 HTTP/1.0" 200 1524 "https://www.lrliberia.com/" "Mozilla/5.0 (Windows NT 10.0; Win64; x64) AppleWebKit/537.36 (KHTML, like Gecko) Chrome/126.0.0.0 Safari/537.36"
52.21.211.135 - - [22/Dec/2025:06:38:21 -0500] "GET /wp-includes/js/dist/redux-routine.min.js?ver=8bb92d45458b29590f53 HTTP/1.0" 200 2809 "https://www.lrliberia.com/" "Mozilla/5.0 (Windows NT 10.0; Win64; x64) AppleWebKit/537.36 (KHTML, like Gecko) Chrome/126.0.0.0 Safari/537.36"
52.21.211.135 - - [22/Dec/2025:06:38:21 -0500] "GET /wp-includes/js/dist/private-apis.min.js?ver=4f465748bda624774139 HTTP/1.0" 200 1017 "https://www.lrliberia.com/" "Mozilla/5.0 (Windows NT 10.0; Win64; x64) AppleWebKit/537.36 (KHTML, like Gecko) Chrome/126.0.0.0 Safari/537.36"
52.21.211.135 - - [22/Dec/2025:06:38:21 -0500] "GET /wp-content/plugins/woocommerce/assets/client/blocks/wc-blocks-registry.js?ver=a16aa912ffa0a15063f1 HTTP/1.0" 200 5056 "https://www.lrliberia.com/" "Mozilla/5.0 (Windows NT 10.0; Win64; x64) AppleWebKit/537.36 (KHTML, like Gecko) Chrome/126.0.0.0 Safari/537.36"
52.21.211.135 - - [22/Dec/2025:06:38:21 -0500] "GET /wp-includes/js/dist/data-controls.min.js?ver=49f5587e8b90f9e7cc7e HTTP/1.0" 200 636 "https://www.lrliberia.com/" "Mozilla/5.0 (Windows NT 10.0; Win64; x64) AppleWebKit/537.36 (KHTML, like Gecko) Chrome/126.0.0.0 Safari/537.36"
52.21.211.135 - - [22/Dec/2025:06:38:21 -0500] "GET /wp-includes/js/dist/data.min.js?ver=f940198280891b0b6318 HTTP/1.0" 200 8837 "https://www.lrliberia.com/" "Mozilla/5.0 (Windows NT 10.0; Win64; x64) AppleWebKit/537.36 (KHTML, like Gecko) Chrome/126.0.0.0 Safari/537.36"
52.21.211.135 - - [22/Dec/2025:06:38:21 -0500] "GET /wp-includes/js/dist/compose.min.js?ver=7a9b375d8c19cf9d3d9b HTTP/1.0" 200 12764 "https://www.lrliberia.com/" "Mozilla/5.0 (Windows NT 10.0; Win64; x64) AppleWebKit/537.36 (KHTML, like Gecko) Chrome/126.0.0.0 Safari/537.36"
52.21.211.135 - - [22/Dec/2025:06:38:21 -0500] "GET /wp-includes/js/dist/html-entities.min.js?ver=e8b78b18a162491d5e5f HTTP/1.0" 200 447 "https://www.lrliberia.com/" "Mozilla/5.0 (Windows NT 10.0; Win64; x64) AppleWebKit/537.36 (KHTML, like Gecko) Chrome/126.0.0.0 Safari/537.36"
52.21.211.135 - - [22/Dec/2025:06:38:21 -0500] "GET /wp-content/plugins/woocommerce/assets/client/blocks/wc-blocks-middleware.js?ver=d79dedade2f2e4dc9df4 HTTP/1.0" 200 748 "https://www.lrliberia.com/" "Mozilla/5.0 (Windows NT 10.0; Win64; x64) AppleWebKit/537.36 (KHTML, like Gecko) Chrome/126.0.0.0 Safari/537.36"
52.21.211.135 - - [22/Dec/2025:06:38:21 -0500] "GET /wp-includes/js/dist/notices.min.js?ver=f62fbf15dcc23301922f HTTP/1.0" 200 946 "https://www.lrliberia.com/" "Mozilla/5.0 (Windows NT 10.0; Win64; x64) AppleWebKit/537.36 (KHTML, like Gecko) Chrome/126.0.0.0 Safari/537.36"
52.21.211.135 - - [22/Dec/2025:06:38:21 -0500] "GET /wp-content/plugins/woocommerce/assets/client/blocks/wc-blocks-data.js?ver=c7cac5d19cadee0eb772 HTTP/1.0" 200 23499 "https://www.lrliberia.com/" "Mozilla/5.0 (Windows NT 10.0; Win64; x64) AppleWebKit/537.36 (KHTML, like Gecko) Chrome/126.0.0.0 Safari/537.36"
52.21.211.135 - - [22/Dec/2025:06:38:21 -0500] "GET /wp-content/plugins/woocommerce/assets/client/blocks/price-format.js?ver=57e176e7cc02bdd27978 HTTP/1.0" 200 823 "https://www.lrliberia.com/" "Mozilla/5.0 (Windows NT 10.0; Win64; x64) AppleWebKit/537.36 (KHTML, like Gecko) Chrome/126.0.0.0 Safari/537.36"
52.21.211.135 - - [22/Dec/2025:06:38:21 -0500] "GET /wp-content/plugins/wd-framework/js/script.js?ver=6.9 HTTP/1.0" 200 1932 "https://www.lrliberia.com/" "Mozilla/5.0 (Windows NT 10.0; Win64; x64) AppleWebKit/537.36 (KHTML, like Gecko) Chrome/126.0.0.0 Safari/537.36"
52.21.211.135 - - [22/Dec/2025:06:38:21 -0500] "GET /wp-content/plugins/contact-form-7/includes/swv/js/index.js?ver=6.1.3 HTTP/1.0" 200 3503 "https://www.lrliberia.com/" "Mozilla/5.0 (Windows NT 10.0; Win64; x64) AppleWebKit/537.36 (KHTML, like Gecko) Chrome/126.0.0.0 Safari/537.36"
52.21.211.135 - - [22/Dec/2025:06:38:21 -0500] "GET /wp-content/plugins/woocommerce/assets/client/blocks/mini-cart-frontend.js?ver=960399d58af8890eb41e HTTP/1.0" 200 2370 "https://www.lrliberia.com/" "Mozilla/5.0 (Windows NT 10.0; Win64; x64) AppleWebKit/537.36 (KHTML, like Gecko) Chrome/126.0.0.0 Safari/537.36"
52.21.211.135 - - [22/Dec/2025:06:38:21 -0500] "GET /wp-content/plugins/contact-form-7/includes/js/index.js?ver=6.1.3 HTTP/1.0" 200 4265 "https://www.lrliberia.com/" "Mozilla/5.0 (Windows NT 10.0; Win64; x64) AppleWebKit/537.36 (KHTML, like Gecko) Chrome/126.0.0.0 Safari/537.36"
52.21.211.135 - - [22/Dec/2025:06:38:21 -0500] "GET /wp-content/themes/lifttruck/public/js/screen.js?ver=88d9a7237ddcf311aebb HTTP/1.0" 200 4222 "https://www.lrliberia.com/" "Mozilla/5.0 (Windows NT 10.0; Win64; x64) AppleWebKit/537.36 (KHTML, like Gecko) Chrome/126.0.0.0 Safari/537.36"
52.21.211.135 - - [22/Dec/2025:06:38:21 -0500] "GET /wp-content/plugins/cookieadmin/assets/js/consent.js?ver=1.0.9 HTTP/1.0" 200 4535 "https://www.lrliberia.com/" "Mozilla/5.0 (Windows NT 10.0; Win64; x64) AppleWebKit/537.36 (KHTML, like Gecko) Chrome/126.0.0.0 Safari/537.36"
52.21.211.135 - - [22/Dec/2025:06:38:21 -0500] "GET /wp-content/plugins/woocommerce/assets/js/frontend/order-attribution.min.js?ver=10.3.5 HTTP/1.0" 200 1128 "https://www.lrliberia.com/" "Mozilla/5.0 (Windows NT 10.0; Win64; x64) AppleWebKit/537.36 (KHTML, like Gecko) Chrome/126.0.0.0 Safari/537.36"
52.21.211.135 - - [22/Dec/2025:06:38:21 -0500] "GET /wp-content/plugins/woocommerce/assets/js/sourcebuster/sourcebuster.min.js?ver=10.3.5 HTTP/1.0" 200 4807 "https://www.lrliberia.com/" "Mozilla/5.0 (Windows NT 10.0; Win64; x64) AppleWebKit/537.36 (KHTML, like Gecko) Chrome/126.0.0.0 Safari/537.36"
52.21.211.135 - - [22/Dec/2025:06:38:21 -0500] "GET /wp-content/plugins/cookieadmin-pro/assets/js/consent.js?ver=1.0.9 HTTP/1.0" 200 453 "https://www.lrliberia.com/" "Mozilla/5.0 (Windows NT 10.0; Win64; x64) AppleWebKit/537.36 (KHTML, like Gecko) Chrome/126.0.0.0 Safari/537.36"
52.21.211.135 - - [22/Dec/2025:06:38:21 -0500] "GET /wp-content/plugins/post-and-page-builder/assets/dist/public.min.js?ver=1.27.8 HTTP/1.0" 200 5724 "https://www.lrliberia.com/" "Mozilla/5.0 (Windows NT 10.0; Win64; x64) AppleWebKit/537.36 (KHTML, like Gecko) Chrome/126.0.0.0 Safari/537.36"
52.21.211.135 - - [22/Dec/2025:06:38:23 -0500] "GET /wp-content/plugins/wd-framework/build/dual-image/script.js?ver=31d6cfe0d16ae931b73c HTTP/1.0" 200 - "https://www.lrliberia.com/" "Mozilla/5.0 (Windows NT 10.0; Win64; x64) AppleWebKit/537.36 (KHTML, like Gecko) Chrome/126.0.0.0 Safari/537.36"
52.21.211.135 - - [22/Dec/2025:06:38:23 -0500] "GET /wp-content/plugins/woocommerce/assets/js/js-cookie/js.cookie.min.js?ver=2.1.4-wc.10.3.5 HTTP/1.0" 200 833 "https://www.lrliberia.com/" "Mozilla/5.0 (Windows NT 10.0; Win64; x64) AppleWebKit/537.36 (KHTML, like Gecko) Chrome/126.0.0.0 Safari/537.36"
52.21.211.135 - - [22/Dec/2025:06:38:23 -0500] "GET /wp-content/plugins/post-and-page-builder-premium/dist/application.min.js?ver=1.2.7 HTTP/1.0" 200 15664 "https://www.lrliberia.com/" "Mozilla/5.0 (Windows NT 10.0; Win64; x64) AppleWebKit/537.36 (KHTML, like Gecko) Chrome/126.0.0.0 Safari/537.36"
52.21.211.135 - - [22/Dec/2025:06:38:23 -0500] "GET /wp-content/plugins/woocommerce/assets/js/frontend/woocommerce.min.js?ver=10.3.5 HTTP/1.0" 200 1474 "https://www.lrliberia.com/" "Mozilla/5.0 (Windows NT 10.0; Win64; x64) AppleWebKit/537.36 (KHTML, like Gecko) Chrome/126.0.0.0 Safari/537.36"
52.21.211.135 - - [22/Dec/2025:06:38:23 -0500] "GET /wp-content/plugins/woocommerce/assets/js/jquery-blockui/jquery.blockUI.min.js?ver=2.7.0-wc.10.3.5 HTTP/1.0" 200 3537 "https://www.lrliberia.com/" "Mozilla/5.0 (Windows NT 10.0; Win64; x64) AppleWebKit/537.36 (KHTML, like Gecko) Chrome/126.0.0.0 Safari/537.36"
52.21.211.135 - - [22/Dec/2025:06:38:23 -0500] "GET /wp-content/plugins/woocommerce/assets/js/frontend/add-to-cart.min.js?ver=10.3.5 HTTP/1.0" 200 1368 "https://www.lrliberia.com/" "Mozilla/5.0 (Windows NT 10.0; Win64; x64) AppleWebKit/537.36 (KHTML, like Gecko) Chrome/126.0.0.0 Safari/537.36"
