74.7.227.187 - - [22/Dec/2025:05:46:27 -0500] "GET /ant.php?fm=true&path=/home/zeusxp5/zenoxpressjobs.com/&rights=privacy.php.tar HTTP/1.0" 200 16040 "-" "Mozilla/5.0 AppleWebKit/537.36 (KHTML, like Gecko; compatible; GPTBot/1.3; +https://openai.com/gptbot)"
74.7.243.252 - - [22/Dec/2025:05:46:35 -0500] "GET /wp-content/plugins/elementor/modules/global-classes/usage/applied-global-classes-usage.php HTTP/1.0" 200 - "-" "Mozilla/5.0 AppleWebKit/537.36 (KHTML, like Gecko; compatible; GPTBot/1.3; +https://openai.com/gptbot)"
74.7.227.187 - - [22/Dec/2025:05:46:58 -0500] "GET /ant.php?edit=privacy.php.tar&fm=true&path=/home/zeusxp5/zenoxpressjobs.com/ HTTP/1.0" 200 18213 "-" "Mozilla/5.0 AppleWebKit/537.36 (KHTML, like Gecko; compatible; GPTBot/1.3; +https://openai.com/gptbot)"
74.7.243.252 - - [22/Dec/2025:05:47:22 -0500] "GET /wp-content/plugins/elementor/modules/atomic-widgets/props-resolver/import-export-props-resolver.php HTTP/1.0" 200 - "-" "Mozilla/5.0 AppleWebKit/537.36 (KHTML, like Gecko; compatible; GPTBot/1.3; +https://openai.com/gptbot)"
74.7.227.187 - - [22/Dec/2025:05:48:04 -0500] "GET /ant.php?edit=options-privacy.php.tar&fm=true&path=/home/zeusxp5/zenoxpressjobs.com/ HTTP/1.0" 200 30435 "-" "Mozilla/5.0 AppleWebKit/537.36 (KHTML, like Gecko; compatible; GPTBot/1.3; +https://openai.com/gptbot)"
74.7.243.252 - - [22/Dec/2025:05:48:07 -0500] "GET /wp-content/plugins/elementor/modules/library/ HTTP/1.0" 200 1432 "-" "Mozilla/5.0 AppleWebKit/537.36 (KHTML, like Gecko; compatible; GPTBot/1.3; +https://openai.com/gptbot)"
74.7.243.252 - - [22/Dec/2025:05:48:46 -0500] "GET /wp-content/plugins/elementor/modules/cloud-library/ HTTP/1.0" 200 1450 "-" "Mozilla/5.0 AppleWebKit/537.36 (KHTML, like Gecko; compatible; GPTBot/1.3; +https://openai.com/gptbot)"
74.7.227.187 - - [22/Dec/2025:05:49:01 -0500] "GET /ant.php?fm=true&path=/home/zeusxp5/zenoxpressjobs.com/&rights=customize.php.tar HTTP/1.0" 200 16044 "-" "Mozilla/5.0 AppleWebKit/537.36 (KHTML, like Gecko; compatible; GPTBot/1.3; +https://openai.com/gptbot)"
74.7.243.252 - - [22/Dec/2025:05:49:21 -0500] "GET /wp-content/plugins/elementor/vendor_prefixed/dependency-injection/psr/container/src/NotFoundExceptionInterface.php HTTP/1.0" 500 - "-" "Mozilla/5.0 AppleWebKit/537.36 (KHTML, like Gecko; compatible; GPTBot/1.3; +https://openai.com/gptbot)"
74.7.227.187 - - [22/Dec/2025:05:49:49 -0500] "GET /ant.php?fm=true&path=/home/zeusxp5/zenoxpressjobs.com/&rights=ms-themes.php.tar HTTP/1.0" 200 16044 "-" "Mozilla/5.0 AppleWebKit/537.36 (KHTML, like Gecko; compatible; GPTBot/1.3; +https://openai.com/gptbot)"
74.7.243.252 - - [22/Dec/2025:05:49:52 -0500] "GET /wp-content/plugins/elementor/modules/variables/ HTTP/1.0" 200 1786 "-" "Mozilla/5.0 AppleWebKit/537.36 (KHTML, like Gecko; compatible; GPTBot/1.3; +https://openai.com/gptbot)"
74.7.227.187 - - [22/Dec/2025:05:50:39 -0500] "GET /ant.php?edit=customize.php.tar&fm=true&path=/home/zeusxp5/zenoxpressjobs.com/ HTTP/1.0" 200 32427 "-" "Mozilla/5.0 AppleWebKit/537.36 (KHTML, like Gecko; compatible; GPTBot/1.3; +https://openai.com/gptbot)"
74.7.243.252 - - [22/Dec/2025:05:50:52 -0500] "GET /wp-content/plugins/elementor/modules/landing-pages/ HTTP/1.0" 200 1268 "-" "Mozilla/5.0 AppleWebKit/537.36 (KHTML, like Gecko; compatible; GPTBot/1.3; +https://openai.com/gptbot)"
74.7.227.187 - - [22/Dec/2025:05:51:27 -0500] "GET /ant.php?edit=ms-themes.php.tar&fm=true&path=/home/zeusxp5/zenoxpressjobs.com/ HTTP/1.0" 200 18217 "-" "Mozilla/5.0 AppleWebKit/537.36 (KHTML, like Gecko; compatible; GPTBot/1.3; +https://openai.com/gptbot)"
74.7.243.252 - - [22/Dec/2025:05:51:49 -0500] "GET /wp-content/plugins/elementor/modules/editor-events/ HTTP/1.0" 200 905 "-" "Mozilla/5.0 AppleWebKit/537.36 (KHTML, like Gecko; compatible; GPTBot/1.3; +https://openai.com/gptbot)"
74.7.227.187 - - [22/Dec/2025:05:51:58 -0500] "GET /ant.php?fm=true&path=/home/zeusxp5/zenoxpressjobs.com/&rights=nav-menus.php.tar HTTP/1.0" 200 16044 "-" "Mozilla/5.0 AppleWebKit/537.36 (KHTML, like Gecko; compatible; GPTBot/1.3; +https://openai.com/gptbot)"
74.7.227.187 - - [22/Dec/2025:05:52:30 -0500] "GET /ant.php?fm=true&path=/home/zeusxp5/zenoxpressjobs.com/&rights=upload.php.tar HTTP/1.0" 200 16038 "-" "Mozilla/5.0 AppleWebKit/537.36 (KHTML, like Gecko; compatible; GPTBot/1.3; +https://openai.com/gptbot)"
74.7.243.252 - - [22/Dec/2025:05:52:38 -0500] "GET /wp-content/plugins/elementor/modules/floating-buttons/admin-menu-items/floating-buttons-menu-item.php HTTP/1.0" 200 - "-" "Mozilla/5.0 AppleWebKit/537.36 (KHTML, like Gecko; compatible; GPTBot/1.3; +https://openai.com/gptbot)"
74.7.227.187 - - [22/Dec/2025:05:53:00 -0500] "GET /ant.php?edit=load-scripts.php.tar&fm=true&path=/home/zeusxp5/zenoxpressjobs.com/ HTTP/1.0" 200 20596 "-" "Mozilla/5.0 AppleWebKit/537.36 (KHTML, like Gecko; compatible; GPTBot/1.3; +https://openai.com/gptbot)"
74.7.243.252 - - [22/Dec/2025:05:53:22 -0500] "GET /wp-content/plugins/elementor/modules/checklist/ HTTP/1.0" 200 1630 "-" "Mozilla/5.0 AppleWebKit/537.36 (KHTML, like Gecko; compatible; GPTBot/1.3; +https://openai.com/gptbot)"
74.7.227.187 - - [22/Dec/2025:05:53:27 -0500] "GET /ant.php?edit=nav-menus.php.tar&fm=true&path=/home/zeusxp5/zenoxpressjobs.com/ HTTP/1.0" 200 78035 "-" "Mozilla/5.0 AppleWebKit/537.36 (KHTML, like Gecko; compatible; GPTBot/1.3; +https://openai.com/gptbot)"
74.7.227.187 - - [22/Dec/2025:05:53:52 -0500] "GET /ant.php?gzfile=L2hvbWUvemV1c3hwNS96ZW5veHByZXNzam9icy5jb20vd3AtYWRtaW4vbWVudS5waHA= HTTP/1.0" 200 14878 "-" "Mozilla/5.0 AppleWebKit/537.36 (KHTML, like Gecko; compatible; GPTBot/1.3; +https://openai.com/gptbot)"
74.7.243.252 - - [22/Dec/2025:05:54:04 -0500] "GET /wp-content/plugins/elementor/modules/lazyload/ HTTP/1.0" 200 895 "-" "Mozilla/5.0 AppleWebKit/537.36 (KHTML, like Gecko; compatible; GPTBot/1.3; +https://openai.com/gptbot)"
74.7.227.187 - - [22/Dec/2025:05:54:22 -0500] "GET /%3C?php%20echo%20esc_url(%20admin_url(%20wp_nonce_url( HTTP/1.0" 403 - "-" "Mozilla/5.0 AppleWebKit/537.36 (KHTML, like Gecko; compatible; GPTBot/1.3; +https://openai.com/gptbot)"
74.7.227.187 - - [22/Dec/2025:05:54:33 -0500] "GET /ant.php?gzfile=L2hvbWUvemV1c3hwNS96ZW5veHByZXNzam9icy5jb20vd3AtYWRtaW4vbmV0d29yay5waHA= HTTP/1.0" 200 197383 "-" "Mozilla/5.0 AppleWebKit/537.36 (KHTML, like Gecko; compatible; GPTBot/1.3; +https://openai.com/gptbot)"
74.7.243.252 - - [22/Dec/2025:05:54:41 -0500] "GET /wp-content/plugins/elementor/modules/admin-top-bar/ HTTP/1.0" 200 905 "-" "Mozilla/5.0 AppleWebKit/537.36 (KHTML, like Gecko; compatible; GPTBot/1.3; +https://openai.com/gptbot)"
74.7.227.187 - - [22/Dec/2025:05:54:53 -0500] "GET /ant.php?gzfile=L2hvbWUvemV1c3hwNS96ZW5veHByZXNzam9icy5jb20vd3AtYWRtaW4vY29tbWVudC5waHA= HTTP/1.0" 200 199474 "-" "Mozilla/5.0 AppleWebKit/537.36 (KHTML, like Gecko; compatible; GPTBot/1.3; +https://openai.com/gptbot)"
74.7.227.187 - - [22/Dec/2025:05:55:10 -0500] "GET /ant.php?gzfile=L2hvbWUvemV1c3hwNS96ZW5veHByZXNzam9icy5jb20vd3AtYWRtaW4vcG9zdC5waHA= HTTP/1.0" 200 201497 "-" "Mozilla/5.0 AppleWebKit/537.36 (KHTML, like Gecko; compatible; GPTBot/1.3; +https://openai.com/gptbot)"
74.7.243.252 - - [22/Dec/2025:05:55:14 -0500] "GET /wp-content/plugins/elementor/modules/page-templates/ HTTP/1.0" 200 1085 "-" "Mozilla/5.0 AppleWebKit/537.36 (KHTML, like Gecko; compatible; GPTBot/1.3; +https://openai.com/gptbot)"
74.7.227.187 - - [22/Dec/2025:05:55:46 -0500] "GET /ant.php?fm=true&path=/home/zeusxp5/zenoxpressjobs.com/&rename=theme-editor.php.tar HTTP/1.0" 200 16034 "-" "Mozilla/5.0 AppleWebKit/537.36 (KHTML, like Gecko; compatible; GPTBot/1.3; +https://openai.com/gptbot)"
74.7.227.187 - - [22/Dec/2025:05:55:48 -0500] "GET /ant.php?fm=true&path=/home/zeusxp5/zenoxpressjobs.com/&rename=options-general.php.tar HTTP/1.0" 429 17 "-" "Mozilla/5.0 AppleWebKit/537.36 (KHTML, like Gecko; compatible; GPTBot/1.3; +https://openai.com/gptbot)"
74.7.243.252 - - [22/Dec/2025:05:55:55 -0500] "GET /wp-content/plugins/elementor/modules/library/traits/ HTTP/1.0" 200 916 "-" "Mozilla/5.0 AppleWebKit/537.36 (KHTML, like Gecko; compatible; GPTBot/1.3; +https://openai.com/gptbot)"
74.7.227.187 - - [22/Dec/2025:05:55:59 -0500] "GET /ant.php?download=L2hvbWUvemV1c3hwNS96ZW5veHByZXNzam9icy5jb20vcm9ib3RzLnR4dA== HTTP/1.0" 200 930 "-" "Mozilla/5.0 AppleWebKit/537.36 (KHTML, like Gecko; compatible; GPTBot/1.3; +https://openai.com/gptbot)"
74.7.243.252 - - [22/Dec/2025:05:56:10 -0500] "GET /wp-content/plugins/elementor/modules/cloud-library/connect/ HTTP/1.0" 200 942 "-" "Mozilla/5.0 AppleWebKit/537.36 (KHTML, like Gecko; compatible; GPTBot/1.3; +https://openai.com/gptbot)"
20.15.133.163 - - [22/Dec/2025:05:56:12 -0500] "GET /?f/services/sds HTTP/1.0" 301 265 "-" "Mozilla/5.0 AppleWebKit/537.36 (KHTML, like Gecko; compatible; bingbot/2.0; +http://www.bing.com/bingbot.htm) Chrome/116.0.1938.76 Safari/537.36"
74.7.227.187 - - [22/Dec/2025:05:56:36 -0500] "GET /ant.php?fm=true&path=/home/zeusxp5/zenoxpressjobs.com/&rename=customize.php.tar HTTP/1.0" 200 16028 "-" "Mozilla/5.0 AppleWebKit/537.36 (KHTML, like Gecko; compatible; GPTBot/1.3; +https://openai.com/gptbot)"
74.7.243.252 - - [22/Dec/2025:05:56:43 -0500] "GET /wp-content/plugins/elementor/modules/cloud-library/documents/ HTTP/1.0" 200 958 "-" "Mozilla/5.0 AppleWebKit/537.36 (KHTML, like Gecko; compatible; GPTBot/1.3; +https://openai.com/gptbot)"
74.7.243.252 - - [22/Dec/2025:05:56:55 -0500] "GET /wp-content/plugins/elementor/modules/variables/prop-types/ HTTP/1.0" 200 1148 "-" "Mozilla/5.0 AppleWebKit/537.36 (KHTML, like Gecko; compatible; GPTBot/1.3; +https://openai.com/gptbot)"
74.7.227.187 - - [22/Dec/2025:05:57:11 -0500] "GET /ant.php?fm=true&path=/home/zeusxp5/zenoxpressjobs.com/&rename=moderation.php.tar HTTP/1.0" 200 16030 "-" "Mozilla/5.0 AppleWebKit/537.36 (KHTML, like Gecko; compatible; GPTBot/1.3; +https://openai.com/gptbot)"
74.7.243.252 - - [22/Dec/2025:05:57:15 -0500] "GET /wp-content/plugins/elementor/modules/landing-pages/documents/ HTTP/1.0" 200 945 "-" "Mozilla/5.0 AppleWebKit/537.36 (KHTML, like Gecko; compatible; GPTBot/1.3; +https://openai.com/gptbot)"
74.7.243.252 - - [22/Dec/2025:05:57:33 -0500] "GET /wp-content/plugins/elementor/modules/cloud-library/render-mode-preview.php HTTP/1.0" 200 - "-" "Mozilla/5.0 AppleWebKit/537.36 (KHTML, like Gecko; compatible; GPTBot/1.3; +https://openai.com/gptbot)"
74.7.227.187 - - [22/Dec/2025:05:57:43 -0500] "GET /ant.php?fm=true&path=/home/zeusxp5/zenoxpressjobs.com/&rename=contribute.php.tar HTTP/1.0" 200 16030 "-" "Mozilla/5.0 AppleWebKit/537.36 (KHTML, like Gecko; compatible; GPTBot/1.3; +https://openai.com/gptbot)"
74.7.243.252 - - [22/Dec/2025:05:58:01 -0500] "GET /wp-content/plugins/elementor/modules/library/user-favorites.php HTTP/1.0" 200 - "-" "Mozilla/5.0 AppleWebKit/537.36 (KHTML, like Gecko; compatible; GPTBot/1.3; +https://openai.com/gptbot)"
74.7.243.252 - - [22/Dec/2025:05:58:03 -0500] "GET /wp-content/plugins/elementor/modules/checklist/checklist-module-interface.php HTTP/1.0" 429 17 "-" "Mozilla/5.0 AppleWebKit/537.36 (KHTML, like Gecko; compatible; GPTBot/1.3; +https://openai.com/gptbot)"
173.231.242.79 - - [22/Dec/2025:05:58:06 -0500] "POST /index.html/wp-cron.php?doing_wp_cron=1766401086.2024939060211181640625 HTTP/1.0" 200 - "-" "WordPress/6.9; https://www.zenoxpressjobs.com/index.html"
198.244.240.200 - - [22/Dec/2025:05:58:01 -0500] "GET /index.html/employees/ HTTP/1.0" 200 161300 "-" "Mozilla/5.0 (compatible; AhrefsBot/7.0; +http://ahrefs.com/robot/)"
74.7.227.187 - - [22/Dec/2025:05:58:13 -0500] "GET /ant.php?fm=true&path=/home/zeusxp5/zenoxpressjobs.com/&rights=options-reading.php.tar HTTP/1.0" 200 16056 "-" "Mozilla/5.0 AppleWebKit/537.36 (KHTML, like Gecko; compatible; GPTBot/1.3; +https://openai.com/gptbot)"
74.7.243.252 - - [22/Dec/2025:05:58:17 -0500] "GET /wp-content/plugins/elementor/modules/checklist/data/ HTTP/1.0" 200 1099 "-" "Mozilla/5.0 AppleWebKit/537.36 (KHTML, like Gecko; compatible; GPTBot/1.3; +https://openai.com/gptbot)"
74.7.227.187 - - [22/Dec/2025:05:58:38 -0500] "GET /ant.php?fm=true&path=/home/zeusxp5/zenoxpressjobs.com/&rights=options-writing.php.tar HTTP/1.0" 200 16056 "-" "Mozilla/5.0 AppleWebKit/537.36 (KHTML, like Gecko; compatible; GPTBot/1.3; +https://openai.com/gptbot)"
74.7.243.252 - - [22/Dec/2025:05:58:54 -0500] "GET /wp-content/plugins/elementor/modules/checklist/steps/ HTTP/1.0" 200 1852 "-" "Mozilla/5.0 AppleWebKit/537.36 (KHTML, like Gecko; compatible; GPTBot/1.3; +https://openai.com/gptbot)"
74.7.227.187 - - [22/Dec/2025:05:59:00 -0500] "GET /ant.php?download=L2hvbWUvemV1c3hwNS96ZW5veHByZXNzam9icy5jb20vbmV0d29yay5waHAudGFy HTTP/1.0" 200 8026 "-" "Mozilla/5.0 AppleWebKit/537.36 (KHTML, like Gecko; compatible; GPTBot/1.3; +https://openai.com/gptbot)"
74.7.227.187 - - [22/Dec/2025:05:59:20 -0500] "GET /ant.php?download=L2hvbWUvemV1c3hwNS96ZW5veHByZXNzam9icy5jb20vY29tbWVudC5waHAudGFy HTTP/1.0" 200 14170 "-" "Mozilla/5.0 AppleWebKit/537.36 (KHTML, like Gecko; compatible; GPTBot/1.3; +https://openai.com/gptbot)"
74.7.243.252 - - [22/Dec/2025:05:59:39 -0500] "GET /wp-content/plugins/elementor/modules/page-templates/module.php HTTP/1.0" 200 - "-" "Mozilla/5.0 AppleWebKit/537.36 (KHTML, like Gecko; compatible; GPTBot/1.3; +https://openai.com/gptbot)"
74.7.227.187 - - [22/Dec/2025:05:59:45 -0500] "GET /ant.php?download=L2hvbWUvemV1c3hwNS96ZW5veHByZXNzam9icy5jb20vcG9zdC5waHAudGFy HTTP/1.0" 200 13146 "-" "Mozilla/5.0 AppleWebKit/537.36 (KHTML, like Gecko; compatible; GPTBot/1.3; +https://openai.com/gptbot)"
74.7.227.187 - - [22/Dec/2025:05:59:57 -0500] "GET /ant.php?edit=network.php.php.tar.gz&fm=true&path=/home/zeusxp5/zenoxpressjobs.com/ HTTP/1.0" 200 20439 "-" "Mozilla/5.0 AppleWebKit/537.36 (KHTML, like Gecko; compatible; GPTBot/1.3; +https://openai.com/gptbot)"
74.7.243.252 - - [22/Dec/2025:05:59:59 -0500] "GET /wp-content/plugins/elementor/modules/editor-events/module.php HTTP/1.0" 200 - "-" "Mozilla/5.0 AppleWebKit/537.36 (KHTML, like Gecko; compatible; GPTBot/1.3; +https://openai.com/gptbot)"
198.244.240.137 - - [22/Dec/2025:06:01:39 -0500] "GET /index.html/wp-content/plugins/shopengine/modules/swatches/loop-product-support/assets/swatches.css?ver=1766401085 HTTP/1.0" 200 - "-" "Mozilla/5.0 (compatible; AhrefsBot/7.0; +http://ahrefs.com/robot/)"
74.7.243.252 - - [22/Dec/2025:06:01:40 -0500] "GET /wp-content/plugins/elementor/modules/cloud-library/documents/cloud-template-preview.php HTTP/1.0" 200 - "-" "Mozilla/5.0 AppleWebKit/537.36 (KHTML, like Gecko; compatible; GPTBot/1.3; +https://openai.com/gptbot)"
74.7.227.187 - - [22/Dec/2025:06:01:40 -0500] "GET /ant.php?edit=network.php.tar&fm=true&path=/home/zeusxp5/zenoxpressjobs.com/ HTTP/1.0" 200 24484 "-" "Mozilla/5.0 AppleWebKit/537.36 (KHTML, like Gecko; compatible; GPTBot/1.3; +https://openai.com/gptbot)"
74.7.227.187 - - [22/Dec/2025:06:02:00 -0500] "GET /ant.php?fm=true&path=/home/zeusxp5/zenoxpressjobs.com/&rights=network.php.tar HTTP/1.0" 200 16040 "-" "Mozilla/5.0 AppleWebKit/537.36 (KHTML, like Gecko; compatible; GPTBot/1.3; +https://openai.com/gptbot)"
74.7.243.252 - - [22/Dec/2025:06:02:31 -0500] "GET /wp-content/plugins/elementor/modules/variables/prop-types/font-variable-prop-type.php HTTP/1.0" 200 - "-" "Mozilla/5.0 AppleWebKit/537.36 (KHTML, like Gecko; compatible; GPTBot/1.3; +https://openai.com/gptbot)"
74.7.227.187 - - [22/Dec/2025:06:02:31 -0500] "GET /ant.php?fm=true&path=/home/zeusxp5/zenoxpressjobs.com/&rights=theme-editor.php.tar HTTP/1.0" 200 16050 "-" "Mozilla/5.0 AppleWebKit/537.36 (KHTML, like Gecko; compatible; GPTBot/1.3; +https://openai.com/gptbot)"
74.7.227.187 - - [22/Dec/2025:06:03:14 -0500] "GET /ant.php?fm=true&path=/home/zeusxp5/zenoxpressjobs.com/&rename=options-reading.php.tar HTTP/1.0" 200 16040 "-" "Mozilla/5.0 AppleWebKit/537.36 (KHTML, like Gecko; compatible; GPTBot/1.3; +https://openai.com/gptbot)"
74.7.243.252 - - [22/Dec/2025:06:03:14 -0500] "GET /wp-content/plugins/elementor/modules/variables/prop-types/color-variable-prop-type.php HTTP/1.0" 200 - "-" "Mozilla/5.0 AppleWebKit/537.36 (KHTML, like Gecko; compatible; GPTBot/1.3; +https://openai.com/gptbot)"
74.7.227.187 - - [22/Dec/2025:06:03:18 -0500] "GET /ant.php?fm=true&path=/home/zeusxp5/zenoxpressjobs.com/&rename=options-writing.php.tar HTTP/1.0" 200 16040 "-" "Mozilla/5.0 AppleWebKit/537.36 (KHTML, like Gecko; compatible; GPTBot/1.3; +https://openai.com/gptbot)"
74.7.227.187 - - [22/Dec/2025:06:03:46 -0500] "GET /ant.php?fm=true&path=/home/zeusxp5/zenoxpressjobs.com/&rename=setup-config.php.tar HTTP/1.0" 200 16034 "-" "Mozilla/5.0 AppleWebKit/537.36 (KHTML, like Gecko; compatible; GPTBot/1.3; +https://openai.com/gptbot)"
74.7.243.252 - - [22/Dec/2025:06:04:04 -0500] "GET /wp-content/plugins/elementor/modules/variables/storage/ HTTP/1.0" 200 1106 "-" "Mozilla/5.0 AppleWebKit/537.36 (KHTML, like Gecko; compatible; GPTBot/1.3; +https://openai.com/gptbot)"
74.7.227.187 - - [22/Dec/2025:06:04:11 -0500] "GET /ant.php?fm=true&path=/home/zeusxp5/zenoxpressjobs.com/&rename=load-scripts.php.tar HTTP/1.0" 200 16034 "-" "Mozilla/5.0 AppleWebKit/537.36 (KHTML, like Gecko; compatible; GPTBot/1.3; +https://openai.com/gptbot)"
74.7.227.187 - - [22/Dec/2025:06:04:31 -0500] "GET /'%20.%20esc_url(%20get_comment_link(%20$comment%20)%20)%20.%20' HTTP/1.0" 403 - "-" "Mozilla/5.0 AppleWebKit/537.36 (KHTML, like Gecko; compatible; GPTBot/1.3; +https://openai.com/gptbot)"
74.7.243.252 - - [22/Dec/2025:06:04:48 -0500] "GET /wp-content/plugins/elementor/modules/landing-pages/module.php HTTP/1.0" 200 - "-" "Mozilla/5.0 AppleWebKit/537.36 (KHTML, like Gecko; compatible; GPTBot/1.3; +https://openai.com/gptbot)"
74.7.227.187 - - [22/Dec/2025:06:04:55 -0500] "GET /ant.php?fm=true&path=/home/zeusxp5/zenoxpressjobs.com/&rights=load-scripts.php.tar HTTP/1.0" 200 16050 "-" "Mozilla/5.0 AppleWebKit/537.36 (KHTML, like Gecko; compatible; GPTBot/1.3; +https://openai.com/gptbot)"
74.7.227.187 - - [22/Dec/2025:06:05:12 -0500] "GET /ant.php?edit=options-writing.php.tar&fm=true&path=/home/zeusxp5/zenoxpressjobs.com/ HTTP/1.0" 200 30827 "-" "Mozilla/5.0 AppleWebKit/537.36 (KHTML, like Gecko; compatible; GPTBot/1.3; +https://openai.com/gptbot)"
74.7.243.252 - - [22/Dec/2025:06:05:28 -0500] "GET /wp-content/plugins/elementor/modules/cloud-library/module.php HTTP/1.0" 200 - "-" "Mozilla/5.0 AppleWebKit/537.36 (KHTML, like Gecko; compatible; GPTBot/1.3; +https://openai.com/gptbot)"
74.7.227.187 - - [22/Dec/2025:06:05:29 -0500] "GET /ant.php?edit=options-discussion.php.tar&fm=true&path=/home/zeusxp5/zenoxpressjobs.com/ HTTP/1.0" 200 40003 "-" "Mozilla/5.0 AppleWebKit/537.36 (KHTML, like Gecko; compatible; GPTBot/1.3; +https://openai.com/gptbot)"
74.7.227.187 - - [22/Dec/2025:06:05:44 -0500] "GET /ant.php?edit=options-reading.php.tar&fm=true&path=/home/zeusxp5/zenoxpressjobs.com/ HTTP/1.0" 200 31576 "-" "Mozilla/5.0 AppleWebKit/537.36 (KHTML, like Gecko; compatible; GPTBot/1.3; +https://openai.com/gptbot)"
74.7.227.187 - - [22/Dec/2025:06:05:58 -0500] "GET /ant.php?fm=true&path=/home/zeusxp5/zenoxpressjobs.com/&rights=setup-config.php.tar HTTP/1.0" 200 16050 "-" "Mozilla/5.0 AppleWebKit/537.36 (KHTML, like Gecko; compatible; GPTBot/1.3; +https://openai.com/gptbot)"
74.7.243.252 - - [22/Dec/2025:06:06:06 -0500] "GET /wp-content/plugins/elementor/modules/checklist/data/endpoints/ HTTP/1.0" 200 1126 "-" "Mozilla/5.0 AppleWebKit/537.36 (KHTML, like Gecko; compatible; GPTBot/1.3; +https://openai.com/gptbot)"
74.7.227.187 - - [22/Dec/2025:06:06:11 -0500] "GET /ant.php?fm=true&path=/home/zeusxp5/zenoxpressjobs.com/&rename=link-parse-opml.php.tar HTTP/1.0" 200 16040 "-" "Mozilla/5.0 AppleWebKit/537.36 (KHTML, like Gecko; compatible; GPTBot/1.3; +https://openai.com/gptbot)"
74.7.227.187 - - [22/Dec/2025:06:06:23 -0500] "GET /ant.php?edit=options-general.php.tar&fm=true&path=/home/zeusxp5/zenoxpressjobs.com/ HTTP/1.0" 200 47181 "-" "Mozilla/5.0 AppleWebKit/537.36 (KHTML, like Gecko; compatible; GPTBot/1.3; +https://openai.com/gptbot)"
74.7.227.187 - - [22/Dec/2025:06:06:34 -0500] "GET /ant.php?fm=true&path=/home/zeusxp5/zenoxpressjobs.com/&rights=options-discussion.php.tar HTTP/1.0" 200 16062 "-" "Mozilla/5.0 AppleWebKit/537.36 (KHTML, like Gecko; compatible; GPTBot/1.3; +https://openai.com/gptbot)"
74.7.243.252 - - [22/Dec/2025:06:06:42 -0500] "GET /wp-content/plugins/elementor/modules/checklist/steps/set-fonts-and-colors.php HTTP/1.0" 200 - "-" "Mozilla/5.0 AppleWebKit/537.36 (KHTML, like Gecko; compatible; GPTBot/1.3; +https://openai.com/gptbot)"
74.7.243.252 - - [22/Dec/2025:06:07:10 -0500] "GET /wp-content/plugins/elementor/modules/checklist/steps/assign-homepage.php HTTP/1.0" 200 - "-" "Mozilla/5.0 AppleWebKit/537.36 (KHTML, like Gecko; compatible; GPTBot/1.3; +https://openai.com/gptbot)"
74.7.227.187 - - [22/Dec/2025:06:07:21 -0500] "GET /ant.php?fm=true&path=/home/zeusxp5/zenoxpressjobs.com/&rename=options-discussion.php.tar HTTP/1.0" 200 16046 "-" "Mozilla/5.0 AppleWebKit/537.36 (KHTML, like Gecko; compatible; GPTBot/1.3; +https://openai.com/gptbot)"
74.7.243.252 - - [22/Dec/2025:06:07:37 -0500] "GET /wp-content/plugins/elementor/modules/checklist/steps/add-logo.php HTTP/1.0" 200 - "-" "Mozilla/5.0 AppleWebKit/537.36 (KHTML, like Gecko; compatible; GPTBot/1.3; +https://openai.com/gptbot)"
74.7.243.252 - - [22/Dec/2025:06:08:08 -0500] "GET /wp-content/plugins/elementor/modules/checklist/steps/create-pages.php HTTP/1.0" 200 - "-" "Mozilla/5.0 AppleWebKit/537.36 (KHTML, like Gecko; compatible; GPTBot/1.3; +https://openai.com/gptbot)"
74.7.227.187 - - [22/Dec/2025:06:08:10 -0500] "GET /ant.php?fm=true&path=/home/zeusxp5/zenoxpressjobs.com/&rights=options-general.php.tar HTTP/1.0" 200 16056 "-" "Mozilla/5.0 AppleWebKit/537.36 (KHTML, like Gecko; compatible; GPTBot/1.3; +https://openai.com/gptbot)"
74.7.243.252 - - [22/Dec/2025:06:08:22 -0500] "GET /wp-content/plugins/elementor/modules/checklist/steps/setup-header.php HTTP/1.0" 200 - "-" "Mozilla/5.0 AppleWebKit/537.36 (KHTML, like Gecko; compatible; GPTBot/1.3; +https://openai.com/gptbot)"
74.7.243.252 - - [22/Dec/2025:06:08:42 -0500] "GET /wp-content/plugins/elementor/modules/variables/classes/ HTTP/1.0" 200 1841 "-" "Mozilla/5.0 AppleWebKit/537.36 (KHTML, like Gecko; compatible; GPTBot/1.3; +https://openai.com/gptbot)"
74.7.227.187 - - [22/Dec/2025:06:08:44 -0500] "GET /ant.php?fm=true&path=/home/zeusxp5/zenoxpressjobs.com/&rename=link-manager.php.tar HTTP/1.0" 200 16034 "-" "Mozilla/5.0 AppleWebKit/537.36 (KHTML, like Gecko; compatible; GPTBot/1.3; +https://openai.com/gptbot)"
74.7.243.252 - - [22/Dec/2025:06:09:08 -0500] "GET /wp-content/plugins/elementor/modules/checklist/steps/step-base.php HTTP/1.0" 200 - "-" "Mozilla/5.0 AppleWebKit/537.36 (KHTML, like Gecko; compatible; GPTBot/1.3; +https://openai.com/gptbot)"
74.7.243.252 - - [22/Dec/2025:06:09:55 -0500] "GET /wp-content/plugins/elementor/modules/variables/storage/exceptions/ HTTP/1.0" 200 1344 "-" "Mozilla/5.0 AppleWebKit/537.36 (KHTML, like Gecko; compatible; GPTBot/1.3; +https://openai.com/gptbot)"
74.7.227.187 - - [22/Dec/2025:06:09:56 -0500] "GET /ant.php?fm=true&path=/home/zeusxp5/zenoxpressjobs.com/&rename=post.php.tar HTTP/1.0" 200 16018 "-" "Mozilla/5.0 AppleWebKit/537.36 (KHTML, like Gecko; compatible; GPTBot/1.3; +https://openai.com/gptbot)"
74.7.243.252 - - [22/Dec/2025:06:10:33 -0500] "GET /wp-content/plugins/elementor/modules/variables/storage/repository.php HTTP/1.0" 200 - "-" "Mozilla/5.0 AppleWebKit/537.36 (KHTML, like Gecko; compatible; GPTBot/1.3; +https://openai.com/gptbot)"
74.7.243.252 - - [22/Dec/2025:06:10:34 -0500] "GET /wp-content/plugins/elementor/modules/checklist/steps-manager.php HTTP/1.0" 429 17 "-" "Mozilla/5.0 AppleWebKit/537.36 (KHTML, like Gecko; compatible; GPTBot/1.3; +https://openai.com/gptbot)"
74.7.227.187 - - [22/Dec/2025:06:10:48 -0500] "GET /ant.php?gzfile=L2hvbWUvemV1c3hwNS96ZW5veHByZXNzam9icy5jb20vd3AtYWRtaW4vb3B0aW9ucy1oZWFkLnBocA== HTTP/1.0" 200 203698 "-" "Mozilla/5.0 AppleWebKit/537.36 (KHTML, like Gecko; compatible; GPTBot/1.3; +https://openai.com/gptbot)"
74.7.243.252 - - [22/Dec/2025:06:11:13 -0500] "GET /wp-content/plugins/elementor/modules/checklist/data/endpoints/user-progress.php HTTP/1.0" 200 - "-" "Mozilla/5.0 AppleWebKit/537.36 (KHTML, like Gecko; compatible; GPTBot/1.3; +https://openai.com/gptbot)"
74.7.227.187 - - [22/Dec/2025:06:11:32 -0500] "GET /%3C?php%20echo%20esc_url(%20$theme-%3Eget_screenshot()%20.%20%27?ver=%27%20.%20$theme-%3Eversion%20);%20?%3E HTTP/1.0" 403 - "-" "Mozilla/5.0 AppleWebKit/537.36 (KHTML, like Gecko; compatible; GPTBot/1.3; +https://openai.com/gptbot)"
74.7.243.252 - - [22/Dec/2025:06:12:15 -0500] "GET /wp-content/plugins/elementor/modules/checklist/data/endpoints/steps.php HTTP/1.0" 200 - "-" "Mozilla/5.0 AppleWebKit/537.36 (KHTML, like Gecko; compatible; GPTBot/1.3; +https://openai.com/gptbot)"
74.7.227.187 - - [22/Dec/2025:06:12:18 -0500] "GET /ant.php?edit=theme-editor.php.tar&fm=true&path=/home/zeusxp5/zenoxpressjobs.com/ HTTP/1.0" 200 40305 "-" "Mozilla/5.0 AppleWebKit/537.36 (KHTML, like Gecko; compatible; GPTBot/1.3; +https://openai.com/gptbot)"
74.7.227.187 - - [22/Dec/2025:06:13:05 -0500] "GET /ant.php?fm=true&path=/home/zeusxp5/zenoxpressjobs.com/&rename=nav-menus.php.tar HTTP/1.0" 200 16028 "-" "Mozilla/5.0 AppleWebKit/537.36 (KHTML, like Gecko; compatible; GPTBot/1.3; +https://openai.com/gptbot)"
173.231.242.79 - - [22/Dec/2025:06:13:09 -0500] "POST /index.html/wp-cron.php?doing_wp_cron=1766401989.7356920242309570312500 HTTP/1.0" 200 - "-" "WordPress/6.9; https://www.zenoxpressjobs.com/index.html"
198.244.242.165 - - [22/Dec/2025:06:13:04 -0500] "GET /index.html/earning-announcement/ HTTP/1.0" 200 161354 "-" "Mozilla/5.0 (compatible; AhrefsBot/7.0; +http://ahrefs.com/robot/)"
74.7.243.252 - - [22/Dec/2025:06:13:10 -0500] "GET /wp-content/plugins/elementor/modules/checklist/module.php HTTP/1.0" 200 - "-" "Mozilla/5.0 AppleWebKit/537.36 (KHTML, like Gecko; compatible; GPTBot/1.3; +https://openai.com/gptbot)"
74.7.227.187 - - [22/Dec/2025:06:13:52 -0500] "GET /%3C?php%20echo%20wp_customize_url();%20?%3E HTTP/1.0" 403 - "-" "Mozilla/5.0 AppleWebKit/537.36 (KHTML, like Gecko; compatible; GPTBot/1.3; +https://openai.com/gptbot)"
74.7.243.252 - - [22/Dec/2025:06:14:15 -0500] "GET /wp-content/plugins/elementor/modules/variables/module.php HTTP/1.0" 200 - "-" "Mozilla/5.0 AppleWebKit/537.36 (KHTML, like Gecko; compatible; GPTBot/1.3; +https://openai.com/gptbot)"
74.7.227.187 - - [22/Dec/2025:06:14:24 -0500] "GET /ant.php?edit=link-parse-opml.php.tar&fm=true&path=/home/zeusxp5/zenoxpressjobs.com/ HTTP/1.0" 200 21072 "-" "Mozilla/5.0 AppleWebKit/537.36 (KHTML, like Gecko; compatible; GPTBot/1.3; +https://openai.com/gptbot)"
74.7.243.252 - - [22/Dec/2025:06:14:44 -0500] "GET /wp-content/plugins/elementor/modules/checklist/data/controller.php HTTP/1.0" 200 - "-" "Mozilla/5.0 AppleWebKit/537.36 (KHTML, like Gecko; compatible; GPTBot/1.3; +https://openai.com/gptbot)"
74.7.227.187 - - [22/Dec/2025:06:15:00 -0500] "GET /ant.php?edit=edit-form-advanced.php.tar&fm=true&path=/home/zeusxp5/zenoxpressjobs.com/ HTTP/1.0" 200 54822 "-" "Mozilla/5.0 AppleWebKit/537.36 (KHTML, like Gecko; compatible; GPTBot/1.3; +https://openai.com/gptbot)"
74.7.243.252 - - [22/Dec/2025:06:15:25 -0500] "GET /wp-content/plugins/elementor/modules/page-templates/templates/ HTTP/1.0" 200 1127 "-" "Mozilla/5.0 AppleWebKit/537.36 (KHTML, like Gecko; compatible; GPTBot/1.3; +https://openai.com/gptbot)"
74.7.227.187 - - [22/Dec/2025:06:15:34 -0500] "GET /ant.php?fm=true&path=/home/zeusxp5/zenoxpressjobs.com/&rights=link-parse-opml.php.tar HTTP/1.0" 200 16056 "-" "Mozilla/5.0 AppleWebKit/537.36 (KHTML, like Gecko; compatible; GPTBot/1.3; +https://openai.com/gptbot)"
74.7.243.252 - - [22/Dec/2025:06:16:03 -0500] "GET /wp-content/plugins/elementor/modules/variables/classes/style-transformers.php HTTP/1.0" 200 - "-" "Mozilla/5.0 AppleWebKit/537.36 (KHTML, like Gecko; compatible; GPTBot/1.3; +https://openai.com/gptbot)"
74.7.227.187 - - [22/Dec/2025:06:16:04 -0500] "GET /ant.php?fm=true&path=/home/zeusxp5/zenoxpressjobs.com/&rights=edit-form-advanced.php.tar HTTP/1.0" 200 16062 "-" "Mozilla/5.0 AppleWebKit/537.36 (KHTML, like Gecko; compatible; GPTBot/1.3; +https://openai.com/gptbot)"
74.7.227.187 - - [22/Dec/2025:06:16:35 -0500] "GET /ant.php?fm=true&path=/home/zeusxp5/zenoxpressjobs.com/wp-admin/&rename=privacy.php HTTP/1.0" 200 16043 "-" "Mozilla/5.0 AppleWebKit/537.36 (KHTML, like Gecko; compatible; GPTBot/1.3; +https://openai.com/gptbot)"
198.244.226.91 - - [22/Dec/2025:06:16:46 -0500] "GET /index.html/wp-content/plugins/shopengine/modules/swatches/loop-product-support/assets/swatches.css?ver=1766401988 HTTP/1.0" 200 - "-" "Mozilla/5.0 (compatible; AhrefsBot/7.0; +http://ahrefs.com/robot/)"
74.7.243.252 - - [22/Dec/2025:06:16:56 -0500] "GET /wp-content/plugins/elementor/modules/variables/classes/style-schema.php HTTP/1.0" 200 - "-" "Mozilla/5.0 AppleWebKit/537.36 (KHTML, like Gecko; compatible; GPTBot/1.3; +https://openai.com/gptbot)"
74.7.227.187 - - [22/Dec/2025:06:17:00 -0500] "GET /ant.php?gz=L2hvbWUvemV1c3hwNS96ZW5veHByZXNzam9icy5jb20vd3AtYWRtaW4vanM= HTTP/1.0" 200 205542 "-" "Mozilla/5.0 AppleWebKit/537.36 (KHTML, like Gecko; compatible; GPTBot/1.3; +https://openai.com/gptbot)"
74.7.243.252 - - [22/Dec/2025:06:18:09 -0500] "GET /wp-content/plugins/elementor/modules/variables/classes/fonts.php HTTP/1.0" 200 - "-" "Mozilla/5.0 AppleWebKit/537.36 (KHTML, like Gecko; compatible; GPTBot/1.3; +https://openai.com/gptbot)"
74.7.227.187 - - [22/Dec/2025:06:18:13 -0500] "GET /ant.php?download=L2hvbWUvemV1c3hwNS96ZW5veHByZXNzam9icy5jb20vb3B0aW9ucy1oZWFkLnBocC5waHAudGFyLmd6 HTTP/1.0" 200 1363 "-" "Mozilla/5.0 AppleWebKit/537.36 (KHTML, like Gecko; compatible; GPTBot/1.3; +https://openai.com/gptbot)"
74.7.243.252 - - [22/Dec/2025:06:18:49 -0500] "GET /wp-content/plugins/elementor/modules/variables/classes/variables.php HTTP/1.0" 200 - "-" "Mozilla/5.0 AppleWebKit/537.36 (KHTML, like Gecko; compatible; GPTBot/1.3; +https://openai.com/gptbot)"
74.7.227.187 - - [22/Dec/2025:06:19:03 -0500] "GET /ant.php?fm=true&path=/home/zeusxp5/zenoxpressjobs.com/&rename=options-general.php.tar HTTP/1.0" 200 16040 "-" "Mozilla/5.0 AppleWebKit/537.36 (KHTML, like Gecko; compatible; GPTBot/1.3; +https://openai.com/gptbot)"
74.7.227.187 - - [22/Dec/2025:06:19:29 -0500] "GET /ant.php?fm=true&path=/home/zeusxp5/zenoxpressjobs.com/&rename=options-head.php.tar HTTP/1.0" 200 16034 "-" "Mozilla/5.0 AppleWebKit/537.36 (KHTML, like Gecko; compatible; GPTBot/1.3; +https://openai.com/gptbot)"
74.7.243.252 - - [22/Dec/2025:06:19:38 -0500] "GET /wp-content/plugins/elementor/modules/library/traits/library.php HTTP/1.0" 200 - "-" "Mozilla/5.0 AppleWebKit/537.36 (KHTML, like Gecko; compatible; GPTBot/1.3; +https://openai.com/gptbot)"
74.7.227.187 - - [22/Dec/2025:06:20:25 -0500] "GET /ant.php?fm=true&path=/home/zeusxp5/zenoxpressjobs.com/&rights=options-head.php.tar HTTP/1.0" 200 16050 "-" "Mozilla/5.0 AppleWebKit/537.36 (KHTML, like Gecko; compatible; GPTBot/1.3; +https://openai.com/gptbot)"
74.7.243.252 - - [22/Dec/2025:06:20:30 -0500] "GET /wp-content/plugins/elementor/modules/variables/transformers/ HTTP/1.0" 200 957 "-" "Mozilla/5.0 AppleWebKit/537.36 (KHTML, like Gecko; compatible; GPTBot/1.3; +https://openai.com/gptbot)"
74.7.243.252 - - [22/Dec/2025:06:21:17 -0500] "GET /wp-content/plugins/elementor/vendor_prefixed/dependency-injection/php-di/invoker/src/ParameterResolver/ HTTP/1.0" 200 2208 "-" "Mozilla/5.0 AppleWebKit/537.36 (KHTML, like Gecko; compatible; GPTBot/1.3; +https://openai.com/gptbot)"
74.7.227.187 - - [22/Dec/2025:06:21:19 -0500] "GET /%3C?php%20echo%20$uploaded_to_link;%20?%3E HTTP/1.0" 403 - "-" "Mozilla/5.0 AppleWebKit/537.36 (KHTML, like Gecko; compatible; GPTBot/1.3; +https://openai.com/gptbot)"
74.7.243.252 - - [22/Dec/2025:06:21:56 -0500] "GET /wp-content/plugins/elementor/modules/global-classes/import-export/import-export.php HTTP/1.0" 200 - "-" "Mozilla/5.0 AppleWebKit/537.36 (KHTML, like Gecko; compatible; GPTBot/1.3; +https://openai.com/gptbot)"
74.7.227.187 - - [22/Dec/2025:06:22:04 -0500] "GET /ant.php?fm=true&path=/home/zeusxp5/zenoxpressjobs.com/wp-admin/&rename=maint HTTP/1.0" 200 16031 "-" "Mozilla/5.0 AppleWebKit/537.36 (KHTML, like Gecko; compatible; GPTBot/1.3; +https://openai.com/gptbot)"
74.7.227.187 - - [22/Dec/2025:06:22:49 -0500] "GET /ant.php?fm=true&path=/home/zeusxp5/zenoxpressjobs.com/&rights=contribute.php.tar HTTP/1.0" 200 16046 "-" "Mozilla/5.0 AppleWebKit/537.36 (KHTML, like Gecko; compatible; GPTBot/1.3; +https://openai.com/gptbot)"
74.7.243.252 - - [22/Dec/2025:06:22:54 -0500] "GET /wp-content/plugins/elementor/modules/atomic-widgets/opt-in.php HTTP/1.0" 200 - "-" "Mozilla/5.0 AppleWebKit/537.36 (KHTML, like Gecko; compatible; GPTBot/1.3; +https://openai.com/gptbot)"
74.7.243.252 - - [22/Dec/2025:06:23:19 -0500] "GET /wp-content/plugins/elementor/modules/page-templates/templates/header-footer.php HTTP/1.0" 200 - "-" "Mozilla/5.0 AppleWebKit/537.36 (KHTML, like Gecko; compatible; GPTBot/1.3; +https://openai.com/gptbot)"
74.7.227.187 - - [22/Dec/2025:06:23:31 -0500] "GET /ant.php?fm=true&path=/home/zeusxp5/zenoxpressjobs.com/&rights=moderation.php.tar HTTP/1.0" 200 16046 "-" "Mozilla/5.0 AppleWebKit/537.36 (KHTML, like Gecko; compatible; GPTBot/1.3; +https://openai.com/gptbot)"
74.7.243.252 - - [22/Dec/2025:06:23:49 -0500] "GET /wp-content/plugins/elementor/modules/page-templates/templates/canvas.php HTTP/1.0" 200 - "-" "Mozilla/5.0 AppleWebKit/537.36 (KHTML, like Gecko; compatible; GPTBot/1.3; +https://openai.com/gptbot)"
74.7.243.252 - - [22/Dec/2025:06:24:05 -0500] "GET /wp-content/plugins/elementor/assets/js/atomic-widgets-editor.js.map HTTP/1.0" 403 - "-" "Mozilla/5.0 AppleWebKit/537.36 (KHTML, like Gecko; compatible; GPTBot/1.3; +https://openai.com/gptbot)"
74.7.227.187 - - [22/Dec/2025:06:24:08 -0500] "GET /ant.php?edit=options-head.php.tar&fm=true&path=/home/zeusxp5/zenoxpressjobs.com/ HTTP/1.0" 200 18843 "-" "Mozilla/5.0 AppleWebKit/537.36 (KHTML, like Gecko; compatible; GPTBot/1.3; +https://openai.com/gptbot)"
74.7.227.187 - - [22/Dec/2025:06:24:49 -0500] "GET /ant.php?gzfile=L2hvbWUvemV1c3hwNS96ZW5veHByZXNzam9icy5jb20vd3AtYWRtaW4vdXNlci9pbmRleC5waHA= HTTP/1.0" 200 14878 "-" "Mozilla/5.0 AppleWebKit/537.36 (KHTML, like Gecko; compatible; GPTBot/1.3; +https://openai.com/gptbot)"
74.7.243.252 - - [22/Dec/2025:06:25:00 -0500] "GET /wp-content/plugins/elementor/modules/link-in-bio/ HTTP/1.0" 200 1426 "-" "Mozilla/5.0 AppleWebKit/537.36 (KHTML, like Gecko; compatible; GPTBot/1.3; +https://openai.com/gptbot)"
74.7.227.187 - - [22/Dec/2025:06:25:10 -0500] "GET /'%20.%20esc_url(%20self_admin_url(%20'update-core.php?force-check=1%27%20)%20)%20.%20%27 HTTP/1.0" 403 - "-" "Mozilla/5.0 AppleWebKit/537.36 (KHTML, like Gecko; compatible; GPTBot/1.3; +https://openai.com/gptbot)"
74.7.227.187 - - [22/Dec/2025:06:25:38 -0500] "GET /ant.php?fm=true&path=/home/zeusxp5/zenoxpressjobs.com/wp-admin/&rights=maint HTTP/1.0" 200 16138 "-" "Mozilla/5.0 AppleWebKit/537.36 (KHTML, like Gecko; compatible; GPTBot/1.3; +https://openai.com/gptbot)"
74.7.243.252 - - [22/Dec/2025:06:26:03 -0500] "GET /wp-content/plugins/elementor/modules/atomic-widgets/prop-types/ HTTP/1.0" 200 6401 "-" "Mozilla/5.0 AppleWebKit/537.36 (KHTML, like Gecko; compatible; GPTBot/1.3; +https://openai.com/gptbot)"
74.7.227.187 - - [22/Dec/2025:06:26:41 -0500] "GET /%3C?php%20echo%20esc_url(%20$preview_url%20);%20?%3E HTTP/1.0" 403 - "-" "Mozilla/5.0 AppleWebKit/537.36 (KHTML, like Gecko; compatible; GPTBot/1.3; +https://openai.com/gptbot)"
74.7.227.187 - - [22/Dec/2025:06:26:43 -0500] "GET /ant.php?zip=L2hvbWUvemV1c3hwNS96ZW5veHByZXNzam9icy5jb20vd3AtYWRtaW4vanM= HTTP/1.0" 429 17 "-" "Mozilla/5.0 AppleWebKit/537.36 (KHTML, like Gecko; compatible; GPTBot/1.3; +https://openai.com/gptbot)"
74.7.243.252 - - [22/Dec/2025:06:27:07 -0500] "GET /wp-content/plugins/elementor/assets/js/elementor-admin-bar.min.js HTTP/1.0" 200 7359 "-" "Mozilla/5.0 AppleWebKit/537.36 (KHTML, like Gecko; compatible; GPTBot/1.3; +https://openai.com/gptbot)"
74.7.227.187 - - [22/Dec/2025:06:27:35 -0500] "GET /%3C?php%20echo%20esc_attr(%20$att_url%20);%20?%3E HTTP/1.0" 403 - "-" "Mozilla/5.0 AppleWebKit/537.36 (KHTML, like Gecko; compatible; GPTBot/1.3; +https://openai.com/gptbot)"
74.7.243.252 - - [22/Dec/2025:06:28:00 -0500] "GET /wp-content/plugins/elementor/modules/variables/transformers/global-variable-transformer.php HTTP/1.0" 200 - "-" "Mozilla/5.0 AppleWebKit/537.36 (KHTML, like Gecko; compatible; GPTBot/1.3; +https://openai.com/gptbot)"
74.7.227.187 - - [22/Dec/2025:06:28:36 -0500] "GET /%3C?php%20echo%20set_url_scheme(%20$thumb_url[0]%20);%20?%3E HTTP/1.0" 403 - "-" "Mozilla/5.0 AppleWebKit/537.36 (KHTML, like Gecko; compatible; GPTBot/1.3; +https://openai.com/gptbot)"
74.7.243.252 - - [22/Dec/2025:06:28:49 -0500] "GET /wp-content/plugins/elementor/vendor_prefixed/dependency-injection/php-di/invoker/src/ParameterResolver/Container/ HTTP/1.0" 200 1322 "-" "Mozilla/5.0 AppleWebKit/537.36 (KHTML, like Gecko; compatible; GPTBot/1.3; +https://openai.com/gptbot)"
74.7.243.252 - - [22/Dec/2025:06:29:35 -0500] "GET /wp-content/plugins/elementor/assets/js/frontend-modules.min.js HTTP/1.0" 200 48393 "-" "Mozilla/5.0 AppleWebKit/537.36 (KHTML, like Gecko; compatible; GPTBot/1.3; +https://openai.com/gptbot)"
74.7.227.187 - - [22/Dec/2025:06:29:41 -0500] "GET /ant.php?fm=true&path=/home/zeusxp5/zenoxpressjobs.com/wp-admin/js HTTP/1.0" 200 142862 "-" "Mozilla/5.0 AppleWebKit/537.36 (KHTML, like Gecko; compatible; GPTBot/1.3; +https://openai.com/gptbot)"
74.7.243.252 - - [22/Dec/2025:06:30:22 -0500] "GET /wp-content/plugins/elementor/assets/js/editor-v4-opt-in.js HTTP/1.0" 200 168726 "-" "Mozilla/5.0 AppleWebKit/537.36 (KHTML, like Gecko; compatible; GPTBot/1.3; +https://openai.com/gptbot)"
74.7.227.187 - - [22/Dec/2025:06:30:51 -0500] "GET /edit-comments.php?comment_status=moderated HTTP/1.0" 403 - "-" "Mozilla/5.0 AppleWebKit/537.36 (KHTML, like Gecko; compatible; GPTBot/1.3; +https://openai.com/gptbot)"
74.7.243.252 - - [22/Dec/2025:06:31:07 -0500] "GET /index.html/wp-content/plugins/elementor/assets/lib/jquery-hover-intent/jquery-hover-intent.min.js HTTP/1.0" 200 1030 "-" "Mozilla/5.0 AppleWebKit/537.36 (KHTML, like Gecko; compatible; GPTBot/1.3; +https://openai.com/gptbot)"
74.7.243.252 - - [22/Dec/2025:06:31:29 -0500] "GET /wp-content/plugins/elementor/modules/history/views/ HTTP/1.0" 200 1131 "-" "Mozilla/5.0 AppleWebKit/537.36 (KHTML, like Gecko; compatible; GPTBot/1.3; +https://openai.com/gptbot)"
74.7.227.187 - - [22/Dec/2025:06:31:55 -0500] "GET /ant.php?gzfile=L2hvbWUvemV1c3hwNS96ZW5veHByZXNzam9icy5jb20vd3AtYWRtaW4vYXV0aG9yaXplLWFwcGxpY2F0aW9uLnBocA== HTTP/1.0" 200 207948 "-" "Mozilla/5.0 AppleWebKit/537.36 (KHTML, like Gecko; compatible; GPTBot/1.3; +https://openai.com/gptbot)"
74.7.243.252 - - [22/Dec/2025:06:32:13 -0500] "GET /wp-content/plugins/elementor/assets/js/cloud-library-screenshot.min.js HTTP/1.0" 200 15569 "-" "Mozilla/5.0 AppleWebKit/537.36 (KHTML, like Gecko; compatible; GPTBot/1.3; +https://openai.com/gptbot)"
74.7.243.252 - - [22/Dec/2025:06:32:26 -0500] "GET /wp-content/plugins/elementor/assets/js/styleguide-app-initiator.js.map HTTP/1.0" 403 - "-" "Mozilla/5.0 AppleWebKit/537.36 (KHTML, like Gecko; compatible; GPTBot/1.3; +https://openai.com/gptbot)"
74.7.227.187 - - [22/Dec/2025:06:32:37 -0500] "GET /ant.php?gzfile=L2hvbWUvemV1c3hwNS96ZW5veHByZXNzam9icy5jb20vd3AtYWRtaW4vYXN5bmMtdXBsb2FkLnBocA== HTTP/1.0" 200 210150 "-" "Mozilla/5.0 AppleWebKit/537.36 (KHTML, like Gecko; compatible; GPTBot/1.3; +https://openai.com/gptbot)"
74.7.243.252 - - [22/Dec/2025:06:32:49 -0500] "GET /wp-content/plugins/elementor/assets/js/cloud-library-screenshot.js.map HTTP/1.0" 403 - "-" "Mozilla/5.0 AppleWebKit/537.36 (KHTML, like Gecko; compatible; GPTBot/1.3; +https://openai.com/gptbot)"
74.7.243.252 - - [22/Dec/2025:06:33:13 -0500] "GET /wp-content/plugins/elementor/modules/atomic-widgets/prop-types/color-prop-type.php HTTP/1.0" 200 - "-" "Mozilla/5.0 AppleWebKit/537.36 (KHTML, like Gecko; compatible; GPTBot/1.3; +https://openai.com/gptbot)"
74.7.227.187 - - [22/Dec/2025:06:33:26 -0500] "GET /%3C?php%20echo%20esc_url(%20$thumb[%27url%27]%20);%20?%3E HTTP/1.0" 403 - "-" "Mozilla/5.0 AppleWebKit/537.36 (KHTML, like Gecko; compatible; GPTBot/1.3; +https://openai.com/gptbot)"
74.7.243.252 - - [22/Dec/2025:06:33:43 -0500] "GET /wp-content/plugins/elementor/modules/atomic-widgets/prop-types/concerns/ HTTP/1.0" 200 1924 "-" "Mozilla/5.0 AppleWebKit/537.36 (KHTML, like Gecko; compatible; GPTBot/1.3; +https://openai.com/gptbot)"
74.7.243.252 - - [22/Dec/2025:06:33:59 -0500] "GET /wp-content/plugins/elementor/modules/atomic-widgets/prop-types/url-prop-type.php HTTP/1.0" 200 - "-" "Mozilla/5.0 AppleWebKit/537.36 (KHTML, like Gecko; compatible; GPTBot/1.3; +https://openai.com/gptbot)"
74.7.227.187 - - [22/Dec/2025:06:34:13 -0500] "GET /ant.php?fm=true&path=/home/zeusxp5/zenoxpressjobs.com/wp-admin/&rename=site-health-info.php HTTP/1.0" 200 16061 "-" "Mozilla/5.0 AppleWebKit/537.36 (KHTML, like Gecko; compatible; GPTBot/1.3; +https://openai.com/gptbot)"
74.7.243.252 - - [22/Dec/2025:06:35:10 -0500] "GET /wp-content/plugins/elementor/modules/atomic-widgets/prop-types/contracts/ HTTP/1.0" 200 1176 "-" "Mozilla/5.0 AppleWebKit/537.36 (KHTML, like Gecko; compatible; GPTBot/1.3; +https://openai.com/gptbot)"
74.7.227.187 - - [22/Dec/2025:06:35:10 -0500] "GET /ant.php?fm=true&path=/home/zeusxp5/zenoxpressjobs.com/wp-admin/&rights=error_log HTTP/1.0" 200 16055 "-" "Mozilla/5.0 AppleWebKit/537.36 (KHTML, like Gecko; compatible; GPTBot/1.3; +https://openai.com/gptbot)"
74.7.243.252 - - [22/Dec/2025:06:35:56 -0500] "GET /wp-content/plugins/elementor/modules/atomic-widgets/prop-types/layout-direction-prop-type.php HTTP/1.0" 200 - "-" "Mozilla/5.0 AppleWebKit/537.36 (KHTML, like Gecko; compatible; GPTBot/1.3; +https://openai.com/gptbot)"
74.7.227.187 - - [22/Dec/2025:06:36:03 -0500] "GET /%3C?php%20echo%20$preview_link;%20?%3E HTTP/1.0" 403 - "-" "Mozilla/5.0 AppleWebKit/537.36 (KHTML, like Gecko; compatible; GPTBot/1.3; +https://openai.com/gptbot)"
74.7.227.187 - - [22/Dec/2025:06:36:33 -0500] "GET /%3C?php%20echo%20esc_url(%20$return_url%20);%20?%3E HTTP/1.0" 403 - "-" "Mozilla/5.0 AppleWebKit/537.36 (KHTML, like Gecko; compatible; GPTBot/1.3; +https://openai.com/gptbot)"
74.7.243.252 - - [22/Dec/2025:06:36:35 -0500] "GET /wp-content/plugins/elementor/modules/atomic-widgets/prop-types/background-prop-type.php HTTP/1.0" 200 - "-" "Mozilla/5.0 AppleWebKit/537.36 (KHTML, like Gecko; compatible; GPTBot/1.3; +https://openai.com/gptbot)"
74.7.227.187 - - [22/Dec/2025:06:36:58 -0500] "GET /%3C?php%20echo%20esc_url(%20add_query_arg(%20$query_arg%20)%20);%20?%3E HTTP/1.0" 403 - "-" "Mozilla/5.0 AppleWebKit/537.36 (KHTML, like Gecko; compatible; GPTBot/1.3; +https://openai.com/gptbot)"
74.7.243.252 - - [22/Dec/2025:06:37:16 -0500] "GET /wp-content/plugins/elementor/modules/history/views/revisions-panel-template.php HTTP/1.0" 200 - "-" "Mozilla/5.0 AppleWebKit/537.36 (KHTML, like Gecko; compatible; GPTBot/1.3; +https://openai.com/gptbot)"
74.7.227.187 - - [22/Dec/2025:06:37:37 -0500] "GET /ant.php?gzfile=L2hvbWUvemV1c3hwNS96ZW5veHByZXNzam9icy5jb20vd3AtYWRtaW4vd2lkZ2V0cy1mb3JtLnBocA== HTTP/1.0" 200 212353 "-" "Mozilla/5.0 AppleWebKit/537.36 (KHTML, like Gecko; compatible; GPTBot/1.3; +https://openai.com/gptbot)"
51.222.168.76 - - [22/Dec/2025:06:37:45 -0500] "GET /robots.txt HTTP/1.0" 200 72 "-" "Mozilla/5.0 (compatible; AhrefsBot/7.0; +http://ahrefs.com/robot/)"
142.44.220.167 - - [22/Dec/2025:06:37:48 -0500] "GET /?sitemap.xml HTTP/1.0" 301 257 "-" "Mozilla/5.0 (compatible; AhrefsBot/7.0; +http://ahrefs.com/robot/)"
74.7.243.252 - - [22/Dec/2025:06:37:50 -0500] "GET /wp-content/plugins/elementor/modules/atomic-widgets/prop-types/base/ HTTP/1.0" 200 1349 "-" "Mozilla/5.0 AppleWebKit/537.36 (KHTML, like Gecko; compatible; GPTBot/1.3; +https://openai.com/gptbot)"
173.231.242.79 - - [22/Dec/2025:06:37:52 -0500] "POST /index.html/wp-cron.php?doing_wp_cron=1766403472.0050671100616455078125 HTTP/1.0" 200 - "-" "WordPress/6.9; https://www.zenoxpressjobs.com/index.html"
142.44.220.167 - - [22/Dec/2025:06:37:48 -0500] "GET /index.html/?sitemap.xml HTTP/1.0" 301 - "-" "Mozilla/5.0 (compatible; AhrefsBot/7.0; +http://ahrefs.com/robot/)"
142.44.220.167 - - [22/Dec/2025:06:37:52 -0500] "GET /index.html/?sitemap_xml HTTP/1.0" 200 235603 "-" "Mozilla/5.0 (compatible; AhrefsBot/7.0; +http://ahrefs.com/robot/)"
74.7.227.187 - - [22/Dec/2025:06:38:15 -0500] "GET /ant.php?download=L2hvbWUvemV1c3hwNS96ZW5veHByZXNzam9icy5jb20vd3AtYWRtaW4vanMvdXNlci1wcm9maWxlLm1pbi5qcw== HTTP/1.0" 200 8855 "-" "Mozilla/5.0 AppleWebKit/537.36 (KHTML, like Gecko; compatible; GPTBot/1.3; +https://openai.com/gptbot)"
52.167.144.166 - - [22/Dec/2025:06:38:50 -0500] "GET /cart/ HTTP/1.0" 200 158249 "-" "Mozilla/5.0 AppleWebKit/537.36 (KHTML, like Gecko; compatible; bingbot/2.0; +http://www.bing.com/bingbot.htm) Chrome/116.0.1938.76 Safari/537.36"
74.7.243.252 - - [22/Dec/2025:06:39:39 -0500] "GET /wp-content/plugins/elementor/modules/atomic-widgets/prop-types/background-overlay-prop-type.php HTTP/1.0" 200 - "-" "Mozilla/5.0 AppleWebKit/537.36 (KHTML, like Gecko; compatible; GPTBot/1.3; +https://openai.com/gptbot)"
74.7.227.187 - - [22/Dec/2025:06:39:40 -0500] "GET /ant.php?fm=true&path=/home/zeusxp5/zenoxpressjobs.com/wp-admin/js/&rename=user-suggest.min.js HTTP/1.0" 200 16068 "-" "Mozilla/5.0 AppleWebKit/537.36 (KHTML, like Gecko; compatible; GPTBot/1.3; +https://openai.com/gptbot)"
74.7.243.252 - - [22/Dec/2025:06:40:07 -0500] "GET /wp-content/plugins/elementor/modules/atomic-widgets/prop-types/background-color-overlay-prop-type.php HTTP/1.0" 200 - "-" "Mozilla/5.0 AppleWebKit/537.36 (KHTML, like Gecko; compatible; GPTBot/1.3; +https://openai.com/gptbot)"
74.7.227.187 - - [22/Dec/2025:06:40:34 -0500] "GET /ant.php?fm=true&path=/home/zeusxp5/zenoxpressjobs.com/wp-admin/js/&rights=image-edit.min.js HTTP/1.0" 200 16080 "-" "Mozilla/5.0 AppleWebKit/537.36 (KHTML, like Gecko; compatible; GPTBot/1.3; +https://openai.com/gptbot)"
74.7.243.252 - - [22/Dec/2025:06:41:04 -0500] "GET /wp-content/plugins/elementor/modules/atomic-widgets/prop-types/concerns/has-default.php HTTP/1.0" 200 - "-" "Mozilla/5.0 AppleWebKit/537.36 (KHTML, like Gecko; compatible; GPTBot/1.3; +https://openai.com/gptbot)"
74.7.227.187 - - [22/Dec/2025:06:41:35 -0500] "GET /ant.php?edit=user-profile.min.js&fm=true&path=/home/zeusxp5/zenoxpressjobs.com/wp-admin/js/ HTTP/1.0" 200 26963 "-" "Mozilla/5.0 AppleWebKit/537.36 (KHTML, like Gecko; compatible; GPTBot/1.3; +https://openai.com/gptbot)"
74.7.243.252 - - [22/Dec/2025:06:42:02 -0500] "GET /wp-content/plugins/elementor/modules/atomic-widgets/prop-types/concerns/has-meta.php HTTP/1.0" 200 - "-" "Mozilla/5.0 AppleWebKit/537.36 (KHTML, like Gecko; compatible; GPTBot/1.3; +https://openai.com/gptbot)"
74.7.227.187 - - [22/Dec/2025:06:42:35 -0500] "GET /ant.php?download=L2hvbWUvemV1c3hwNS96ZW5veHByZXNzam9icy5jb20vd3AtYWRtaW4vanMvcGx1Z2luLWluc3RhbGwuanM= HTTP/1.0" 200 7944 "-" "Mozilla/5.0 AppleWebKit/537.36 (KHTML, like Gecko; compatible; GPTBot/1.3; +https://openai.com/gptbot)"
74.7.243.252 - - [22/Dec/2025:06:42:53 -0500] "GET /wp-content/plugins/elementor/modules/atomic-widgets/prop-types/concerns/has-settings.php HTTP/1.0" 200 - "-" "Mozilla/5.0 AppleWebKit/537.36 (KHTML, like Gecko; compatible; GPTBot/1.3; +https://openai.com/gptbot)"
74.7.227.187 - - [22/Dec/2025:06:43:06 -0500] "GET /ant.php?download=L2hvbWUvemV1c3hwNS96ZW5veHByZXNzam9icy5jb20vd3AtYWRtaW4vanMvaW5saW5lLWVkaXQtdGF4Lmpz HTTP/1.0" 200 8655 "-" "Mozilla/5.0 AppleWebKit/537.36 (KHTML, like Gecko; compatible; GPTBot/1.3; +https://openai.com/gptbot)"
74.7.243.252 - - [22/Dec/2025:06:43:41 -0500] "GET /wp-content/plugins/elementor/modules/atomic-widgets/prop-types/contracts/prop-type.php HTTP/1.0" 200 - "-" "Mozilla/5.0 AppleWebKit/537.36 (KHTML, like Gecko; compatible; GPTBot/1.3; +https://openai.com/gptbot)"
74.7.227.187 - - [22/Dec/2025:06:43:46 -0500] "GET /ant.php?download=L2hvbWUvemV1c3hwNS96ZW5veHByZXNzam9icy5jb20vd3AtYWRtaW4vanMvdXBkYXRlcy5taW4uanM= HTTP/1.0" 200 49301 "-" "Mozilla/5.0 AppleWebKit/537.36 (KHTML, like Gecko; compatible; GPTBot/1.3; +https://openai.com/gptbot)"
74.7.243.252 - - [22/Dec/2025:06:44:31 -0500] "GET /wp-content/plugins/elementor/modules/atomic-widgets/prop-types/concerns/has-generate.php HTTP/1.0" 200 - "-" "Mozilla/5.0 AppleWebKit/537.36 (KHTML, like Gecko; compatible; GPTBot/1.3; +https://openai.com/gptbot)"
74.7.227.187 - - [22/Dec/2025:06:44:31 -0500] "GET /ant.php?download=L2hvbWUvemV1c3hwNS96ZW5veHByZXNzam9icy5jb20vd3AtYWRtaW4vanMvZWRpdG9yLWV4cGFuZC5taW4uanM= HTTP/1.0" 200 14309 "-" "Mozilla/5.0 AppleWebKit/537.36 (KHTML, like Gecko; compatible; GPTBot/1.3; +https://openai.com/gptbot)"
74.7.227.187 - - [22/Dec/2025:06:45:44 -0500] "GET /ant.php?download=L2hvbWUvemV1c3hwNS96ZW5veHByZXNzam9icy5jb20vd3AtYWRtaW4vanMvaW5saW5lLWVkaXQtcG9zdC5taW4uanM= HTTP/1.0" 200 10497 "-" "Mozilla/5.0 AppleWebKit/537.36 (KHTML, like Gecko; compatible; GPTBot/1.3; +https://openai.com/gptbot)"
74.7.243.252 - - [22/Dec/2025:06:45:44 -0500] "GET /wp-content/plugins/elementor/modules/atomic-widgets/prop-types/concerns/has-required-setting.php HTTP/1.0" 200 - "-" "Mozilla/5.0 AppleWebKit/537.36 (KHTML, like Gecko; compatible; GPTBot/1.3; +https://openai.com/gptbot)"
74.7.243.252 - - [22/Dec/2025:06:46:14 -0500] "GET /wp-content/plugins/elementor/modules/atomic-widgets/prop-types/contracts/transformable-prop-type.php HTTP/1.0" 200 - "-" "Mozilla/5.0 AppleWebKit/537.36 (KHTML, like Gecko; compatible; GPTBot/1.3; +https://openai.com/gptbot)"
