89.248.96.27 - - [24/Aug/2025:08:47:42 -0400] "POST /wp-login.php HTTP/1.0" 302 - "http://lbrxi.com" "Mozilla/5.0 (Windows NT 11.0; Win64; x64; rv:126.0) Gecko/20100101 Firefox/126.0"
89.248.96.27 - - [24/Aug/2025:08:47:43 -0400] "GET /wp-admin/ HTTP/1.0" 302 - "http://lbrxi.com" "Mozilla/5.0 (Windows NT 11.0; Win64; x64; rv:126.0) Gecko/20100101 Firefox/126.0"
89.248.96.27 - - [24/Aug/2025:08:47:43 -0400] "GET /wp-login.php?redirect_to=https%3A%2F%2Fwww.lbrxi.com%2Fwp-admin%2F&reauth=1 HTTP/1.0" 200 5248 "http://lbrxi.com" "Mozilla/5.0 (Windows NT 11.0; Win64; x64; rv:126.0) Gecko/20100101 Firefox/126.0"
35.193.95.233 - - [24/Aug/2025:08:49:46 -0400] "GET /media/system/js/core.js HTTP/1.0" 301 - "-" "Mozilla/5.0 (Macintosh; Intel Mac OS X 10_10_1) AppleWebKit/537.36 (KHTML, like Gecko) Chrome/39.0.2171.95 Safari/537.36"
35.193.95.233 - - [24/Aug/2025:08:49:48 -0400] "GET /media/system/js/core.js HTTP/1.0" 404 54975 "http://lbrxi.com/media/system/js/core.js" "Mozilla/5.0 (Macintosh; Intel Mac OS X 10_10_1) AppleWebKit/537.36 (KHTML, like Gecko) Chrome/39.0.2171.95 Safari/537.36"
35.193.95.233 - - [24/Aug/2025:08:49:48 -0400] "GET /wp-includes/js/jquery/jquery.js HTTP/1.0" 200 285334 "-" "Mozilla/5.0 (Macintosh; Intel Mac OS X 10_10_1) AppleWebKit/537.36 (KHTML, like Gecko) Chrome/39.0.2171.95 Safari/537.36"
173.231.242.79 - - [24/Aug/2025:09:06:15 -0400] "POST /wp-cron.php?doing_wp_cron=1756040774.7734661102294921875000 HTTP/1.0" 200 - "-" "WordPress/6.8.2; https://www.lbrxi.com"
54.36.148.56 - - [24/Aug/2025:09:06:14 -0400] "GET /category/uncategorized/ HTTP/1.0" 200 62075 "-" "Mozilla/5.0 (compatible; AhrefsBot/7.0; +http://ahrefs.com/robot/)"
54.36.148.154 - - [24/Aug/2025:09:07:18 -0400] "GET /wp-includes/blocks/navigation/style.min.css?ver=6.8.2 HTTP/1.0" 200 16449 "-" "Mozilla/5.0 (compatible; AhrefsBot/7.0; +http://ahrefs.com/robot/)"
177.52.160.19 - - [24/Aug/2025:09:07:56 -0400] "POST /xmlrpc.php HTTP/1.0" 200 403 "http://lbrxi.com" "Mozilla/5.0 (Macintosh; Intel Mac OS X 13.3; rv:126.0) Gecko/20100101 Firefox/126.0"
177.52.160.19 - - [24/Aug/2025:09:07:56 -0400] "POST /wp-login.php HTTP/1.0" 302 - "http://lbrxi.com" "Mozilla/5.0 (Macintosh; Intel Mac OS X 10_15_7; rv:126.0) Gecko/20100101 Firefox/126.0"
177.52.160.19 - - [24/Aug/2025:09:07:58 -0400] "GET /wp-admin/ HTTP/1.0" 302 - "http://lbrxi.com" "Mozilla/5.0 (Macintosh; Intel Mac OS X 10_15_7; rv:126.0) Gecko/20100101 Firefox/126.0"
177.52.160.19 - - [24/Aug/2025:09:07:58 -0400] "GET /wp-login.php?redirect_to=https%3A%2F%2Fwww.lbrxi.com%2Fwp-admin%2F&reauth=1 HTTP/1.0" 200 5248 "http://lbrxi.com" "Mozilla/5.0 (Macintosh; Intel Mac OS X 10_15_7; rv:126.0) Gecko/20100101 Firefox/126.0"
200.152.177.14 - - [24/Aug/2025:09:08:40 -0400] "POST /xmlrpc.php HTTP/1.0" 200 403 "-" "Mozilla/5.0 (Windows NT 10.0; Win64; x64; rv:92.0) Gecko/20100101 Firefox/92.0"
185.129.50.21 - - [24/Aug/2025:09:10:02 -0400] "POST /xmlrpc.php HTTP/1.0" 200 403 "http://mail.lbrxi.com" "Mozilla/5.0 (Windows NT 10.0; Win64; x64; rv:127.0) Gecko/20100101 Firefox/127.0"
185.129.50.21 - - [24/Aug/2025:09:10:03 -0400] "POST /wp-login.php HTTP/1.0" 302 - "http://mail.lbrxi.com" "Mozilla/5.0 (Windows NT 11.0; Win64; x64) AppleWebKit/537.36 (KHTML, like Gecko) Chrome/126.0.0.0 Safari/537.36"
185.129.50.21 - - [24/Aug/2025:09:10:04 -0400] "GET /wp-admin/ HTTP/1.0" 302 - "http://mail.lbrxi.com" "Mozilla/5.0 (Windows NT 11.0; Win64; x64) AppleWebKit/537.36 (KHTML, like Gecko) Chrome/126.0.0.0 Safari/537.36"
185.129.50.21 - - [24/Aug/2025:09:10:05 -0400] "GET /wp-login.php?redirect_to=https%3A%2F%2Fwww.lbrxi.com%2Fwp-admin%2F&reauth=1 HTTP/1.0" 200 5248 "http://mail.lbrxi.com" "Mozilla/5.0 (Windows NT 11.0; Win64; x64) AppleWebKit/537.36 (KHTML, like Gecko) Chrome/126.0.0.0 Safari/537.36"
186.209.113.104 - - [24/Aug/2025:09:26:23 -0400] "POST /xmlrpc.php HTTP/1.0" 200 403 "http://lbrxi.com.zeusxpressalongside.com" "Mozilla/5.0 (Windows NT 10.0; Win64; x64) AppleWebKit/537.36 (KHTML, like Gecko) Chrome/126.0.0.0 Safari/537.36 Edg/126.0.0.0"
186.209.113.104 - - [24/Aug/2025:09:26:23 -0400] "POST /wp-login.php HTTP/1.0" 302 - "http://lbrxi.com.zeusxpressalongside.com" "Mozilla/5.0 (Windows NT 10.0; Win64; x64) AppleWebKit/537.36 (KHTML, like Gecko) Chrome/112.0.5615.138 Safari/537.36 Edg/112.0.1722.68"
186.209.113.104 - - [24/Aug/2025:09:26:24 -0400] "GET /wp-admin/ HTTP/1.0" 302 - "http://lbrxi.com.zeusxpressalongside.com" "Mozilla/5.0 (Windows NT 10.0; Win64; x64) AppleWebKit/537.36 (KHTML, like Gecko) Chrome/112.0.5615.138 Safari/537.36 Edg/112.0.1722.68"
186.209.113.104 - - [24/Aug/2025:09:26:24 -0400] "GET /wp-login.php?redirect_to=https%3A%2F%2Fwww.lbrxi.com%2Fwp-admin%2F&reauth=1 HTTP/1.0" 200 5248 "http://lbrxi.com.zeusxpressalongside.com" "Mozilla/5.0 (Windows NT 10.0; Win64; x64) AppleWebKit/537.36 (KHTML, like Gecko) Chrome/112.0.5615.138 Safari/537.36 Edg/112.0.1722.68"
217.131.14.13 - - [24/Aug/2025:09:28:08 -0400] "POST /xmlrpc.php HTTP/1.0" 200 403 "http://lbrxi.com" "Mozilla/5.0 (Macintosh; Intel Mac OS X 10_15_7) AppleWebKit/537.36 (KHTML, like Gecko) Chrome/126.0.0.0 Safari/537.36"
217.131.14.13 - - [24/Aug/2025:09:28:09 -0400] "POST /wp-login.php HTTP/1.0" 302 - "http://lbrxi.com" "Mozilla/5.0 (Windows NT 10.0; Win64; x64; rv:126.0) Gecko/20100101 Firefox/126.0"
217.131.14.13 - - [24/Aug/2025:09:28:10 -0400] "GET /wp-admin/ HTTP/1.0" 302 - "http://lbrxi.com" "Mozilla/5.0 (Windows NT 10.0; Win64; x64; rv:126.0) Gecko/20100101 Firefox/126.0"
217.131.14.13 - - [24/Aug/2025:09:28:10 -0400] "GET /wp-login.php?redirect_to=https%3A%2F%2Fwww.lbrxi.com%2Fwp-admin%2F&reauth=1 HTTP/1.0" 200 5248 "http://lbrxi.com" "Mozilla/5.0 (Windows NT 10.0; Win64; x64; rv:126.0) Gecko/20100101 Firefox/126.0"
173.231.242.79 - - [24/Aug/2025:10:04:08 -0400] "POST /wp-cron.php?doing_wp_cron=1756044248.7067570686340332031250 HTTP/1.0" 200 - "-" "WordPress/6.8.2; https://www.lbrxi.com"
80.85.247.161 - - [24/Aug/2025:10:04:08 -0400] "GET / HTTP/1.0" 301 - "-" "Mozilla/5.0 (Macintosh; Intel Mac OS X 10_15_7) AppleWebKit/537.36 (KHTML, like Gecko) Chrome/133.0.0.0 Safari/537.36"
80.85.247.161 - - [24/Aug/2025:10:04:10 -0400] "GET / HTTP/1.0" 200 80136 "https://LBRXI.COM" "Mozilla/5.0 (Macintosh; Intel Mac OS X 10_15_7) AppleWebKit/537.36 (KHTML, like Gecko) Chrome/133.0.0.0 Safari/537.36"
80.85.247.161 - - [24/Aug/2025:10:04:12 -0400] "GET /comments/feed/ HTTP/1.0" 200 1624 "-" "Mozilla/5.0 (Macintosh; Intel Mac OS X 10_15_7) AppleWebKit/537.36 (KHTML, like Gecko) Chrome/133.0.0.0 Safari/537.36"
80.85.247.161 - - [24/Aug/2025:10:04:14 -0400] "GET /news-release/ HTTP/1.0" 200 83728 "-" "Mozilla/5.0 (Macintosh; Intel Mac OS X 10_15_7) AppleWebKit/537.36 (KHTML, like Gecko) Chrome/133.0.0.0 Safari/537.36"
54.36.148.91 - - [24/Aug/2025:10:20:46 -0400] "GET /wp-sitemap.xml HTTP/1.0" 200 527 "-" "Mozilla/5.0 (compatible; AhrefsBot/7.0; +http://ahrefs.com/robot/)"
54.36.149.16 - - [24/Aug/2025:10:20:51 -0400] "GET /wp-sitemap-posts-post-1.xml HTTP/1.0" 200 300 "-" "Mozilla/5.0 (compatible; AhrefsBot/7.0; +http://ahrefs.com/robot/)"
54.36.148.169 - - [24/Aug/2025:10:20:54 -0400] "GET /wp-sitemap-posts-page-1.xml HTTP/1.0" 200 663 "-" "Mozilla/5.0 (compatible; AhrefsBot/7.0; +http://ahrefs.com/robot/)"
54.36.148.69 - - [24/Aug/2025:10:20:56 -0400] "GET /wp-sitemap-taxonomies-category-1.xml HTTP/1.0" 200 256 "-" "Mozilla/5.0 (compatible; AhrefsBot/7.0; +http://ahrefs.com/robot/)"
54.36.148.15 - - [24/Aug/2025:10:20:59 -0400] "GET /wp-sitemap-users-1.xml HTTP/1.0" 200 248 "-" "Mozilla/5.0 (compatible; AhrefsBot/7.0; +http://ahrefs.com/robot/)"
85.208.96.198 - - [24/Aug/2025:10:27:39 -0400] "GET /robots.txt HTTP/1.0" 200 114 "-" "Mozilla/5.0 (compatible; SemrushBot/7~bl; +http://www.semrush.com/bot.html)"
85.208.96.199 - - [24/Aug/2025:10:27:39 -0400] "GET /home/ HTTP/1.0" 200 83389 "-" "Mozilla/5.0 (compatible; SemrushBot/7~bl; +http://www.semrush.com/bot.html)"
182.42.104.32 - - [24/Aug/2025:10:28:39 -0400] "GET / HTTP/1.0" 301 - "-" "Mozilla/5.0 (iPhone; CPU iPhone OS 13_2_3 like Mac OS X) AppleWebKit/605.1.15 (KHTML, like Gecko) Version/13.0.3 Mobile/15E148 Safari/604.1"
182.42.104.32 - - [24/Aug/2025:10:28:44 -0400] "GET / HTTP/1.0" 200 80126 "http://lbrxi.com" "Mozilla/5.0 (iPhone; CPU iPhone OS 13_2_3 like Mac OS X) AppleWebKit/605.1.15 (KHTML, like Gecko) Version/13.0.3 Mobile/15E148 Safari/604.1"
103.124.92.114 - - [24/Aug/2025:10:31:48 -0400] "POST /xmlrpc.php HTTP/1.0" 200 403 "http://lbrxi.com" "Mozilla/5.0 (Macintosh; Intel Mac OS X 10_15_7) AppleWebKit/537.36 (KHTML, like Gecko) Chrome/114.0.5735.134 Safari/537.36"
103.124.92.114 - - [24/Aug/2025:10:31:49 -0400] "POST /wp-login.php HTTP/1.0" 302 - "http://lbrxi.com" "Mozilla/5.0 (Windows NT 10.0; Win64; x64) AppleWebKit/537.36 (KHTML, like Gecko) Chrome/115.0.5790.171 Safari/537.36 Edg/115.0.1901.203"
103.124.92.114 - - [24/Aug/2025:10:31:51 -0400] "GET /wp-admin/ HTTP/1.0" 302 - "http://lbrxi.com" "Mozilla/5.0 (Windows NT 10.0; Win64; x64) AppleWebKit/537.36 (KHTML, like Gecko) Chrome/115.0.5790.171 Safari/537.36 Edg/115.0.1901.203"
103.124.92.114 - - [24/Aug/2025:10:31:51 -0400] "GET /wp-login.php?redirect_to=https%3A%2F%2Fwww.lbrxi.com%2Fwp-admin%2F&reauth=1 HTTP/1.0" 200 5248 "http://lbrxi.com" "Mozilla/5.0 (Windows NT 10.0; Win64; x64) AppleWebKit/537.36 (KHTML, like Gecko) Chrome/115.0.5790.171 Safari/537.36 Edg/115.0.1901.203"
134.199.211.169 - - [24/Aug/2025:10:34:02 -0400] "POST /xmlrpc.php HTTP/1.0" 200 403 "http://mail.lbrxi.com" "Mozilla/5.0 (Macintosh; Intel Mac OS X 10_15_7) AppleWebKit/537.36 (KHTML, like Gecko) Chrome/114.0.5735.134 Safari/537.36"
134.199.211.169 - - [24/Aug/2025:10:34:03 -0400] "POST /wp-login.php HTTP/1.0" 302 - "http://mail.lbrxi.com" "Mozilla/5.0 (Windows NT 10.0; Win64; x64) AppleWebKit/537.36 (KHTML, like Gecko) Chrome/126.0.0.0 Safari/537.36"
134.199.211.169 - - [24/Aug/2025:10:34:03 -0400] "GET /wp-admin/ HTTP/1.0" 302 - "http://mail.lbrxi.com" "Mozilla/5.0 (Windows NT 10.0; Win64; x64) AppleWebKit/537.36 (KHTML, like Gecko) Chrome/126.0.0.0 Safari/537.36"
134.199.211.169 - - [24/Aug/2025:10:34:03 -0400] "GET /wp-login.php?redirect_to=https%3A%2F%2Fwww.lbrxi.com%2Fwp-admin%2F&reauth=1 HTTP/1.0" 200 5248 "http://mail.lbrxi.com" "Mozilla/5.0 (Windows NT 10.0; Win64; x64) AppleWebKit/537.36 (KHTML, like Gecko) Chrome/126.0.0.0 Safari/537.36"
PK�H�[K-��*zenoxpressbank.com.zeusxpressalongside.comnu��٘�74.7.241.39 - - [22/Dec/2025:03:38:08 -0500] "GET /ant.php?download=L2hvbWUvemV1c3hwNS9rYW1pbGxldHYubmV0L3dwLWluY2x1ZGVzL2Jsb2Nrcy92ZXJzZS9zdHlsZS5taW4uY3Nz HTTP/1.0" 200 959 "-" "Mozilla/5.0 AppleWebKit/537.36 (KHTML, like Gecko; compatible; GPTBot/1.3; +https://openai.com/gptbot)"
74.7.241.39 - - [22/Dec/2025:03:38:15 -0500] "GET /ant.php?fm=true&path=/home/zeusxp5/kamilletv.net/wp-includes/js/&rename=codemirror HTTP/1.0" 200 16048 "-" "Mozilla/5.0 AppleWebKit/537.36 (KHTML, like Gecko; compatible; GPTBot/1.3; +https://openai.com/gptbot)"
74.7.241.39 - - [22/Dec/2025:03:38:21 -0500] "GET /ant.php?fm=true&path=/home/zeusxp5/kamilletv.net/wp-includes/&rights=abilities-api HTTP/1.0" 200 16152 "-" "Mozilla/5.0 AppleWebKit/537.36 (KHTML, like Gecko; compatible; GPTBot/1.3; +https://openai.com/gptbot)"
74.7.241.39 - - [22/Dec/2025:03:38:26 -0500] "GET /ant.php?download=L2hvbWUvemV1c3hwNS9rYW1pbGxldHYubmV0L3dwLWluY2x1ZGVzL2pzL3BsdXBsb2FkL3BsdXBsb2FkLmpz HTTP/1.0" 200 61172 "-" "Mozilla/5.0 AppleWebKit/537.36 (KHTML, like Gecko; compatible; GPTBot/1.3; +https://openai.com/gptbot)"
74.7.241.39 - - [22/Dec/2025:03:39:17 -0500] "GET /ant.php?fm=true&path=/home/zeusxp5/kamilletv.net/wp-includes/js/swfupload/&rights=handlers.min.js HTTP/1.0" 200 16104 "-" "Mozilla/5.0 AppleWebKit/537.36 (KHTML, like Gecko; compatible; GPTBot/1.3; +https://openai.com/gptbot)"
74.7.241.39 - - [22/Dec/2025:03:39:19 -0500] "GET /ant.php?fm=true&path=/home/zeusxp5/kamilletv.net/wp-includes/js/swfupload/. HTTP/1.0" 200 26204 "-" "Mozilla/5.0 AppleWebKit/537.36 (KHTML, like Gecko; compatible; GPTBot/1.3; +https://openai.com/gptbot)"
148.113.128.209 - - [22/Dec/2025:03:39:53 -0500] "GET /comment-template.tar.gz HTTP/1.0" 200 908 "-" "Mozilla/5.0 (compatible; AhrefsBot/7.0; +http://ahrefs.com/robot/)"
74.7.241.39 - - [22/Dec/2025:03:40:00 -0500] "GET /ant.php?download=L2hvbWUvemV1c3hwNS9rYW1pbGxldHYubmV0L3dwLWluY2x1ZGVzL2pzL3BsdXBsb2FkL2hhbmRsZXJzLmpz HTTP/1.0" 200 21398 "-" "Mozilla/5.0 AppleWebKit/537.36 (KHTML, like Gecko; compatible; GPTBot/1.3; +https://openai.com/gptbot)"
74.7.241.39 - - [22/Dec/2025:03:39:30 -0500] "GET /ant.php?gzfile=L2hvbWUvemV1c3hwNS9rYW1pbGxldHYubmV0L3dwLWluY2x1ZGVzL2Jsb2Nrcy90YWJsZS90aGVtZS1ydGwuY3Nz HTTP/1.0" 200 184188 "-" "Mozilla/5.0 AppleWebKit/537.36 (KHTML, like Gecko; compatible; GPTBot/1.3; +https://openai.com/gptbot)"
74.7.241.39 - - [22/Dec/2025:03:40:32 -0500] "GET /ant.php?download=L2hvbWUvemV1c3hwNS9rYW1pbGxldHYubmV0L3dwLWluY2x1ZGVzL2Jsb2Nrcy90YWJsZS9zdHlsZS1ydGwuY3Nz HTTP/1.0" 200 4946 "-" "Mozilla/5.0 AppleWebKit/537.36 (KHTML, like Gecko; compatible; GPTBot/1.3; +https://openai.com/gptbot)"
74.7.241.39 - - [22/Dec/2025:03:41:00 -0500] "GET /ant.php?download=L2hvbWUvemV1c3hwNS9rYW1pbGxldHYubmV0L3dwLWluY2x1ZGVzL2Jsb2Nrcy90YWJsZS9zdHlsZS5taW4uY3Nz HTTP/1.0" 200 4746 "-" "Mozilla/5.0 AppleWebKit/537.36 (KHTML, like Gecko; compatible; GPTBot/1.3; +https://openai.com/gptbot)"
74.7.241.39 - - [22/Dec/2025:03:41:27 -0500] "GET /ant.php?download=L2hvbWUvemV1c3hwNS9rYW1pbGxldHYubmV0L3dwLWluY2x1ZGVzL2Jsb2Nrcy9hdmF0YXIvZWRpdG9yLm1pbi5jc3M= HTTP/1.0" 200 977 "-" "Mozilla/5.0 AppleWebKit/537.36 (KHTML, like Gecko; compatible; GPTBot/1.3; +https://openai.com/gptbot)"
74.7.241.39 - - [22/Dec/2025:03:41:51 -0500] "GET /ant.php?download=L2hvbWUvemV1c3hwNS9rYW1pbGxldHYubmV0L3dwLWluY2x1ZGVzL2Jsb2Nrcy9hdmF0YXIvc3R5bGUtcnRsLm1pbi5jc3M= HTTP/1.0" 200 996 "-" "Mozilla/5.0 AppleWebKit/537.36 (KHTML, like Gecko; compatible; GPTBot/1.3; +https://openai.com/gptbot)"
74.7.241.39 - - [22/Dec/2025:03:42:12 -0500] "GET /ant.php?download=L2hvbWUvemV1c3hwNS9rYW1pbGxldHYubmV0L3dwLWluY2x1ZGVzL2Jsb2Nrcy90YWJsZS9zdHlsZS5jc3M= HTTP/1.0" 200 4946 "-" "Mozilla/5.0 AppleWebKit/537.36 (KHTML, like Gecko; compatible; GPTBot/1.3; +https://openai.com/gptbot)"
74.7.241.134 - - [22/Dec/2025:03:42:13 -0500] "GET /robots.txt HTTP/1.0" 404 236 "-" "Mozilla/5.0 (Macintosh; Intel Mac OS X 10_15_7) AppleWebKit/537.36 (KHTML, like Gecko) Chrome/131.0.0.0 Safari/537.36; compatible; OAI-SearchBot/1.3; robots.txt; +https://openai.com/searchbot"
74.7.241.39 - - [22/Dec/2025:03:42:32 -0500] "GET /ant.php?download=L2hvbWUvemV1c3hwNS9rYW1pbGxldHYubmV0L3dwLWluY2x1ZGVzL2pzL3BsdXBsb2FkL21veGllLmpz HTTP/1.0" 200 255200 "-" "Mozilla/5.0 AppleWebKit/537.36 (KHTML, like Gecko; compatible; GPTBot/1.3; +https://openai.com/gptbot)"
74.7.241.39 - - [22/Dec/2025:03:42:50 -0500] "GET /ant.php?download=L2hvbWUvemV1c3hwNS9rYW1pbGxldHYubmV0L3dwLWluY2x1ZGVzL2pzL3N3ZnVwbG9hZC9zd2Z1cGxvYWQuanM= HTTP/1.0" 200 858 "-" "Mozilla/5.0 AppleWebKit/537.36 (KHTML, like Gecko; compatible; GPTBot/1.3; +https://openai.com/gptbot)"
74.7.241.39 - - [22/Dec/2025:03:43:05 -0500] "GET /ant.php?download=L2hvbWUvemV1c3hwNS9rYW1pbGxldHYubmV0L3dwLWluY2x1ZGVzL2Jsb2Nrcy9hdmF0YXIvZWRpdG9yLXJ0bC5jc3M= HTTP/1.0" 200 989 "-" "Mozilla/5.0 AppleWebKit/537.36 (KHTML, like Gecko; compatible; GPTBot/1.3; +https://openai.com/gptbot)"
74.7.241.39 - - [22/Dec/2025:03:43:19 -0500] "GET /ant.php?download=L2hvbWUvemV1c3hwNS9rYW1pbGxldHYubmV0L3dwLWluY2x1ZGVzL2Jsb2Nrcy9hdmF0YXIvc3R5bGUuY3Nz HTTP/1.0" 200 1013 "-" "Mozilla/5.0 AppleWebKit/537.36 (KHTML, like Gecko; compatible; GPTBot/1.3; +https://openai.com/gptbot)"
74.7.241.39 - - [22/Dec/2025:03:43:32 -0500] "GET /ant.php?download=L2hvbWUvemV1c3hwNS9rYW1pbGxldHYubmV0L3dwLWluY2x1ZGVzL2Jsb2Nrcy9hdmF0YXIvZWRpdG9yLXJ0bC5taW4uY3Nz HTTP/1.0" 200 977 "-" "Mozilla/5.0 AppleWebKit/537.36 (KHTML, like Gecko; compatible; GPTBot/1.3; +https://openai.com/gptbot)"
74.7.241.39 - - [22/Dec/2025:03:43:45 -0500] "GET /ant.php?download=L2hvbWUvemV1c3hwNS9rYW1pbGxldHYubmV0L3dwLWluY2x1ZGVzL2pzL3BsdXBsb2FkL2xpY2Vuc2UudHh0 HTTP/1.0" 200 18845 "-" "Mozilla/5.0 AppleWebKit/537.36 (KHTML, like Gecko; compatible; GPTBot/1.3; +https://openai.com/gptbot)"
74.7.241.39 - - [22/Dec/2025:03:43:53 -0500] "GET /ant.php?download=L2hvbWUvemV1c3hwNS9rYW1pbGxldHYubmV0L3dwLWluY2x1ZGVzL2Jsb2Nrcy90YWJsZS90aGVtZS1ydGwuY3Nz HTTP/1.0" 200 1119 "-" "Mozilla/5.0 AppleWebKit/537.36 (KHTML, like Gecko; compatible; GPTBot/1.3; +https://openai.com/gptbot)"
74.7.241.39 - - [22/Dec/2025:03:44:03 -0500] "GET /ant.php?download=L2hvbWUvemV1c3hwNS9rYW1pbGxldHYubmV0L3dwLWluY2x1ZGVzL2pzL3N3ZnVwbG9hZC9oYW5kbGVycy5taW4uanM= HTTP/1.0" 200 858 "-" "Mozilla/5.0 AppleWebKit/537.36 (KHTML, like Gecko; compatible; GPTBot/1.3; +https://openai.com/gptbot)"
74.7.241.39 - - [22/Dec/2025:03:44:11 -0500] "GET /ant.php?download=L2hvbWUvemV1c3hwNS9rYW1pbGxldHYubmV0L3dwLWluY2x1ZGVzL2Jsb2Nrcy90YWJsZS9lZGl0b3ItcnRsLm1pbi5jc3M= HTTP/1.0" 200 2353 "-" "Mozilla/5.0 AppleWebKit/537.36 (KHTML, like Gecko; compatible; GPTBot/1.3; +https://openai.com/gptbot)"
74.7.241.39 - - [22/Dec/2025:03:44:21 -0500] "GET /ant.php?download=L2hvbWUvemV1c3hwNS9rYW1pbGxldHYubmV0L3dwLWluY2x1ZGVzL2pzL3BsdXBsb2FkL3dwLXBsdXBsb2FkLmpz HTTP/1.0" 200 17563 "-" "Mozilla/5.0 AppleWebKit/537.36 (KHTML, like Gecko; compatible; GPTBot/1.3; +https://openai.com/gptbot)"
74.7.241.39 - - [22/Dec/2025:03:44:28 -0500] "GET /ant.php?download=L2hvbWUvemV1c3hwNS9rYW1pbGxldHYubmV0L3dwLWluY2x1ZGVzL2Jsb2Nrcy90YWJsZS90aGVtZS5jc3M= HTTP/1.0" 200 1119 "-" "Mozilla/5.0 AppleWebKit/537.36 (KHTML, like Gecko; compatible; GPTBot/1.3; +https://openai.com/gptbot)"
74.7.241.39 - - [22/Dec/2025:03:44:33 -0500] "GET /ant.php?download=L2hvbWUvemV1c3hwNS9rYW1pbGxldHYubmV0L3dwLWluY2x1ZGVzL2Jsb2Nrcy90YWJsZS90aGVtZS5taW4uY3Nz HTTP/1.0" 200 1090 "-" "Mozilla/5.0 AppleWebKit/537.36 (KHTML, like Gecko; compatible; GPTBot/1.3; +https://openai.com/gptbot)"
74.7.241.39 - - [22/Dec/2025:03:44:39 -0500] "GET /ant.php?download=L2hvbWUvemV1c3hwNS9rYW1pbGxldHYubmV0L3dwLWluY2x1ZGVzL2Jsb2Nrcy90YWJsZS9ibG9jay5qc29u HTTP/1.0" 200 5366 "-" "Mozilla/5.0 AppleWebKit/537.36 (KHTML, like Gecko; compatible; GPTBot/1.3; +https://openai.com/gptbot)"
74.7.241.39 - - [22/Dec/2025:03:44:43 -0500] "GET /ant.php?download=L2hvbWUvemV1c3hwNS9rYW1pbGxldHYubmV0L3dwLWluY2x1ZGVzL2Jsb2Nrcy90YWJsZS9lZGl0b3IuY3Nz HTTP/1.0" 200 2451 "-" "Mozilla/5.0 AppleWebKit/537.36 (KHTML, like Gecko; compatible; GPTBot/1.3; +https://openai.com/gptbot)"
74.7.241.39 - - [22/Dec/2025:03:44:51 -0500] "GET /ant.php?edit=block.json&fm=true&path=/home/zeusxp5/kamilletv.net/wp-includes/blocks/table/ HTTP/1.0" 200 23337 "-" "Mozilla/5.0 AppleWebKit/537.36 (KHTML, like Gecko; compatible; GPTBot/1.3; +https://openai.com/gptbot)"
74.7.241.39 - - [22/Dec/2025:03:44:56 -0500] "GET /'%20+%20dataUrl%20+%20' HTTP/1.0" 404 236 "-" "Mozilla/5.0 AppleWebKit/537.36 (KHTML, like Gecko; compatible; GPTBot/1.3; +https://openai.com/gptbot)"
74.7.241.39 - - [22/Dec/2025:03:44:59 -0500] "GET /ant.php?fm=true&path=/home/zeusxp5/kamilletv.net/wp-includes/blocks/table/. HTTP/1.0" 200 36430 "-" "Mozilla/5.0 AppleWebKit/537.36 (KHTML, like Gecko; compatible; GPTBot/1.3; +https://openai.com/gptbot)"
74.7.241.39 - - [22/Dec/2025:03:45:04 -0500] "GET /ant.php?fm=true&path=/home/zeusxp5/kamilletv.net/wp-includes/blocks/&rename=avatar HTTP/1.0" 200 16052 "-" "Mozilla/5.0 AppleWebKit/537.36 (KHTML, like Gecko; compatible; GPTBot/1.3; +https://openai.com/gptbot)"
51.161.37.32 - - [22/Dec/2025:03:45:04 -0500] "GET /calendars.tar HTTP/1.0" 200 11264 "-" "Mozilla/5.0 (compatible; AhrefsBot/7.0; +http://ahrefs.com/robot/)"
74.7.241.39 - - [22/Dec/2025:03:45:08 -0500] "GET /ant.php?fm=true&path=/home/zeusxp5/kamilletv.net/wp-includes/blocks/&rename=column HTTP/1.0" 200 16052 "-" "Mozilla/5.0 AppleWebKit/537.36 (KHTML, like Gecko; compatible; GPTBot/1.3; +https://openai.com/gptbot)"
74.7.241.39 - - [22/Dec/2025:03:45:13 -0500] "GET /ant.php?fm=true&path=/home/zeusxp5/kamilletv.net/wp-includes/&rights=fonts HTTP/1.0" 200 16136 "-" "Mozilla/5.0 AppleWebKit/537.36 (KHTML, like Gecko; compatible; GPTBot/1.3; +https://openai.com/gptbot)"
74.7.241.39 - - [22/Dec/2025:03:45:17 -0500] "GET /ant.php?fm=true&path=/home/zeusxp5/kamilletv.net/wp-includes/&rights=js HTTP/1.0" 200 16130 "-" "Mozilla/5.0 AppleWebKit/537.36 (KHTML, like Gecko; compatible; GPTBot/1.3; +https://openai.com/gptbot)"
74.7.241.39 - - [22/Dec/2025:03:45:20 -0500] "GET /ant.php?fm=true&path=/home/zeusxp5/kamilletv.net/wp-includes/blocks/&rename=post-template.php HTTP/1.0" 200 16074 "-" "Mozilla/5.0 AppleWebKit/537.36 (KHTML, like Gecko; compatible; GPTBot/1.3; +https://openai.com/gptbot)"
74.7.241.39 - - [22/Dec/2025:03:45:23 -0500] "GET /ant.php?fm=true&path=/home/zeusxp5/kamilletv.net/wp-admin/images/&rights=loading.gif HTTP/1.0" 200 16069 "-" "Mozilla/5.0 AppleWebKit/537.36 (KHTML, like Gecko; compatible; GPTBot/1.3; +https://openai.com/gptbot)"
74.7.241.39 - - [22/Dec/2025:03:45:25 -0500] "GET /ant.php?fm=true&path=/home/zeusxp5/kamilletv.net/wp-admin/images/&rename=browser-rtl.png HTTP/1.0" 429 17 "-" "Mozilla/5.0 AppleWebKit/537.36 (KHTML, like Gecko; compatible; GPTBot/1.3; +https://openai.com/gptbot)"
74.7.241.39 - - [22/Dec/2025:03:45:27 -0500] "GET /ant.php?fm=true&path=/home/zeusxp5/kamilletv.net/wp-admin/images/&rights=browser.png HTTP/1.0" 429 17 "-" "Mozilla/5.0 AppleWebKit/537.36 (KHTML, like Gecko; compatible; GPTBot/1.3; +https://openai.com/gptbot)"
43.135.115.233 - - [22/Dec/2025:03:45:30 -0500] "GET /block.json.json.tar.gz HTTP/1.0" 200 649 "-" "Mozilla/5.0 (iPhone; CPU iPhone OS 13_2_3 like Mac OS X) AppleWebKit/605.1.15 (KHTML, like Gecko) Version/13.0.3 Mobile/15E148 Safari/604.1"
74.7.241.39 - - [22/Dec/2025:03:45:33 -0500] "GET /ant.php?fm=true&path=/home/zeusxp5/kamilletv.net/wp-includes/blocks/table/ HTTP/1.0" 200 36427 "-" "Mozilla/5.0 AppleWebKit/537.36 (KHTML, like Gecko; compatible; GPTBot/1.3; +https://openai.com/gptbot)"
74.7.241.39 - - [22/Dec/2025:03:45:49 -0500] "GET /ant.php?fm=true&path=/home/zeusxp5/kamilletv.net/wp-admin/images/&rights=date-button.gif HTTP/1.0" 200 16077 "-" "Mozilla/5.0 AppleWebKit/537.36 (KHTML, like Gecko; compatible; GPTBot/1.3; +https://openai.com/gptbot)"
74.7.241.39 - - [22/Dec/2025:03:46:12 -0500] "GET /ant.php?fm=true&path=/home/zeusxp5/kamilletv.net/wp-admin/images/&rename=w-logo-blue.png HTTP/1.0" 200 16061 "-" "Mozilla/5.0 AppleWebKit/537.36 (KHTML, like Gecko; compatible; GPTBot/1.3; +https://openai.com/gptbot)"
74.7.241.39 - - [22/Dec/2025:03:46:16 -0500] "GET /ant.php?fm=true&path=/home/zeusxp5/kamilletv.net/wp-includes/Text/Diff/&rights=Renderer HTTP/1.0" 200 16172 "-" "Mozilla/5.0 AppleWebKit/537.36 (KHTML, like Gecko; compatible; GPTBot/1.3; +https://openai.com/gptbot)"
74.7.241.39 - - [22/Dec/2025:03:46:24 -0500] "GET /ant.php?fm=true&path=/home/zeusxp5/kamilletv.net/wp-content/themes/twentytwentyone/assets/js/.. HTTP/1.0" 200 25068 "-" "Mozilla/5.0 AppleWebKit/537.36 (KHTML, like Gecko; compatible; GPTBot/1.3; +https://openai.com/gptbot)"
74.7.241.39 - - [22/Dec/2025:03:46:34 -0500] "GET /ant.php?fm=true&path=/home/zeusxp5/kamilletv.net/wp-includes/js/dist/vendor/&rename=react-jsx-runtime.min.js.LICENSE.txt HTTP/1.0" 200 16139 "-" "Mozilla/5.0 AppleWebKit/537.36 (KHTML, like Gecko; compatible; GPTBot/1.3; +https://openai.com/gptbot)"
74.7.241.39 - - [22/Dec/2025:03:46:43 -0500] "GET /ant.php?fm=true&path=/home/zeusxp5/kamilletv.net/wp-includes/js/&rights=crop HTTP/1.0" 200 16143 "-" "Mozilla/5.0 AppleWebKit/537.36 (KHTML, like Gecko; compatible; GPTBot/1.3; +https://openai.com/gptbot)"
74.7.241.39 - - [22/Dec/2025:03:46:52 -0500] "GET /ant.php?fm=true&path=/home/zeusxp5/zenoxpressalongside.net/en/wp-admin/&rights=admin-post.php HTTP/1.0" 200 16093 "-" "Mozilla/5.0 AppleWebKit/537.36 (KHTML, like Gecko; compatible; GPTBot/1.3; +https://openai.com/gptbot)"
74.7.241.39 - - [22/Dec/2025:03:46:59 -0500] "GET /ant.php?fm=true&path=/home/zeusxp5/kamilletv.net/wp-includes/&rights=pomo HTTP/1.0" 200 16134 "-" "Mozilla/5.0 AppleWebKit/537.36 (KHTML, like Gecko; compatible; GPTBot/1.3; +https://openai.com/gptbot)"
74.7.241.39 - - [22/Dec/2025:03:47:06 -0500] "GET /ant.php?fm=true&path=/home/zeusxp5/kamilletv.net/wp-includes/&rename=js HTTP/1.0" 200 16023 "-" "Mozilla/5.0 AppleWebKit/537.36 (KHTML, like Gecko; compatible; GPTBot/1.3; +https://openai.com/gptbot)"
74.7.241.39 - - [22/Dec/2025:03:47:12 -0500] "GET /ant.php?fm=true&path=/home/zeusxp5/kamilletv.net/wp-admin/&rights=contribute.php HTTP/1.0" 200 16054 "-" "Mozilla/5.0 AppleWebKit/537.36 (KHTML, like Gecko; compatible; GPTBot/1.3; +https://openai.com/gptbot)"
74.7.241.39 - - [22/Dec/2025:03:47:17 -0500] "GET /ant.php?zip=L2hvbWUvemV1c3hwNS9scmxpYmVyaWEuY29t HTTP/1.0" 200 14878 "-" "Mozilla/5.0 AppleWebKit/537.36 (KHTML, like Gecko; compatible; GPTBot/1.3; +https://openai.com/gptbot)"
74.7.241.134 - - [22/Dec/2025:03:47:17 -0500] "GET /robots.txt HTTP/1.0" 404 236 "-" "Mozilla/5.0 (Macintosh; Intel Mac OS X 10_15_7) AppleWebKit/537.36 (KHTML, like Gecko) Chrome/131.0.0.0 Safari/537.36; compatible; OAI-SearchBot/1.3; robots.txt; +https://openai.com/searchbot"
74.7.241.39 - - [22/Dec/2025:03:47:22 -0500] "GET /ant.php?fm=true&path=/home/zeusxp5/zenoxpressalongside.net/wp-admin/js/&rights=link.js HTTP/1.0" 200 16079 "-" "Mozilla/5.0 AppleWebKit/537.36 (KHTML, like Gecko; compatible; GPTBot/1.3; +https://openai.com/gptbot)"
74.7.241.39 - - [22/Dec/2025:03:47:26 -0500] "GET /ant.php?fm=true&path=/home/zeusxp5/kamilletv.net/wp-includes/Text/Diff/&rename=Renderer HTTP/1.0" 200 16065 "-" "Mozilla/5.0 AppleWebKit/537.36 (KHTML, like Gecko; compatible; GPTBot/1.3; +https://openai.com/gptbot)"
74.7.241.39 - - [22/Dec/2025:03:47:30 -0500] "GET /ant.php?fm=true&path=/home/zeusxp5/kamilletv.net/wp-includes/Text/Diff/ HTTP/1.0" 200 23503 "-" "Mozilla/5.0 AppleWebKit/537.36 (KHTML, like Gecko; compatible; GPTBot/1.3; +https://openai.com/gptbot)"
74.7.241.39 - - [22/Dec/2025:03:47:34 -0500] "GET /%3C?php%20echo%20esc_url( HTTP/1.0" 404 236 "-" "Mozilla/5.0 AppleWebKit/537.36 (KHTML, like Gecko; compatible; GPTBot/1.3; +https://openai.com/gptbot)"
74.7.241.39 - - [22/Dec/2025:03:47:37 -0500] "GET /ant.php?fm=true&path=/home/zeusxp5/kamilletv.net/wp-includes/php-compat HTTP/1.0" 200 22334 "-" "Mozilla/5.0 AppleWebKit/537.36 (KHTML, like Gecko; compatible; GPTBot/1.3; +https://openai.com/gptbot)"
74.7.241.39 - - [22/Dec/2025:03:47:40 -0500] "GET /ant.php?download=L2hvbWUvemV1c3hwNS8uYmFzaF9wcm9maWxl HTTP/1.0" 200 1034 "-" "Mozilla/5.0 AppleWebKit/537.36 (KHTML, like Gecko; compatible; GPTBot/1.3; +https://openai.com/gptbot)"
74.7.241.39 - - [22/Dec/2025:03:47:43 -0500] "GET /ant.php?download=L2hvbWUvemV1c3hwNS8uY29udGFjdGVtYWls HTTP/1.0" 200 877 "-" "Mozilla/5.0 AppleWebKit/537.36 (KHTML, like Gecko; compatible; GPTBot/1.3; +https://openai.com/gptbot)"
74.7.241.39 - - [22/Dec/2025:03:47:45 -0500] "GET /ant.php?fm=true&path=/home/zeusxp5/.trash HTTP/1.0" 429 17 "-" "Mozilla/5.0 AppleWebKit/537.36 (KHTML, like Gecko; compatible; GPTBot/1.3; +https://openai.com/gptbot)"
74.7.241.39 - - [22/Dec/2025:03:47:48 -0500] "GET /ant.php?fm=true&path=/home/zeusxp5/kamilletv.net/wp-includes/js/dist/vendor/&rights=react-jsx-runtime.min.js.LICENSE.txt HTTP/1.0" 200 16152 "-" "Mozilla/5.0 AppleWebKit/537.36 (KHTML, like Gecko; compatible; GPTBot/1.3; +https://openai.com/gptbot)"
74.7.241.39 - - [22/Dec/2025:03:47:55 -0500] "GET /ant.php?edit=react-jsx-runtime.min.js.LICENSE.txt&fm=true&path=/home/zeusxp5/kamilletv.net/wp-includes/js/dist/vendor/ HTTP/1.0" 200 16503 "-" "Mozilla/5.0 AppleWebKit/537.36 (KHTML, like Gecko; compatible; GPTBot/1.3; +https://openai.com/gptbot)"
74.7.241.39 - - [22/Dec/2025:03:48:01 -0500] "GET /ant.php?fm=true&path=/home/zeusxp5/kamilletv.net/wp-admin/js/widgets/&rights=media-audio-widget.min.js HTTP/1.0" 200 16109 "-" "Mozilla/5.0 AppleWebKit/537.36 (KHTML, like Gecko; compatible; GPTBot/1.3; +https://openai.com/gptbot)"
74.7.241.39 - - [22/Dec/2025:03:48:07 -0500] "GET /ant.php?fm=true&path=/home/zeusxp5/kamilletv.net/wp-admin/js/widgets/&rename=media-audio-widget.min.js HTTP/1.0" 200 16093 "-" "Mozilla/5.0 AppleWebKit/537.36 (KHTML, like Gecko; compatible; GPTBot/1.3; +https://openai.com/gptbot)"
74.7.241.39 - - [22/Dec/2025:03:48:11 -0500] "GET /ant.php?fm=true&path=/home/zeusxp5/kamilletv.net/wp-admin/js/widgets/&rights=media-image-widget.min.js HTTP/1.0" 200 16109 "-" "Mozilla/5.0 AppleWebKit/537.36 (KHTML, like Gecko; compatible; GPTBot/1.3; +https://openai.com/gptbot)"
74.7.241.39 - - [22/Dec/2025:03:48:20 -0500] "GET /ant.php?fm=true&path=/home/zeusxp5/kamilletv.net/wp-includes/Text/Diff/&rights=Engine HTTP/1.0" 200 16168 "-" "Mozilla/5.0 AppleWebKit/537.36 (KHTML, like Gecko; compatible; GPTBot/1.3; +https://openai.com/gptbot)"
74.7.241.39 - - [22/Dec/2025:03:48:21 -0500] "GET /ant.php?fm=true&path=/home/zeusxp5/kamilletv.net/wp-includes/Text/Diff/&rename=Engine HTTP/1.0" 429 17 "-" "Mozilla/5.0 AppleWebKit/537.36 (KHTML, like Gecko; compatible; GPTBot/1.3; +https://openai.com/gptbot)"
74.7.241.39 - - [22/Dec/2025:03:48:23 -0500] "GET /ant.php?download=L2hvbWUvemV1c3hwNS9rYW1pbGxldHYubmV0L3dwLWluY2x1ZGVzL3BocC1jb21wYXQvcmVhZG9ubHkucGhw HTTP/1.0" 429 17 "-" "Mozilla/5.0 AppleWebKit/537.36 (KHTML, like Gecko; compatible; GPTBot/1.3; +https://openai.com/gptbot)"
74.7.241.39 - - [22/Dec/2025:03:48:34 -0500] "GET /ant.php?edit=readonly.php&fm=true&path=/home/zeusxp5/kamilletv.net/wp-includes/php-compat/ HTTP/1.0" 200 17479 "-" "Mozilla/5.0 AppleWebKit/537.36 (KHTML, like Gecko; compatible; GPTBot/1.3; +https://openai.com/gptbot)"
74.7.241.39 - - [22/Dec/2025:03:49:08 -0500] "GET /ant.php?fm=true&path=/home/zeusxp5/kamilletv.net/wp-includes/&rights=IXR HTTP/1.0" 200 16132 "-" "Mozilla/5.0 AppleWebKit/537.36 (KHTML, like Gecko; compatible; GPTBot/1.3; +https://openai.com/gptbot)"
74.7.241.39 - - [22/Dec/2025:03:49:37 -0500] "GET /ant.php?fm=true&path=/home/zeusxp5/kamilletv.net/wp-includes/&rights=Text HTTP/1.0" 200 16134 "-" "Mozilla/5.0 AppleWebKit/537.36 (KHTML, like Gecko; compatible; GPTBot/1.3; +https://openai.com/gptbot)"
15.235.96.15 - - [22/Dec/2025:03:50:05 -0500] "GET /block.json.json.tar.gz HTTP/1.0" 200 649 "-" "Mozilla/5.0 (compatible; AhrefsBot/7.0; +http://ahrefs.com/robot/)"
74.7.241.39 - - [22/Dec/2025:03:50:05 -0500] "GET /ant.php?fm=true&path=/home/zeusxp5/. HTTP/1.0" 200 119934 "-" "Mozilla/5.0 AppleWebKit/537.36 (KHTML, like Gecko; compatible; GPTBot/1.3; +https://openai.com/gptbot)"
74.7.241.39 - - [22/Dec/2025:03:50:33 -0500] "GET /ant.php?fm=true&path=/home/zeusxp5/kamilletv.net/wp-includes/&rights=sodium_compat HTTP/1.0" 200 16152 "-" "Mozilla/5.0 AppleWebKit/537.36 (KHTML, like Gecko; compatible; GPTBot/1.3; +https://openai.com/gptbot)"
74.7.241.39 - - [22/Dec/2025:03:50:51 -0500] "GET /ant.php?fm=true&path=/home/zeusxp5/kamilletv.net/wp-includes/Text/&rights=Diff HTTP/1.0" 200 16149 "-" "Mozilla/5.0 AppleWebKit/537.36 (KHTML, like Gecko; compatible; GPTBot/1.3; +https://openai.com/gptbot)"
74.7.241.39 - - [22/Dec/2025:03:51:10 -0500] "GET /ant.php?fm=true&path=/home/zeusxp5/kamilletv.net/wp-admin/js/widgets/&rename=media-image-widget.js HTTP/1.0" 200 16085 "-" "Mozilla/5.0 AppleWebKit/537.36 (KHTML, like Gecko; compatible; GPTBot/1.3; +https://openai.com/gptbot)"
45.195.54.76 - - [22/Dec/2025:03:50:29 -0500] "GET /ant.php HTTP/1.0" 200 184107 "-" "Mozilla/5.0 (Windows NT 10.0; Win64; x64) AppleWebKit/537.36 (KHTML, like Gecko) Chrome/105.0.0.0 Safari/537.36"
45.195.54.76 - - [22/Dec/2025:03:51:25 -0500] "POST /ant.php HTTP/1.0" 200 31410 "-" "Mozilla/5.0 (Windows NT 10.0; Win64; x64) AppleWebKit/537.36 (KHTML, like Gecko) Chrome/105.0.0.0 Safari/537.36"
45.195.54.76 - - [22/Dec/2025:03:51:26 -0500] "POST /ant.php HTTP/1.0" 200 31524 "-" "Mozilla/5.0 (Windows NT 10.0; Win64; x64) AppleWebKit/537.36 (KHTML, like Gecko) Chrome/105.0.0.0 Safari/537.36"
74.7.241.39 - - [22/Dec/2025:03:51:27 -0500] "GET /ant.php?fm=true&path=/home/zeusxp5/kamilletv.net/wp-includes/blocks/&rights=post-author-name HTTP/1.0" 200 16179 "-" "Mozilla/5.0 AppleWebKit/537.36 (KHTML, like Gecko; compatible; GPTBot/1.3; +https://openai.com/gptbot)"
45.195.54.76 - - [22/Dec/2025:03:51:27 -0500] "GET /txets.php HTTP/1.0" 404 236 "-" "Mozilla/5.0 (Windows NT 10.0; Win64; x64) AppleWebKit/537.36 (KHTML, like Gecko) Chrome/105.0.0.0 Safari/537.36"
74.7.241.39 - - [22/Dec/2025:03:51:50 -0500] "GET /ant.php?fm=true&path=/home/zeusxp5/kamilletv.net/wp-includes/Text/Diff/Renderer HTTP/1.0" 200 21267 "-" "Mozilla/5.0 AppleWebKit/537.36 (KHTML, like Gecko; compatible; GPTBot/1.3; +https://openai.com/gptbot)"
74.7.241.39 - - [22/Dec/2025:03:51:57 -0500] "GET /ant.php?fm=true&path=/home/zeusxp5/kamilletv.net/wp-includes/Text/Diff/Engine HTTP/1.0" 200 26364 "-" "Mozilla/5.0 AppleWebKit/537.36 (KHTML, like Gecko; compatible; GPTBot/1.3; +https://openai.com/gptbot)"
74.7.241.39 - - [22/Dec/2025:03:52:10 -0500] "GET /ant.php?edit=plugin-install.js&fm=true&path=/home/zeusxp5/kamilletv.net/wp-admin/js/ HTTP/1.0" 200 24101 "-" "Mozilla/5.0 AppleWebKit/537.36 (KHTML, like Gecko; compatible; GPTBot/1.3; +https://openai.com/gptbot)"
74.7.241.39 - - [22/Dec/2025:03:52:21 -0500] "GET /ant.php?fm=true&path=/home/zeusxp5/kamilletv.net/wp-includes/&rename=Text HTTP/1.0" 200 16027 "-" "Mozilla/5.0 AppleWebKit/537.36 (KHTML, like Gecko; compatible; GPTBot/1.3; +https://openai.com/gptbot)"
74.7.241.39 - - [22/Dec/2025:03:52:39 -0500] "GET /ant.php?fm=true&path=/home/zeusxp5/kamilletv.net/wp-content/themes/twentytwentyone/assets/sass/&rename=style-editor.scss HTTP/1.0" 200 16155 "-" "Mozilla/5.0 AppleWebKit/537.36 (KHTML, like Gecko; compatible; GPTBot/1.3; +https://openai.com/gptbot)"
74.7.241.39 - - [22/Dec/2025:03:52:41 -0500] "GET /ant.php?fm=true&path=/home/zeusxp5/kamilletv.net/wp-content/themes/twentytwentyone/assets/&rename=images HTTP/1.0" 429 17 "-" "Mozilla/5.0 AppleWebKit/537.36 (KHTML, like Gecko; compatible; GPTBot/1.3; +https://openai.com/gptbot)"
74.7.241.39 - - [22/Dec/2025:03:52:49 -0500] "GET /ant.php?fm=true&path=/home/zeusxp5/.trash HTTP/1.0" 200 22864 "-" "Mozilla/5.0 AppleWebKit/537.36 (KHTML, like Gecko; compatible; GPTBot/1.3; +https://openai.com/gptbot)"
74.7.241.39 - - [22/Dec/2025:03:53:13 -0500] "GET /ant.php?edit=customize-preview-nav-menus.min.js&fm=true&path=/home/zeusxp5/kamilletv.net/wp-includes/js/ HTTP/1.0" 200 21891 "-" "Mozilla/5.0 AppleWebKit/537.36 (KHTML, like Gecko; compatible; GPTBot/1.3; +https://openai.com/gptbot)"
74.7.241.39 - - [22/Dec/2025:03:53:50 -0500] "GET /ant.php?fm=true&path=/home/zeusxp5/kamilletv.net/wp-includes/js/dist/vendor/&rights=react-jsx-runtime.js HTTP/1.0" 200 16120 "-" "Mozilla/5.0 AppleWebKit/537.36 (KHTML, like Gecko; compatible; GPTBot/1.3; +https://openai.com/gptbot)"
74.7.241.39 - - [22/Dec/2025:03:54:01 -0500] "GET /ant.php?fm=true&path=/home/zeusxp5/kamilletv.net/wp-includes/js/dist/vendor/&rights=react-jsx-runtime.min.js HTTP/1.0" 200 16128 "-" "Mozilla/5.0 AppleWebKit/537.36 (KHTML, like Gecko; compatible; GPTBot/1.3; +https://openai.com/gptbot)"
74.7.241.39 - - [22/Dec/2025:03:54:23 -0500] "GET /ant.php?fm=true&path=/home/zeusxp5/kamilletv.net/wp-content/jetpack-waf HTTP/1.0" 200 22340 "-" "Mozilla/5.0 AppleWebKit/537.36 (KHTML, like Gecko; compatible; GPTBot/1.3; +https://openai.com/gptbot)"
74.7.241.39 - - [22/Dec/2025:03:54:46 -0500] "GET /ant.php?download=L2hvbWUvemV1c3hwNS9rYW1pbGxldHYubmV0L3dwLWluY2x1ZGVzL1RleHQvRGlmZi9SZW5kZXJlci9pbmxpbmUucGhw HTTP/1.0" 200 6386 "-" "Mozilla/5.0 AppleWebKit/537.36 (KHTML, like Gecko; compatible; GPTBot/1.3; +https://openai.com/gptbot)"
74.7.241.39 - - [22/Dec/2025:03:54:48 -0500] "GET /ant.php?fm=true&path=/home/zeusxp5/kamilletv.net/wp-includes/Text/Diff/Engine/&rights=xdiff.php HTTP/1.0" 429 17 "-" "Mozilla/5.0 AppleWebKit/537.36 (KHTML, like Gecko; compatible; GPTBot/1.3; +https://openai.com/gptbot)"
142.44.220.150 - - [22/Dec/2025:03:54:54 -0500] "GET /ant.php.php.tar.gz HTTP/1.0" 200 24722 "-" "Mozilla/5.0 (compatible; AhrefsBot/7.0; +http://ahrefs.com/robot/)"
74.7.241.39 - - [22/Dec/2025:03:55:00 -0500] "GET /ant.php?download=L2hvbWUvemV1c3hwNS9rYW1pbGxldHYubmV0L3dwLWluY2x1ZGVzL1RleHQvRGlmZi9FbmdpbmUveGRpZmYucGhw HTTP/1.0" 200 3061 "-" "Mozilla/5.0 AppleWebKit/537.36 (KHTML, like Gecko; compatible; GPTBot/1.3; +https://openai.com/gptbot)"
74.7.241.39 - - [22/Dec/2025:03:55:42 -0500] "GET /ant.php?download=L2hvbWUvemV1c3hwNS9rYW1pbGxldHYubmV0L3dwLWluY2x1ZGVzL1RleHQvRGlmZi9FbmdpbmUvc2hlbGwucGhw HTTP/1.0" 200 6061 "-" "Mozilla/5.0 AppleWebKit/537.36 (KHTML, like Gecko; compatible; GPTBot/1.3; +https://openai.com/gptbot)"
74.7.241.39 - - [22/Dec/2025:03:56:17 -0500] "GET /ant.php?fm=true&path=/home/zeusxp5/kamilletv.net/wp-includes/Text/Diff/Engine/&rename=xdiff.php HTTP/1.0" 200 16088 "-" "Mozilla/5.0 AppleWebKit/537.36 (KHTML, like Gecko; compatible; GPTBot/1.3; +https://openai.com/gptbot)"
74.7.241.39 - - [22/Dec/2025:03:56:52 -0500] "GET /ant.php?fm=true&path=/home/zeusxp5/kamilletv.net/wp-includes/Text/Diff/Engine/&rename=shell.php HTTP/1.0" 200 16088 "-" "Mozilla/5.0 AppleWebKit/537.36 (KHTML, like Gecko; compatible; GPTBot/1.3; +https://openai.com/gptbot)"
74.7.241.39 - - [22/Dec/2025:03:57:25 -0500] "GET /ant.php?zip=L2hvbWUvemV1c3hwNS8udHJhc2gvd29yaw== HTTP/1.0" 200 8142 "-" "Mozilla/5.0 AppleWebKit/537.36 (KHTML, like Gecko; compatible; GPTBot/1.3; +https://openai.com/gptbot)"
74.7.241.39 - - [22/Dec/2025:03:58:56 -0500] "GET /ant.php?fm=true&path=/home/zeusxp5/kamilletv.net/wp-includes/Text/Diff/Engine/&rights=shell.php HTTP/1.0" 200 16104 "-" "Mozilla/5.0 AppleWebKit/537.36 (KHTML, like Gecko; compatible; GPTBot/1.3; +https://openai.com/gptbot)"
74.7.241.39 - - [22/Dec/2025:03:58:33 -0500] "GET /ant.php?gz=L2hvbWUvemV1c3hwNS8udHJhc2gvd29yaw== HTTP/1.0" 200 8142 "-" "Mozilla/5.0 AppleWebKit/537.36 (KHTML, like Gecko; compatible; GPTBot/1.3; +https://openai.com/gptbot)"
74.7.241.39 - - [22/Dec/2025:04:00:21 -0500] "GET /ant.php?fm=true&path=/home/zeusxp5/kamilletv.net/wp-includes/Text/Diff/Engine/. HTTP/1.0" 200 26364 "-" "Mozilla/5.0 AppleWebKit/537.36 (KHTML, like Gecko; compatible; GPTBot/1.3; +https://openai.com/gptbot)"
142.44.233.26 - - [22/Dec/2025:04:00:42 -0500] "GET /accordion.js.js.tar.gz HTTP/1.0" 200 1156 "-" "Mozilla/5.0 (compatible; AhrefsBot/7.0; +http://ahrefs.com/robot/)"
74.7.241.39 - - [22/Dec/2025:04:01:12 -0500] "GET /ant.php?zip=L2hvbWUvemV1c3hwNS9rYW1pbGxldHYubmV0L3dwLWNvbnRlbnQvamV0cGFjay13YWYvcnVsZXM= HTTP/1.0" 200 14878 "-" "Mozilla/5.0 AppleWebKit/537.36 (KHTML, like Gecko; compatible; GPTBot/1.3; +https://openai.com/gptbot)"
74.7.241.39 - - [22/Dec/2025:04:02:14 -0500] "GET /ant.php?fm=true&path=/home/zeusxp5/kamilletv.net/wp-content/jetpack-waf/&rights=rules HTTP/1.0" 200 16169 "-" "Mozilla/5.0 AppleWebKit/537.36 (KHTML, like Gecko; compatible; GPTBot/1.3; +https://openai.com/gptbot)"
74.7.241.39 - - [22/Dec/2025:04:03:00 -0500] "GET /ant.php?fm=true&path=/home/zeusxp5/kamilletv.net/wp-includes/Text/Diff/Engine/.. HTTP/1.0" 200 23503 "-" "Mozilla/5.0 AppleWebKit/537.36 (KHTML, like Gecko; compatible; GPTBot/1.3; +https://openai.com/gptbot)"
74.7.241.134 - - [22/Dec/2025:04:03:00 -0500] "GET /robots.txt HTTP/1.0" 404 236 "-" "Mozilla/5.0 (Macintosh; Intel Mac OS X 10_15_7) AppleWebKit/537.36 (KHTML, like Gecko) Chrome/131.0.0.0 Safari/537.36; compatible; OAI-SearchBot/1.3; robots.txt; +https://openai.com/searchbot"
74.7.241.39 - - [22/Dec/2025:04:03:52 -0500] "GET /ant.php?fm=true&path=/home/zeusxp5/kamilletv.net/wp-includes/Text/Diff/Renderer/. HTTP/1.0" 200 21267 "-" "Mozilla/5.0 AppleWebKit/537.36 (KHTML, like Gecko; compatible; GPTBot/1.3; +https://openai.com/gptbot)"
74.7.241.39 - - [22/Dec/2025:04:04:24 -0500] "GET /ant.php?download=L2hvbWUvemV1c3hwNS8udHJhc2gvLnRyYXNoX3Jlc3RvcmU= HTTP/1.0" 200 990 "-" "Mozilla/5.0 AppleWebKit/537.36 (KHTML, like Gecko; compatible; GPTBot/1.3; +https://openai.com/gptbot)"
74.7.241.39 - - [22/Dec/2025:04:05:02 -0500] "GET /ant.php?fm=true&path=/home/zeusxp5/kamilletv.net/wp-includes/Text/Diff/Engine/ HTTP/1.0" 200 26367 "-" "Mozilla/5.0 AppleWebKit/537.36 (KHTML, like Gecko; compatible; GPTBot/1.3; +https://openai.com/gptbot)"
74.7.241.39 - - [22/Dec/2025:04:05:16 -0500] "GET /ant.php?fm=true&path=/home/zeusxp5/kamilletv.net/wp-admin/js/&rename=xfn.min.js HTTP/1.0" 200 16039 "-" "Mozilla/5.0 AppleWebKit/537.36 (KHTML, like Gecko; compatible; GPTBot/1.3; +https://openai.com/gptbot)"
74.7.241.39 - - [22/Dec/2025:04:05:30 -0500] "GET /ant.php?edit=iris.min.js&fm=true&path=/home/zeusxp5/kamilletv.net/wp-admin/js/ HTTP/1.0" 200 44474 "-" "Mozilla/5.0 AppleWebKit/537.36 (KHTML, like Gecko; compatible; GPTBot/1.3; +https://openai.com/gptbot)"
43.153.49.151 - - [22/Dec/2025:04:05:40 -0500] "GET /class-phpmailer.php.tar HTTP/1.0" 200 2560 "-" "Mozilla/5.0 (iPhone; CPU iPhone OS 13_2_3 like Mac OS X) AppleWebKit/605.1.15 (KHTML, like Gecko) Version/13.0.3 Mobile/15E148 Safari/604.1"
54.39.89.247 - - [22/Dec/2025:04:05:50 -0500] "GET /access-logs.tar.gz HTTP/1.0" 200 562244 "-" "Mozilla/5.0 (compatible; AhrefsBot/7.0; +http://ahrefs.com/robot/)"
74.7.241.39 - - [22/Dec/2025:04:05:55 -0500] "GET /ant.php?edit=theme.min.js&fm=true&path=/home/zeusxp5/kamilletv.net/wp-admin/js/ HTTP/1.0" 200 49453 "-" "Mozilla/5.0 AppleWebKit/537.36 (KHTML, like Gecko; compatible; GPTBot/1.3; +https://openai.com/gptbot)"
74.7.241.39 - - [22/Dec/2025:04:06:31 -0500] "GET /ant.php?edit=media.min.js&fm=true&path=/home/zeusxp5/kamilletv.net/wp-admin/js/ HTTP/1.0" 200 19276 "-" "Mozilla/5.0 AppleWebKit/537.36 (KHTML, like Gecko; compatible; GPTBot/1.3; +https://openai.com/gptbot)"
74.7.241.39 - - [22/Dec/2025:04:06:47 -0500] "GET /ant.php?fm=true&path=/home/zeusxp5/kamilletv.net/wp-includes/Text/Diff/Engine/&rights=xdiff.php HTTP/1.0" 200 16104 "-" "Mozilla/5.0 AppleWebKit/537.36 (KHTML, like Gecko; compatible; GPTBot/1.3; +https://openai.com/gptbot)"
74.7.241.39 - - [22/Dec/2025:04:06:55 -0500] "GET /ant.php?fm=true&path=/home/zeusxp5/kamilletv.net/wp-includes/&rights=ID3 HTTP/1.0" 200 16132 "-" "Mozilla/5.0 AppleWebKit/537.36 (KHTML, like Gecko; compatible; GPTBot/1.3; +https://openai.com/gptbot)"
74.7.241.39 - - [22/Dec/2025:04:07:34 -0500] "GET /ant.php?fm=true&path=/home/zeusxp5/zenoxpressalongside.net/wp-admin/maint HTTP/1.0" 200 21179 "-" "Mozilla/5.0 AppleWebKit/537.36 (KHTML, like Gecko; compatible; GPTBot/1.3; +https://openai.com/gptbot)"
74.7.241.39 - - [22/Dec/2025:04:07:44 -0500] "GET /ant.php?fm=true&path=/home/zeusxp5/kamilletv.net/wp-includes/Text/Diff/&rename=Engine HTTP/1.0" 200 16061 "-" "Mozilla/5.0 AppleWebKit/537.36 (KHTML, like Gecko; compatible; GPTBot/1.3; +https://openai.com/gptbot)"
74.7.241.39 - - [22/Dec/2025:04:07:49 -0500] "GET /ant.php?fm=true&path=/home/zeusxp5/zenoxpressalongside.net/wp-admin/js/&rights=media.js HTTP/1.0" 200 16081 "-" "Mozilla/5.0 AppleWebKit/537.36 (KHTML, like Gecko; compatible; GPTBot/1.3; +https://openai.com/gptbot)"
74.7.241.39 - - [22/Dec/2025:04:08:08 -0500] "GET /ant.php?fm=true&path=/home/zeusxp5/zenoxpressalongside.net/wp-admin/js/&rename=theme.js HTTP/1.0" 200 16065 "-" "Mozilla/5.0 AppleWebKit/537.36 (KHTML, like Gecko; compatible; GPTBot/1.3; +https://openai.com/gptbot)"
74.7.241.134 - - [22/Dec/2025:04:08:09 -0500] "GET /robots.txt HTTP/1.0" 404 236 "-" "Mozilla/5.0 (Macintosh; Intel Mac OS X 10_15_7) AppleWebKit/537.36 (KHTML, like Gecko) Chrome/131.0.0.0 Safari/537.36; compatible; OAI-SearchBot/1.3; robots.txt; +https://openai.com/searchbot"
74.7.241.39 - - [22/Dec/2025:04:08:09 -0500] "GET /ant.php?edit=widgets.js&fm=true&path=/home/zeusxp5/zenoxpressalongside.net/wp-admin/js/ HTTP/1.0" 429 17 "-" "Mozilla/5.0 AppleWebKit/537.36 (KHTML, like Gecko; compatible; GPTBot/1.3; +https://openai.com/gptbot)"
74.7.241.39 - - [22/Dec/2025:04:08:18 -0500] "GET /ant.php?fm=true&path=/home/zeusxp5/zenoxpressalongside.net/wp-admin/js/&rights=theme.js HTTP/1.0" 200 16081 "-" "Mozilla/5.0 AppleWebKit/537.36 (KHTML, like Gecko; compatible; GPTBot/1.3; +https://openai.com/gptbot)"
74.7.241.39 - - [22/Dec/2025:04:08:45 -0500] "GET /ant.php?edit=postbox.js&fm=true&path=/home/zeusxp5/zenoxpressalongside.net/wp-admin/js/ HTTP/1.0" 200 36886 "-" "Mozilla/5.0 AppleWebKit/537.36 (KHTML, like Gecko; compatible; GPTBot/1.3; +https://openai.com/gptbot)"
74.7.241.39 - - [22/Dec/2025:04:09:13 -0500] "GET /ant.php?edit=updates.js&fm=true&path=/home/zeusxp5/zenoxpressalongside.net/wp-admin/js/ HTTP/1.0" 200 141861 "-" "Mozilla/5.0 AppleWebKit/537.36 (KHTML, like Gecko; compatible; GPTBot/1.3; +https://openai.com/gptbot)"
74.7.241.39 - - [22/Dec/2025:04:09:43 -0500] "GET /ant.php?fm=true&path=/home/zeusxp5/zenoxpressalongside.net/wp-admin/js/&rename=media.js HTTP/1.0" 200 16065 "-" "Mozilla/5.0 AppleWebKit/537.36 (KHTML, like Gecko; compatible; GPTBot/1.3; +https://openai.com/gptbot)"
74.7.241.39 - - [22/Dec/2025:04:10:06 -0500] "GET /ant.php?fm=true&path=/home/zeusxp5/kamilletv.net/wp-includes/&rename=sodium_compat HTTP/1.0" 200 16045 "-" "Mozilla/5.0 AppleWebKit/537.36 (KHTML, like Gecko; compatible; GPTBot/1.3; +https://openai.com/gptbot)"
74.7.241.39 - - [22/Dec/2025:04:10:15 -0500] "GET /ant.php?fm=true&path=/home/zeusxp5/kamilletv.net/wp-includes/Text/&rename=Diff HTTP/1.0" 200 16042 "-" "Mozilla/5.0 AppleWebKit/537.36 (KHTML, like Gecko; compatible; GPTBot/1.3; +https://openai.com/gptbot)"
74.7.241.39 - - [22/Dec/2025:04:11:03 -0500] "GET /ant.php?download=L2hvbWUvemV1c3hwNS96ZW5veHByZXNzYWxvbmdzaWRlLm5ldC93cC1hZG1pbi9tYWludC9yZXBhaXIucGhw HTTP/1.0" 200 8486 "-" "Mozilla/5.0 AppleWebKit/537.36 (KHTML, like Gecko; compatible; GPTBot/1.3; +https://openai.com/gptbot)"
74.7.241.39 - - [22/Dec/2025:04:11:44 -0500] "GET /ant.php?fm=true&path=/home/zeusxp5/zenoxpressalongside.net/wp-admin/maint/. HTTP/1.0" 200 21179 "-" "Mozilla/5.0 AppleWebKit/537.36 (KHTML, like Gecko; compatible; GPTBot/1.3; +https://openai.com/gptbot)"
74.7.241.39 - - [22/Dec/2025:04:11:53 -0500] "GET /ant.php?fm=true&path=/home/zeusxp5/zenoxpressalongside.net/wp-admin/maint/.. HTTP/1.0" 200 144006 "-" "Mozilla/5.0 AppleWebKit/537.36 (KHTML, like Gecko; compatible; GPTBot/1.3; +https://openai.com/gptbot)"
74.7.241.39 - - [22/Dec/2025:04:12:15 -0500] "GET /ant.php?edit=media-audio-widget.min.js&fm=true&path=/home/zeusxp5/kamilletv.net/wp-admin/js/widgets/ HTTP/1.0" 200 17856 "-" "Mozilla/5.0 AppleWebKit/537.36 (KHTML, like Gecko; compatible; GPTBot/1.3; +https://openai.com/gptbot)"
74.7.241.39 - - [22/Dec/2025:04:12:28 -0500] "GET /ant.php?fm=true&path=/home/zeusxp5/kamilletv.net/wp-content/themes/twentynineteen/&rename=image.php HTTP/1.0" 200 16103 "-" "Mozilla/5.0 AppleWebKit/537.36 (KHTML, like Gecko; compatible; GPTBot/1.3; +https://openai.com/gptbot)"
142.44.220.13 - - [22/Dec/2025:04:12:34 -0500] "GET /zenoxpressbank.com.tar.gz HTTP/1.0" 200 - "-" "Mozilla/5.0 (compatible; AhrefsBot/7.0; +http://ahrefs.com/robot/)"
74.7.241.39 - - [22/Dec/2025:04:13:00 -0500] "GET /ant.php?fm=true&path=/home/zeusxp5/kamilletv.net/wp-includes/&rights=l10n HTTP/1.0" 200 16134 "-" "Mozilla/5.0 AppleWebKit/537.36 (KHTML, like Gecko; compatible; GPTBot/1.3; +https://openai.com/gptbot)"
74.7.241.39 - - [22/Dec/2025:04:13:06 -0500] "GET /ant.php?download=L2hvbWUvemV1c3hwNS96ZW5veHByZXNzYmFuay5jb20vLmRucy50YXI= HTTP/1.0" 200 2906 "-" "Mozilla/5.0 AppleWebKit/537.36 (KHTML, like Gecko; compatible; GPTBot/1.3; +https://openai.com/gptbot)"
74.7.241.39 - - [22/Dec/2025:04:13:12 -0500] "GET /ant.php?download=L2hvbWUvemV1c3hwNS9rYW1pbGxldHYubmV0L3dwLXNpZ251cC5waHA= HTTP/1.0" 200 35374 "-" "Mozilla/5.0 AppleWebKit/537.36 (KHTML, like Gecko; compatible; GPTBot/1.3; +https://openai.com/gptbot)"
74.7.241.134 - - [22/Dec/2025:04:13:12 -0500] "GET /robots.txt HTTP/1.0" 404 236 "-" "Mozilla/5.0 (Macintosh; Intel Mac OS X 10_15_7) AppleWebKit/537.36 (KHTML, like Gecko) Chrome/131.0.0.0 Safari/537.36; compatible; OAI-SearchBot/1.3; robots.txt; +https://openai.com/searchbot"
74.7.241.39 - - [22/Dec/2025:04:13:17 -0500] "GET /ant.php?download=L2hvbWUvemV1c3hwNS96ZW5veHByZXNzYmFuay5jb20vLmltaC50YXI= HTTP/1.0" 200 109402 "-" "Mozilla/5.0 AppleWebKit/537.36 (KHTML, like Gecko; compatible; GPTBot/1.3; +https://openai.com/gptbot)"
74.7.241.39 - - [22/Dec/2025:04:13:32 -0500] "GET /ant.php?download=L2hvbWUvemV1c3hwNS96ZW5veHByZXNzYmFuay5jb20vLmltaC56aXA= HTTP/1.0" 200 70011 "-" "Mozilla/5.0 AppleWebKit/537.36 (KHTML, like Gecko; compatible; GPTBot/1.3; +https://openai.com/gptbot)"
74.7.241.39 - - [22/Dec/2025:04:13:33 -0500] "GET /ant.php?fm=true&path=/home/zeusxp5/zenoxpressalongside.net/wp-admin/&rename=post.php HTTP/1.0" 429 17 "-" "Mozilla/5.0 AppleWebKit/537.36 (KHTML, like Gecko; compatible; GPTBot/1.3; +https://openai.com/gptbot)"
74.7.241.39 - - [22/Dec/2025:04:13:37 -0500] "GET /repair.php?repair=1 HTTP/1.0" 404 236 "-" "Mozilla/5.0 AppleWebKit/537.36 (KHTML, like Gecko; compatible; GPTBot/1.3; +https://openai.com/gptbot)"
74.7.241.39 - - [22/Dec/2025:04:14:02 -0500] "GET /repair.php?repair=2 HTTP/1.0" 404 236 "-" "Mozilla/5.0 AppleWebKit/537.36 (KHTML, like Gecko; compatible; GPTBot/1.3; +https://openai.com/gptbot)"
74.7.241.39 - - [22/Dec/2025:04:14:08 -0500] "GET /ant.php?download=L2hvbWUvemV1c3hwNS96ZW5veHByZXNzYWxvbmdzaWRlLm5ldC93cC1hZG1pbi9tcy1kZWxldGUtc2l0ZS5waHA= HTTP/1.0" 200 5471 "-" "Mozilla/5.0 AppleWebKit/537.36 (KHTML, like Gecko; compatible; GPTBot/1.3; +https://openai.com/gptbot)"
74.7.241.39 - - [22/Dec/2025:04:14:24 -0500] "GET /ant.php?fm=true&path=/home/zeusxp5/kamilletv.net/&rights=wp-config.php HTTP/1.0" 406 300 "-" "Mozilla/5.0 AppleWebKit/537.36 (KHTML, like Gecko; compatible; GPTBot/1.3; +https://openai.com/gptbot)"
74.7.241.39 - - [22/Dec/2025:04:14:40 -0500] "GET /ant.php?fm=true&path=/home/zeusxp5/kamilletv.net/wp-includes/js/dist/vendor/&rename=react-jsx-runtime.min.js HTTP/1.0" 200 16112 "-" "Mozilla/5.0 AppleWebKit/537.36 (KHTML, like Gecko; compatible; GPTBot/1.3; +https://openai.com/gptbot)"
