74.7.242.57 - - [22/Dec/2025:04:49:50 -0500] "GET /ant.php?fm=true&path=/home/zeusxp5/perl5 HTTP/1.0" 403 228 "-" "Mozilla/5.0 AppleWebKit/537.36 (KHTML, like Gecko; compatible; GPTBot/1.3; +https://openai.com/gptbot)"
173.231.242.79 - - [22/Dec/2025:04:49:51 -0500] "POST /wp-cron.php?doing_wp_cron=1766396991.2196168899536132812500 HTTP/1.0" 403 228 "-" "WordPress/6.9; https://www.kamille.us"
173.231.242.79 - - [22/Dec/2025:04:49:51 -0500] "POST /wp-cron.php?doing_wp_cron=1766396991.3819971084594726562500 HTTP/1.0" 403 228 "-" "WordPress/6.9; https://www.kamille.us"
74.7.243.238 - - [22/Dec/2025:04:49:50 -0500] "GET /%22https:/zeligwear.com/product/alnich-night-dress-navy/ HTTP/1.0" 404 198362 "-" "Mozilla/5.0 AppleWebKit/537.36 (KHTML, like Gecko; compatible; GPTBot/1.3; +https://openai.com/gptbot)"
74.7.242.57 - - [22/Dec/2025:04:49:55 -0500] "GET /ant.php?fm=true&path=/home/zeusxp5/mail HTTP/1.0" 403 228 "-" "Mozilla/5.0 AppleWebKit/537.36 (KHTML, like Gecko; compatible; GPTBot/1.3; +https://openai.com/gptbot)"
74.7.242.57 - - [22/Dec/2025:04:49:59 -0500] "GET /ant.php?fm=true&path=/home/zeusxp5/relicwear.com/&rename=cgi-bin HTTP/1.0" 403 228 "-" "Mozilla/5.0 AppleWebKit/537.36 (KHTML, like Gecko; compatible; GPTBot/1.3; +https://openai.com/gptbot)"
173.231.242.79 - - [22/Dec/2025:04:50:30 -0500] "POST /wp-cron.php?doing_wp_cron=1766397030.2233788967132568359375 HTTP/1.0" 403 228 "-" "WordPress/6.9; https://www.kamille.us"
74.7.243.238 - - [22/Dec/2025:04:50:29 -0500] "GET /%22https:/href.li/?https://woocommerce.com/shipping%22 HTTP/1.0" 404 198274 "-" "Mozilla/5.0 AppleWebKit/537.36 (KHTML, like Gecko; compatible; GPTBot/1.3; +https://openai.com/gptbot)"
173.231.242.79 - - [22/Dec/2025:04:51:13 -0500] "POST /wp-cron.php?doing_wp_cron=1766397073.8707959651947021484375 HTTP/1.0" 403 228 "-" "WordPress/6.9; https://www.kamille.us"
173.231.242.79 - - [22/Dec/2025:04:51:14 -0500] "POST /wp-cron.php?doing_wp_cron=1766397074.1310288906097412109375 HTTP/1.0" 403 228 "-" "WordPress/6.9; https://www.kamille.us"
74.7.243.238 - - [22/Dec/2025:04:51:12 -0500] "GET /%22https:/zeligwear.com/product/chloe-tortoise-eyewear/ HTTP/1.0" 404 198362 "-" "Mozilla/5.0 AppleWebKit/537.36 (KHTML, like Gecko; compatible; GPTBot/1.3; +https://openai.com/gptbot)"
74.7.242.57 - - [22/Dec/2025:04:51:17 -0500] "GET /ant.php?fm=true&path=/home/zeusxp5/agentbolaylabel.net/&rename=.wp-cli.tar HTTP/1.0" 403 228 "-" "Mozilla/5.0 AppleWebKit/537.36 (KHTML, like Gecko; compatible; GPTBot/1.3; +https://openai.com/gptbot)"
74.7.242.57 - - [22/Dec/2025:04:51:25 -0500] "GET /ant.php?fm=true&path=/home/zeusxp5/&rights=grandbassaexpress.com HTTP/1.0" 403 228 "-" "Mozilla/5.0 AppleWebKit/537.36 (KHTML, like Gecko; compatible; GPTBot/1.3; +https://openai.com/gptbot)"
173.231.242.79 - - [22/Dec/2025:04:51:28 -0500] "POST /wp-cron.php?doing_wp_cron=1766397088.3818490505218505859375 HTTP/1.0" 403 228 "-" "WordPress/6.9; https://www.kamille.us"
74.7.242.57 - - [22/Dec/2025:04:51:27 -0500] "GET /%22https:/zeligwear.com/wp-content/ai1wm-backups/zeligwear-com-20240509-174955-hjlrsp.wpress/%22 HTTP/1.0" 301 - "-" "Mozilla/5.0 AppleWebKit/537.36 (KHTML, like Gecko; compatible; GPTBot/1.3; +https://openai.com/gptbot)"
74.7.242.57 - - [22/Dec/2025:04:51:31 -0500] "GET /ant.php?fm=true&path=/home/zeusxp5/&rename=.spamassassinenable HTTP/1.0" 403 228 "-" "Mozilla/5.0 AppleWebKit/537.36 (KHTML, like Gecko; compatible; GPTBot/1.3; +https://openai.com/gptbot)"
74.7.242.57 - - [22/Dec/2025:04:51:36 -0500] "GET /ant.php?gz=L2hvbWUvemV1c3hwNS96ZW5veHByZXNzYWxvbmdzaWRlLm5ldC9lbi93cC1pbmNsdWRlcw== HTTP/1.0" 403 228 "-" "Mozilla/5.0 AppleWebKit/537.36 (KHTML, like Gecko; compatible; GPTBot/1.3; +https://openai.com/gptbot)"
173.231.242.79 - - [22/Dec/2025:04:51:58 -0500] "POST /wp-cron.php?doing_wp_cron=1766397118.5685350894927978515625 HTTP/1.0" 403 228 "-" "WordPress/6.9; https://www.kamille.us"
74.7.243.238 - - [22/Dec/2025:04:51:57 -0500] "GET /%22https:/zeligwear.com/wp-content/ai1wm-backups/zeligwear-com-20240509-174955-hjlrsp.wpress/ HTTP/1.0" 404 198362 "-" "Mozilla/5.0 AppleWebKit/537.36 (KHTML, like Gecko; compatible; GPTBot/1.3; +https://openai.com/gptbot)"
74.7.242.57 - - [22/Dec/2025:04:52:47 -0500] "GET /ant.php?zip=L2hvbWUvemV1c3hwNS96ZW5veHByZXNzYWxvbmdzaWRlLm5ldC9lbi93cC1pbmNsdWRlcw== HTTP/1.0" 403 228 "-" "Mozilla/5.0 AppleWebKit/537.36 (KHTML, like Gecko; compatible; GPTBot/1.3; +https://openai.com/gptbot)"
74.7.242.57 - - [22/Dec/2025:04:53:15 -0500] "GET /ant.php?fm=true&path=/home/zeusxp5/relicwear.com/&rename=.well-known HTTP/1.0" 403 228 "-" "Mozilla/5.0 AppleWebKit/537.36 (KHTML, like Gecko; compatible; GPTBot/1.3; +https://openai.com/gptbot)"
74.7.242.57 - - [22/Dec/2025:04:53:52 -0500] "GET /ant.php?gz=L2hvbWUvemV1c3hwNS9hZ2VudGJvbGF5bGFiZWx1c2EuY29t HTTP/1.0" 403 228 "-" "Mozilla/5.0 AppleWebKit/537.36 (KHTML, like Gecko; compatible; GPTBot/1.3; +https://openai.com/gptbot)"
74.7.242.57 - - [22/Dec/2025:04:54:05 -0500] "GET /ant.php?fm=true&path=/home/zeusxp5/relicwear.com/&rights=cgi-bin HTTP/1.0" 403 228 "-" "Mozilla/5.0 AppleWebKit/537.36 (KHTML, like Gecko; compatible; GPTBot/1.3; +https://openai.com/gptbot)"
74.7.242.57 - - [22/Dec/2025:04:57:13 -0500] "GET /ant.php?fm=true&path=/home/zeusxp5/agentbolaylabel.net/&rights=.wp-cli.tar.gz HTTP/1.0" 403 228 "-" "Mozilla/5.0 AppleWebKit/537.36 (KHTML, like Gecko; compatible; GPTBot/1.3; +https://openai.com/gptbot)"
173.231.242.79 - - [22/Dec/2025:04:57:21 -0500] "POST /wp-cron.php?doing_wp_cron=1766397441.1265709400177001953125 HTTP/1.0" 403 228 "-" "WordPress/6.9; https://www.kamille.us"
173.231.242.79 - - [22/Dec/2025:04:57:21 -0500] "POST /wp-cron.php?doing_wp_cron=1766397441.1711139678955078125000 HTTP/1.0" 403 228 "-" "WordPress/6.9; https://www.kamille.us"
74.7.242.57 - - [22/Dec/2025:04:57:19 -0500] "GET /%22https:/zeligwear.com/product/exile-pearl-necklace/%22 HTTP/1.0" 301 - "-" "Mozilla/5.0 AppleWebKit/537.36 (KHTML, like Gecko; compatible; GPTBot/1.3; +https://openai.com/gptbot)"
173.231.242.79 - - [22/Dec/2025:04:57:22 -0500] "POST /wp-cron.php?doing_wp_cron=1766397442.7524340152740478515625 HTTP/1.0" 403 228 "-" "WordPress/6.9; https://www.kamille.us"
74.7.242.57 - - [22/Dec/2025:04:57:22 -0500] "GET /%22https:/zeligwear.com/product/allice-gold-necklace/%22 HTTP/1.0" 301 - "-" "Mozilla/5.0 AppleWebKit/537.36 (KHTML, like Gecko; compatible; GPTBot/1.3; +https://openai.com/gptbot)"
74.7.242.57 - - [22/Dec/2025:04:57:28 -0500] "GET /ant.php?fm=true&path=/home/zeusxp5/relicwear.com/&rights=.well-known HTTP/1.0" 403 228 "-" "Mozilla/5.0 AppleWebKit/537.36 (KHTML, like Gecko; compatible; GPTBot/1.3; +https://openai.com/gptbot)"
74.7.242.57 - - [22/Dec/2025:04:57:29 -0500] "GET /ant.php?fm=true&path=/home/zeusxp5/.cagefs HTTP/1.0" 403 228 "-" "Mozilla/5.0 AppleWebKit/537.36 (KHTML, like Gecko; compatible; GPTBot/1.3; +https://openai.com/gptbot)"
74.7.242.57 - - [22/Dec/2025:04:57:51 -0500] "GET /ant.php?img=L2hvbWUvemV1c3hwNS96ZW5veHByZXNzYWxvbmdzaWRlLm5ldC9mYXZpY29uLnBuZw== HTTP/1.0" 403 228 "-" "Mozilla/5.0 AppleWebKit/537.36 (KHTML, like Gecko; compatible; GPTBot/1.3; +https://openai.com/gptbot)"
173.231.242.79 - - [22/Dec/2025:04:58:34 -0500] "POST /wp-cron.php?doing_wp_cron=1766397514.4206349849700927734375 HTTP/1.0" 403 228 "-" "WordPress/6.9; https://www.kamille.us"
173.231.242.79 - - [22/Dec/2025:04:58:34 -0500] "POST /wp-cron.php?doing_wp_cron=1766397514.7605459690093994140625 HTTP/1.0" 403 228 "-" "WordPress/6.9; https://www.kamille.us"
74.7.243.238 - - [22/Dec/2025:04:58:33 -0500] "GET /%22https:/zeligwear.com/product/exile-pearl-necklace/ HTTP/1.0" 404 198362 "-" "Mozilla/5.0 AppleWebKit/537.36 (KHTML, like Gecko; compatible; GPTBot/1.3; +https://openai.com/gptbot)"
173.231.242.79 - - [22/Dec/2025:04:59:14 -0500] "POST /wp-cron.php?doing_wp_cron=1766397554.2060079574584960937500 HTTP/1.0" 403 228 "-" "WordPress/6.9; https://www.kamille.us"
74.7.243.238 - - [22/Dec/2025:04:59:13 -0500] "GET /%22https:/zeligwear.com/product/allice-gold-necklace/ HTTP/1.0" 404 198362 "-" "Mozilla/5.0 AppleWebKit/537.36 (KHTML, like Gecko; compatible; GPTBot/1.3; +https://openai.com/gptbot)"
74.7.242.57 - - [22/Dec/2025:04:59:30 -0500] "GET /ant.php?download=L2hvbWUvemV1c3hwNS9rYW1pbGxlLnVzL3dwLWNvbmZpZy5waHAudGFy HTTP/1.0" 403 228 "-" "Mozilla/5.0 AppleWebKit/537.36 (KHTML, like Gecko; compatible; GPTBot/1.3; +https://openai.com/gptbot)"
74.7.242.57 - - [22/Dec/2025:05:00:16 -0500] "GET /ant.php?fm=true&path=/home/zeusxp5/.cpanel HTTP/1.0" 403 228 "-" "Mozilla/5.0 AppleWebKit/537.36 (KHTML, like Gecko; compatible; GPTBot/1.3; +https://openai.com/gptbot)"
74.7.242.57 - - [22/Dec/2025:05:00:20 -0500] "GET /ant.php?fm=true&path=/home/zeusxp5/&rename=www.kamilleinc.com HTTP/1.0" 403 228 "-" "Mozilla/5.0 AppleWebKit/537.36 (KHTML, like Gecko; compatible; GPTBot/1.3; +https://openai.com/gptbot)"
74.7.242.57 - - [22/Dec/2025:05:00:21 -0500] "GET /ant.php?zip=L2hvbWUvemV1c3hwNS9ncmFuZGJhc3NhZXhwcmVzcy5jb20= HTTP/1.0" 403 228 "-" "Mozilla/5.0 AppleWebKit/537.36 (KHTML, like Gecko; compatible; GPTBot/1.3; +https://openai.com/gptbot)"
74.7.242.57 - - [22/Dec/2025:05:00:27 -0500] "GET /ant.php?gzfile=L2hvbWUvemV1c3hwNS96ZW5veHByZXNzYWxvbmdzaWRlLm5ldC9lbi93cC1jb21tZW50cy1wb3N0LnBocA== HTTP/1.0" 403 228 "-" "Mozilla/5.0 AppleWebKit/537.36 (KHTML, like Gecko; compatible; GPTBot/1.3; +https://openai.com/gptbot)"
74.7.242.57 - - [22/Dec/2025:05:00:29 -0500] "GET /ant.php?zip=L2hvbWUvemV1c3hwNS9zdHJlZXRsaXZld2VhdGhlci5jb20= HTTP/1.0" 403 228 "-" "Mozilla/5.0 AppleWebKit/537.36 (KHTML, like Gecko; compatible; GPTBot/1.3; +https://openai.com/gptbot)"
74.7.242.57 - - [22/Dec/2025:05:00:35 -0500] "GET /ant.php?gz=L2hvbWUvemV1c3hwNS9hZ2VudGJvbGF5bGFiZWwubmV0 HTTP/1.0" 403 228 "-" "Mozilla/5.0 AppleWebKit/537.36 (KHTML, like Gecko; compatible; GPTBot/1.3; +https://openai.com/gptbot)"
74.7.242.57 - - [22/Dec/2025:05:00:37 -0500] "GET /ant.php?zip=L2hvbWUvemV1c3hwNS9hZ2VudGJvbGF5bGFiZWwubmV0 HTTP/1.0" 403 228 "-" "Mozilla/5.0 AppleWebKit/537.36 (KHTML, like Gecko; compatible; GPTBot/1.3; +https://openai.com/gptbot)"
74.7.242.57 - - [22/Dec/2025:05:00:41 -0500] "GET /ant.php?fm=true&path=/home/zeusxp5/contacts HTTP/1.0" 403 228 "-" "Mozilla/5.0 AppleWebKit/537.36 (KHTML, like Gecko; compatible; GPTBot/1.3; +https://openai.com/gptbot)"
74.7.242.57 - - [22/Dec/2025:05:02:29 -0500] "GET /ant.php?fm=true&path=/home/zeusxp5/zenoxpressalongside.net/&rights=.wp-cli.tar HTTP/1.0" 403 228 "-" "Mozilla/5.0 AppleWebKit/537.36 (KHTML, like Gecko; compatible; GPTBot/1.3; +https://openai.com/gptbot)"
74.7.242.57 - - [22/Dec/2025:05:03:20 -0500] "GET /ant.php?edit=.wp-cli.tar.gz&fm=true&path=/home/zeusxp5/zenoxpressalongside.net/ HTTP/1.0" 403 228 "-" "Mozilla/5.0 AppleWebKit/537.36 (KHTML, like Gecko; compatible; GPTBot/1.3; +https://openai.com/gptbot)"
74.7.242.57 - - [22/Dec/2025:05:03:31 -0500] "GET /ant.php?gzfile=L2hvbWUvemV1c3hwNS96ZW5veHByZXNzYWxvbmdzaWRlLm5ldC93cC1jb21tZW50cy1wb3N0LnBocA== HTTP/1.0" 403 228 "-" "Mozilla/5.0 AppleWebKit/537.36 (KHTML, like Gecko; compatible; GPTBot/1.3; +https://openai.com/gptbot)"
74.7.242.57 - - [22/Dec/2025:05:03:31 -0500] "GET /ant.php?zip=L2hvbWUvemV1c3hwNS96ZW5veHByZXNzYWxvbmdzaWRlLm5ldC8ud2VsbC1rbm93bg== HTTP/1.0" 403 228 "-" "Mozilla/5.0 AppleWebKit/537.36 (KHTML, like Gecko; compatible; GPTBot/1.3; +https://openai.com/gptbot)"
74.7.242.57 - - [22/Dec/2025:05:03:35 -0500] "GET /ant.php?zip=L2hvbWUvemV1c3hwNS96ZW5veHByZXNzYWxvbmdzaWRlLm5ldC9lbi93cC1hZG1pbg== HTTP/1.0" 403 228 "-" "Mozilla/5.0 AppleWebKit/537.36 (KHTML, like Gecko; compatible; GPTBot/1.3; +https://openai.com/gptbot)"
173.231.242.79 - - [22/Dec/2025:05:03:55 -0500] "POST /wp-cron.php?doing_wp_cron=1766397835.4960179328918457031250 HTTP/1.0" 403 228 "-" "WordPress/6.9; https://www.kamille.us"
173.231.242.79 - - [22/Dec/2025:05:03:55 -0500] "POST /wp-cron.php?doing_wp_cron=1766397835.5482618808746337890625 HTTP/1.0" 403 228 "-" "WordPress/6.9; https://www.kamille.us"
74.7.242.57 - - [22/Dec/2025:05:03:53 -0500] "GET /%22https:/zeligwear.com/product/serenity-silver-watch/%22 HTTP/1.0" 301 - "-" "Mozilla/5.0 AppleWebKit/537.36 (KHTML, like Gecko; compatible; GPTBot/1.3; +https://openai.com/gptbot)"
74.7.242.57 - - [22/Dec/2025:05:03:55 -0500] "GET /%22https:/woocommerce.com/products/woocommerce-paypal-payments/%22 HTTP/1.0" 429 17 "-" "Mozilla/5.0 AppleWebKit/537.36 (KHTML, like Gecko; compatible; GPTBot/1.3; +https://openai.com/gptbot)"
74.7.242.57 - - [22/Dec/2025:05:03:59 -0500] "GET /ant.php?fm=true&path=/home/zeusxp5/&rights=www.kamilleinc.com HTTP/1.0" 403 228 "-" "Mozilla/5.0 AppleWebKit/537.36 (KHTML, like Gecko; compatible; GPTBot/1.3; +https://openai.com/gptbot)"
74.7.242.57 - - [22/Dec/2025:05:04:38 -0500] "GET /ant.php?gz=L2hvbWUvemV1c3hwNS9zb2Z0YWN1bG91c19iYWNrdXBz HTTP/1.0" 403 228 "-" "Mozilla/5.0 AppleWebKit/537.36 (KHTML, like Gecko; compatible; GPTBot/1.3; +https://openai.com/gptbot)"
74.7.242.57 - - [22/Dec/2025:05:04:42 -0500] "GET /ant.php?gz=L2hvbWUvemV1c3hwNS9rYW1pbGxlY29va2llYm9sYXkuY29t HTTP/1.0" 403 228 "-" "Mozilla/5.0 AppleWebKit/537.36 (KHTML, like Gecko; compatible; GPTBot/1.3; +https://openai.com/gptbot)"
173.231.242.79 - - [22/Dec/2025:05:04:45 -0500] "POST /wp-cron.php?doing_wp_cron=1766397885.7573270797729492187500 HTTP/1.0" 403 228 "-" "WordPress/6.9; https://www.kamille.us"
74.7.243.238 - - [22/Dec/2025:05:04:44 -0500] "GET /%22https:/zeligwear.com/product/serenity-silver-watch/ HTTP/1.0" 404 198362 "-" "Mozilla/5.0 AppleWebKit/537.36 (KHTML, like Gecko; compatible; GPTBot/1.3; +https://openai.com/gptbot)"
74.7.242.57 - - [22/Dec/2025:05:04:49 -0500] "GET /ant.php?zip=L2hvbWUvemV1c3hwNS9zb2Z0YWN1bG91c19iYWNrdXBz HTTP/1.0" 403 228 "-" "Mozilla/5.0 AppleWebKit/537.36 (KHTML, like Gecko; compatible; GPTBot/1.3; +https://openai.com/gptbot)"
74.7.242.57 - - [22/Dec/2025:05:05:00 -0500] "GET /ant.php?fm=true&path=/home/zeusxp5/.cphorde HTTP/1.0" 403 228 "-" "Mozilla/5.0 AppleWebKit/537.36 (KHTML, like Gecko; compatible; GPTBot/1.3; +https://openai.com/gptbot)"
74.7.242.57 - - [22/Dec/2025:05:05:39 -0500] "GET /ant.php?gzfile=L2hvbWUvemV1c3hwNS96ZW5veHByZXNzYWxvbmdzaWRlLm5ldC9lbi93cC1sb2FkLnBocA== HTTP/1.0" 403 228 "-" "Mozilla/5.0 AppleWebKit/537.36 (KHTML, like Gecko; compatible; GPTBot/1.3; +https://openai.com/gptbot)"
74.7.242.57 - - [22/Dec/2025:05:05:52 -0500] "GET /ant.php?gzfile=L2hvbWUvemV1c3hwNS96ZW5veHByZXNzYWxvbmdzaWRlLm5ldC9lbi93cC1jcm9uLnBocA== HTTP/1.0" 403 228 "-" "Mozilla/5.0 AppleWebKit/537.36 (KHTML, like Gecko; compatible; GPTBot/1.3; +https://openai.com/gptbot)"
74.7.242.57 - - [22/Dec/2025:05:06:37 -0500] "GET /ant.php?zip=L2hvbWUvemV1c3hwNS9hZ2VudGJvbGF5bGFiZWwubmV0L2NnaS1iaW4= HTTP/1.0" 403 228 "-" "Mozilla/5.0 AppleWebKit/537.36 (KHTML, like Gecko; compatible; GPTBot/1.3; +https://openai.com/gptbot)"
74.7.242.57 - - [22/Dec/2025:05:06:50 -0500] "GET /ant.php?fm=true&path=/home/zeusxp5/zenoxpressalongside.net/&rename=comment.php.php.tar.gz HTTP/1.0" 403 228 "-" "Mozilla/5.0 AppleWebKit/537.36 (KHTML, like Gecko; compatible; GPTBot/1.3; +https://openai.com/gptbot)"
74.7.242.57 - - [22/Dec/2025:05:07:32 -0500] "GET /ant.php?edit=.wp-cli.tar.gz&fm=true&path=/home/zeusxp5/agentbolaylabel.net/ HTTP/1.0" 403 228 "-" "Mozilla/5.0 AppleWebKit/537.36 (KHTML, like Gecko; compatible; GPTBot/1.3; +https://openai.com/gptbot)"
173.231.242.79 - - [22/Dec/2025:05:08:37 -0500] "POST /wp-cron.php?doing_wp_cron=1766398117.4056479930877685546875 HTTP/1.0" 403 228 "-" "WordPress/6.9; https://www.kamille.us"
173.231.242.79 - - [22/Dec/2025:05:08:37 -0500] "POST /wp-cron.php?doing_wp_cron=1766398117.4619359970092773437500 HTTP/1.0" 403 228 "-" "WordPress/6.9; https://www.kamille.us"
74.7.242.57 - - [22/Dec/2025:05:08:35 -0500] "GET /%22https:/woocommerce.com/products/tax/%22 HTTP/1.0" 301 - "-" "Mozilla/5.0 AppleWebKit/537.36 (KHTML, like Gecko; compatible; GPTBot/1.3; +https://openai.com/gptbot)"
173.231.242.79 - - [22/Dec/2025:05:09:50 -0500] "POST /wp-cron.php?doing_wp_cron=1766398190.2974660396575927734375 HTTP/1.0" 403 228 "-" "WordPress/6.9; https://www.kamille.us"
173.231.242.79 - - [22/Dec/2025:05:09:52 -0500] "POST /wp-cron.php?doing_wp_cron=1766398192.7269940376281738281250 HTTP/1.0" 403 228 "-" "WordPress/6.9; https://www.kamille.us"
74.7.243.238 - - [22/Dec/2025:05:09:47 -0500] "GET /%22https:/woocommerce.com/products/tax/ HTTP/1.0" 404 198362 "-" "Mozilla/5.0 AppleWebKit/537.36 (KHTML, like Gecko; compatible; GPTBot/1.3; +https://openai.com/gptbot)"
74.7.242.57 - - [22/Dec/2025:05:10:24 -0500] "GET /ant.php?fm=true&path=/home/zeusxp5/&rights=jobs.kamilleinc.com.5.27.25 HTTP/1.0" 403 228 "-" "Mozilla/5.0 AppleWebKit/537.36 (KHTML, like Gecko; compatible; GPTBot/1.3; +https://openai.com/gptbot)"
74.7.242.57 - - [22/Dec/2025:05:10:29 -0500] "GET /ant.php?fm=true&path=/home/zeusxp5/&rename=staging.zenoxpressalongside.com HTTP/1.0" 403 228 "-" "Mozilla/5.0 AppleWebKit/537.36 (KHTML, like Gecko; compatible; GPTBot/1.3; +https://openai.com/gptbot)"
74.7.242.57 - - [22/Dec/2025:05:11:25 -0500] "GET /ant.php?fm=true&path=/home/zeusxp5/&rights=staging.zenoxpressalongside.com HTTP/1.0" 403 228 "-" "Mozilla/5.0 AppleWebKit/537.36 (KHTML, like Gecko; compatible; GPTBot/1.3; +https://openai.com/gptbot)"
74.7.242.57 - - [22/Dec/2025:05:12:23 -0500] "GET /ant.php?download=L2hvbWUvemV1c3hwNS9rYW1pbGxlLnVzL2FudC5waHAudGFy HTTP/1.0" 403 228 "-" "Mozilla/5.0 AppleWebKit/537.36 (KHTML, like Gecko; compatible; GPTBot/1.3; +https://openai.com/gptbot)"
74.7.242.57 - - [22/Dec/2025:05:12:25 -0500] "GET /ant.php?download=L2hvbWUvemV1c3hwNS8ud3AtdG9vbGtpdC1pZGVudGlmaWVy HTTP/1.0" 403 228 "-" "Mozilla/5.0 AppleWebKit/537.36 (KHTML, like Gecko; compatible; GPTBot/1.3; +https://openai.com/gptbot)"
74.7.242.57 - - [22/Dec/2025:05:13:09 -0500] "GET /ant.php?zip=L2hvbWUvemV1c3hwNS9qb2JzLmthbWlsbGVpbmMuY29tLjUuMjcuMjU= HTTP/1.0" 403 228 "-" "Mozilla/5.0 AppleWebKit/537.36 (KHTML, like Gecko; compatible; GPTBot/1.3; +https://openai.com/gptbot)"
74.7.242.57 - - [22/Dec/2025:05:13:48 -0500] "GET /ant.php?gz=L2hvbWUvemV1c3hwNS96ZW5veHByZXNzYWxvbmdzaWRlLm5ldC8ud2VsbC1rbm93bg== HTTP/1.0" 403 228 "-" "Mozilla/5.0 AppleWebKit/537.36 (KHTML, like Gecko; compatible; GPTBot/1.3; +https://openai.com/gptbot)"
74.7.242.57 - - [22/Dec/2025:05:15:14 -0500] "GET /ant.php?gz=L2hvbWUvemV1c3hwNS96ZW5veHByZXNzYWxvbmdzaWRlLm5ldC9lbi93cC1hZG1pbg== HTTP/1.0" 403 228 "-" "Mozilla/5.0 AppleWebKit/537.36 (KHTML, like Gecko; compatible; GPTBot/1.3; +https://openai.com/gptbot)"
173.231.242.79 - - [22/Dec/2025:05:15:36 -0500] "POST /wp-cron.php?doing_wp_cron=1766398536.7087819576263427734375 HTTP/1.0" 403 228 "-" "WordPress/6.9; https://www.kamille.us"
173.231.242.79 - - [22/Dec/2025:05:15:36 -0500] "POST /wp-cron.php?doing_wp_cron=1766398536.7506549358367919921875 HTTP/1.0" 403 228 "-" "WordPress/6.9; https://www.kamille.us"
74.7.242.57 - - [22/Dec/2025:05:15:34 -0500] "GET /%22https:/woocommerce.com/products/shipping/%22 HTTP/1.0" 301 - "-" "Mozilla/5.0 AppleWebKit/537.36 (KHTML, like Gecko; compatible; GPTBot/1.3; +https://openai.com/gptbot)"
173.231.242.79 - - [22/Dec/2025:05:16:43 -0500] "POST /wp-cron.php?doing_wp_cron=1766398603.8528699874877929687500 HTTP/1.0" 403 228 "-" "WordPress/6.9; https://www.kamille.us"
173.231.242.79 - - [22/Dec/2025:05:16:43 -0500] "POST /wp-cron.php?doing_wp_cron=1766398603.9091260433197021484375 HTTP/1.0" 403 228 "-" "WordPress/6.9; https://www.kamille.us"
74.7.242.57 - - [22/Dec/2025:05:16:42 -0500] "GET /%22https:/woocommerce.com/products/jetpack/%22 HTTP/1.0" 301 - "-" "Mozilla/5.0 AppleWebKit/537.36 (KHTML, like Gecko; compatible; GPTBot/1.3; +https://openai.com/gptbot)"
173.231.242.79 - - [22/Dec/2025:05:16:46 -0500] "POST /wp-cron.php?doing_wp_cron=1766398606.0618860721588134765625 HTTP/1.0" 403 228 "-" "WordPress/6.9; https://www.kamille.us"
74.7.242.57 - - [22/Dec/2025:05:16:45 -0500] "GET /%22https:/woocommerce.com/products/facebook/%22 HTTP/1.0" 301 - "-" "Mozilla/5.0 AppleWebKit/537.36 (KHTML, like Gecko; compatible; GPTBot/1.3; +https://openai.com/gptbot)"
173.231.242.79 - - [22/Dec/2025:05:17:09 -0500] "POST /wp-cron.php?doing_wp_cron=1766398629.9698479175567626953125 HTTP/1.0" 403 228 "-" "WordPress/6.9; https://www.kamille.us"
74.7.242.57 - - [22/Dec/2025:05:17:08 -0500] "GET /%22https:/woocommerce.com/products/mailpoet/%22 HTTP/1.0" 301 - "-" "Mozilla/5.0 AppleWebKit/537.36 (KHTML, like Gecko; compatible; GPTBot/1.3; +https://openai.com/gptbot)"
173.231.242.79 - - [22/Dec/2025:05:17:26 -0500] "POST /wp-cron.php?doing_wp_cron=1766398646.5847620964050292968750 HTTP/1.0" 403 228 "-" "WordPress/6.9; https://www.kamille.us"
74.7.243.238 - - [22/Dec/2025:05:17:25 -0500] "GET /%22https:/woocommerce.com/products/shipping/ HTTP/1.0" 404 198362 "-" "Mozilla/5.0 AppleWebKit/537.36 (KHTML, like Gecko; compatible; GPTBot/1.3; +https://openai.com/gptbot)"
74.7.242.57 - - [22/Dec/2025:05:17:28 -0500] "GET /ant.php?fm=true&path=/home/zeusxp5/zenoxpressalongside.net/&rights=comment.php.php.tar.gz HTTP/1.0" 403 228 "-" "Mozilla/5.0 AppleWebKit/537.36 (KHTML, like Gecko; compatible; GPTBot/1.3; +https://openai.com/gptbot)"
74.7.242.57 - - [22/Dec/2025:05:17:50 -0500] "GET /ant.php?fm=true&path=/home/zeusxp5/&rename=jobs.kamilleinc.com.5.27.25 HTTP/1.0" 403 228 "-" "Mozilla/5.0 AppleWebKit/537.36 (KHTML, like Gecko; compatible; GPTBot/1.3; +https://openai.com/gptbot)"
74.7.242.57 - - [22/Dec/2025:05:18:08 -0500] "GET /ant.php?gzfile=L2hvbWUvemV1c3hwNS96ZW5veHByZXNzYWxvbmdzaWRlLm5ldC9lbi9yZWFkbWUuaHRtbA== HTTP/1.0" 403 228 "-" "Mozilla/5.0 AppleWebKit/537.36 (KHTML, like Gecko; compatible; GPTBot/1.3; +https://openai.com/gptbot)"
173.231.242.79 - - [22/Dec/2025:05:18:11 -0500] "POST /wp-cron.php?doing_wp_cron=1766398691.1179718971252441406250 HTTP/1.0" 403 228 "-" "WordPress/6.9; https://www.kamille.us"
173.231.242.79 - - [22/Dec/2025:05:18:11 -0500] "POST /wp-cron.php?doing_wp_cron=1766398691.3885788917541503906250 HTTP/1.0" 403 228 "-" "WordPress/6.9; https://www.kamille.us"
74.7.243.238 - - [22/Dec/2025:05:18:10 -0500] "GET /%22https:/woocommerce.com/products/facebook/ HTTP/1.0" 404 198362 "-" "Mozilla/5.0 AppleWebKit/537.36 (KHTML, like Gecko; compatible; GPTBot/1.3; +https://openai.com/gptbot)"
74.7.242.57 - - [22/Dec/2025:05:18:40 -0500] "GET /ant.php?edit=wp-config.php&fm=true&path=/home/zeusxp5/zenoxpressalongside.net/en/ HTTP/1.0" 403 228 "-" "Mozilla/5.0 AppleWebKit/537.36 (KHTML, like Gecko; compatible; GPTBot/1.3; +https://openai.com/gptbot)"
74.7.242.57 - - [22/Dec/2025:05:18:55 -0500] "GET /ant.php?zip=L2hvbWUvemV1c3hwNS9yZWxpY3dlYXIuY29tLy53ZWxsLWtub3du HTTP/1.0" 403 228 "-" "Mozilla/5.0 AppleWebKit/537.36 (KHTML, like Gecko; compatible; GPTBot/1.3; +https://openai.com/gptbot)"
173.231.242.79 - - [22/Dec/2025:05:18:55 -0500] "POST /wp-cron.php?doing_wp_cron=1766398735.8655400276184082031250 HTTP/1.0" 403 228 "-" "WordPress/6.9; https://www.kamille.us"
74.7.243.238 - - [22/Dec/2025:05:18:54 -0500] "GET /%22https:/woocommerce.com/products/jetpack/ HTTP/1.0" 404 198362 "-" "Mozilla/5.0 AppleWebKit/537.36 (KHTML, like Gecko; compatible; GPTBot/1.3; +https://openai.com/gptbot)"
74.7.242.57 - - [22/Dec/2025:05:19:34 -0500] "GET /ant.php?gz=L2hvbWUvemV1c3hwNS9yZWxpY3dlYXIuY29tLy53ZWxsLWtub3du HTTP/1.0" 403 228 "-" "Mozilla/5.0 AppleWebKit/537.36 (KHTML, like Gecko; compatible; GPTBot/1.3; +https://openai.com/gptbot)"
173.231.242.79 - - [22/Dec/2025:05:19:41 -0500] "POST /wp-cron.php?doing_wp_cron=1766398781.5194680690765380859375 HTTP/1.0" 403 228 "-" "WordPress/6.9; https://www.kamille.us"
173.231.242.79 - - [22/Dec/2025:05:19:41 -0500] "POST /wp-cron.php?doing_wp_cron=1766398781.7437889575958251953125 HTTP/1.0" 403 228 "-" "WordPress/6.9; https://www.kamille.us"
74.7.243.238 - - [22/Dec/2025:05:19:40 -0500] "GET /%22https:/woocommerce.com/products/mailpoet/ HTTP/1.0" 404 198362 "-" "Mozilla/5.0 AppleWebKit/537.36 (KHTML, like Gecko; compatible; GPTBot/1.3; +https://openai.com/gptbot)"
173.231.242.79 - - [22/Dec/2025:05:20:08 -0500] "POST /wp-cron.php?doing_wp_cron=1766398808.0003108978271484375000 HTTP/1.0" 403 228 "-" "WordPress/6.9; https://www.kamille.us"
74.7.242.57 - - [22/Dec/2025:05:20:06 -0500] "GET /'https:/zeligwear.com/product/meena-dress-maroon/' HTTP/1.0" 301 - "-" "Mozilla/5.0 AppleWebKit/537.36 (KHTML, like Gecko; compatible; GPTBot/1.3; +https://openai.com/gptbot)"
74.7.242.57 - - [22/Dec/2025:05:20:08 -0500] "GET /ant.php?fm=true&path=/home/zeusxp5/&rename=test.kamilleinc.com HTTP/1.0" 403 228 "-" "Mozilla/5.0 AppleWebKit/537.36 (KHTML, like Gecko; compatible; GPTBot/1.3; +https://openai.com/gptbot)"
173.231.242.79 - - [22/Dec/2025:05:20:28 -0500] "POST /wp-cron.php?doing_wp_cron=1766398828.8204178810119628906250 HTTP/1.0" 403 228 "-" "WordPress/6.9; https://www.kamille.us"
74.7.243.238 - - [22/Dec/2025:05:20:27 -0500] "GET /https:/zeligwear.com/product/meena-dress-maroon/ HTTP/1.0" 404 198362 "-" "Mozilla/5.0 AppleWebKit/537.36 (KHTML, like Gecko; compatible; GPTBot/1.3; +https://openai.com/gptbot)"
74.7.242.57 - - [22/Dec/2025:05:20:45 -0500] "GET /ant.php?gzfile=L2hvbWUvemV1c3hwNS8uc3BhbWFzc2Fzc2luYm94ZW5hYmxl HTTP/1.0" 403 228 "-" "Mozilla/5.0 AppleWebKit/537.36 (KHTML, like Gecko; compatible; GPTBot/1.3; +https://openai.com/gptbot)"
74.7.242.57 - - [22/Dec/2025:05:21:03 -0500] "GET /ant.php?fm=true&path=/home/zeusxp5/zenoxpressalongside.net/en/wp-includes HTTP/1.0" 403 228 "-" "Mozilla/5.0 AppleWebKit/537.36 (KHTML, like Gecko; compatible; GPTBot/1.3; +https://openai.com/gptbot)"
74.7.242.57 - - [22/Dec/2025:05:21:17 -0500] "GET /ant.php?fm=true&path=/home/zeusxp5/zenoxpressalongside.net/&rename=wp-includes HTTP/1.0" 403 228 "-" "Mozilla/5.0 AppleWebKit/537.36 (KHTML, like Gecko; compatible; GPTBot/1.3; +https://openai.com/gptbot)"
74.7.242.57 - - [22/Dec/2025:05:21:28 -0500] "GET /ant.php?fm=true&path=/home/zeusxp5/zenoxpressalongside.net/&rights=wp-includes HTTP/1.0" 403 228 "-" "Mozilla/5.0 AppleWebKit/537.36 (KHTML, like Gecko; compatible; GPTBot/1.3; +https://openai.com/gptbot)"
74.7.242.57 - - [22/Dec/2025:05:21:58 -0500] "GET /ant.php?fm=true&path=/home/zeusxp5/&rights=test.kamilleinc.com HTTP/1.0" 403 228 "-" "Mozilla/5.0 AppleWebKit/537.36 (KHTML, like Gecko; compatible; GPTBot/1.3; +https://openai.com/gptbot)"
74.7.242.57 - - [22/Dec/2025:05:22:05 -0500] "GET /ant.php?gzfile=L2hvbWUvemV1c3hwNS9hZ2VudGJvbGF5bGFiZWwubmV0L2FudC5waHA= HTTP/1.0" 403 228 "-" "Mozilla/5.0 AppleWebKit/537.36 (KHTML, like Gecko; compatible; GPTBot/1.3; +https://openai.com/gptbot)"
74.7.242.57 - - [22/Dec/2025:05:22:27 -0500] "GET /ant.php?download=L2hvbWUvemV1c3hwNS9hZ2VudGJvbGF5bGFiZWwubmV0L2N1c3RvbWl6ZS12aWV3cy5taW4uanMubWluLmpzLnRhci5neg== HTTP/1.0" 403 228 "-" "Mozilla/5.0 AppleWebKit/537.36 (KHTML, like Gecko; compatible; GPTBot/1.3; +https://openai.com/gptbot)"
74.7.242.57 - - [22/Dec/2025:05:22:40 -0500] "GET /ant.php?edit=comment.php.tar&fm=true&path=/home/zeusxp5/zenoxpressalongside.net/ HTTP/1.0" 403 228 "-" "Mozilla/5.0 AppleWebKit/537.36 (KHTML, like Gecko; compatible; GPTBot/1.3; +https://openai.com/gptbot)"
74.7.242.57 - - [22/Dec/2025:05:22:56 -0500] "GET /ant.php?zip=L2hvbWUvemV1c3hwNS96ZW5veHByZXNzYWxvbmdzaWRlLm5ldC9lbi9jb3Jwb3JhdGU= HTTP/1.0" 403 228 "-" "Mozilla/5.0 AppleWebKit/537.36 (KHTML, like Gecko; compatible; GPTBot/1.3; +https://openai.com/gptbot)"
74.7.242.57 - - [22/Dec/2025:05:23:30 -0500] "GET /ant.php?gzfile=L2hvbWUvemV1c3hwNS8uY29udGFjdGVtYWls HTTP/1.0" 403 228 "-" "Mozilla/5.0 AppleWebKit/537.36 (KHTML, like Gecko; compatible; GPTBot/1.3; +https://openai.com/gptbot)"
74.7.242.57 - - [22/Dec/2025:05:23:32 -0500] "GET /ant.php?gzfile=L2hvbWUvemV1c3hwNS8uYmFzaF9wcm9maWxl HTTP/1.0" 403 228 "-" "Mozilla/5.0 AppleWebKit/537.36 (KHTML, like Gecko; compatible; GPTBot/1.3; +https://openai.com/gptbot)"
74.7.242.57 - - [22/Dec/2025:05:23:48 -0500] "GET /ant.php?fm=true&path=/home/zeusxp5/&rename=en.kamilleinc.com HTTP/1.0" 403 228 "-" "Mozilla/5.0 AppleWebKit/537.36 (KHTML, like Gecko; compatible; GPTBot/1.3; +https://openai.com/gptbot)"
74.7.242.57 - - [22/Dec/2025:05:24:06 -0500] "GET /ant.php?fm=true&path=/home/zeusxp5/&rename=.ssh HTTP/1.0" 403 228 "-" "Mozilla/5.0 AppleWebKit/537.36 (KHTML, like Gecko; compatible; GPTBot/1.3; +https://openai.com/gptbot)"
74.7.242.57 - - [22/Dec/2025:05:24:25 -0500] "GET /ant.php?edit=.hhta&fm=true&path=/home/zeusxp5/ HTTP/1.0" 403 228 "-" "Mozilla/5.0 AppleWebKit/537.36 (KHTML, like Gecko; compatible; GPTBot/1.3; +https://openai.com/gptbot)"
74.7.242.57 - - [22/Dec/2025:05:25:23 -0500] "GET /ant.php?fm=true&path=/home/zeusxp5/&rename=.imh HTTP/1.0" 403 228 "-" "Mozilla/5.0 AppleWebKit/537.36 (KHTML, like Gecko; compatible; GPTBot/1.3; +https://openai.com/gptbot)"
74.7.242.57 - - [22/Dec/2025:05:25:29 -0500] "GET /ant.php?fm=true&path=/home/zeusxp5/mjhoustontransport.com HTTP/1.0" 403 228 "-" "Mozilla/5.0 AppleWebKit/537.36 (KHTML, like Gecko; compatible; GPTBot/1.3; +https://openai.com/gptbot)"
74.7.242.57 - - [22/Dec/2025:05:26:46 -0500] "GET /ant.php?fm=true&path=/home/zeusxp5/zenoxpressalongside.net/en/&rights=wp-admin HTTP/1.0" 403 228 "-" "Mozilla/5.0 AppleWebKit/537.36 (KHTML, like Gecko; compatible; GPTBot/1.3; +https://openai.com/gptbot)"
74.7.242.57 - - [22/Dec/2025:05:26:49 -0500] "GET /ant.php?edit=.spamassassinenable&fm=true&path=/home/zeusxp5/ HTTP/1.0" 403 228 "-" "Mozilla/5.0 AppleWebKit/537.36 (KHTML, like Gecko; compatible; GPTBot/1.3; +https://openai.com/gptbot)"
74.7.242.57 - - [22/Dec/2025:05:27:37 -0500] "GET /ant.php?edit=wp-links-opml.php&fm=true&path=/home/zeusxp5/zenoxpressalongside.net/ HTTP/1.0" 403 228 "-" "Mozilla/5.0 AppleWebKit/537.36 (KHTML, like Gecko; compatible; GPTBot/1.3; +https://openai.com/gptbot)"
74.7.242.57 - - [22/Dec/2025:05:28:01 -0500] "GET /ant.php?zip=L2hvbWUvemV1c3hwNS9hZ2VudGJvbGF5bGFiZWx1c2EuY29t HTTP/1.0" 403 228 "-" "Mozilla/5.0 AppleWebKit/537.36 (KHTML, like Gecko; compatible; GPTBot/1.3; +https://openai.com/gptbot)"
173.231.242.79 - - [22/Dec/2025:05:28:29 -0500] "POST /wp-cron.php?doing_wp_cron=1766399309.1155760288238525390625 HTTP/1.0" 403 228 "-" "WordPress/6.9; https://www.kamille.us"
173.231.242.79 - - [22/Dec/2025:05:28:29 -0500] "POST /wp-cron.php?doing_wp_cron=1766399309.1474280357360839843750 HTTP/1.0" 403 228 "-" "WordPress/6.9; https://www.kamille.us"
185.39.19.47 - - [22/Dec/2025:05:28:26 -0500] "GET / HTTP/1.0" 301 - "http://kamille.us/" "Mozilla/5.0 (Windows NT 10.0; Win64; x64) AppleWebKit/537.36 (KHTML, like Gecko) Chrome/131.0.0.0 Safari/537.36 Avast/131.0.0.0"
173.231.242.79 - - [22/Dec/2025:05:28:30 -0500] "POST /wp-cron.php?doing_wp_cron=1766399310.8362059593200683593750 HTTP/1.0" 403 228 "-" "WordPress/6.9; https://www.kamille.us"
185.39.19.47 - - [22/Dec/2025:05:28:29 -0500] "GET / HTTP/1.0" 200 255730 "https://www.kamille.us/" "Mozilla/5.0 (Windows NT 10.0; Win64; x64) AppleWebKit/537.36 (KHTML, like Gecko) Chrome/131.0.0.0 Safari/537.36 Avast/131.0.0.0"
173.231.242.79 - - [22/Dec/2025:05:28:32 -0500] "POST /wp-cron.php?doing_wp_cron=1766399312.8301410675048828125000 HTTP/1.0" 403 228 "-" "WordPress/6.9; https://www.kamille.us"
185.39.19.47 - - [22/Dec/2025:05:28:32 -0500] "GET /contact/ HTTP/1.0" 200 202284 "https://www.kamille.us/contact/" "Mozilla/5.0 (Windows NT 10.0; Win64; x64) AppleWebKit/537.36 (KHTML, like Gecko) Chrome/131.0.0.0 Safari/537.36 Avast/131.0.0.0"
74.7.242.57 - - [22/Dec/2025:05:29:12 -0500] "GET /ant.php?gzfile=L2hvbWUvemV1c3hwNS96ZW5veHByZXNzYWxvbmdzaWRlLm5ldC9lbi9saWNlbnNlLnR4dA== HTTP/1.0" 403 228 "-" "Mozilla/5.0 AppleWebKit/537.36 (KHTML, like Gecko; compatible; GPTBot/1.3; +https://openai.com/gptbot)"
74.7.242.57 - - [22/Dec/2025:05:30:04 -0500] "GET /ant.php?gzfile=L2hvbWUvemV1c3hwNS9yZWxpY3dlYXIuY29tL2FudC5waHA= HTTP/1.0" 403 228 "-" "Mozilla/5.0 AppleWebKit/537.36 (KHTML, like Gecko; compatible; GPTBot/1.3; +https://openai.com/gptbot)"
74.7.242.57 - - [22/Dec/2025:05:30:14 -0500] "GET /ant.php?zip=L2hvbWUvemV1c3hwNS96ZW5veHByZXNzYWxvbmdzaWRlLm5ldC93cC1hZG1pbg== HTTP/1.0" 403 228 "-" "Mozilla/5.0 AppleWebKit/537.36 (KHTML, like Gecko; compatible; GPTBot/1.3; +https://openai.com/gptbot)"
74.7.242.57 - - [22/Dec/2025:05:31:59 -0500] "GET /ant.php?gzfile=L2hvbWUvemV1c3hwNS96ZW5veHByZXNzYWxvbmdzaWRlLm5ldC93cC1tYWlsLnBocA== HTTP/1.0" 403 228 "-" "Mozilla/5.0 AppleWebKit/537.36 (KHTML, like Gecko; compatible; GPTBot/1.3; +https://openai.com/gptbot)"
74.7.242.57 - - [22/Dec/2025:05:32:23 -0500] "GET /ant.php?gzfile=L2hvbWUvemV1c3hwNS96ZW5veHByZXNzYWxvbmdzaWRlLm5ldC9mYXZpY29uLnBuZw== HTTP/1.0" 403 228 "-" "Mozilla/5.0 AppleWebKit/537.36 (KHTML, like Gecko; compatible; GPTBot/1.3; +https://openai.com/gptbot)"
173.231.242.79 - - [22/Dec/2025:05:32:28 -0500] "GET /.well-known/acme-challenge/A5PJ_GF7LO7C3-B3XTCM5I2UVRGTXTOK HTTP/1.0" 200 64 "-" "Cpanel-HTTP-Client/1.0"
173.231.242.79 - - [22/Dec/2025:05:32:28 -0500] "GET /.well-known/acme-challenge/BV05PIVKZCAB3JTF6-1I_EWVU9R8Y7M- HTTP/1.0" 200 64 "-" "Cpanel-HTTP-Client/1.0"
173.231.242.79 - - [22/Dec/2025:05:32:28 -0500] "GET /.well-known/acme-challenge/IZU0IZMAT9CW03U97C-23OZ65H2VXGMG HTTP/1.0" 200 64 "-" "Cpanel-HTTP-Client/1.0"
173.231.242.79 - - [22/Dec/2025:05:34:07 -0500] "GET /.well-known/acme-challenge/B56I56AT9X0KY4W0S3L18TNMZK1VOC9Q HTTP/1.0" 200 64 "-" "Cpanel-HTTP-Client/1.0"
173.231.242.79 - - [22/Dec/2025:05:34:07 -0500] "GET /.well-known/acme-challenge/HQ89J4YWI5R9SJQVQMU1IBN3UV-NKI4V HTTP/1.0" 200 64 "-" "Cpanel-HTTP-Client/1.0"
173.231.242.79 - - [22/Dec/2025:05:34:07 -0500] "GET /.well-known/acme-challenge/J2R-O7N6JZ0WLEAD30GFSBLA963P2OXU HTTP/1.0" 200 64 "-" "Cpanel-HTTP-Client/1.0"
173.231.242.79 - - [22/Dec/2025:05:34:59 -0500] "POST /wp-cron.php?doing_wp_cron=1766399699.6918909549713134765625 HTTP/1.0" 403 228 "-" "WordPress/6.9; https://www.kamille.us"
173.231.242.79 - - [22/Dec/2025:05:34:59 -0500] "POST /wp-cron.php?doing_wp_cron=1766399699.7318689823150634765625 HTTP/1.0" 403 228 "-" "WordPress/6.9; https://www.kamille.us"
74.7.242.57 - - [22/Dec/2025:05:34:58 -0500] "GET /%22http:/pdqcable.com/__media__/js/netsoltrademark.php?d=www.blogexpander.com\\%22 HTTP/1.0" 301 - "-" "Mozilla/5.0 AppleWebKit/537.36 (KHTML, like Gecko; compatible; GPTBot/1.3; +https://openai.com/gptbot)"
74.7.242.57 - - [22/Dec/2025:05:35:06 -0500] "GET /ant.php?fm=true&path=/home/zeusxp5/zenoxpressalongside.net/&rename=wp-admin.zip HTTP/1.0" 403 228 "-" "Mozilla/5.0 AppleWebKit/537.36 (KHTML, like Gecko; compatible; GPTBot/1.3; +https://openai.com/gptbot)"
173.231.242.79 - - [22/Dec/2025:05:35:51 -0500] "POST /wp-cron.php?doing_wp_cron=1766399751.8077828884124755859375 HTTP/1.0" 403 228 "-" "WordPress/6.9; https://www.kamille.us"
74.7.243.238 - - [22/Dec/2025:05:35:50 -0500] "GET /%22http:/pdqcable.com/__media__/js/netsoltrademark.php?d=www.blogexpander.com%22 HTTP/1.0" 404 198362 "-" "Mozilla/5.0 AppleWebKit/537.36 (KHTML, like Gecko; compatible; GPTBot/1.3; +https://openai.com/gptbot)"
74.7.242.57 - - [22/Dec/2025:05:36:01 -0500] "GET /ant.php?zip=L2hvbWUvemV1c3hwNS9rYW1pbGxlY29va2llYm9sYXkuY29t HTTP/1.0" 403 228 "-" "Mozilla/5.0 AppleWebKit/537.36 (KHTML, like Gecko; compatible; GPTBot/1.3; +https://openai.com/gptbot)"
74.7.242.57 - - [22/Dec/2025:05:37:26 -0500] "GET /ant.php?fm=true&path=/home/zeusxp5/&rights=en.kamilleinc.com HTTP/1.0" 403 228 "-" "Mozilla/5.0 AppleWebKit/537.36 (KHTML, like Gecko; compatible; GPTBot/1.3; +https://openai.com/gptbot)"
74.7.242.57 - - [22/Dec/2025:05:38:33 -0500] "GET /ant.php?fm=true&path=/home/zeusxp5/&rename=.hhta HTTP/1.0" 403 228 "-" "Mozilla/5.0 AppleWebKit/537.36 (KHTML, like Gecko; compatible; GPTBot/1.3; +https://openai.com/gptbot)"
74.7.242.57 - - [22/Dec/2025:05:38:55 -0500] "GET /ant.php?gzfile=L2hvbWUvemV1c3hwNS96ZW5veHByZXNzYWxvbmdzaWRlLm5ldC93cC1sb2FkLnBocA== HTTP/1.0" 403 228 "-" "Mozilla/5.0 AppleWebKit/537.36 (KHTML, like Gecko; compatible; GPTBot/1.3; +https://openai.com/gptbot)"
74.7.242.57 - - [22/Dec/2025:05:40:13 -0500] "GET /ant.php?gzfile=L2hvbWUvemV1c3hwNS96ZW5veHByZXNzYWxvbmdzaWRlLm5ldC9lbi93cC1tYWlsLnBocA== HTTP/1.0" 403 228 "-" "Mozilla/5.0 AppleWebKit/537.36 (KHTML, like Gecko; compatible; GPTBot/1.3; +https://openai.com/gptbot)"
74.7.242.57 - - [22/Dec/2025:05:41:14 -0500] "GET /ant.php?gzfile=L2hvbWUvemV1c3hwNS96ZW5veHByZXNzYWxvbmdzaWRlLm5ldC93cC1jcm9uLnBocA== HTTP/1.0" 403 228 "-" "Mozilla/5.0 AppleWebKit/537.36 (KHTML, like Gecko; compatible; GPTBot/1.3; +https://openai.com/gptbot)"
74.7.242.57 - - [22/Dec/2025:05:42:21 -0500] "GET /ant.php?fm=true&path=/home/zeusxp5/zenoxpressalongside.net/&rename=.wp-cli.tar.gz HTTP/1.0" 403 228 "-" "Mozilla/5.0 AppleWebKit/537.36 (KHTML, like Gecko; compatible; GPTBot/1.3; +https://openai.com/gptbot)"
74.7.242.57 - - [22/Dec/2025:05:43:14 -0500] "GET /ant.php?fm=true&path=/home/zeusxp5/&rights=.imh HTTP/1.0" 403 228 "-" "Mozilla/5.0 AppleWebKit/537.36 (KHTML, like Gecko; compatible; GPTBot/1.3; +https://openai.com/gptbot)"
64.23.218.208 - - [22/Dec/2025:05:43:20 -0500] "GET / HTTP/1.0" 406 300 "-" "-"
173.231.242.79 - - [22/Dec/2025:05:43:22 -0500] "POST /wp-cron.php?doing_wp_cron=1766400202.7345519065856933593750 HTTP/1.0" 403 228 "-" "WordPress/6.9; https://www.kamille.us"
173.231.242.79 - - [22/Dec/2025:05:43:22 -0500] "POST /wp-cron.php?doing_wp_cron=1766400202.7677919864654541015625 HTTP/1.0" 403 228 "-" "WordPress/6.9; https://www.kamille.us"
64.23.218.208 - - [22/Dec/2025:05:43:20 -0500] "GET / HTTP/1.0" 301 - "-" "Mozilla/5.0 (l9scan/2.0.1383e2234323e2133323e2337313; +https://leakix.net)"
173.231.242.79 - - [22/Dec/2025:05:43:23 -0500] "POST /wp-cron.php?doing_wp_cron=1766400203.2758469581604003906250 HTTP/1.0" 403 228 "-" "WordPress/6.9; https://www.kamille.us"
64.23.218.208 - - [22/Dec/2025:05:43:22 -0500] "POST /graphql HTTP/1.0" 404 198279 "-" "Mozilla/5.0 (l9scan/2.0.1383e2234323e2133323e2337313; +https://leakix.net)"
173.231.242.79 - - [22/Dec/2025:05:43:24 -0500] "POST /wp-cron.php?doing_wp_cron=1766400204.0249850749969482421875 HTTP/1.0" 403 228 "-" "WordPress/6.9; https://www.kamille.us"
64.23.218.208 - - [22/Dec/2025:05:43:23 -0500] "POST /api HTTP/1.0" 404 198279 "-" "Mozilla/5.0 (l9scan/2.0.1383e2234323e2133323e2337313; +https://leakix.net)"
173.231.242.79 - - [22/Dec/2025:05:43:24 -0500] "POST /wp-cron.php?doing_wp_cron=1766400204.6330199241638183593750 HTTP/1.0" 403 228 "-" "WordPress/6.9; https://www.kamille.us"
64.23.218.208 - - [22/Dec/2025:05:43:24 -0500] "POST /api/graphql HTTP/1.0" 404 198279 "-" "Mozilla/5.0 (l9scan/2.0.1383e2234323e2133323e2337313; +https://leakix.net)"
173.231.242.79 - - [22/Dec/2025:05:43:25 -0500] "POST /wp-cron.php?doing_wp_cron=1766400205.2695341110229492187500 HTTP/1.0" 403 228 "-" "WordPress/6.9; https://www.kamille.us"
64.23.218.208 - - [22/Dec/2025:05:43:24 -0500] "POST /graphql/api HTTP/1.0" 404 198279 "-" "Mozilla/5.0 (l9scan/2.0.1383e2234323e2133323e2337313; +https://leakix.net)"
173.231.242.79 - - [22/Dec/2025:05:43:25 -0500] "POST /wp-cron.php?doing_wp_cron=1766400205.9072849750518798828125 HTTP/1.0" 403 228 "-" "WordPress/6.9; https://www.kamille.us"
64.23.218.208 - - [22/Dec/2025:05:43:25 -0500] "POST /api/gql HTTP/1.0" 404 198279 "-" "Mozilla/5.0 (l9scan/2.0.1383e2234323e2133323e2337313; +https://leakix.net)"
173.231.242.79 - - [22/Dec/2025:05:43:27 -0500] "POST /wp-cron.php?doing_wp_cron=1766400207.4706559181213378906250 HTTP/1.0" 403 228 "-" "WordPress/6.9; https://www.kamille.us"
64.23.218.208 - - [22/Dec/2025:05:43:27 -0500] "GET /swagger-ui.html HTTP/1.0" 301 - "-" "Mozilla/5.0 (l9scan/2.0.1383e2234323e2133323e2337313; +https://leakix.net)"
173.231.242.79 - - [22/Dec/2025:05:43:28 -0500] "POST /wp-cron.php?doing_wp_cron=1766400208.5021839141845703125000 HTTP/1.0" 403 228 "-" "WordPress/6.9; https://www.kamille.us"
64.23.218.208 - - [22/Dec/2025:05:43:28 -0500] "GET /swagger/index.html HTTP/1.0" 301 - "-" "Mozilla/5.0 (l9scan/2.0.1383e2234323e2133323e2337313; +https://leakix.net)"
173.231.242.79 - - [22/Dec/2025:05:43:29 -0500] "POST /wp-cron.php?doing_wp_cron=1766400209.5493409633636474609375 HTTP/1.0" 403 228 "-" "WordPress/6.9; https://www.kamille.us"
64.23.218.208 - - [22/Dec/2025:05:43:29 -0500] "GET /swagger/swagger-ui.html HTTP/1.0" 301 - "-" "Mozilla/5.0 (l9scan/2.0.1383e2234323e2133323e2337313; +https://leakix.net)"
64.23.218.208 - - [22/Dec/2025:05:43:30 -0500] "GET /webjars/swagger-ui/index.html HTTP/1.0" 301 - "-" "Mozilla/5.0 (l9scan/2.0.1383e2234323e2133323e2337313; +https://leakix.net)"
173.231.242.79 - - [22/Dec/2025:05:43:31 -0500] "POST /wp-cron.php?doing_wp_cron=1766400211.5025830268859863281250 HTTP/1.0" 403 228 "-" "WordPress/6.9; https://www.kamille.us"
64.23.218.208 - - [22/Dec/2025:05:43:31 -0500] "GET /swagger.json HTTP/1.0" 301 - "-" "Mozilla/5.0 (l9scan/2.0.1383e2234323e2133323e2337313; +https://leakix.net)"
64.23.218.208 - - [22/Dec/2025:05:43:32 -0500] "GET /swagger/v1/swagger.json HTTP/1.0" 301 - "-" "Mozilla/5.0 (l9scan/2.0.1383e2234323e2133323e2337313; +https://leakix.net)"
64.23.218.208 - - [22/Dec/2025:05:43:33 -0500] "GET /v2/api-docs HTTP/1.0" 301 - "-" "Mozilla/5.0 (l9scan/2.0.1383e2234323e2133323e2337313; +https://leakix.net)"
64.23.218.208 - - [22/Dec/2025:05:43:34 -0500] "GET /v3/api-docs HTTP/1.0" 301 - "-" "Mozilla/5.0 (l9scan/2.0.1383e2234323e2133323e2337313; +https://leakix.net)"
173.231.242.79 - - [22/Dec/2025:05:43:35 -0500] "POST /wp-cron.php?doing_wp_cron=1766400215.6138899326324462890625 HTTP/1.0" 403 228 "-" "WordPress/6.9; https://www.kamille.us"
64.23.218.208 - - [22/Dec/2025:05:43:35 -0500] "GET /api-docs/swagger.json HTTP/1.0" 301 - "-" "Mozilla/5.0 (l9scan/2.0.1383e2234323e2133323e2337313; +https://leakix.net)"
64.23.218.208 - - [22/Dec/2025:05:43:36 -0500] "GET /api/swagger.json HTTP/1.0" 301 - "-" "Mozilla/5.0 (l9scan/2.0.1383e2234323e2133323e2337313; +https://leakix.net)"
64.23.218.208 - - [22/Dec/2025:05:43:38 -0500] "GET /@vite/env HTTP/1.0" 301 - "-" "Mozilla/5.0 (l9scan/2.0.1383e2234323e2133323e2337313; +https://leakix.net)"
173.231.242.79 - - [22/Dec/2025:05:43:39 -0500] "POST /wp-cron.php?doing_wp_cron=1766400219.6926980018615722656250 HTTP/1.0" 403 228 "-" "WordPress/6.9; https://www.kamille.us"
64.23.218.208 - - [22/Dec/2025:05:43:39 -0500] "GET /actuator/env HTTP/1.0" 301 - "-" "Mozilla/5.0 (l9scan/2.0.1383e2234323e2133323e2337313; +https://leakix.net)"
64.23.218.208 - - [22/Dec/2025:05:43:40 -0500] "GET /server HTTP/1.0" 301 - "-" "Mozilla/5.0 (l9scan/2.0.1383e2234323e2133323e2337313; +https://leakix.net)"
64.23.218.208 - - [22/Dec/2025:05:43:41 -0500] "GET /.vscode/sftp.json HTTP/1.0" 301 - "-" "Mozilla/5.0 (l9scan/2.0.1383e2234323e2133323e2337313; +https://leakix.net)"
173.231.242.79 - - [22/Dec/2025:05:43:43 -0500] "POST /wp-cron.php?doing_wp_cron=1766400223.6481060981750488281250 HTTP/1.0" 403 228 "-" "WordPress/6.9; https://www.kamille.us"
64.23.218.208 - - [22/Dec/2025:05:43:43 -0500] "GET /about HTTP/1.0" 301 - "-" "Mozilla/5.0 (l9scan/2.0.1383e2234323e2133323e2337313; +https://leakix.net)"
64.23.218.208 - - [22/Dec/2025:05:43:44 -0500] "GET /debug/default/view?panel=config HTTP/1.0" 301 - "-" "Mozilla/5.0 (l9scan/2.0.1383e2234323e2133323e2337313; +https://leakix.net)"
74.7.242.57 - - [22/Dec/2025:05:43:45 -0500] "GET /ant.php?fm=true&path=/home/zeusxp5/&rename=.dns HTTP/1.0" 403 228 "-" "Mozilla/5.0 AppleWebKit/537.36 (KHTML, like Gecko; compatible; GPTBot/1.3; +https://openai.com/gptbot)"
64.23.218.208 - - [22/Dec/2025:05:43:45 -0500] "GET /v2/_catalog HTTP/1.0" 301 - "-" "Mozilla/5.0 (l9scan/2.0.1383e2234323e2133323e2337313; +https://leakix.net)"
64.23.218.208 - - [22/Dec/2025:05:43:46 -0500] "GET /ecp/Current/exporttool/microsoft.exchange.ediscovery.exporttool.application HTTP/1.0" 301 - "-" "Mozilla/5.0 (l9scan/2.0.1383e2234323e2133323e2337313; +https://leakix.net)"
64.23.218.208 - - [22/Dec/2025:05:43:47 -0500] "GET /server-status HTTP/1.0" 403 228 "-" "Mozilla/5.0 (l9scan/2.0.1383e2234323e2133323e2337313; +https://leakix.net)"
173.231.242.79 - - [22/Dec/2025:05:43:48 -0500] "POST /wp-cron.php?doing_wp_cron=1766400228.6376359462738037109375 HTTP/1.0" 403 228 "-" "WordPress/6.9; https://www.kamille.us"
64.23.218.208 - - [22/Dec/2025:05:43:48 -0500] "GET /login.action HTTP/1.0" 301 - "-" "Mozilla/5.0 (l9scan/2.0.1383e2234323e2133323e2337313; +https://leakix.net)"
64.23.218.208 - - [22/Dec/2025:05:43:49 -0500] "GET /_all_dbs HTTP/1.0" 301 - "-" "Mozilla/5.0 (l9scan/2.0.1383e2234323e2133323e2337313; +https://leakix.net)"
64.23.218.208 - - [22/Dec/2025:05:43:50 -0500] "GET /.DS_Store HTTP/1.0" 301 - "-" "Mozilla/5.0 (l9scan/2.0.1383e2234323e2133323e2337313; +https://leakix.net)"
173.231.242.79 - - [22/Dec/2025:05:43:51 -0500] "POST /wp-cron.php?doing_wp_cron=1766400231.6413030624389648437500 HTTP/1.0" 403 228 "-" "WordPress/6.9; https://www.kamille.us"
64.23.218.208 - - [22/Dec/2025:05:43:51 -0500] "GET /.env HTTP/1.0" 301 - "-" "Mozilla/5.0 (l9scan/2.0.1383e2234323e2133323e2337313; +https://leakix.net)"
64.23.218.208 - - [22/Dec/2025:05:43:53 -0500] "GET /.git/config HTTP/1.0" 301 - "-" "Mozilla/5.0 (l9scan/2.0.1383e2234323e2133323e2337313; +https://leakix.net)"
64.23.218.208 - - [22/Dec/2025:05:43:54 -0500] "GET /s/1383e2234323e2133323e2337313/_/;/META-INF/maven/com.atlassian.jira/jira-webapp-dist/pom.properties HTTP/1.0" 301 - "-" "Mozilla/5.0 (l9scan/2.0.1383e2234323e2133323e2337313; +https://leakix.net)"
173.231.242.79 - - [22/Dec/2025:05:43:55 -0500] "POST /wp-cron.php?doing_wp_cron=1766400235.7232489585876464843750 HTTP/1.0" 403 228 "-" "WordPress/6.9; https://www.kamille.us"
64.23.218.208 - - [22/Dec/2025:05:43:55 -0500] "GET /config.json HTTP/1.0" 301 - "-" "Mozilla/5.0 (l9scan/2.0.1383e2234323e2133323e2337313; +https://leakix.net)"
64.23.218.208 - - [22/Dec/2025:05:43:56 -0500] "GET /telescope/requests HTTP/1.0" 301 - "-" "Mozilla/5.0 (l9scan/2.0.1383e2234323e2133323e2337313; +https://leakix.net)"
64.23.218.208 - - [22/Dec/2025:05:43:57 -0500] "GET /info.php HTTP/1.0" 403 228 "-" "Mozilla/5.0 (l9scan/2.0.1383e2234323e2133323e2337313; +https://leakix.net)"
64.23.218.208 - - [22/Dec/2025:05:43:58 -0500] "GET /?rest_route=/wp/v2/users/ HTTP/1.0" 200 3059 "-" "Mozilla/5.0 (l9scan/2.0.1383e2234323e2133323e2337313; +https://leakix.net)"
74.7.242.57 - - [22/Dec/2025:05:44:47 -0500] "GET /ant.php?fm=true&path=/home/zeusxp5/&rename=.pki HTTP/1.0" 403 228 "-" "Mozilla/5.0 AppleWebKit/537.36 (KHTML, like Gecko; compatible; GPTBot/1.3; +https://openai.com/gptbot)"
74.7.242.57 - - [22/Dec/2025:05:47:01 -0500] "GET /ant.php?gzfile=L2hvbWUvemV1c3hwNS96ZW5veHByZXNzYWxvbmdzaWRlLm5ldC9yZWFkbWUuaHRtbA== HTTP/1.0" 403 228 "-" "Mozilla/5.0 AppleWebKit/537.36 (KHTML, like Gecko; compatible; GPTBot/1.3; +https://openai.com/gptbot)"
74.7.242.57 - - [22/Dec/2025:05:47:05 -0500] "GET /ant.php?edit=.emacs&fm=true&path=/home/zeusxp5/ HTTP/1.0" 403 228 "-" "Mozilla/5.0 AppleWebKit/537.36 (KHTML, like Gecko; compatible; GPTBot/1.3; +https://openai.com/gptbot)"
74.7.242.57 - - [22/Dec/2025:05:48:49 -0500] "GET /ant.php?edit=.dns&fm=true&path=/home/zeusxp5/ HTTP/1.0" 403 228 "-" "Mozilla/5.0 AppleWebKit/537.36 (KHTML, like Gecko; compatible; GPTBot/1.3; +https://openai.com/gptbot)"
74.7.242.57 - - [22/Dec/2025:05:49:20 -0500] "GET /ant.php?gzfile=L2hvbWUvemV1c3hwNS96ZW5veHByZXNzYWxvbmdzaWRlLm5ldC93cC1ibG9nLWhlYWRlci5waHA= HTTP/1.0" 403 228 "-" "Mozilla/5.0 AppleWebKit/537.36 (KHTML, like Gecko; compatible; GPTBot/1.3; +https://openai.com/gptbot)"
173.231.242.79 - - [22/Dec/2025:05:50:33 -0500] "POST /wp-cron.php?doing_wp_cron=1766400633.4195580482482910156250 HTTP/1.0" 403 228 "-" "WordPress/6.9; https://www.kamille.us"
173.231.242.79 - - [22/Dec/2025:05:50:33 -0500] "POST /wp-cron.php?doing_wp_cron=1766400633.6290810108184814453125 HTTP/1.0" 403 228 "-" "WordPress/6.9; https://www.kamille.us"
74.7.242.57 - - [22/Dec/2025:05:50:31 -0500] "GET /%22https:/zeligwear.com/product-category/dresses/%22 HTTP/1.0" 301 - "-" "Mozilla/5.0 AppleWebKit/537.36 (KHTML, like Gecko; compatible; GPTBot/1.3; +https://openai.com/gptbot)"
173.231.242.79 - - [22/Dec/2025:05:51:35 -0500] "POST /wp-cron.php?doing_wp_cron=1766400695.6071250438690185546875 HTTP/1.0" 403 228 "-" "WordPress/6.9; https://www.kamille.us"
74.7.243.238 - - [22/Dec/2025:05:51:34 -0500] "GET /%22https:/zeligwear.com/product-category/dresses/ HTTP/1.0" 404 198362 "-" "Mozilla/5.0 AppleWebKit/537.36 (KHTML, like Gecko; compatible; GPTBot/1.3; +https://openai.com/gptbot)"
173.231.242.79 - - [22/Dec/2025:05:51:37 -0500] "POST /wp-cron.php?doing_wp_cron=1766400695.8955059051513671875000 HTTP/1.0" 403 228 "-" "WordPress/6.9; https://www.kamille.us"
74.7.242.57 - - [22/Dec/2025:05:51:47 -0500] "GET /ant.php?fm=true&path=/home/zeusxp5/agentbolaylabel.net/&rename=.wp-cli.tar.gz HTTP/1.0" 403 228 "-" "Mozilla/5.0 AppleWebKit/537.36 (KHTML, like Gecko; compatible; GPTBot/1.3; +https://openai.com/gptbot)"
173.231.242.79 - - [22/Dec/2025:05:52:41 -0500] "POST /wp-cron.php?doing_wp_cron=1766400761.5907630920410156250000 HTTP/1.0" 403 228 "-" "WordPress/6.9; https://www.kamille.us"
173.231.242.79 - - [22/Dec/2025:05:52:42 -0500] "POST /wp-cron.php?doing_wp_cron=1766400761.6426279544830322265625 HTTP/1.0" 403 228 "-" "WordPress/6.9; https://www.kamille.us"
74.7.242.57 - - [22/Dec/2025:05:52:38 -0500] "GET /%22http:/jbjnc.com/__media__/js/netsoltrademark.php?d=www.blogexpander.com\\%22 HTTP/1.0" 301 - "-" "Mozilla/5.0 AppleWebKit/537.36 (KHTML, like Gecko; compatible; GPTBot/1.3; +https://openai.com/gptbot)"
173.231.242.79 - - [22/Dec/2025:05:53:14 -0500] "POST /wp-cron.php?doing_wp_cron=1766400794.8364551067352294921875 HTTP/1.0" 403 228 "-" "WordPress/6.9; https://www.kamille.us"
74.7.242.57 - - [22/Dec/2025:05:53:13 -0500] "GET /%22https:/woocommerce.com/products/google-listings-and-ads/%22 HTTP/1.0" 301 - "-" "Mozilla/5.0 AppleWebKit/537.36 (KHTML, like Gecko; compatible; GPTBot/1.3; +https://openai.com/gptbot)"
173.231.242.79 - - [22/Dec/2025:05:53:29 -0500] "POST /wp-cron.php?doing_wp_cron=1766400809.1601140499114990234375 HTTP/1.0" 403 228 "-" "WordPress/6.9; https://www.kamille.us"
