74.7.243.238 - - [22/Dec/2025:05:53:28 -0500] "GET /%22http:/jbjnc.com/__media__/js/netsoltrademark.php?d=www.blogexpander.com%22 HTTP/1.0" 404 198362 "-" "Mozilla/5.0 AppleWebKit/537.36 (KHTML, like Gecko; compatible; GPTBot/1.3; +https://openai.com/gptbot)"
173.231.242.79 - - [22/Dec/2025:05:54:19 -0500] "POST /wp-cron.php?doing_wp_cron=1766400859.5228600502014160156250 HTTP/1.0" 403 228 "-" "WordPress/6.9; https://www.kamille.us"
173.231.242.79 - - [22/Dec/2025:05:54:19 -0500] "POST /wp-cron.php?doing_wp_cron=1766400859.7296230792999267578125 HTTP/1.0" 403 228 "-" "WordPress/6.9; https://www.kamille.us"
74.7.243.238 - - [22/Dec/2025:05:54:18 -0500] "GET /%22https:/woocommerce.com/products/google-listings-and-ads/ HTTP/1.0" 404 198362 "-" "Mozilla/5.0 AppleWebKit/537.36 (KHTML, like Gecko; compatible; GPTBot/1.3; +https://openai.com/gptbot)"
74.7.242.57 - - [22/Dec/2025:05:54:39 -0500] "GET /ant.php?gzfile=L2hvbWUvemV1c3hwNS8uYmFzaF9oaXN0b3J5 HTTP/1.0" 403 228 "-" "Mozilla/5.0 AppleWebKit/537.36 (KHTML, like Gecko; compatible; GPTBot/1.3; +https://openai.com/gptbot)"
74.7.242.57 - - [22/Dec/2025:05:55:14 -0500] "GET /ant.php?gz=L2hvbWUvemV1c3hwNS9hZ2VudGJvbGF5bGFiZWwuY29t HTTP/1.0" 403 228 "-" "Mozilla/5.0 AppleWebKit/537.36 (KHTML, like Gecko; compatible; GPTBot/1.3; +https://openai.com/gptbot)"
74.7.242.57 - - [22/Dec/2025:05:55:46 -0500] "GET /ant.php?zip=L2hvbWUvemV1c3hwNS9hZ2VudGJvbGF5bGFiZWwuY29t HTTP/1.0" 403 228 "-" "Mozilla/5.0 AppleWebKit/537.36 (KHTML, like Gecko; compatible; GPTBot/1.3; +https://openai.com/gptbot)"
157.245.204.205 - - [22/Dec/2025:05:56:26 -0500] "GET / HTTP/1.0" 406 300 "-" "-"
173.231.242.79 - - [22/Dec/2025:05:56:28 -0500] "POST /wp-cron.php?doing_wp_cron=1766400988.7911438941955566406250 HTTP/1.0" 403 228 "-" "WordPress/6.9; https://www.kamille.us"
173.231.242.79 - - [22/Dec/2025:05:56:28 -0500] "POST /wp-cron.php?doing_wp_cron=1766400988.8356189727783203125000 HTTP/1.0" 403 228 "-" "WordPress/6.9; https://www.kamille.us"
157.245.204.205 - - [22/Dec/2025:05:56:27 -0500] "GET / HTTP/1.0" 301 - "-" "Mozilla/5.0 (l9scan/2.0.1383e2234323e2133323e2337313; +https://leakix.net)"
173.231.242.79 - - [22/Dec/2025:05:56:30 -0500] "POST /wp-cron.php?doing_wp_cron=1766400990.1317420005798339843750 HTTP/1.0" 403 228 "-" "WordPress/6.9; https://www.kamille.us"
157.245.204.205 - - [22/Dec/2025:05:56:29 -0500] "POST /graphql HTTP/1.0" 404 16384 "-" "Mozilla/5.0 (l9scan/2.0.1383e2234323e2133323e2337313; +https://leakix.net)"
173.231.242.79 - - [22/Dec/2025:05:56:33 -0500] "POST /wp-cron.php?doing_wp_cron=1766400993.5137679576873779296875 HTTP/1.0" 403 228 "-" "WordPress/6.9; https://www.kamille.us"
157.245.204.205 - - [22/Dec/2025:05:56:32 -0500] "POST /api HTTP/1.0" 404 198326 "-" "Mozilla/5.0 (l9scan/2.0.1383e2234323e2133323e2337313; +https://leakix.net)"
173.231.242.79 - - [22/Dec/2025:05:56:35 -0500] "POST /wp-cron.php?doing_wp_cron=1766400995.0007851123809814453125 HTTP/1.0" 403 228 "-" "WordPress/6.9; https://www.kamille.us"
157.245.204.205 - - [22/Dec/2025:05:56:34 -0500] "POST /api/graphql HTTP/1.0" 404 198326 "-" "Mozilla/5.0 (l9scan/2.0.1383e2234323e2133323e2337313; +https://leakix.net)"
74.7.242.57 - - [22/Dec/2025:05:56:35 -0500] "GET /ant.php?gzfile=L2hvbWUvemV1c3hwNS8uc3BhbWFzc2Fzc2luZW5hYmxl HTTP/1.0" 403 228 "-" "Mozilla/5.0 AppleWebKit/537.36 (KHTML, like Gecko; compatible; GPTBot/1.3; +https://openai.com/gptbot)"
173.231.242.79 - - [22/Dec/2025:05:56:37 -0500] "POST /wp-cron.php?doing_wp_cron=1766400997.2168850898742675781250 HTTP/1.0" 403 228 "-" "WordPress/6.9; https://www.kamille.us"
157.245.204.205 - - [22/Dec/2025:05:56:36 -0500] "POST /graphql/api HTTP/1.0" 404 198326 "-" "Mozilla/5.0 (l9scan/2.0.1383e2234323e2133323e2337313; +https://leakix.net)"
173.231.242.79 - - [22/Dec/2025:05:56:38 -0500] "POST /wp-cron.php?doing_wp_cron=1766400998.9054551124572753906250 HTTP/1.0" 403 228 "-" "WordPress/6.9; https://www.kamille.us"
157.245.204.205 - - [22/Dec/2025:05:56:38 -0500] "POST /api/gql HTTP/1.0" 404 198326 "-" "Mozilla/5.0 (l9scan/2.0.1383e2234323e2133323e2337313; +https://leakix.net)"
173.231.242.79 - - [22/Dec/2025:05:56:41 -0500] "POST /wp-cron.php?doing_wp_cron=1766401001.4425070285797119140625 HTTP/1.0" 403 228 "-" "WordPress/6.9; https://www.kamille.us"
157.245.204.205 - - [22/Dec/2025:05:56:41 -0500] "GET /swagger-ui.html HTTP/1.0" 301 - "-" "Mozilla/5.0 (l9scan/2.0.1383e2234323e2133323e2337313; +https://leakix.net)"
173.231.242.79 - - [22/Dec/2025:05:56:42 -0500] "POST /wp-cron.php?doing_wp_cron=1766401002.9714190959930419921875 HTTP/1.0" 403 228 "-" "WordPress/6.9; https://www.kamille.us"
157.245.204.205 - - [22/Dec/2025:05:56:42 -0500] "GET /swagger/index.html HTTP/1.0" 301 - "-" "Mozilla/5.0 (l9scan/2.0.1383e2234323e2133323e2337313; +https://leakix.net)"
173.231.242.79 - - [22/Dec/2025:05:56:44 -0500] "POST /wp-cron.php?doing_wp_cron=1766401004.2585968971252441406250 HTTP/1.0" 403 228 "-" "WordPress/6.9; https://www.kamille.us"
157.245.204.205 - - [22/Dec/2025:05:56:43 -0500] "GET /swagger/swagger-ui.html HTTP/1.0" 301 - "-" "Mozilla/5.0 (l9scan/2.0.1383e2234323e2133323e2337313; +https://leakix.net)"
173.231.242.79 - - [22/Dec/2025:05:56:45 -0500] "POST /wp-cron.php?doing_wp_cron=1766401005.5914740562438964843750 HTTP/1.0" 403 228 "-" "WordPress/6.9; https://www.kamille.us"
157.245.204.205 - - [22/Dec/2025:05:56:45 -0500] "GET /webjars/swagger-ui/index.html HTTP/1.0" 301 - "-" "Mozilla/5.0 (l9scan/2.0.1383e2234323e2133323e2337313; +https://leakix.net)"
173.231.242.79 - - [22/Dec/2025:05:56:47 -0500] "POST /wp-cron.php?doing_wp_cron=1766401007.6581540107727050781250 HTTP/1.0" 403 228 "-" "WordPress/6.9; https://www.kamille.us"
157.245.204.205 - - [22/Dec/2025:05:56:47 -0500] "GET /swagger.json HTTP/1.0" 301 - "-" "Mozilla/5.0 (l9scan/2.0.1383e2234323e2133323e2337313; +https://leakix.net)"
173.231.242.79 - - [22/Dec/2025:05:56:49 -0500] "POST /wp-cron.php?doing_wp_cron=1766401009.1345798969268798828125 HTTP/1.0" 403 228 "-" "WordPress/6.9; https://www.kamille.us"
157.245.204.205 - - [22/Dec/2025:05:56:48 -0500] "GET /swagger/v1/swagger.json HTTP/1.0" 301 - "-" "Mozilla/5.0 (l9scan/2.0.1383e2234323e2133323e2337313; +https://leakix.net)"
173.231.242.79 - - [22/Dec/2025:05:56:50 -0500] "POST /wp-cron.php?doing_wp_cron=1766401010.5648069381713867187500 HTTP/1.0" 403 228 "-" "WordPress/6.9; https://www.kamille.us"
157.245.204.205 - - [22/Dec/2025:05:56:50 -0500] "GET /v2/api-docs HTTP/1.0" 301 - "-" "Mozilla/5.0 (l9scan/2.0.1383e2234323e2133323e2337313; +https://leakix.net)"
157.245.204.205 - - [22/Dec/2025:05:56:51 -0500] "GET /v3/api-docs HTTP/1.0" 301 - "-" "Mozilla/5.0 (l9scan/2.0.1383e2234323e2133323e2337313; +https://leakix.net)"
173.231.242.79 - - [22/Dec/2025:05:56:53 -0500] "POST /wp-cron.php?doing_wp_cron=1766401013.4154860973358154296875 HTTP/1.0" 403 228 "-" "WordPress/6.9; https://www.kamille.us"
157.245.204.205 - - [22/Dec/2025:05:56:53 -0500] "GET /api-docs/swagger.json HTTP/1.0" 301 - "-" "Mozilla/5.0 (l9scan/2.0.1383e2234323e2133323e2337313; +https://leakix.net)"
157.245.204.205 - - [22/Dec/2025:05:56:54 -0500] "GET /api/swagger.json HTTP/1.0" 301 - "-" "Mozilla/5.0 (l9scan/2.0.1383e2234323e2133323e2337313; +https://leakix.net)"
157.245.204.205 - - [22/Dec/2025:05:56:55 -0500] "GET /@vite/env HTTP/1.0" 301 - "-" "Mozilla/5.0 (l9scan/2.0.1383e2234323e2133323e2337313; +https://leakix.net)"
173.231.242.79 - - [22/Dec/2025:05:56:57 -0500] "POST /wp-cron.php?doing_wp_cron=1766401017.5386960506439208984375 HTTP/1.0" 403 228 "-" "WordPress/6.9; https://www.kamille.us"
157.245.204.205 - - [22/Dec/2025:05:56:57 -0500] "GET /actuator/env HTTP/1.0" 301 - "-" "Mozilla/5.0 (l9scan/2.0.1383e2234323e2133323e2337313; +https://leakix.net)"
157.245.204.205 - - [22/Dec/2025:05:56:58 -0500] "GET /server HTTP/1.0" 301 - "-" "Mozilla/5.0 (l9scan/2.0.1383e2234323e2133323e2337313; +https://leakix.net)"
173.231.242.79 - - [22/Dec/2025:05:57:01 -0500] "POST /wp-cron.php?doing_wp_cron=1766401021.8332679271697998046875 HTTP/1.0" 403 228 "-" "WordPress/6.9; https://www.kamille.us"
157.245.204.205 - - [22/Dec/2025:05:57:01 -0500] "GET /.vscode/sftp.json HTTP/1.0" 301 - "-" "Mozilla/5.0 (l9scan/2.0.1383e2234323e2133323e2337313; +https://leakix.net)"
157.245.204.205 - - [22/Dec/2025:05:57:03 -0500] "GET /about HTTP/1.0" 301 - "-" "Mozilla/5.0 (l9scan/2.0.1383e2234323e2133323e2337313; +https://leakix.net)"
173.231.242.79 - - [22/Dec/2025:05:57:05 -0500] "POST /wp-cron.php?doing_wp_cron=1766401025.5364611148834228515625 HTTP/1.0" 403 228 "-" "WordPress/6.9; https://www.kamille.us"
157.245.204.205 - - [22/Dec/2025:05:57:05 -0500] "GET /debug/default/view?panel=config HTTP/1.0" 301 - "-" "Mozilla/5.0 (l9scan/2.0.1383e2234323e2133323e2337313; +https://leakix.net)"
157.245.204.205 - - [22/Dec/2025:05:57:07 -0500] "GET /v2/_catalog HTTP/1.0" 301 - "-" "Mozilla/5.0 (l9scan/2.0.1383e2234323e2133323e2337313; +https://leakix.net)"
173.231.242.79 - - [22/Dec/2025:05:57:11 -0500] "POST /wp-cron.php?doing_wp_cron=1766401031.3770499229431152343750 HTTP/1.0" 403 228 "-" "WordPress/6.9; https://www.kamille.us"
157.245.204.205 - - [22/Dec/2025:05:57:08 -0500] "GET /ecp/Current/exporttool/microsoft.exchange.ediscovery.exporttool.application HTTP/1.0" 301 - "-" "Mozilla/5.0 (l9scan/2.0.1383e2234323e2133323e2337313; +https://leakix.net)"
157.245.204.205 - - [22/Dec/2025:05:57:11 -0500] "GET /server-status HTTP/1.0" 403 228 "-" "Mozilla/5.0 (l9scan/2.0.1383e2234323e2133323e2337313; +https://leakix.net)"
157.245.204.205 - - [22/Dec/2025:05:57:12 -0500] "GET /login.action HTTP/1.0" 301 - "-" "Mozilla/5.0 (l9scan/2.0.1383e2234323e2133323e2337313; +https://leakix.net)"
173.231.242.79 - - [22/Dec/2025:05:57:14 -0500] "POST /wp-cron.php?doing_wp_cron=1766401034.0653889179229736328125 HTTP/1.0" 403 228 "-" "WordPress/6.9; https://www.kamille.us"
157.245.204.205 - - [22/Dec/2025:05:57:13 -0500] "GET /_all_dbs HTTP/1.0" 301 - "-" "Mozilla/5.0 (l9scan/2.0.1383e2234323e2133323e2337313; +https://leakix.net)"
157.245.204.205 - - [22/Dec/2025:05:57:15 -0500] "GET /.DS_Store HTTP/1.0" 301 - "-" "Mozilla/5.0 (l9scan/2.0.1383e2234323e2133323e2337313; +https://leakix.net)"
157.245.204.205 - - [22/Dec/2025:05:57:16 -0500] "GET /.env HTTP/1.0" 301 - "-" "Mozilla/5.0 (l9scan/2.0.1383e2234323e2133323e2337313; +https://leakix.net)"
173.231.242.79 - - [22/Dec/2025:05:57:19 -0500] "POST /wp-cron.php?doing_wp_cron=1766401039.4859099388122558593750 HTTP/1.0" 403 228 "-" "WordPress/6.9; https://www.kamille.us"
157.245.204.205 - - [22/Dec/2025:05:57:19 -0500] "GET /.git/config HTTP/1.0" 301 - "-" "Mozilla/5.0 (l9scan/2.0.1383e2234323e2133323e2337313; +https://leakix.net)"
157.245.204.205 - - [22/Dec/2025:05:57:20 -0500] "GET /s/1383e2234323e2133323e2337313/_/;/META-INF/maven/com.atlassian.jira/jira-webapp-dist/pom.properties HTTP/1.0" 301 - "-" "Mozilla/5.0 (l9scan/2.0.1383e2234323e2133323e2337313; +https://leakix.net)"
173.231.242.79 - - [22/Dec/2025:05:57:22 -0500] "POST /wp-cron.php?doing_wp_cron=1766401042.1313788890838623046875 HTTP/1.0" 403 228 "-" "WordPress/6.9; https://www.kamille.us"
157.245.204.205 - - [22/Dec/2025:05:57:21 -0500] "GET /config.json HTTP/1.0" 301 - "-" "Mozilla/5.0 (l9scan/2.0.1383e2234323e2133323e2337313; +https://leakix.net)"
157.245.204.205 - - [22/Dec/2025:05:57:23 -0500] "GET /telescope/requests HTTP/1.0" 301 - "-" "Mozilla/5.0 (l9scan/2.0.1383e2234323e2133323e2337313; +https://leakix.net)"
157.245.204.205 - - [22/Dec/2025:05:57:27 -0500] "GET /info.php HTTP/1.0" 403 228 "-" "Mozilla/5.0 (l9scan/2.0.1383e2234323e2133323e2337313; +https://leakix.net)"
173.231.242.79 - - [22/Dec/2025:05:57:29 -0500] "POST /wp-cron.php?doing_wp_cron=1766401049.4114570617675781250000 HTTP/1.0" 403 228 "-" "WordPress/6.9; https://www.kamille.us"
157.245.204.205 - - [22/Dec/2025:05:57:28 -0500] "GET /?rest_route=/wp/v2/users/ HTTP/1.0" 200 3059 "-" "Mozilla/5.0 (l9scan/2.0.1383e2234323e2133323e2337313; +https://leakix.net)"
74.7.242.57 - - [22/Dec/2025:05:57:38 -0500] "GET /ant.php?gz=L2hvbWUvemV1c3hwNS9tb25nZXJsb2dpc3RpY3MuY29t HTTP/1.0" 403 228 "-" "Mozilla/5.0 AppleWebKit/537.36 (KHTML, like Gecko; compatible; GPTBot/1.3; +https://openai.com/gptbot)"
74.7.242.57 - - [22/Dec/2025:05:58:01 -0500] "GET /ant.php?zip=L2hvbWUvemV1c3hwNS9tb25nZXJsb2dpc3RpY3MuY29t HTTP/1.0" 403 228 "-" "Mozilla/5.0 AppleWebKit/537.36 (KHTML, like Gecko; compatible; GPTBot/1.3; +https://openai.com/gptbot)"
74.7.242.57 - - [22/Dec/2025:05:58:58 -0500] "GET /ant.php?gz=L2hvbWUvemV1c3hwNS9tamhvdXN0b250cmFuc3BvcnQuY29t HTTP/1.0" 403 228 "-" "Mozilla/5.0 AppleWebKit/537.36 (KHTML, like Gecko; compatible; GPTBot/1.3; +https://openai.com/gptbot)"
74.7.242.57 - - [22/Dec/2025:05:59:34 -0500] "GET /ant.php?fm=true&path=/home/zeusxp5/&rights=.hhta HTTP/1.0" 403 228 "-" "Mozilla/5.0 AppleWebKit/537.36 (KHTML, like Gecko; compatible; GPTBot/1.3; +https://openai.com/gptbot)"
173.231.242.79 - - [22/Dec/2025:06:00:22 -0500] "POST /wp-cron.php?doing_wp_cron=1766401221.9744470119476318359375 HTTP/1.0" 403 228 "-" "WordPress/6.9; https://www.kamille.us"
173.231.242.79 - - [22/Dec/2025:06:00:22 -0500] "POST /wp-cron.php?doing_wp_cron=1766401222.0300009250640869140625 HTTP/1.0" 403 228 "-" "WordPress/6.9; https://www.kamille.us"
74.7.242.57 - - [22/Dec/2025:06:00:18 -0500] "GET /%22https:/zeligwear.com/wp-admin/admin.php?page=wc-settings&section=woocommerce_com\\%22&tab=advanced HTTP/1.0" 301 - "-" "Mozilla/5.0 AppleWebKit/537.36 (KHTML, like Gecko; compatible; GPTBot/1.3; +https://openai.com/gptbot)"
173.231.242.79 - - [22/Dec/2025:06:01:39 -0500] "POST /wp-cron.php?doing_wp_cron=1766401299.2999300956726074218750 HTTP/1.0" 403 228 "-" "WordPress/6.9; https://www.kamille.us"
173.231.242.79 - - [22/Dec/2025:06:01:39 -0500] "POST /wp-cron.php?doing_wp_cron=1766401299.8156020641326904296875 HTTP/1.0" 403 228 "-" "WordPress/6.9; https://www.kamille.us"
74.7.243.238 - - [22/Dec/2025:06:01:36 -0500] "GET /%22https:/zeligwear.com/wp-admin/admin.php?page=wc-settings&section=woocommerce_com%22&tab=advanced HTTP/1.0" 404 198362 "-" "Mozilla/5.0 AppleWebKit/537.36 (KHTML, like Gecko; compatible; GPTBot/1.3; +https://openai.com/gptbot)"
74.7.242.57 - - [22/Dec/2025:06:02:37 -0500] "GET /ant.php?fm=true&path=/home/zeusxp5/zenoxpressalongside.net/&rights=.wp-cli.tar.gz HTTP/1.0" 403 228 "-" "Mozilla/5.0 AppleWebKit/537.36 (KHTML, like Gecko; compatible; GPTBot/1.3; +https://openai.com/gptbot)"
74.7.242.57 - - [22/Dec/2025:06:02:45 -0500] "GET /ant.php?gzfile=L2hvbWUvemV1c3hwNS96ZW5veHByZXNzYWxvbmdzaWRlLm5ldC9lbi93cC1hY3RpdmF0ZS5waHA= HTTP/1.0" 403 228 "-" "Mozilla/5.0 AppleWebKit/537.36 (KHTML, like Gecko; compatible; GPTBot/1.3; +https://openai.com/gptbot)"
74.7.242.57 - - [22/Dec/2025:06:03:19 -0500] "GET /ant.php?gzfile=L2hvbWUvemV1c3hwNS96ZW5veHByZXNzYWxvbmdzaWRlLm5ldC9lbi93cC1zZXR0aW5ncy5waHA= HTTP/1.0" 403 228 "-" "Mozilla/5.0 AppleWebKit/537.36 (KHTML, like Gecko; compatible; GPTBot/1.3; +https://openai.com/gptbot)"
74.7.242.57 - - [22/Dec/2025:06:04:04 -0500] "GET /ant.php?gzfile=L2hvbWUvemV1c3hwNS96ZW5veHByZXNzYWxvbmdzaWRlLm5ldC9lbi93cC1jb25maWctc2FtcGxlLnBocA== HTTP/1.0" 403 228 "-" "Mozilla/5.0 AppleWebKit/537.36 (KHTML, like Gecko; compatible; GPTBot/1.3; +https://openai.com/gptbot)"
74.7.242.57 - - [22/Dec/2025:06:04:41 -0500] "GET /ant.php?gz=L2hvbWUvemV1c3hwNS9qb2JzLmthbWlsbGVpbmMuY29t HTTP/1.0" 403 228 "-" "Mozilla/5.0 AppleWebKit/537.36 (KHTML, like Gecko; compatible; GPTBot/1.3; +https://openai.com/gptbot)"
74.7.242.57 - - [22/Dec/2025:06:05:22 -0500] "GET /ant.php?gz=L2hvbWUvemV1c3hwNS96ZW5veHByZXNzYWxvbmdzaWRlLm5ldC9lbi9jb3Jwb3JhdGU= HTTP/1.0" 403 228 "-" "Mozilla/5.0 AppleWebKit/537.36 (KHTML, like Gecko; compatible; GPTBot/1.3; +https://openai.com/gptbot)"
74.7.242.57 - - [22/Dec/2025:06:06:05 -0500] "GET /ant.php?fm=true&path=/home/zeusxp5/zenoxpressalongside.net/&rename=wp-content HTTP/1.0" 403 228 "-" "Mozilla/5.0 AppleWebKit/537.36 (KHTML, like Gecko; compatible; GPTBot/1.3; +https://openai.com/gptbot)"
74.7.242.57 - - [22/Dec/2025:06:07:29 -0500] "GET /ant.php?fm=true&path=/home/zeusxp5/zenoxpressalongside.net/&rename=wp-settings.php HTTP/1.0" 403 228 "-" "Mozilla/5.0 AppleWebKit/537.36 (KHTML, like Gecko; compatible; GPTBot/1.3; +https://openai.com/gptbot)"
74.7.242.57 - - [22/Dec/2025:06:07:32 -0500] "GET /ant.php?fm=true&path=/home/zeusxp5/zenoxpressalongside.net/&rights=wp-settings.php HTTP/1.0" 403 228 "-" "Mozilla/5.0 AppleWebKit/537.36 (KHTML, like Gecko; compatible; GPTBot/1.3; +https://openai.com/gptbot)"
74.7.242.57 - - [22/Dec/2025:06:08:56 -0500] "GET /ant.php?fm=true&path=/home/zeusxp5/zenoxpressalongside.net/en/&rename=wp-cron.php HTTP/1.0" 403 228 "-" "Mozilla/5.0 AppleWebKit/537.36 (KHTML, like Gecko; compatible; GPTBot/1.3; +https://openai.com/gptbot)"
74.7.242.57 - - [22/Dec/2025:06:09:00 -0500] "GET /ant.php?fm=true&path=/home/zeusxp5/zenoxpressalongside.net/en/&rename=wp-mail.php HTTP/1.0" 403 228 "-" "Mozilla/5.0 AppleWebKit/537.36 (KHTML, like Gecko; compatible; GPTBot/1.3; +https://openai.com/gptbot)"
74.7.242.57 - - [22/Dec/2025:06:11:32 -0500] "GET /ant.php?fm=true&path=/home/zeusxp5/zenoxpressalongside.net/en/&rename=wp-load.php HTTP/1.0" 403 228 "-" "Mozilla/5.0 AppleWebKit/537.36 (KHTML, like Gecko; compatible; GPTBot/1.3; +https://openai.com/gptbot)"
74.7.242.57 - - [22/Dec/2025:06:11:41 -0500] "GET /ant.php?gz=L2hvbWUvemV1c3hwNS9rYW1pbGxlLnVzL3dwLWFkbWlu HTTP/1.0" 403 228 "-" "Mozilla/5.0 AppleWebKit/537.36 (KHTML, like Gecko; compatible; GPTBot/1.3; +https://openai.com/gptbot)"
74.7.242.57 - - [22/Dec/2025:06:12:56 -0500] "GET /ant.php?fm=true&path=/home/zeusxp5/&rights=.spamassassin HTTP/1.0" 403 228 "-" "Mozilla/5.0 AppleWebKit/537.36 (KHTML, like Gecko; compatible; GPTBot/1.3; +https://openai.com/gptbot)"
74.7.242.57 - - [22/Dec/2025:06:13:00 -0500] "GET /ant.php?fm=true&path=/home/zeusxp5/zenoxpressalongside.net/en/wp-content HTTP/1.0" 403 228 "-" "Mozilla/5.0 AppleWebKit/537.36 (KHTML, like Gecko; compatible; GPTBot/1.3; +https://openai.com/gptbot)"
74.7.242.57 - - [22/Dec/2025:06:13:40 -0500] "GET /ant.php?fm=true&path=/home/zeusxp5/zenoxpressalongside.net/&rights=wp-content HTTP/1.0" 403 228 "-" "Mozilla/5.0 AppleWebKit/537.36 (KHTML, like Gecko; compatible; GPTBot/1.3; +https://openai.com/gptbot)"
173.231.242.79 - - [22/Dec/2025:06:13:53 -0500] "POST /wp-cron.php?doing_wp_cron=1766402033.7207570075988769531250 HTTP/1.0" 403 228 "-" "WordPress/6.9; https://www.kamille.us"
173.231.242.79 - - [22/Dec/2025:06:13:54 -0500] "POST /wp-cron.php?doing_wp_cron=1766402034.0668399333953857421875 HTTP/1.0" 403 228 "-" "WordPress/6.9; https://www.kamille.us"
37.27.51.131 - - [22/Dec/2025:06:13:51 -0500] "GET /210418/Canvas-Low-Trainers HTTP/1.0" 404 198274 "-" "Mozilla/5.0 (compatible; SERankingBacklinksBot/1.0; +https://seranking.com/backlinks-crawler)"
173.231.242.79 - - [22/Dec/2025:06:13:58 -0500] "POST /wp-cron.php?doing_wp_cron=1766402038.6055810451507568359375 HTTP/1.0" 403 228 "-" "WordPress/6.9; https://www.kamille.us"
37.27.51.131 - - [22/Dec/2025:06:13:57 -0500] "GET /779864/Chromag-Basis-Grips HTTP/1.0" 404 198274 "-" "Mozilla/5.0 (compatible; SERankingBacklinksBot/1.0; +https://seranking.com/backlinks-crawler)"
173.231.242.79 - - [22/Dec/2025:06:14:02 -0500] "POST /wp-cron.php?doing_wp_cron=1766402042.8431301116943359375000 HTTP/1.0" 403 228 "-" "WordPress/6.9; https://www.kamille.us"
37.27.51.131 - - [22/Dec/2025:06:14:02 -0500] "GET /218097/Decal-Cherry-Flower HTTP/1.0" 404 198274 "-" "Mozilla/5.0 (compatible; SERankingBacklinksBot/1.0; +https://seranking.com/backlinks-crawler)"
173.231.242.79 - - [22/Dec/2025:06:14:17 -0500] "POST /wp-cron.php?doing_wp_cron=1766402057.9368460178375244140625 HTTP/1.0" 403 228 "-" "WordPress/6.9; https://www.kamille.us"
37.27.51.131 - - [22/Dec/2025:06:14:16 -0500] "GET /814393/SNK-Best-Collection HTTP/1.0" 404 198274 "-" "Mozilla/5.0 (compatible; SERankingBacklinksBot/1.0; +https://seranking.com/backlinks-crawler)"
74.7.242.57 - - [22/Dec/2025:06:14:20 -0500] "GET /ant.php?fm=true&path=/home/zeusxp5/agentbolaylabel.net/&rename=class-wp-application-passwords.php.tar HTTP/1.0" 403 228 "-" "Mozilla/5.0 AppleWebKit/537.36 (KHTML, like Gecko; compatible; GPTBot/1.3; +https://openai.com/gptbot)"
173.231.242.79 - - [22/Dec/2025:06:14:22 -0500] "POST /wp-cron.php?doing_wp_cron=1766402062.5381441116333007812500 HTTP/1.0" 403 228 "-" "WordPress/6.9; https://www.kamille.us"
37.27.51.131 - - [22/Dec/2025:06:14:21 -0500] "GET /225237/GT-R-R34-1-24-Scale HTTP/1.0" 404 198274 "-" "Mozilla/5.0 (compatible; SERankingBacklinksBot/1.0; +https://seranking.com/backlinks-crawler)"
173.231.242.79 - - [22/Dec/2025:06:14:26 -0500] "POST /wp-cron.php?doing_wp_cron=1766402066.7479739189147949218750 HTTP/1.0" 403 228 "-" "WordPress/6.9; https://www.kamille.us"
37.27.51.131 - - [22/Dec/2025:06:14:26 -0500] "GET /814695/The-Pickles-T-Shirt HTTP/1.0" 404 198274 "-" "Mozilla/5.0 (compatible; SERankingBacklinksBot/1.0; +https://seranking.com/backlinks-crawler)"
173.231.242.79 - - [22/Dec/2025:06:14:31 -0500] "POST /wp-cron.php?doing_wp_cron=1766402071.8373980522155761718750 HTTP/1.0" 403 228 "-" "WordPress/6.9; https://www.kamille.us"
37.27.51.131 - - [22/Dec/2025:06:14:30 -0500] "GET /232995/Big-Brother-Sticker HTTP/1.0" 404 198274 "-" "Mozilla/5.0 (compatible; SERankingBacklinksBot/1.0; +https://seranking.com/backlinks-crawler)"
173.231.242.79 - - [22/Dec/2025:06:14:41 -0500] "POST /wp-cron.php?doing_wp_cron=1766402081.1255071163177490234375 HTTP/1.0" 403 228 "-" "WordPress/6.9; https://www.kamille.us"
37.27.51.131 - - [22/Dec/2025:06:14:39 -0500] "GET /817803/Hankook-Dynapro-HPX HTTP/1.0" 404 198274 "-" "Mozilla/5.0 (compatible; SERankingBacklinksBot/1.0; +https://seranking.com/backlinks-crawler)"
173.231.242.79 - - [22/Dec/2025:06:14:46 -0500] "POST /wp-cron.php?doing_wp_cron=1766402086.2769939899444580078125 HTTP/1.0" 403 228 "-" "WordPress/6.9; https://www.kamille.us"
37.27.51.131 - - [22/Dec/2025:06:14:45 -0500] "GET /235259/Film-Directors-Hats HTTP/1.0" 404 198274 "-" "Mozilla/5.0 (compatible; SERankingBacklinksBot/1.0; +https://seranking.com/backlinks-crawler)"
173.231.242.79 - - [22/Dec/2025:06:14:50 -0500] "POST /wp-cron.php?doing_wp_cron=1766402090.9327969551086425781250 HTTP/1.0" 403 228 "-" "WordPress/6.9; https://www.kamille.us"
37.27.51.131 - - [22/Dec/2025:06:14:50 -0500] "GET /823569/Pool-2185-Home-Arts HTTP/1.0" 404 198274 "-" "Mozilla/5.0 (compatible; SERankingBacklinksBot/1.0; +https://seranking.com/backlinks-crawler)"
173.231.242.79 - - [22/Dec/2025:06:14:55 -0500] "POST /wp-cron.php?doing_wp_cron=1766402095.7070250511169433593750 HTTP/1.0" 403 228 "-" "WordPress/6.9; https://www.kamille.us"
173.231.242.79 - - [22/Dec/2025:06:14:55 -0500] "POST /wp-cron.php?doing_wp_cron=1766402095.8527050018310546875000 HTTP/1.0" 403 228 "-" "WordPress/6.9; https://www.kamille.us"
37.27.51.131 - - [22/Dec/2025:06:14:55 -0500] "GET /247533/Opossum-Sticky-Note HTTP/1.0" 404 198274 "-" "Mozilla/5.0 (compatible; SERankingBacklinksBot/1.0; +https://seranking.com/backlinks-crawler)"
173.231.242.79 - - [22/Dec/2025:06:14:59 -0500] "POST /wp-cron.php?doing_wp_cron=1766402099.9571158885955810546875 HTTP/1.0" 403 228 "-" "WordPress/6.9; https://www.kamille.us"
37.27.51.131 - - [22/Dec/2025:06:14:59 -0500] "GET /834475/Soursop-Leaf-Powder HTTP/1.0" 404 198274 "-" "Mozilla/5.0 (compatible; SERankingBacklinksBot/1.0; +https://seranking.com/backlinks-crawler)"
173.231.242.79 - - [22/Dec/2025:06:15:04 -0500] "POST /wp-cron.php?doing_wp_cron=1766402104.3110001087188720703125 HTTP/1.0" 403 228 "-" "WordPress/6.9; https://www.kamille.us"
37.27.51.131 - - [22/Dec/2025:06:15:03 -0500] "GET /255964/Dowdle-Cannon-Beach HTTP/1.0" 404 198274 "-" "Mozilla/5.0 (compatible; SERankingBacklinksBot/1.0; +https://seranking.com/backlinks-crawler)"
173.231.242.79 - - [22/Dec/2025:06:15:08 -0500] "POST /wp-cron.php?doing_wp_cron=1766402108.9067249298095703125000 HTTP/1.0" 403 228 "-" "WordPress/6.9; https://www.kamille.us"
37.27.51.131 - - [22/Dec/2025:06:15:08 -0500] "GET /844550/Crispy-Bitter-Gourd HTTP/1.0" 404 198274 "-" "Mozilla/5.0 (compatible; SERankingBacklinksBot/1.0; +https://seranking.com/backlinks-crawler)"
173.231.242.79 - - [22/Dec/2025:06:15:13 -0500] "POST /wp-cron.php?doing_wp_cron=1766402112.9900660514831542968750 HTTP/1.0" 403 228 "-" "WordPress/6.9; https://www.kamille.us"
37.27.51.131 - - [22/Dec/2025:06:15:12 -0500] "GET /256090/55B1H00-3-Pack-High HTTP/1.0" 404 198274 "-" "Mozilla/5.0 (compatible; SERankingBacklinksBot/1.0; +https://seranking.com/backlinks-crawler)"
173.231.242.79 - - [22/Dec/2025:06:15:17 -0500] "POST /wp-cron.php?doing_wp_cron=1766402117.5387239456176757812500 HTTP/1.0" 403 228 "-" "WordPress/6.9; https://www.kamille.us"
37.27.51.131 - - [22/Dec/2025:06:15:16 -0500] "GET /897715/Automatic-Sharpener HTTP/1.0" 404 198274 "-" "Mozilla/5.0 (compatible; SERankingBacklinksBot/1.0; +https://seranking.com/backlinks-crawler)"
173.231.242.79 - - [22/Dec/2025:06:15:22 -0500] "POST /wp-cron.php?doing_wp_cron=1766402122.7649760246276855468750 HTTP/1.0" 403 228 "-" "WordPress/6.9; https://www.kamille.us"
74.7.242.57 - - [22/Dec/2025:06:15:22 -0500] "GET /ant.php?download=L2hvbWUvemV1c3hwNS9rYW1pbGxlLnVzL3htbHJwYy5waHAudGFy HTTP/1.0" 403 228 "-" "Mozilla/5.0 AppleWebKit/537.36 (KHTML, like Gecko; compatible; GPTBot/1.3; +https://openai.com/gptbot)"
37.27.51.131 - - [22/Dec/2025:06:15:21 -0500] "GET /326167/Are-Precious-To-God HTTP/1.0" 404 198274 "-" "Mozilla/5.0 (compatible; SERankingBacklinksBot/1.0; +https://seranking.com/backlinks-crawler)"
173.231.242.79 - - [22/Dec/2025:06:15:27 -0500] "POST /wp-cron.php?doing_wp_cron=1766402127.2022271156311035156250 HTTP/1.0" 403 228 "-" "WordPress/6.9; https://www.kamille.us"
37.27.51.131 - - [22/Dec/2025:06:15:26 -0500] "GET /930101/For-Canon-NB-3L-And HTTP/1.0" 404 198274 "-" "Mozilla/5.0 (compatible; SERankingBacklinksBot/1.0; +https://seranking.com/backlinks-crawler)"
173.231.242.79 - - [22/Dec/2025:06:15:31 -0500] "POST /wp-cron.php?doing_wp_cron=1766402131.5334119796752929687500 HTTP/1.0" 403 228 "-" "WordPress/6.9; https://www.kamille.us"
37.27.51.131 - - [22/Dec/2025:06:15:31 -0500] "GET /347466/XT60-Connector-Male HTTP/1.0" 404 198274 "-" "Mozilla/5.0 (compatible; SERankingBacklinksBot/1.0; +https://seranking.com/backlinks-crawler)"
37.27.51.131 - - [22/Dec/2025:06:15:35 -0500] "GET /932689/PRO-ROLLER-Standard HTTP/1.0" 404 198274 "-" "Mozilla/5.0 (compatible; SERankingBacklinksBot/1.0; +https://seranking.com/backlinks-crawler)"
74.7.242.57 - - [22/Dec/2025:06:16:01 -0500] "GET /ant.php?zip=L2hvbWUvemV1c3hwNS9hZ2VudGJvbGF5bGFiZWwubmV0Ly53ZWxsLWtub3du HTTP/1.0" 403 228 "-" "Mozilla/5.0 AppleWebKit/537.36 (KHTML, like Gecko; compatible; GPTBot/1.3; +https://openai.com/gptbot)"
173.231.242.79 - - [22/Dec/2025:06:16:06 -0500] "POST /wp-cron.php?doing_wp_cron=1766402166.3586740493774414062500 HTTP/1.0" 403 228 "-" "WordPress/6.9; https://www.kamille.us"
37.27.51.131 - - [22/Dec/2025:06:16:04 -0500] "GET /349171/Turkey-Rubber-Stamp HTTP/1.0" 404 198274 "-" "Mozilla/5.0 (compatible; SERankingBacklinksBot/1.0; +https://seranking.com/backlinks-crawler)"
37.27.51.131 - - [22/Dec/2025:06:16:10 -0500] "GET /952369/Old-Baseball-Gloves HTTP/1.0" 404 198274 "-" "Mozilla/5.0 (compatible; SERankingBacklinksBot/1.0; +https://seranking.com/backlinks-crawler)"
37.27.51.131 - - [22/Dec/2025:06:16:14 -0500] "GET /351458/CS-Z-BRACKET-SILVER HTTP/1.0" 404 198274 "-" "Mozilla/5.0 (compatible; SERankingBacklinksBot/1.0; +https://seranking.com/backlinks-crawler)"
37.27.51.131 - - [22/Dec/2025:06:16:18 -0500] "GET /956822/Sugar-N-Spice-Cakes HTTP/1.0" 404 198274 "-" "Mozilla/5.0 (compatible; SERankingBacklinksBot/1.0; +https://seranking.com/backlinks-crawler)"
37.27.51.131 - - [22/Dec/2025:06:16:22 -0500] "GET /359355/Performance-Dry-Fit HTTP/1.0" 404 198274 "-" "Mozilla/5.0 (compatible; SERankingBacklinksBot/1.0; +https://seranking.com/backlinks-crawler)"
37.27.51.131 - - [22/Dec/2025:06:16:26 -0500] "GET /973943/Cable-The-Bike-Shop HTTP/1.0" 404 198274 "-" "Mozilla/5.0 (compatible; SERankingBacklinksBot/1.0; +https://seranking.com/backlinks-crawler)"
37.27.51.131 - - [22/Dec/2025:06:16:30 -0500] "GET /367393/USS-Edson-Wikipedia HTTP/1.0" 404 198274 "-" "Mozilla/5.0 (compatible; SERankingBacklinksBot/1.0; +https://seranking.com/backlinks-crawler)"
37.27.51.131 - - [22/Dec/2025:06:16:34 -0500] "GET /984518/Car-Springs-Ekollon HTTP/1.0" 404 198274 "-" "Mozilla/5.0 (compatible; SERankingBacklinksBot/1.0; +https://seranking.com/backlinks-crawler)"
37.27.51.131 - - [22/Dec/2025:06:16:38 -0500] "GET /371549/Cessna-Window-Decal HTTP/1.0" 404 198274 "-" "Mozilla/5.0 (compatible; SERankingBacklinksBot/1.0; +https://seranking.com/backlinks-crawler)"
37.27.51.131 - - [22/Dec/2025:06:16:47 -0500] "GET /371646/Shane-Kenny-Gallery HTTP/1.0" 404 198274 "-" "Mozilla/5.0 (compatible; SERankingBacklinksBot/1.0; +https://seranking.com/backlinks-crawler)"
37.27.51.131 - - [22/Dec/2025:06:16:52 -0500] "GET /373228/With-12-quot-Plates HTTP/1.0" 404 198274 "-" "Mozilla/5.0 (compatible; SERankingBacklinksBot/1.0; +https://seranking.com/backlinks-crawler)"
74.7.242.57 - - [22/Dec/2025:06:16:56 -0500] "GET /ant.php?gz=L2hvbWUvemV1c3hwNS9hZ2VudGJvbGF5bGFiZWwubmV0Ly53ZWxsLWtub3du HTTP/1.0" 403 228 "-" "Mozilla/5.0 AppleWebKit/537.36 (KHTML, like Gecko; compatible; GPTBot/1.3; +https://openai.com/gptbot)"
37.27.51.131 - - [22/Dec/2025:06:16:57 -0500] "GET /395740/Zathura-PlayStation HTTP/1.0" 404 198274 "-" "Mozilla/5.0 (compatible; SERankingBacklinksBot/1.0; +https://seranking.com/backlinks-crawler)"
37.27.51.131 - - [22/Dec/2025:06:17:02 -0500] "GET /409949/Walking-Dead-Mug-UK HTTP/1.0" 404 198274 "-" "Mozilla/5.0 (compatible; SERankingBacklinksBot/1.0; +https://seranking.com/backlinks-crawler)"
173.231.242.79 - - [22/Dec/2025:06:17:12 -0500] "POST /wp-cron.php?doing_wp_cron=1766402231.9760100841522216796875 HTTP/1.0" 403 228 "-" "WordPress/6.9; https://www.kamille.us"
37.27.51.131 - - [22/Dec/2025:06:17:10 -0500] "GET /422355/Diadora-Cleats-Page HTTP/1.0" 404 198274 "-" "Mozilla/5.0 (compatible; SERankingBacklinksBot/1.0; +https://seranking.com/backlinks-crawler)"
37.27.51.131 - - [22/Dec/2025:06:17:17 -0500] "GET /426927/Myra-Fluke-Tote-Bag HTTP/1.0" 404 198274 "-" "Mozilla/5.0 (compatible; SERankingBacklinksBot/1.0; +https://seranking.com/backlinks-crawler)"
37.27.51.131 - - [22/Dec/2025:06:17:24 -0500] "GET /442667/100-Pc-Balloons-And HTTP/1.0" 404 198274 "-" "Mozilla/5.0 (compatible; SERankingBacklinksBot/1.0; +https://seranking.com/backlinks-crawler)"
37.27.51.131 - - [22/Dec/2025:06:17:28 -0500] "GET /520293/Novelty-Candy-Label HTTP/1.0" 404 198274 "-" "Mozilla/5.0 (compatible; SERankingBacklinksBot/1.0; +https://seranking.com/backlinks-crawler)"
37.27.51.131 - - [22/Dec/2025:06:17:33 -0500] "GET /539775/Size-312-12pk-Brown HTTP/1.0" 404 198274 "-" "Mozilla/5.0 (compatible; SERankingBacklinksBot/1.0; +https://seranking.com/backlinks-crawler)"
37.27.51.131 - - [22/Dec/2025:06:17:38 -0500] "GET /546666/Tuff-Stuff-Products HTTP/1.0" 404 198274 "-" "Mozilla/5.0 (compatible; SERankingBacklinksBot/1.0; +https://seranking.com/backlinks-crawler)"
74.7.242.57 - - [22/Dec/2025:06:17:43 -0500] "GET /ant.php?gzfile=L2hvbWUvemV1c3hwNS96ZW5veHByZXNzYWxvbmdzaWRlLm5ldC9lbi93cC1saW5rcy1vcG1sLnBocA== HTTP/1.0" 403 228 "-" "Mozilla/5.0 AppleWebKit/537.36 (KHTML, like Gecko; compatible; GPTBot/1.3; +https://openai.com/gptbot)"
37.27.51.131 - - [22/Dec/2025:06:17:42 -0500] "GET /590718/Winter-Party-Favors HTTP/1.0" 404 198274 "-" "Mozilla/5.0 (compatible; SERankingBacklinksBot/1.0; +https://seranking.com/backlinks-crawler)"
173.231.242.79 - - [22/Dec/2025:06:18:12 -0500] "POST /wp-cron.php?doing_wp_cron=1766402292.6273920536041259765625 HTTP/1.0" 403 228 "-" "WordPress/6.9; https://www.kamille.us"
37.27.51.131 - - [22/Dec/2025:06:18:11 -0500] "GET /667784/TV-And-Movie-Costume HTTP/1.0" 404 198274 "-" "Mozilla/5.0 (compatible; SERankingBacklinksBot/1.0; +https://seranking.com/backlinks-crawler)"
74.7.242.57 - - [22/Dec/2025:06:18:46 -0500] "GET /ant.php?gzfile=L2hvbWUvemV1c3hwNS96ZW5veHByZXNzYWxvbmdzaWRlLm5ldC93cC1jb25maWctc2FtcGxlLnBocA== HTTP/1.0" 403 228 "-" "Mozilla/5.0 AppleWebKit/537.36 (KHTML, like Gecko; compatible; GPTBot/1.3; +https://openai.com/gptbot)"
74.7.242.57 - - [22/Dec/2025:06:19:02 -0500] "GET /ant.php?gzfile=L2hvbWUvemV1c3hwNS96ZW5veHByZXNzYWxvbmdzaWRlLm5ldC93cC1saW5rcy1vcG1sLnBocA== HTTP/1.0" 403 228 "-" "Mozilla/5.0 AppleWebKit/537.36 (KHTML, like Gecko; compatible; GPTBot/1.3; +https://openai.com/gptbot)"
74.7.242.57 - - [22/Dec/2025:06:20:22 -0500] "GET /ant.php?gzfile=L2hvbWUvemV1c3hwNS96ZW5veHByZXNzYWxvbmdzaWRlLm5ldC9saWNlbnNlLnR4dA== HTTP/1.0" 403 228 "-" "Mozilla/5.0 AppleWebKit/537.36 (KHTML, like Gecko; compatible; GPTBot/1.3; +https://openai.com/gptbot)"
74.7.242.57 - - [22/Dec/2025:06:22:49 -0500] "GET /ant.php?zip=L2hvbWUvemV1c3hwNS9mbGVldG1hbmFnZXIuemV1c3hwcmVzc2Fsb25nc2lkZS5jb20= HTTP/1.0" 403 228 "-" "Mozilla/5.0 AppleWebKit/537.36 (KHTML, like Gecko; compatible; GPTBot/1.3; +https://openai.com/gptbot)"
74.7.242.57 - - [22/Dec/2025:06:22:56 -0500] "GET /ant.php?fm=true&path=/home/zeusxp5/zenoxpressalongside.net/&rename=wp-mail.php HTTP/1.0" 403 228 "-" "Mozilla/5.0 AppleWebKit/537.36 (KHTML, like Gecko; compatible; GPTBot/1.3; +https://openai.com/gptbot)"
74.7.242.57 - - [22/Dec/2025:06:23:57 -0500] "GET /ant.php?fm=true&path=/home/zeusxp5/zenoxpressalongside.net/&rename=wp-load.php HTTP/1.0" 403 228 "-" "Mozilla/5.0 AppleWebKit/537.36 (KHTML, like Gecko; compatible; GPTBot/1.3; +https://openai.com/gptbot)"
74.7.242.57 - - [22/Dec/2025:06:25:08 -0500] "GET /ant.php?edit=wp-settings.php&fm=true&path=/home/zeusxp5/zenoxpressalongside.net/ HTTP/1.0" 403 228 "-" "Mozilla/5.0 AppleWebKit/537.36 (KHTML, like Gecko; compatible; GPTBot/1.3; +https://openai.com/gptbot)"
74.7.242.57 - - [22/Dec/2025:06:26:05 -0500] "GET /ant.php?zip=L2hvbWUvemV1c3hwNS96ZW5veHByZXNzcGFya2luZ2pvYnMuY29t HTTP/1.0" 403 228 "-" "Mozilla/5.0 AppleWebKit/537.36 (KHTML, like Gecko; compatible; GPTBot/1.3; +https://openai.com/gptbot)"
74.7.242.57 - - [22/Dec/2025:06:28:38 -0500] "GET /ant.php?gz=L2hvbWUvemV1c3hwNS96ZW5veHByZXNzcGFya2luZ2pvYnMuY29t HTTP/1.0" 403 228 "-" "Mozilla/5.0 AppleWebKit/537.36 (KHTML, like Gecko; compatible; GPTBot/1.3; +https://openai.com/gptbot)"
74.7.242.57 - - [22/Dec/2025:06:28:46 -0500] "GET /ant.php?fm=true&path=/home/zeusxp5/&rights=etc HTTP/1.0" 403 228 "-" "Mozilla/5.0 AppleWebKit/537.36 (KHTML, like Gecko; compatible; GPTBot/1.3; +https://openai.com/gptbot)"
74.7.242.57 - - [22/Dec/2025:06:29:43 -0500] "GET /ant.php?fm=true&path=/home/zeusxp5/zenoxpressalongside.net/&rights=wp-config.php HTTP/1.0" 403 228 "-" "Mozilla/5.0 AppleWebKit/537.36 (KHTML, like Gecko; compatible; GPTBot/1.3; +https://openai.com/gptbot)"
74.7.242.57 - - [22/Dec/2025:06:30:58 -0500] "GET /ant.php?edit=wp-activate.php&fm=true&path=/home/zeusxp5/zenoxpressalongside.net/ HTTP/1.0" 403 228 "-" "Mozilla/5.0 AppleWebKit/537.36 (KHTML, like Gecko; compatible; GPTBot/1.3; +https://openai.com/gptbot)"
74.7.242.57 - - [22/Dec/2025:06:33:17 -0500] "GET /ant.php?fm=true&path=/home/zeusxp5/zenoxpressalongside.net/&rights=wp-mail.php HTTP/1.0" 403 228 "-" "Mozilla/5.0 AppleWebKit/537.36 (KHTML, like Gecko; compatible; GPTBot/1.3; +https://openai.com/gptbot)"
74.7.242.57 - - [22/Dec/2025:06:33:23 -0500] "GET /ant.php?fm=true&path=/home/zeusxp5/zenoxpressalongside.net/&rights=wp-cron.php HTTP/1.0" 403 228 "-" "Mozilla/5.0 AppleWebKit/537.36 (KHTML, like Gecko; compatible; GPTBot/1.3; +https://openai.com/gptbot)"
74.7.242.57 - - [22/Dec/2025:06:35:44 -0500] "GET /ant.php?fm=true&path=/home/zeusxp5/zenoxpressalongside.net/&rights=wp-load.php HTTP/1.0" 403 228 "-" "Mozilla/5.0 AppleWebKit/537.36 (KHTML, like Gecko; compatible; GPTBot/1.3; +https://openai.com/gptbot)"
74.7.242.57 - - [22/Dec/2025:06:36:08 -0500] "GET /ant.php?fm=true&path=/home/zeusxp5/zenoxpressalongside.net/&rename=wp-cron.php HTTP/1.0" 403 228 "-" "Mozilla/5.0 AppleWebKit/537.36 (KHTML, like Gecko; compatible; GPTBot/1.3; +https://openai.com/gptbot)"
74.7.242.57 - - [22/Dec/2025:06:36:45 -0500] "GET /ant.php?edit=wp-config.php&fm=true&path=/home/zeusxp5/zenoxpressalongside.net/ HTTP/1.0" 403 228 "-" "Mozilla/5.0 AppleWebKit/537.36 (KHTML, like Gecko; compatible; GPTBot/1.3; +https://openai.com/gptbot)"
74.7.242.57 - - [22/Dec/2025:06:37:49 -0500] "GET /ant.php?fm=true&path=/home/zeusxp5/zenoxpressalongside.net/&rename=wp-config.php HTTP/1.0" 403 228 "-" "Mozilla/5.0 AppleWebKit/537.36 (KHTML, like Gecko; compatible; GPTBot/1.3; +https://openai.com/gptbot)"
74.7.242.57 - - [22/Dec/2025:06:39:01 -0500] "GET /ant.php?fm=true&path=/home/zeusxp5/&rename=.contactemail HTTP/1.0" 403 228 "-" "Mozilla/5.0 AppleWebKit/537.36 (KHTML, like Gecko; compatible; GPTBot/1.3; +https://openai.com/gptbot)"
173.231.242.79 - - [22/Dec/2025:06:40:09 -0500] "POST /wp-cron.php?doing_wp_cron=1766403609.5930271148681640625000 HTTP/1.0" 403 228 "-" "WordPress/6.9; https://www.kamille.us"
74.7.242.57 - - [22/Dec/2025:06:40:07 -0500] "GET /%3C?php%20echo%20esc_url(%20$site_icon_url%20);%20?%3E HTTP/1.0" 301 - "-" "Mozilla/5.0 AppleWebKit/537.36 (KHTML, like Gecko; compatible; GPTBot/1.3; +https://openai.com/gptbot)"
74.7.243.238 - - [22/Dec/2025:06:40:21 -0500] "GET /%3C?php%20echo%20esc_url(%20site_icon_url%20);%20?%3E HTTP/1.0" 404 198274 "-" "Mozilla/5.0 AppleWebKit/537.36 (KHTML, like Gecko; compatible; GPTBot/1.3; +https://openai.com/gptbot)"
74.7.242.57 - - [22/Dec/2025:06:41:04 -0500] "GET /ant.php?fm=true&path=/home/zeusxp5/zenoxpressalongside.net/en/&rename=wp-admin HTTP/1.0" 403 228 "-" "Mozilla/5.0 AppleWebKit/537.36 (KHTML, like Gecko; compatible; GPTBot/1.3; +https://openai.com/gptbot)"
74.7.242.57 - - [22/Dec/2025:06:42:00 -0500] "GET /ant.php?fm=true&path=/home/zeusxp5/zenoxpressalongside.net/en/&rights=wp-cron.php HTTP/1.0" 403 228 "-" "Mozilla/5.0 AppleWebKit/537.36 (KHTML, like Gecko; compatible; GPTBot/1.3; +https://openai.com/gptbot)"
74.7.242.57 - - [22/Dec/2025:06:43:40 -0500] "GET /ant.php?fm=true&path=/home/zeusxp5/zenoxpressalongside.net/en/&rights=wp-mail.php HTTP/1.0" 403 228 "-" "Mozilla/5.0 AppleWebKit/537.36 (KHTML, like Gecko; compatible; GPTBot/1.3; +https://openai.com/gptbot)"
74.7.242.57 - - [22/Dec/2025:06:43:47 -0500] "GET /ant.php?fm=true&path=/home/zeusxp5/zenoxpressalongside.net/en/&rights=wp-load.php HTTP/1.0" 403 228 "-" "Mozilla/5.0 AppleWebKit/537.36 (KHTML, like Gecko; compatible; GPTBot/1.3; +https://openai.com/gptbot)"
74.7.242.57 - - [22/Dec/2025:06:45:44 -0500] "GET /ant.php?fm=true&path=/home/zeusxp5/agentbolaylabel.net/&rights=class-wp-application-passwords.php.tar HTTP/1.0" 403 228 "-" "Mozilla/5.0 AppleWebKit/537.36 (KHTML, like Gecko; compatible; GPTBot/1.3; +https://openai.com/gptbot)"
74.7.242.57 - - [22/Dec/2025:06:45:53 -0500] "GET /ant.php?edit=wp-trackback.php&fm=true&path=/home/zeusxp5/zenoxpressalongside.net/ HTTP/1.0" 403 228 "-" "Mozilla/5.0 AppleWebKit/537.36 (KHTML, like Gecko; compatible; GPTBot/1.3; +https://openai.com/gptbot)"
47.128.58.177 - - [22/Dec/2025:06:46:42 -0500] "GET /robots.txt HTTP/1.0" 200 747 "-" "Mozilla/5.0 (Linux; Android 5.0) AppleWebKit/537.36 (KHTML, like Gecko) Mobile Safari/537.36 (compatible; Bytespider; spider-feedback@bytedance.com)"
74.7.242.57 - - [22/Dec/2025:06:47:01 -0500] "GET /ant.php?download=L2hvbWUvemV1c3hwNS9rYW1pbGxlLnVzL3dwLWluY2x1ZGVzLnRhci5neg== HTTP/1.0" 403 228 "-" "Mozilla/5.0 AppleWebKit/537.36 (KHTML, like Gecko; compatible; GPTBot/1.3; +https://openai.com/gptbot)"
74.7.242.57 - - [22/Dec/2025:06:48:29 -0500] "GET /ant.php?fm=true&path=/home/zeusxp5/jobs.kamilleinc.com HTTP/1.0" 403 228 "-" "Mozilla/5.0 AppleWebKit/537.36 (KHTML, like Gecko; compatible; GPTBot/1.3; +https://openai.com/gptbot)"
74.7.242.57 - - [22/Dec/2025:06:48:49 -0500] "GET /ant.php?fm=true&path=/home/zeusxp5/&rights=cache HTTP/1.0" 403 228 "-" "Mozilla/5.0 AppleWebKit/537.36 (KHTML, like Gecko; compatible; GPTBot/1.3; +https://openai.com/gptbot)"
74.7.242.57 - - [22/Dec/2025:06:50:07 -0500] "GET /ant.php?fm=true&path=/home/zeusxp5/kamille.us/shop/.. HTTP/1.0" 403 228 "-" "Mozilla/5.0 AppleWebKit/537.36 (KHTML, like Gecko; compatible; GPTBot/1.3; +https://openai.com/gptbot)"
74.7.242.57 - - [22/Dec/2025:06:51:04 -0500] "GET /ant.php?fm=true&path=/home/zeusxp5/zenoxpressalongside.net/en/&rights=wp-links-opml.php HTTP/1.0" 403 228 "-" "Mozilla/5.0 AppleWebKit/537.36 (KHTML, like Gecko; compatible; GPTBot/1.3; +https://openai.com/gptbot)"
74.7.242.57 - - [22/Dec/2025:06:52:12 -0500] "GET /ant.php?fm=true&path=/home/zeusxp5/zenoxpressalongside.net/en/&rename=wp-links-opml.php HTTP/1.0" 403 228 "-" "Mozilla/5.0 AppleWebKit/537.36 (KHTML, like Gecko; compatible; GPTBot/1.3; +https://openai.com/gptbot)"
74.7.242.57 - - [22/Dec/2025:06:52:24 -0500] "GET /ant.php?fm=true&path=/home/zeusxp5/&rights=perl5 HTTP/1.0" 403 228 "-" "Mozilla/5.0 AppleWebKit/537.36 (KHTML, like Gecko; compatible; GPTBot/1.3; +https://openai.com/gptbot)"
74.7.242.57 - - [22/Dec/2025:06:53:25 -0500] "GET /ant.php?fm=true&path=/home/zeusxp5/agentbolaylabel.net/&rename=class-wp-site-icon.php.tar HTTP/1.0" 403 228 "-" "Mozilla/5.0 AppleWebKit/537.36 (KHTML, like Gecko; compatible; GPTBot/1.3; +https://openai.com/gptbot)"
4.218.10.83 - - [22/Dec/2025:06:55:54 -0500] "GET /wp-content/plugins/hellopress/wp_filemanager.php HTTP/1.0" 406 300 "-" "-"
4.218.10.83 - - [22/Dec/2025:06:55:54 -0500] "GET /neshe HTTP/1.0" 406 300 "-" "-"
4.218.10.83 - - [22/Dec/2025:06:55:55 -0500] "GET /sx.php HTTP/1.0" 403 228 "-" "-"
4.218.10.83 - - [22/Dec/2025:06:55:55 -0500] "GET /z60.php HTTP/1.0" 403 228 "-" "-"
4.218.10.83 - - [22/Dec/2025:06:55:55 -0500] "GET /about/function.php HTTP/1.0" 406 300 "-" "-"
4.218.10.83 - - [22/Dec/2025:06:55:55 -0500] "GET /wsd.php HTTP/1.0" 403 228 "-" "-"
4.218.10.83 - - [22/Dec/2025:06:55:56 -0500] "GET /admin.php?p= HTTP/1.0" 403 228 "-" "-"
4.218.10.83 - - [22/Dec/2025:06:55:56 -0500] "GET /css.php HTTP/1.0" 403 228 "-" "-"
4.218.10.83 - - [22/Dec/2025:06:55:56 -0500] "GET /wp-content/admin.php HTTP/1.0" 403 228 "-" "-"
74.7.242.57 - - [22/Dec/2025:06:56:13 -0500] "GET /ant.php?fm=true&path=/home/zeusxp5/.spamassassin HTTP/1.0" 403 228 "-" "Mozilla/5.0 AppleWebKit/537.36 (KHTML, like Gecko; compatible; GPTBot/1.3; +https://openai.com/gptbot)"
74.7.242.57 - - [22/Dec/2025:06:56:20 -0500] "GET /ant.php?fm=true&path=/home/zeusxp5/agentbolaylabel.net/&rename=class-wp-application-passwords.php.php.tar.gz HTTP/1.0" 403 228 "-" "Mozilla/5.0 AppleWebKit/537.36 (KHTML, like Gecko; compatible; GPTBot/1.3; +https://openai.com/gptbot)"
74.7.242.57 - - [22/Dec/2025:06:57:22 -0500] "GET /ant.php?fm=true&path=/home/zeusxp5/zenoxpressalongsideusa.com HTTP/1.0" 403 228 "-" "Mozilla/5.0 AppleWebKit/537.36 (KHTML, like Gecko; compatible; GPTBot/1.3; +https://openai.com/gptbot)"
74.7.242.57 - - [22/Dec/2025:07:00:13 -0500] "GET /ant.php?edit=wp-mail.php&fm=true&path=/home/zeusxp5/zenoxpressalongside.net/en/ HTTP/1.0" 403 228 "-" "Mozilla/5.0 AppleWebKit/537.36 (KHTML, like Gecko; compatible; GPTBot/1.3; +https://openai.com/gptbot)"
74.7.242.57 - - [22/Dec/2025:07:00:54 -0500] "GET /ant.php?edit=wp-cron.php&fm=true&path=/home/zeusxp5/zenoxpressalongside.net/en/ HTTP/1.0" 403 228 "-" "Mozilla/5.0 AppleWebKit/537.36 (KHTML, like Gecko; compatible; GPTBot/1.3; +https://openai.com/gptbot)"
74.7.242.57 - - [22/Dec/2025:07:02:03 -0500] "GET /ant.php?edit=wp-load.php&fm=true&path=/home/zeusxp5/zenoxpressalongside.net/en/ HTTP/1.0" 403 228 "-" "Mozilla/5.0 AppleWebKit/537.36 (KHTML, like Gecko; compatible; GPTBot/1.3; +https://openai.com/gptbot)"
74.7.242.57 - - [22/Dec/2025:07:02:27 -0500] "GET /ant.php?fm=true&path=/home/zeusxp5/zenoxpressparkingjobs.com HTTP/1.0" 403 228 "-" "Mozilla/5.0 AppleWebKit/537.36 (KHTML, like Gecko; compatible; GPTBot/1.3; +https://openai.com/gptbot)"
198.244.240.120 - - [22/Dec/2025:07:03:11 -0500] "GET /robots.txt HTTP/1.0" 200 747 "-" "Mozilla/5.0 (compatible; AhrefsBot/7.0; +http://ahrefs.com/robot/)"
198.244.168.112 - - [22/Dec/2025:07:03:15 -0500] "GET /sitemap-11.xml HTTP/1.0" 200 321576 "-" "Mozilla/5.0 (compatible; AhrefsBot/7.0; +http://ahrefs.com/robot/)"
74.7.242.57 - - [22/Dec/2025:07:04:13 -0500] "GET /ant.php?fm=true&path=/home/zeusxp5/&rename=.htaccess- HTTP/1.0" 403 228 "-" "Mozilla/5.0 AppleWebKit/537.36 (KHTML, like Gecko; compatible; GPTBot/1.3; +https://openai.com/gptbot)"
74.7.242.57 - - [22/Dec/2025:07:06:21 -0500] "GET /ant.php?fm=true&path=/home/zeusxp5/monroviatrucking.com HTTP/1.0" 403 228 "-" "Mozilla/5.0 AppleWebKit/537.36 (KHTML, like Gecko; compatible; GPTBot/1.3; +https://openai.com/gptbot)"
74.7.242.57 - - [22/Dec/2025:07:06:30 -0500] "GET /ant.php?fm=true&path=/home/zeusxp5/www.kamilleinc.com HTTP/1.0" 403 228 "-" "Mozilla/5.0 AppleWebKit/537.36 (KHTML, like Gecko; compatible; GPTBot/1.3; +https://openai.com/gptbot)"
74.7.242.57 - - [22/Dec/2025:07:07:59 -0500] "GET /ant.php?gz=L2hvbWUvemV1c3hwNS9oYXJyaXNleHByZXNzY2FyZ28uY29t HTTP/1.0" 403 228 "-" "Mozilla/5.0 AppleWebKit/537.36 (KHTML, like Gecko; compatible; GPTBot/1.3; +https://openai.com/gptbot)"
74.7.242.57 - - [22/Dec/2025:07:08:53 -0500] "GET /ant.php?fm=true&path=/home/zeusxp5/agentbolaylabel.net/&rename=class-wp-site-icon.php.php.tar.gz HTTP/1.0" 403 228 "-" "Mozilla/5.0 AppleWebKit/537.36 (KHTML, like Gecko; compatible; GPTBot/1.3; +https://openai.com/gptbot)"
74.7.242.57 - - [22/Dec/2025:07:10:13 -0500] "GET /ant.php?edit=class-wp-application-passwords.php.tar&fm=true&path=/home/zeusxp5/agentbolaylabel.net/ HTTP/1.0" 403 228 "-" "Mozilla/5.0 AppleWebKit/537.36 (KHTML, like Gecko; compatible; GPTBot/1.3; +https://openai.com/gptbot)"
74.7.242.57 - - [22/Dec/2025:07:10:59 -0500] "GET /ant.php?zip=L2hvbWUvemV1c3hwNS9tamhvdXN0b250cmFuc3BvcnQuY29t HTTP/1.0" 403 228 "-" "Mozilla/5.0 AppleWebKit/537.36 (KHTML, like Gecko; compatible; GPTBot/1.3; +https://openai.com/gptbot)"
74.7.242.57 - - [22/Dec/2025:07:11:50 -0500] "GET /ant.php?fm=true&path=/home/zeusxp5/&rename=www HTTP/1.0" 403 228 "-" "Mozilla/5.0 AppleWebKit/537.36 (KHTML, like Gecko; compatible; GPTBot/1.3; +https://openai.com/gptbot)"
74.7.242.57 - - [22/Dec/2025:07:14:20 -0500] "GET /ant.php?gzfile=L2hvbWUvemV1c3hwNS96ZW5veHByZXNzYWxvbmdzaWRlLm5ldC9mYXZpY29uICgxKS5qcGc= HTTP/1.0" 403 228 "-" "Mozilla/5.0 AppleWebKit/537.36 (KHTML, like Gecko; compatible; GPTBot/1.3; +https://openai.com/gptbot)"
74.7.242.57 - - [22/Dec/2025:07:14:24 -0500] "GET /ant.php?edit=class-wp-site-icon.php.php.tar.gz&fm=true&path=/home/zeusxp5/agentbolaylabel.net/ HTTP/1.0" 403 228 "-" "Mozilla/5.0 AppleWebKit/537.36 (KHTML, like Gecko; compatible; GPTBot/1.3; +https://openai.com/gptbot)"
74.7.242.57 - - [22/Dec/2025:07:17:21 -0500] "GET /ant.php?fm=true&path=/home/zeusxp5/.subaccounts HTTP/1.0" 403 228 "-" "Mozilla/5.0 AppleWebKit/537.36 (KHTML, like Gecko; compatible; GPTBot/1.3; +https://openai.com/gptbot)"
74.7.242.57 - - [22/Dec/2025:07:18:46 -0500] "GET /ant.php?fm=true&path=/home/zeusxp5/.softaculous HTTP/1.0" 403 228 "-" "Mozilla/5.0 AppleWebKit/537.36 (KHTML, like Gecko; compatible; GPTBot/1.3; +https://openai.com/gptbot)"
74.7.242.57 - - [22/Dec/2025:07:19:31 -0500] "GET /ant.php?fm=true&path=/home/zeusxp5/&rename=.spamassassinboxenable HTTP/1.0" 403 228 "-" "Mozilla/5.0 AppleWebKit/537.36 (KHTML, like Gecko; compatible; GPTBot/1.3; +https://openai.com/gptbot)"
173.231.242.79 - - [22/Dec/2025:07:19:53 -0500] "POST /wp-cron.php?doing_wp_cron=1766405993.5897650718688964843750 HTTP/1.0" 403 228 "-" "WordPress/6.9; https://www.kamille.us"
173.231.242.79 - - [22/Dec/2025:07:19:53 -0500] "POST /wp-cron.php?doing_wp_cron=1766405993.8177180290222167968750 HTTP/1.0" 403 228 "-" "WordPress/6.9; https://www.kamille.us"
138.68.92.137 - - [22/Dec/2025:07:19:50 -0500] "GET / HTTP/1.0" 301 - "-" "Mozilla/5.0 (X11; Linux x86_64; rv:142.0) Gecko/20100101 Firefox/142.0"
173.231.242.79 - - [22/Dec/2025:07:19:57 -0500] "POST /wp-cron.php?doing_wp_cron=1766405997.5206580162048339843750 HTTP/1.0" 403 228 "-" "WordPress/6.9; https://www.kamille.us"
138.68.92.137 - - [22/Dec/2025:07:19:55 -0500] "GET / HTTP/1.0" 301 - "-" "Mozilla/5.0 (X11; Linux x86_64) AppleWebKit/537.36 (KHTML, like Gecko) Chrome/142.0.0.0 Safari/537.36"
173.231.242.79 - - [22/Dec/2025:07:20:59 -0500] "POST /wp-cron.php?doing_wp_cron=1766406059.6591289043426513671875 HTTP/1.0" 403 228 "-" "WordPress/6.9; https://www.kamille.us"
173.231.242.79 - - [22/Dec/2025:07:20:59 -0500] "POST /wp-cron.php?doing_wp_cron=1766406059.6983699798583984375000 HTTP/1.0" 403 228 "-" "WordPress/6.9; https://www.kamille.us"
74.7.242.57 - - [22/Dec/2025:07:20:58 -0500] "GET /%22https:/ads.tiktok.com/help/article?aid=10011326\\%22 HTTP/1.0" 301 - "-" "Mozilla/5.0 AppleWebKit/537.36 (KHTML, like Gecko; compatible; GPTBot/1.3; +https://openai.com/gptbot)"
74.7.242.57 - - [22/Dec/2025:07:21:52 -0500] "GET /ant.php?fm=true&path=/home/zeusxp5/&rename=etc HTTP/1.0" 403 228 "-" "Mozilla/5.0 AppleWebKit/537.36 (KHTML, like Gecko; compatible; GPTBot/1.3; +https://openai.com/gptbot)"
74.7.242.57 - - [22/Dec/2025:07:22:39 -0500] "GET /ant.php?fm=true&path=/home/zeusxp5/&rename=tmp HTTP/1.0" 403 228 "-" "Mozilla/5.0 AppleWebKit/537.36 (KHTML, like Gecko; compatible; GPTBot/1.3; +https://openai.com/gptbot)"
74.7.242.57 - - [22/Dec/2025:07:23:24 -0500] "GET /ant.php?fm=true&path=/home/zeusxp5/zenoxpressparkinglocales.com HTTP/1.0" 403 228 "-" "Mozilla/5.0 AppleWebKit/537.36 (KHTML, like Gecko; compatible; GPTBot/1.3; +https://openai.com/gptbot)"
74.7.242.57 - - [22/Dec/2025:07:24:23 -0500] "GET /ant.php?fm=true&path=/home/zeusxp5/agentbolaylabel.net/&rights=class-wp-site-icon.php.tar HTTP/1.0" 403 228 "-" "Mozilla/5.0 AppleWebKit/537.36 (KHTML, like Gecko; compatible; GPTBot/1.3; +https://openai.com/gptbot)"
