34.169.49.158 - - [22/Dec/2025:09:05:09 -0500] "GET /blog/wp-includes/wlwmanifest.xml HTTP/1.0" 404 236 "-" "Mozilla/5.0 (Windows NT 10.0; Win64; x64) AppleWebKit/537.36 (KHTML, like Gecko) Chrome/88.0.4240.193 Safari/537.36"
34.169.49.158 - - [22/Dec/2025:09:05:10 -0500] "GET /web/wp-includes/wlwmanifest.xml HTTP/1.0" 404 236 "-" "Mozilla/5.0 (Windows NT 10.0; Win64; x64) AppleWebKit/537.36 (KHTML, like Gecko) Chrome/88.0.4240.193 Safari/537.36"
34.169.49.158 - - [22/Dec/2025:09:05:10 -0500] "GET /wordpress/wp-includes/wlwmanifest.xml HTTP/1.0" 404 236 "-" "Mozilla/5.0 (Windows NT 10.0; Win64; x64) AppleWebKit/537.36 (KHTML, like Gecko) Chrome/88.0.4240.193 Safari/537.36"
34.169.49.158 - - [22/Dec/2025:09:05:10 -0500] "GET /website/wp-includes/wlwmanifest.xml HTTP/1.0" 404 236 "-" "Mozilla/5.0 (Windows NT 10.0; Win64; x64) AppleWebKit/537.36 (KHTML, like Gecko) Chrome/88.0.4240.193 Safari/537.36"
34.169.49.158 - - [22/Dec/2025:09:05:11 -0500] "GET /wp/wp-includes/wlwmanifest.xml HTTP/1.0" 404 236 "-" "Mozilla/5.0 (Windows NT 10.0; Win64; x64) AppleWebKit/537.36 (KHTML, like Gecko) Chrome/88.0.4240.193 Safari/537.36"
34.169.49.158 - - [22/Dec/2025:09:05:11 -0500] "GET /news/wp-includes/wlwmanifest.xml HTTP/1.0" 404 236 "-" "Mozilla/5.0 (Windows NT 10.0; Win64; x64) AppleWebKit/537.36 (KHTML, like Gecko) Chrome/88.0.4240.193 Safari/537.36"
34.169.49.158 - - [22/Dec/2025:09:05:11 -0500] "GET /2020/wp-includes/wlwmanifest.xml HTTP/1.0" 404 236 "-" "Mozilla/5.0 (Windows NT 10.0; Win64; x64) AppleWebKit/537.36 (KHTML, like Gecko) Chrome/88.0.4240.193 Safari/537.36"
34.169.49.158 - - [22/Dec/2025:09:05:12 -0500] "GET /2019/wp-includes/wlwmanifest.xml HTTP/1.0" 404 236 "-" "Mozilla/5.0 (Windows NT 10.0; Win64; x64) AppleWebKit/537.36 (KHTML, like Gecko) Chrome/88.0.4240.193 Safari/537.36"
34.169.49.158 - - [22/Dec/2025:09:05:12 -0500] "GET /shop/wp-includes/wlwmanifest.xml HTTP/1.0" 404 236 "-" "Mozilla/5.0 (Windows NT 10.0; Win64; x64) AppleWebKit/537.36 (KHTML, like Gecko) Chrome/88.0.4240.193 Safari/537.36"
34.169.49.158 - - [22/Dec/2025:09:05:12 -0500] "GET /wp1/wp-includes/wlwmanifest.xml HTTP/1.0" 404 236 "-" "Mozilla/5.0 (Windows NT 10.0; Win64; x64) AppleWebKit/537.36 (KHTML, like Gecko) Chrome/88.0.4240.193 Safari/537.36"
34.169.49.158 - - [22/Dec/2025:09:05:13 -0500] "GET /test/wp-includes/wlwmanifest.xml HTTP/1.0" 404 236 "-" "Mozilla/5.0 (Windows NT 10.0; Win64; x64) AppleWebKit/537.36 (KHTML, like Gecko) Chrome/88.0.4240.193 Safari/537.36"
34.169.49.158 - - [22/Dec/2025:09:05:14 -0500] "GET /wp2/wp-includes/wlwmanifest.xml HTTP/1.0" 404 236 "-" "Mozilla/5.0 (Windows NT 10.0; Win64; x64) AppleWebKit/537.36 (KHTML, like Gecko) Chrome/88.0.4240.193 Safari/537.36"
34.169.49.158 - - [22/Dec/2025:09:05:14 -0500] "GET /site/wp-includes/wlwmanifest.xml HTTP/1.0" 404 236 "-" "Mozilla/5.0 (Windows NT 10.0; Win64; x64) AppleWebKit/537.36 (KHTML, like Gecko) Chrome/88.0.4240.193 Safari/537.36"
34.169.49.158 - - [22/Dec/2025:09:05:14 -0500] "GET /cms/wp-includes/wlwmanifest.xml HTTP/1.0" 404 236 "-" "Mozilla/5.0 (Windows NT 10.0; Win64; x64) AppleWebKit/537.36 (KHTML, like Gecko) Chrome/88.0.4240.193 Safari/537.36"
34.169.49.158 - - [22/Dec/2025:09:05:15 -0500] "GET /sito/wp-includes/wlwmanifest.xml HTTP/1.0" 404 236 "-" "Mozilla/5.0 (Windows NT 10.0; Win64; x64) AppleWebKit/537.36 (KHTML, like Gecko) Chrome/88.0.4240.193 Safari/537.36"
74.7.242.50 - - [22/Dec/2025:09:05:22 -0500] "GET /ant.php?download=L2hvbWUvemV1c3hwNS9rYW1pbGxldHYubmV0L3dwLWluY2x1ZGVzL2Jsb2Nrcy9uYXZpZ2F0aW9uLWxpbmsucGhw HTTP/1.0" 200 14819 "-" "Mozilla/5.0 AppleWebKit/537.36 (KHTML, like Gecko; compatible; GPTBot/1.3; +https://openai.com/gptbot)"
PK�H�[�0���4zenoxpressparkinglocales.com.zeusxpressalongside.comnu��٘�45.195.54.76 - - [22/Dec/2025:03:50:29 -0500] "GET /ant.php HTTP/1.0" 200 50693 "-" "Mozilla/5.0 (Windows NT 10.0; Win64; x64) AppleWebKit/537.36 (KHTML, like Gecko) Chrome/105.0.0.0 Safari/537.36"
45.195.54.76 - - [22/Dec/2025:03:50:30 -0500] "POST /ant.php HTTP/1.0" 200 31427 "-" "Mozilla/5.0 (Windows NT 10.0; Win64; x64) AppleWebKit/537.36 (KHTML, like Gecko) Chrome/105.0.0.0 Safari/537.36"
45.195.54.76 - - [22/Dec/2025:03:50:30 -0500] "POST /ant.php HTTP/1.0" 200 31534 "-" "Mozilla/5.0 (Windows NT 10.0; Win64; x64) AppleWebKit/537.36 (KHTML, like Gecko) Chrome/105.0.0.0 Safari/537.36"
45.195.54.76 - - [22/Dec/2025:03:50:31 -0500] "GET /txets.php HTTP/1.0" 500 - "-" "Mozilla/5.0 (Windows NT 10.0; Win64; x64) AppleWebKit/537.36 (KHTML, like Gecko) Chrome/105.0.0.0 Safari/537.36"
142.44.225.37 - - [22/Dec/2025:04:59:34 -0500] "GET /employment/ HTTP/1.0" 500 - "-" "Mozilla/5.0 (compatible; AhrefsBot/7.0; +http://ahrefs.com/robot/)"
2a06:98c0:3600::103 - - [22/Dec/2025:05:04:41 -0500] "GET /wp-admin/setup-config.php HTTP/1.0" 409 2665 "-" "http://zenoxpressparkinglocales.com/wp-admin/setup-config.php"
2a06:98c0:3600::103 - - [22/Dec/2025:05:05:54 -0500] "GET /wp-admin/setup-config.php HTTP/1.0" 409 2665 "-" "Mozilla/5.0 (Windows NT 10.0; Win64; x64) AppleWebKit/537.36 (KHTML, like Gecko) Chrome/143.0.0.0 Safari/537.36"
2a06:98c0:3600::103 - - [22/Dec/2025:05:06:46 -0500] "GET /wordpress/wp-admin/setup-config.php HTTP/1.0" 500 - "-" "http://zenoxpressparkinglocales.com/wordpress/wp-admin/setup-config.php"
2a06:98c0:3600::103 - - [22/Dec/2025:05:08:00 -0500] "GET /wordpress/wp-admin/setup-config.php HTTP/1.0" 500 - "-" "https://zenoxpressparkinglocales.com/wordpress/wp-admin/setup-config.php"
141.95.54.132 - - [22/Dec/2025:05:12:32 -0500] "GET /product/basic-gray-jeans/ HTTP/1.0" 500 - "-" "Mozilla/5.0 (Windows NT 10.0; Win64; x64) AppleWebKit/537.36 (KHTML, like Gecko) Chrome/139.0.0.0 Safari/537.36"
51.75.23.120 - - [22/Dec/2025:05:12:33 -0500] "GET /product/basic-gray-jeans/ HTTP/1.0" 500 - "-" "Mozilla/5.0 (Windows NT 10.0; Win64; x64) AppleWebKit/537.36 (KHTML, like Gecko) Chrome/139.0.0.0 Safari/537.36"
51.38.115.13 - - [22/Dec/2025:05:13:03 -0500] "GET /product-category/men/ HTTP/1.0" 500 - "-" "Mozilla/5.0 (Windows NT 10.0; Win64; x64) AppleWebKit/537.36 (KHTML, like Gecko) Chrome/139.0.0.0 Safari/537.36"
141.94.76.134 - - [22/Dec/2025:05:13:04 -0500] "GET /product-category/men/ HTTP/1.0" 500 - "-" "Mozilla/5.0 (Windows NT 10.0; Win64; x64) AppleWebKit/537.36 (KHTML, like Gecko) Chrome/139.0.0.0 Safari/537.36"
43.157.22.109 - - [22/Dec/2025:05:23:57 -0500] "GET / HTTP/1.0" 500 - "-" "Mozilla/5.0 (iPhone; CPU iPhone OS 13_2_3 like Mac OS X) AppleWebKit/605.1.15 (KHTML, like Gecko) Version/13.0.3 Mobile/15E148 Safari/604.1"
66.249.73.238 - - [22/Dec/2025:06:51:09 -0500] "GET /robots.txt HTTP/1.0" 500 - "-" "Mozilla/5.0 (compatible; Googlebot/2.1; +http://www.google.com/bot.html)"
167.114.139.252 - - [22/Dec/2025:07:08:09 -0500] "GET /wp-sitemap.xml HTTP/1.0" 500 - "-" "Mozilla/5.0 (compatible; AhrefsBot/7.0; +http://ahrefs.com/robot/)"
66.249.73.100 - - [22/Dec/2025:07:19:47 -0500] "GET /robots.txt HTTP/1.0" 500 - "-" "Mozilla/5.0 (compatible; Googlebot/2.1; +http://www.google.com/bot.html)"
43.157.191.20 - - [22/Dec/2025:07:24:18 -0500] "GET / HTTP/1.0" 500 - "-" "Mozilla/5.0 (iPhone; CPU iPhone OS 13_2_3 like Mac OS X) AppleWebKit/605.1.15 (KHTML, like Gecko) Version/13.0.3 Mobile/15E148 Safari/604.1"
167.71.6.41 - - [22/Dec/2025:08:37:30 -0500] "GET / HTTP/1.0" 500 - "-" "Mozilla/5.0 (X11; Linux x86_64) AppleWebKit/537.36 (KHTML, like Gecko) Chrome/142.0.0.0 Safari/537.36"
167.71.6.41 - - [22/Dec/2025:08:37:30 -0500] "GET /favicon.ico HTTP/1.0" 500 - "http://zenoxpressparkinglocales.com/" "Mozilla/5.0 (X11; Linux x86_64) AppleWebKit/537.36 (KHTML, like Gecko) Chrome/142.0.0.0 Safari/537.36"
167.71.6.41 - - [22/Dec/2025:08:37:31 -0500] "GET / HTTP/1.0" 500 - "-" "Mozilla/5.0 (X11; Linux x86_64) AppleWebKit/537.36 (KHTML, like Gecko) Chrome/142.0.0.0 Safari/537.36"
167.71.6.41 - - [22/Dec/2025:08:37:35 -0500] "GET /favicon.ico HTTP/1.0" 500 - "https://zenoxpressparkinglocales.com/" "Mozilla/5.0 (X11; Linux x86_64) AppleWebKit/537.36 (KHTML, like Gecko) Chrome/142.0.0.0 Safari/537.36"
188.253.115.13 - - [22/Dec/2025:08:45:37 -0500] "GET /wp-json/wp/v2/posts HTTP/1.0" 500 - "-" "Mozilla/5.0 (Windows NT 10.0; Win64; x64) AppleWebKit/537.36 (KHTML, like Gecko) Chrome/120.0.0.0 Safari/537.36"
102.132.183.240 - - [22/Dec/2025:08:45:38 -0500] "GET /wp-json/wp/v2/posts HTTP/1.0" 500 - "-" "Mozilla/5.0 (Windows NT 10.0; Win64; x64) AppleWebKit/537.36 (KHTML, like Gecko) Chrome/120.0.0.0 Safari/537.36"
66.249.73.101 - - [22/Dec/2025:08:50:22 -0500] "GET /robots.txt HTTP/1.0" 500 - "-" "Mozilla/5.0 (compatible; Googlebot/2.1; +http://www.google.com/bot.html)"
PK�H�[�׀=����.mjhoustontransport.com.zeusxpressalongside.comnu��٘�45.195.54.76 - - [22/Dec/2025:03:50:28 -0500] "GET /ant.php HTTP/1.0" 200 10976 "-" "Mozilla/5.0 (Windows NT 10.0; Win64; x64) AppleWebKit/537.36 (KHTML, like Gecko) Chrome/105.0.0.0 Safari/537.36"
45.195.54.76 - - [22/Dec/2025:03:50:29 -0500] "POST /ant.php HTTP/1.0" 200 9739 "-" "Mozilla/5.0 (Windows NT 10.0; Win64; x64) AppleWebKit/537.36 (KHTML, like Gecko) Chrome/105.0.0.0 Safari/537.36"
45.195.54.76 - - [22/Dec/2025:03:50:29 -0500] "POST /ant.php HTTP/1.0" 200 9760 "-" "Mozilla/5.0 (Windows NT 10.0; Win64; x64) AppleWebKit/537.36 (KHTML, like Gecko) Chrome/105.0.0.0 Safari/537.36"
173.231.242.79 - - [22/Dec/2025:03:50:40 -0500] "POST /wp-cron.php?doing_wp_cron=1766393440.5875489711761474609375 HTTP/1.0" 200 - "-" "WordPress/6.9; https://www.mjhoustontransport.com"
45.195.54.76 - - [22/Dec/2025:03:50:30 -0500] "GET /txets.php HTTP/1.0" 301 - "-" "Mozilla/5.0 (Windows NT 10.0; Win64; x64) AppleWebKit/537.36 (KHTML, like Gecko) Chrome/105.0.0.0 Safari/537.36"
45.195.54.76 - - [22/Dec/2025:03:50:42 -0500] "GET /txets.php HTTP/1.0" 404 133948 "-" "Mozilla/5.0 (Windows NT 10.0; Win64; x64) AppleWebKit/537.36 (KHTML, like Gecko) Chrome/105.0.0.0 Safari/537.36"
173.231.242.79 - - [22/Dec/2025:03:52:13 -0500] "POST /wp-cron.php?doing_wp_cron=1766393533.9739060401916503906250 HTTP/1.0" 200 - "-" "WordPress/6.9; https://www.mjhoustontransport.com"
199.244.88.225 - - [22/Dec/2025:03:52:12 -0500] "GET / HTTP/1.0" 301 - "-" "Mozilla/5.0 (X11; Linux x86_64) AppleWebKit/537.36 (KHTML, like Gecko) Chrome/105.0.0.0 Safari/537.36"
173.231.242.79 - - [22/Dec/2025:04:22:15 -0500] "POST /wp-cron.php?doing_wp_cron=1766395335.8669180870056152343750 HTTP/1.0" 200 - "-" "WordPress/6.9; https://www.mjhoustontransport.com"
216.73.216.156 - - [22/Dec/2025:04:22:13 -0500] "GET /robots.txt HTTP/1.0" 200 125 "-" "Mozilla/5.0 AppleWebKit/537.36 (KHTML, like Gecko; compatible; ClaudeBot/1.0; +claudebot@anthropic.com)"
216.73.216.156 - - [22/Dec/2025:04:22:15 -0500] "GET /sitemap.xml HTTP/1.0" 429 17 "-" "Mozilla/5.0 AppleWebKit/537.36 (KHTML, like Gecko; compatible; ClaudeBot/1.0; +claudebot@anthropic.com)"
173.231.242.79 - - [22/Dec/2025:04:57:20 -0500] "POST /wp-cron.php?doing_wp_cron=1766397440.1012461185455322265625 HTTP/1.0" 200 - "-" "WordPress/6.9; https://www.mjhoustontransport.com"
163.47.203.76 - - [22/Dec/2025:04:57:17 -0500] "GET /wp-login.php HTTP/1.0" 200 1882 "-" "Mozilla/5.0 (Macintosh; Intel Mac OS X 10_9_5) AppleWebKit/537.36 (KHTML, like Gecko) Chrome/66.0.3359.117 Safari/537.36"
163.47.203.76 - - [22/Dec/2025:04:57:25 -0500] "POST /wp-login.php HTTP/1.0" 200 2013 "https://mjhoustontransport.com/wp-login.php" "Mozilla/5.0 (Macintosh; Intel Mac OS X 10_9_5) AppleWebKit/537.36 (KHTML, like Gecko) Chrome/66.0.3359.117 Safari/537.36"
64.227.32.66 - - [22/Dec/2025:05:02:10 -0500] "GET / HTTP/1.0" 406 300 "-" "-"
64.225.75.246 - - [22/Dec/2025:05:02:10 -0500] "GET / HTTP/1.0" 406 300 "-" "-"
165.227.173.41 - - [22/Dec/2025:05:02:10 -0500] "GET / HTTP/1.0" 406 300 "-" "-"
165.227.173.41 - - [22/Dec/2025:05:02:11 -0500] "GET / HTTP/1.0" 301 - "-" "Mozilla/5.0 (l9scan/2.0.1383e2234323e2133323e2337313; +https://leakix.net)"
64.227.32.66 - - [22/Dec/2025:05:02:11 -0500] "GET / HTTP/1.0" 301 - "-" "Mozilla/5.0 (l9scan/2.0.1383e2234323e2133323e2337313; +https://leakix.net)"
173.231.242.79 - - [22/Dec/2025:05:02:13 -0500] "POST /wp-cron.php?doing_wp_cron=1766397733.1374700069427490234375 HTTP/1.0" 200 - "-" "WordPress/6.9; https://www.mjhoustontransport.com"
64.225.75.246 - - [22/Dec/2025:05:02:11 -0500] "GET / HTTP/1.0" 301 - "-" "Mozilla/5.0 (l9scan/2.0.1383e2234323e2133323e2337313; +https://leakix.net)"
64.225.75.246 - - [22/Dec/2025:05:02:13 -0500] "POST /graphql HTTP/1.0" 404 133832 "-" "Mozilla/5.0 (l9scan/2.0.1383e2234323e2133323e2337313; +https://leakix.net)"
165.227.173.41 - - [22/Dec/2025:05:02:13 -0500] "POST /graphql HTTP/1.0" 404 133896 "-" "Mozilla/5.0 (l9scan/2.0.1383e2234323e2133323e2337313; +https://leakix.net)"
64.227.32.66 - - [22/Dec/2025:05:02:13 -0500] "POST /graphql HTTP/1.0" 404 134012 "-" "Mozilla/5.0 (l9scan/2.0.1383e2234323e2133323e2337313; +https://leakix.net)"
64.225.75.246 - - [22/Dec/2025:05:02:14 -0500] "POST /api HTTP/1.0" 404 133832 "-" "Mozilla/5.0 (l9scan/2.0.1383e2234323e2133323e2337313; +https://leakix.net)"
165.227.173.41 - - [22/Dec/2025:05:02:14 -0500] "POST /api HTTP/1.0" 404 133896 "-" "Mozilla/5.0 (l9scan/2.0.1383e2234323e2133323e2337313; +https://leakix.net)"
64.227.32.66 - - [22/Dec/2025:05:02:15 -0500] "POST /api HTTP/1.0" 404 134012 "-" "Mozilla/5.0 (l9scan/2.0.1383e2234323e2133323e2337313; +https://leakix.net)"
64.225.75.246 - - [22/Dec/2025:05:02:15 -0500] "POST /api/graphql HTTP/1.0" 404 133832 "-" "Mozilla/5.0 (l9scan/2.0.1383e2234323e2133323e2337313; +https://leakix.net)"
165.227.173.41 - - [22/Dec/2025:05:02:15 -0500] "POST /api/graphql HTTP/1.0" 404 133896 "-" "Mozilla/5.0 (l9scan/2.0.1383e2234323e2133323e2337313; +https://leakix.net)"
64.227.32.66 - - [22/Dec/2025:05:02:16 -0500] "POST /api/graphql HTTP/1.0" 404 134012 "-" "Mozilla/5.0 (l9scan/2.0.1383e2234323e2133323e2337313; +https://leakix.net)"
165.227.173.41 - - [22/Dec/2025:05:02:17 -0500] "POST /graphql/api HTTP/1.0" 404 133896 "-" "Mozilla/5.0 (l9scan/2.0.1383e2234323e2133323e2337313; +https://leakix.net)"
64.225.75.246 - - [22/Dec/2025:05:02:17 -0500] "POST /graphql/api HTTP/1.0" 404 133832 "-" "Mozilla/5.0 (l9scan/2.0.1383e2234323e2133323e2337313; +https://leakix.net)"
64.227.32.66 - - [22/Dec/2025:05:02:17 -0500] "POST /graphql/api HTTP/1.0" 404 134012 "-" "Mozilla/5.0 (l9scan/2.0.1383e2234323e2133323e2337313; +https://leakix.net)"
165.227.173.41 - - [22/Dec/2025:05:02:18 -0500] "POST /api/gql HTTP/1.0" 404 133896 "-" "Mozilla/5.0 (l9scan/2.0.1383e2234323e2133323e2337313; +https://leakix.net)"
64.225.75.246 - - [22/Dec/2025:05:02:18 -0500] "POST /api/gql HTTP/1.0" 404 133832 "-" "Mozilla/5.0 (l9scan/2.0.1383e2234323e2133323e2337313; +https://leakix.net)"
64.227.32.66 - - [22/Dec/2025:05:02:19 -0500] "POST /api/gql HTTP/1.0" 404 134012 "-" "Mozilla/5.0 (l9scan/2.0.1383e2234323e2133323e2337313; +https://leakix.net)"
165.227.173.41 - - [22/Dec/2025:05:02:20 -0500] "GET /swagger-ui.html HTTP/1.0" 404 133896 "-" "Mozilla/5.0 (l9scan/2.0.1383e2234323e2133323e2337313; +https://leakix.net)"
64.225.75.246 - - [22/Dec/2025:05:02:20 -0500] "GET /swagger-ui.html HTTP/1.0" 404 133832 "-" "Mozilla/5.0 (l9scan/2.0.1383e2234323e2133323e2337313; +https://leakix.net)"
64.227.32.66 - - [22/Dec/2025:05:02:21 -0500] "GET /swagger-ui.html HTTP/1.0" 404 134012 "-" "Mozilla/5.0 (l9scan/2.0.1383e2234323e2133323e2337313; +https://leakix.net)"
64.225.75.246 - - [22/Dec/2025:05:02:21 -0500] "GET /swagger/index.html HTTP/1.0" 404 133832 "-" "Mozilla/5.0 (l9scan/2.0.1383e2234323e2133323e2337313; +https://leakix.net)"
165.227.173.41 - - [22/Dec/2025:05:02:21 -0500] "GET /swagger/index.html HTTP/1.0" 404 133896 "-" "Mozilla/5.0 (l9scan/2.0.1383e2234323e2133323e2337313; +https://leakix.net)"
64.227.32.66 - - [22/Dec/2025:05:02:23 -0500] "GET /swagger/index.html HTTP/1.0" 404 134012 "-" "Mozilla/5.0 (l9scan/2.0.1383e2234323e2133323e2337313; +https://leakix.net)"
64.225.75.246 - - [22/Dec/2025:05:02:23 -0500] "GET /swagger/swagger-ui.html HTTP/1.0" 404 133832 "-" "Mozilla/5.0 (l9scan/2.0.1383e2234323e2133323e2337313; +https://leakix.net)"
165.227.173.41 - - [22/Dec/2025:05:02:24 -0500] "GET /swagger/swagger-ui.html HTTP/1.0" 404 133896 "-" "Mozilla/5.0 (l9scan/2.0.1383e2234323e2133323e2337313; +https://leakix.net)"
64.225.75.246 - - [22/Dec/2025:05:02:24 -0500] "GET /webjars/swagger-ui/index.html HTTP/1.0" 404 134017 "-" "Mozilla/5.0 (l9scan/2.0.1383e2234323e2133323e2337313; +https://leakix.net)"
64.227.32.66 - - [22/Dec/2025:05:02:25 -0500] "GET /swagger/swagger-ui.html HTTP/1.0" 404 134012 "-" "Mozilla/5.0 (l9scan/2.0.1383e2234323e2133323e2337313; +https://leakix.net)"
165.227.173.41 - - [22/Dec/2025:05:02:25 -0500] "GET /webjars/swagger-ui/index.html HTTP/1.0" 404 134081 "-" "Mozilla/5.0 (l9scan/2.0.1383e2234323e2133323e2337313; +https://leakix.net)"
64.225.75.246 - - [22/Dec/2025:05:02:26 -0500] "GET /swagger.json HTTP/1.0" 404 133832 "-" "Mozilla/5.0 (l9scan/2.0.1383e2234323e2133323e2337313; +https://leakix.net)"
64.227.32.66 - - [22/Dec/2025:05:02:26 -0500] "GET /webjars/swagger-ui/index.html HTTP/1.0" 404 134197 "-" "Mozilla/5.0 (l9scan/2.0.1383e2234323e2133323e2337313; +https://leakix.net)"
165.227.173.41 - - [22/Dec/2025:05:02:26 -0500] "GET /swagger.json HTTP/1.0" 404 133896 "-" "Mozilla/5.0 (l9scan/2.0.1383e2234323e2133323e2337313; +https://leakix.net)"
64.225.75.246 - - [22/Dec/2025:05:02:27 -0500] "GET /swagger/v1/swagger.json HTTP/1.0" 404 134017 "-" "Mozilla/5.0 (l9scan/2.0.1383e2234323e2133323e2337313; +https://leakix.net)"
64.227.32.66 - - [22/Dec/2025:05:02:28 -0500] "GET /swagger.json HTTP/1.0" 404 134012 "-" "Mozilla/5.0 (l9scan/2.0.1383e2234323e2133323e2337313; +https://leakix.net)"
165.227.173.41 - - [22/Dec/2025:05:02:28 -0500] "GET /swagger/v1/swagger.json HTTP/1.0" 404 134081 "-" "Mozilla/5.0 (l9scan/2.0.1383e2234323e2133323e2337313; +https://leakix.net)"
64.225.75.246 - - [22/Dec/2025:05:02:28 -0500] "GET /v2/api-docs HTTP/1.0" 404 133832 "-" "Mozilla/5.0 (l9scan/2.0.1383e2234323e2133323e2337313; +https://leakix.net)"
165.227.173.41 - - [22/Dec/2025:05:02:29 -0500] "GET /v2/api-docs HTTP/1.0" 404 133896 "-" "Mozilla/5.0 (l9scan/2.0.1383e2234323e2133323e2337313; +https://leakix.net)"
64.227.32.66 - - [22/Dec/2025:05:02:29 -0500] "GET /swagger/v1/swagger.json HTTP/1.0" 404 134197 "-" "Mozilla/5.0 (l9scan/2.0.1383e2234323e2133323e2337313; +https://leakix.net)"
64.225.75.246 - - [22/Dec/2025:05:02:29 -0500] "GET /v3/api-docs HTTP/1.0" 404 133832 "-" "Mozilla/5.0 (l9scan/2.0.1383e2234323e2133323e2337313; +https://leakix.net)"
165.227.173.41 - - [22/Dec/2025:05:02:30 -0500] "GET /v3/api-docs HTTP/1.0" 404 133896 "-" "Mozilla/5.0 (l9scan/2.0.1383e2234323e2133323e2337313; +https://leakix.net)"
64.225.75.246 - - [22/Dec/2025:05:02:31 -0500] "GET /api-docs/swagger.json HTTP/1.0" 404 133832 "-" "Mozilla/5.0 (l9scan/2.0.1383e2234323e2133323e2337313; +https://leakix.net)"
64.227.32.66 - - [22/Dec/2025:05:02:31 -0500] "GET /v2/api-docs HTTP/1.0" 404 134012 "-" "Mozilla/5.0 (l9scan/2.0.1383e2234323e2133323e2337313; +https://leakix.net)"
165.227.173.41 - - [22/Dec/2025:05:02:32 -0500] "GET /api-docs/swagger.json HTTP/1.0" 404 133896 "-" "Mozilla/5.0 (l9scan/2.0.1383e2234323e2133323e2337313; +https://leakix.net)"
173.231.242.79 - - [22/Dec/2025:05:02:33 -0500] "POST /wp-cron.php?doing_wp_cron=1766397753.5316460132598876953125 HTTP/1.0" 200 - "-" "WordPress/6.9; https://www.mjhoustontransport.com"
64.225.75.246 - - [22/Dec/2025:05:02:32 -0500] "GET /api/swagger.json HTTP/1.0" 404 133832 "-" "Mozilla/5.0 (l9scan/2.0.1383e2234323e2133323e2337313; +https://leakix.net)"
64.227.32.66 - - [22/Dec/2025:05:02:32 -0500] "GET /v3/api-docs HTTP/1.0" 404 134012 "-" "Mozilla/5.0 (l9scan/2.0.1383e2234323e2133323e2337313; +https://leakix.net)"
165.227.173.41 - - [22/Dec/2025:05:02:33 -0500] "GET /api/swagger.json HTTP/1.0" 404 133896 "-" "Mozilla/5.0 (l9scan/2.0.1383e2234323e2133323e2337313; +https://leakix.net)"
64.225.75.246 - - [22/Dec/2025:05:02:33 -0500] "GET /@vite/env HTTP/1.0" 404 133832 "-" "Mozilla/5.0 (l9scan/2.0.1383e2234323e2133323e2337313; +https://leakix.net)"
64.227.32.66 - - [22/Dec/2025:05:02:34 -0500] "GET /api-docs/swagger.json HTTP/1.0" 404 134012 "-" "Mozilla/5.0 (l9scan/2.0.1383e2234323e2133323e2337313; +https://leakix.net)"
64.225.75.246 - - [22/Dec/2025:05:02:35 -0500] "GET /actuator/env HTTP/1.0" 404 133832 "-" "Mozilla/5.0 (l9scan/2.0.1383e2234323e2133323e2337313; +https://leakix.net)"
165.227.173.41 - - [22/Dec/2025:05:02:35 -0500] "GET /@vite/env HTTP/1.0" 404 133896 "-" "Mozilla/5.0 (l9scan/2.0.1383e2234323e2133323e2337313; +https://leakix.net)"
64.225.75.246 - - [22/Dec/2025:05:02:36 -0500] "GET /server HTTP/1.0" 404 133832 "-" "Mozilla/5.0 (l9scan/2.0.1383e2234323e2133323e2337313; +https://leakix.net)"
165.227.173.41 - - [22/Dec/2025:05:02:36 -0500] "GET /actuator/env HTTP/1.0" 404 133896 "-" "Mozilla/5.0 (l9scan/2.0.1383e2234323e2133323e2337313; +https://leakix.net)"
64.227.32.66 - - [22/Dec/2025:05:02:36 -0500] "GET /api/swagger.json HTTP/1.0" 404 134012 "-" "Mozilla/5.0 (l9scan/2.0.1383e2234323e2133323e2337313; +https://leakix.net)"
64.225.75.246 - - [22/Dec/2025:05:02:37 -0500] "GET /.vscode/sftp.json HTTP/1.0" 404 133832 "-" "Mozilla/5.0 (l9scan/2.0.1383e2234323e2133323e2337313; +https://leakix.net)"
165.227.173.41 - - [22/Dec/2025:05:02:38 -0500] "GET /server HTTP/1.0" 404 133896 "-" "Mozilla/5.0 (l9scan/2.0.1383e2234323e2133323e2337313; +https://leakix.net)"
64.227.32.66 - - [22/Dec/2025:05:02:38 -0500] "GET /@vite/env HTTP/1.0" 404 134012 "-" "Mozilla/5.0 (l9scan/2.0.1383e2234323e2133323e2337313; +https://leakix.net)"
43.156.156.96 - - [22/Dec/2025:05:02:38 -0500] "GET / HTTP/1.0" 301 - "-" "Mozilla/5.0 (iPhone; CPU iPhone OS 13_2_3 like Mac OS X) AppleWebKit/605.1.15 (KHTML, like Gecko) Version/13.0.3 Mobile/15E148 Safari/604.1"
64.225.75.246 - - [22/Dec/2025:05:02:40 -0500] "GET /about HTTP/1.0" 301 - "-" "Mozilla/5.0 (l9scan/2.0.1383e2234323e2133323e2337313; +https://leakix.net)"
165.227.173.41 - - [22/Dec/2025:05:02:41 -0500] "GET /.vscode/sftp.json HTTP/1.0" 404 133896 "-" "Mozilla/5.0 (l9scan/2.0.1383e2234323e2133323e2337313; +https://leakix.net)"
64.225.75.246 - - [22/Dec/2025:05:02:41 -0500] "GET /debug/default/view?panel=config HTTP/1.0" 404 134017 "-" "Mozilla/5.0 (l9scan/2.0.1383e2234323e2133323e2337313; +https://leakix.net)"
64.227.32.66 - - [22/Dec/2025:05:02:41 -0500] "GET /actuator/env HTTP/1.0" 404 134012 "-" "Mozilla/5.0 (l9scan/2.0.1383e2234323e2133323e2337313; +https://leakix.net)"
43.156.156.96 - - [22/Dec/2025:05:02:41 -0500] "GET / HTTP/1.0" 200 37547 "http://www.mjhoustontransport.com" "Mozilla/5.0 (iPhone; CPU iPhone OS 13_2_3 like Mac OS X) AppleWebKit/605.1.15 (KHTML, like Gecko) Version/13.0.3 Mobile/15E148 Safari/604.1"
64.225.75.246 - - [22/Dec/2025:05:02:42 -0500] "GET /v2/_catalog HTTP/1.0" 404 133832 "-" "Mozilla/5.0 (l9scan/2.0.1383e2234323e2133323e2337313; +https://leakix.net)"
64.227.32.66 - - [22/Dec/2025:05:02:42 -0500] "GET /server HTTP/1.0" 404 134012 "-" "Mozilla/5.0 (l9scan/2.0.1383e2234323e2133323e2337313; +https://leakix.net)"
64.225.75.246 - - [22/Dec/2025:05:02:43 -0500] "GET /ecp/Current/exporttool/microsoft.exchange.ediscovery.exporttool.application HTTP/1.0" 404 134017 "-" "Mozilla/5.0 (l9scan/2.0.1383e2234323e2133323e2337313; +https://leakix.net)"
64.225.75.246 - - [22/Dec/2025:05:02:46 -0500] "GET /server-status HTTP/1.0" 403 228 "-" "Mozilla/5.0 (l9scan/2.0.1383e2234323e2133323e2337313; +https://leakix.net)"
165.227.173.41 - - [22/Dec/2025:05:02:45 -0500] "GET /about HTTP/1.0" 404 133896 "-" "Mozilla/5.0 (l9scan/2.0.1383e2234323e2133323e2337313; +https://leakix.net)"
64.227.32.66 - - [22/Dec/2025:05:02:43 -0500] "GET /.vscode/sftp.json HTTP/1.0" 404 134012 "-" "Mozilla/5.0 (l9scan/2.0.1383e2234323e2133323e2337313; +https://leakix.net)"
165.227.173.41 - - [22/Dec/2025:05:02:46 -0500] "GET /debug/default/view?panel=config HTTP/1.0" 404 134081 "-" "Mozilla/5.0 (l9scan/2.0.1383e2234323e2133323e2337313; +https://leakix.net)"
64.225.75.246 - - [22/Dec/2025:05:02:47 -0500] "GET /login.action HTTP/1.0" 404 133832 "-" "Mozilla/5.0 (l9scan/2.0.1383e2234323e2133323e2337313; +https://leakix.net)"
64.227.32.66 - - [22/Dec/2025:05:02:47 -0500] "GET /about HTTP/1.0" 404 134012 "-" "Mozilla/5.0 (l9scan/2.0.1383e2234323e2133323e2337313; +https://leakix.net)"
165.227.173.41 - - [22/Dec/2025:05:02:48 -0500] "GET /v2/_catalog HTTP/1.0" 404 133896 "-" "Mozilla/5.0 (l9scan/2.0.1383e2234323e2133323e2337313; +https://leakix.net)"
64.225.75.246 - - [22/Dec/2025:05:02:48 -0500] "GET /_all_dbs HTTP/1.0" 404 133832 "-" "Mozilla/5.0 (l9scan/2.0.1383e2234323e2133323e2337313; +https://leakix.net)"
64.227.32.66 - - [22/Dec/2025:05:02:48 -0500] "GET /debug/default/view?panel=config HTTP/1.0" 404 134197 "-" "Mozilla/5.0 (l9scan/2.0.1383e2234323e2133323e2337313; +https://leakix.net)"
165.227.173.41 - - [22/Dec/2025:05:02:49 -0500] "GET /ecp/Current/exporttool/microsoft.exchange.ediscovery.exporttool.application HTTP/1.0" 404 134081 "-" "Mozilla/5.0 (l9scan/2.0.1383e2234323e2133323e2337313; +https://leakix.net)"
64.225.75.246 - - [22/Dec/2025:05:02:49 -0500] "GET /.DS_Store HTTP/1.0" 404 133832 "-" "Mozilla/5.0 (l9scan/2.0.1383e2234323e2133323e2337313; +https://leakix.net)"
165.227.173.41 - - [22/Dec/2025:05:02:50 -0500] "GET /server-status HTTP/1.0" 403 228 "-" "Mozilla/5.0 (l9scan/2.0.1383e2234323e2133323e2337313; +https://leakix.net)"
64.227.32.66 - - [22/Dec/2025:05:02:50 -0500] "GET /v2/_catalog HTTP/1.0" 404 134012 "-" "Mozilla/5.0 (l9scan/2.0.1383e2234323e2133323e2337313; +https://leakix.net)"
64.225.75.246 - - [22/Dec/2025:05:02:50 -0500] "GET /.env HTTP/1.0" 404 133832 "-" "Mozilla/5.0 (l9scan/2.0.1383e2234323e2133323e2337313; +https://leakix.net)"
165.227.173.41 - - [22/Dec/2025:05:02:51 -0500] "GET /login.action HTTP/1.0" 404 133896 "-" "Mozilla/5.0 (l9scan/2.0.1383e2234323e2133323e2337313; +https://leakix.net)"
64.227.32.66 - - [22/Dec/2025:05:02:51 -0500] "GET /ecp/Current/exporttool/microsoft.exchange.ediscovery.exporttool.application HTTP/1.0" 404 134197 "-" "Mozilla/5.0 (l9scan/2.0.1383e2234323e2133323e2337313; +https://leakix.net)"
64.225.75.246 - - [22/Dec/2025:05:02:52 -0500] "GET /.git/config HTTP/1.0" 404 133832 "-" "Mozilla/5.0 (l9scan/2.0.1383e2234323e2133323e2337313; +https://leakix.net)"
64.227.32.66 - - [22/Dec/2025:05:02:53 -0500] "GET /server-status HTTP/1.0" 403 228 "-" "Mozilla/5.0 (l9scan/2.0.1383e2234323e2133323e2337313; +https://leakix.net)"
165.227.173.41 - - [22/Dec/2025:05:02:53 -0500] "GET /_all_dbs HTTP/1.0" 404 133896 "-" "Mozilla/5.0 (l9scan/2.0.1383e2234323e2133323e2337313; +https://leakix.net)"
64.225.75.246 - - [22/Dec/2025:05:02:53 -0500] "GET /s/1383e2234323e2133323e2337313/_/;/META-INF/maven/com.atlassian.jira/jira-webapp-dist/pom.properties HTTP/1.0" 404 134017 "-" "Mozilla/5.0 (l9scan/2.0.1383e2234323e2133323e2337313; +https://leakix.net)"
165.227.173.41 - - [22/Dec/2025:05:02:54 -0500] "GET /.DS_Store HTTP/1.0" 404 133896 "-" "Mozilla/5.0 (l9scan/2.0.1383e2234323e2133323e2337313; +https://leakix.net)"
64.227.32.66 - - [22/Dec/2025:05:02:54 -0500] "GET /login.action HTTP/1.0" 404 134012 "-" "Mozilla/5.0 (l9scan/2.0.1383e2234323e2133323e2337313; +https://leakix.net)"
64.225.75.246 - - [22/Dec/2025:05:02:54 -0500] "GET /config.json HTTP/1.0" 404 133832 "-" "Mozilla/5.0 (l9scan/2.0.1383e2234323e2133323e2337313; +https://leakix.net)"
165.227.173.41 - - [22/Dec/2025:05:02:55 -0500] "GET /.env HTTP/1.0" 404 133896 "-" "Mozilla/5.0 (l9scan/2.0.1383e2234323e2133323e2337313; +https://leakix.net)"
64.225.75.246 - - [22/Dec/2025:05:02:55 -0500] "GET /telescope/requests HTTP/1.0" 404 133832 "-" "Mozilla/5.0 (l9scan/2.0.1383e2234323e2133323e2337313; +https://leakix.net)"
64.227.32.66 - - [22/Dec/2025:05:02:55 -0500] "GET /_all_dbs HTTP/1.0" 404 134012 "-" "Mozilla/5.0 (l9scan/2.0.1383e2234323e2133323e2337313; +https://leakix.net)"
64.225.75.246 - - [22/Dec/2025:05:02:56 -0500] "GET /info.php HTTP/1.0" 404 133832 "-" "Mozilla/5.0 (l9scan/2.0.1383e2234323e2133323e2337313; +https://leakix.net)"
64.227.32.66 - - [22/Dec/2025:05:02:57 -0500] "GET /.DS_Store HTTP/1.0" 404 134012 "-" "Mozilla/5.0 (l9scan/2.0.1383e2234323e2133323e2337313; +https://leakix.net)"
165.227.173.41 - - [22/Dec/2025:05:02:57 -0500] "GET /.git/config HTTP/1.0" 404 133896 "-" "Mozilla/5.0 (l9scan/2.0.1383e2234323e2133323e2337313; +https://leakix.net)"
64.225.75.246 - - [22/Dec/2025:05:02:57 -0500] "GET /?rest_route=/wp/v2/users/ HTTP/1.0" 200 3363 "-" "Mozilla/5.0 (l9scan/2.0.1383e2234323e2133323e2337313; +https://leakix.net)"
64.227.32.66 - - [22/Dec/2025:05:02:58 -0500] "GET /.env HTTP/1.0" 404 134012 "-" "Mozilla/5.0 (l9scan/2.0.1383e2234323e2133323e2337313; +https://leakix.net)"
165.227.173.41 - - [22/Dec/2025:05:02:58 -0500] "GET /s/1383e2234323e2133323e2337313/_/;/META-INF/maven/com.atlassian.jira/jira-webapp-dist/pom.properties HTTP/1.0" 404 134081 "-" "Mozilla/5.0 (l9scan/2.0.1383e2234323e2133323e2337313; +https://leakix.net)"
165.227.173.41 - - [22/Dec/2025:05:02:59 -0500] "GET /config.json HTTP/1.0" 404 133896 "-" "Mozilla/5.0 (l9scan/2.0.1383e2234323e2133323e2337313; +https://leakix.net)"
64.227.32.66 - - [22/Dec/2025:05:03:00 -0500] "GET /.git/config HTTP/1.0" 404 134012 "-" "Mozilla/5.0 (l9scan/2.0.1383e2234323e2133323e2337313; +https://leakix.net)"
165.227.173.41 - - [22/Dec/2025:05:03:01 -0500] "GET /telescope/requests HTTP/1.0" 404 133896 "-" "Mozilla/5.0 (l9scan/2.0.1383e2234323e2133323e2337313; +https://leakix.net)"
64.227.32.66 - - [22/Dec/2025:05:03:01 -0500] "GET /s/1383e2234323e2133323e2337313/_/;/META-INF/maven/com.atlassian.jira/jira-webapp-dist/pom.properties HTTP/1.0" 404 134197 "-" "Mozilla/5.0 (l9scan/2.0.1383e2234323e2133323e2337313; +https://leakix.net)"
165.227.173.41 - - [22/Dec/2025:05:03:02 -0500] "GET /info.php HTTP/1.0" 404 133896 "-" "Mozilla/5.0 (l9scan/2.0.1383e2234323e2133323e2337313; +https://leakix.net)"
64.227.32.66 - - [22/Dec/2025:05:03:03 -0500] "GET /config.json HTTP/1.0" 404 134012 "-" "Mozilla/5.0 (l9scan/2.0.1383e2234323e2133323e2337313; +https://leakix.net)"
165.227.173.41 - - [22/Dec/2025:05:03:03 -0500] "GET /?rest_route=/wp/v2/users/ HTTP/1.0" 200 3363 "-" "Mozilla/5.0 (l9scan/2.0.1383e2234323e2133323e2337313; +https://leakix.net)"
64.227.32.66 - - [22/Dec/2025:05:03:04 -0500] "GET /telescope/requests HTTP/1.0" 404 134012 "-" "Mozilla/5.0 (l9scan/2.0.1383e2234323e2133323e2337313; +https://leakix.net)"
64.227.32.66 - - [22/Dec/2025:05:03:05 -0500] "GET /info.php HTTP/1.0" 404 134012 "-" "Mozilla/5.0 (l9scan/2.0.1383e2234323e2133323e2337313; +https://leakix.net)"
64.227.32.66 - - [22/Dec/2025:05:03:07 -0500] "GET /?rest_route=/wp/v2/users/ HTTP/1.0" 200 3363 "-" "Mozilla/5.0 (l9scan/2.0.1383e2234323e2133323e2337313; +https://leakix.net)"
173.231.242.79 - - [22/Dec/2025:05:22:04 -0500] "POST /wp-cron.php?doing_wp_cron=1766398924.7959089279174804687500 HTTP/1.0" 200 - "-" "WordPress/6.9; https://www.mjhoustontransport.com"
5.175.45.198 - - [22/Dec/2025:05:22:02 -0500] "GET /wp-login.php HTTP/1.0" 200 1882 "-" "Mozilla/5.0 (Windows NT 10.0; WOW64; Trident/7.0; Touch; MAARJS; rv:11.0) like Gecko"
5.175.45.198 - - [22/Dec/2025:05:22:05 -0500] "POST /wp-login.php HTTP/1.0" 200 2011 "https://mjhoustontransport.com/wp-login.php" "Mozilla/5.0 (Windows NT 10.0; WOW64; Trident/7.0; Touch; MAARJS; rv:11.0) like Gecko"
173.231.242.79 - - [22/Dec/2025:05:24:50 -0500] "POST /wp-cron.php?doing_wp_cron=1766399090.2610380649566650390625 HTTP/1.0" 200 - "-" "WordPress/6.9; https://www.mjhoustontransport.com"
54.163.218.40 - - [22/Dec/2025:05:24:47 -0500] "GET /.env HTTP/1.0" 404 133948 "-" "Mozilla/5.0 (Windows NT 10.0; Win64; x64) AppleWebKit/537.36"
54.163.218.40 - - [22/Dec/2025:05:24:50 -0500] "GET /.env.local HTTP/1.0" 404 133948 "-" "Mozilla/5.0 (Windows NT 10.0; Win64; x64) AppleWebKit/537.36"
54.163.218.40 - - [22/Dec/2025:05:24:51 -0500] "GET /.env.production HTTP/1.0" 404 133948 "-" "Mozilla/5.0 (Windows NT 10.0; Win64; x64) AppleWebKit/537.36"
54.163.218.40 - - [22/Dec/2025:05:24:52 -0500] "GET /.env.production.local HTTP/1.0" 404 133948 "-" "Mozilla/5.0 (Windows NT 10.0; Win64; x64) AppleWebKit/537.36"
54.163.218.40 - - [22/Dec/2025:05:24:53 -0500] "GET /.env.development HTTP/1.0" 404 133948 "-" "Mozilla/5.0 (Windows NT 10.0; Win64; x64) AppleWebKit/537.36"
54.163.218.40 - - [22/Dec/2025:05:24:54 -0500] "GET /.env.development.local HTTP/1.0" 404 133948 "-" "Mozilla/5.0 (Windows NT 10.0; Win64; x64) AppleWebKit/537.36"
54.163.218.40 - - [22/Dec/2025:05:24:56 -0500] "GET /.aws/credentials HTTP/1.0" 404 133948 "-" "Mozilla/5.0 (Windows NT 10.0; Win64; x64) AppleWebKit/537.36"
54.163.218.40 - - [22/Dec/2025:05:24:59 -0500] "GET /app/.env HTTP/1.0" 404 133948 "-" "Mozilla/5.0 (Windows NT 10.0; Win64; x64) AppleWebKit/537.36"
54.163.218.40 - - [22/Dec/2025:05:25:00 -0500] "GET /api/.env HTTP/1.0" 404 133948 "-" "Mozilla/5.0 (Windows NT 10.0; Win64; x64) AppleWebKit/537.36"
54.163.218.40 - - [22/Dec/2025:05:25:01 -0500] "GET /config/.env HTTP/1.0" 404 133948 "-" "Mozilla/5.0 (Windows NT 10.0; Win64; x64) AppleWebKit/537.36"
54.163.218.40 - - [22/Dec/2025:05:25:02 -0500] "GET /backend/.env HTTP/1.0" 404 133948 "-" "Mozilla/5.0 (Windows NT 10.0; Win64; x64) AppleWebKit/537.36"
54.163.218.40 - - [22/Dec/2025:05:25:04 -0500] "GET /frontend/.env HTTP/1.0" 404 133948 "-" "Mozilla/5.0 (Windows NT 10.0; Win64; x64) AppleWebKit/537.36"
54.163.218.40 - - [22/Dec/2025:05:25:05 -0500] "GET /admin/.env HTTP/1.0" 404 133948 "-" "Mozilla/5.0 (Windows NT 10.0; Win64; x64) AppleWebKit/537.36"
54.163.218.40 - - [22/Dec/2025:05:25:06 -0500] "GET /public/.env HTTP/1.0" 404 133948 "-" "Mozilla/5.0 (Windows NT 10.0; Win64; x64) AppleWebKit/537.36"
54.163.218.40 - - [22/Dec/2025:05:25:07 -0500] "GET /src/.env HTTP/1.0" 404 133948 "-" "Mozilla/5.0 (Windows NT 10.0; Win64; x64) AppleWebKit/537.36"
54.163.218.40 - - [22/Dec/2025:05:25:08 -0500] "GET /env HTTP/1.0" 404 133948 "-" "Mozilla/5.0 (Windows NT 10.0; Win64; x64) AppleWebKit/537.36"
54.163.218.40 - - [22/Dec/2025:05:25:09 -0500] "GET /env.js HTTP/1.0" 404 133948 "-" "Mozilla/5.0 (Windows NT 10.0; Win64; x64) AppleWebKit/537.36"
54.163.218.40 - - [22/Dec/2025:05:25:11 -0500] "GET /env.json HTTP/1.0" 404 133948 "-" "Mozilla/5.0 (Windows NT 10.0; Win64; x64) AppleWebKit/537.36"
54.163.218.40 - - [22/Dec/2025:05:25:12 -0500] "GET /.env HTTP/1.0" 404 133832 "-" "Mozilla/5.0 (Windows NT 10.0; Win64; x64) AppleWebKit/537.36"
54.163.218.40 - - [22/Dec/2025:05:25:13 -0500] "GET /.env.local HTTP/1.0" 404 133832 "-" "Mozilla/5.0 (Windows NT 10.0; Win64; x64) AppleWebKit/537.36"
54.163.218.40 - - [22/Dec/2025:05:25:14 -0500] "GET /.env.production HTTP/1.0" 404 133832 "-" "Mozilla/5.0 (Windows NT 10.0; Win64; x64) AppleWebKit/537.36"
54.163.218.40 - - [22/Dec/2025:05:25:15 -0500] "GET /.env.production.local HTTP/1.0" 404 133832 "-" "Mozilla/5.0 (Windows NT 10.0; Win64; x64) AppleWebKit/537.36"
54.163.218.40 - - [22/Dec/2025:05:25:16 -0500] "GET /.env.development HTTP/1.0" 404 133832 "-" "Mozilla/5.0 (Windows NT 10.0; Win64; x64) AppleWebKit/537.36"
54.163.218.40 - - [22/Dec/2025:05:25:17 -0500] "GET /.env.development.local HTTP/1.0" 404 133832 "-" "Mozilla/5.0 (Windows NT 10.0; Win64; x64) AppleWebKit/537.36"
54.163.218.40 - - [22/Dec/2025:05:25:18 -0500] "GET /.aws/credentials HTTP/1.0" 404 133832 "-" "Mozilla/5.0 (Windows NT 10.0; Win64; x64) AppleWebKit/537.36"
54.163.218.40 - - [22/Dec/2025:05:25:19 -0500] "GET /app/.env HTTP/1.0" 404 133832 "-" "Mozilla/5.0 (Windows NT 10.0; Win64; x64) AppleWebKit/537.36"
54.163.218.40 - - [22/Dec/2025:05:25:20 -0500] "GET /api/.env HTTP/1.0" 404 133832 "-" "Mozilla/5.0 (Windows NT 10.0; Win64; x64) AppleWebKit/537.36"
54.163.218.40 - - [22/Dec/2025:05:25:21 -0500] "GET /config/.env HTTP/1.0" 404 133832 "-" "Mozilla/5.0 (Windows NT 10.0; Win64; x64) AppleWebKit/537.36"
54.163.218.40 - - [22/Dec/2025:05:25:22 -0500] "GET /backend/.env HTTP/1.0" 404 133832 "-" "Mozilla/5.0 (Windows NT 10.0; Win64; x64) AppleWebKit/537.36"
54.163.218.40 - - [22/Dec/2025:05:25:22 -0500] "GET /frontend/.env HTTP/1.0" 404 133832 "-" "Mozilla/5.0 (Windows NT 10.0; Win64; x64) AppleWebKit/537.36"
54.163.218.40 - - [22/Dec/2025:05:25:23 -0500] "GET /admin/.env HTTP/1.0" 404 133832 "-" "Mozilla/5.0 (Windows NT 10.0; Win64; x64) AppleWebKit/537.36"
54.163.218.40 - - [22/Dec/2025:05:25:26 -0500] "GET /public/.env HTTP/1.0" 404 133832 "-" "Mozilla/5.0 (Windows NT 10.0; Win64; x64) AppleWebKit/537.36"
54.163.218.40 - - [22/Dec/2025:05:25:27 -0500] "GET /src/.env HTTP/1.0" 404 133832 "-" "Mozilla/5.0 (Windows NT 10.0; Win64; x64) AppleWebKit/537.36"
54.163.218.40 - - [22/Dec/2025:05:25:27 -0500] "GET /env HTTP/1.0" 404 133832 "-" "Mozilla/5.0 (Windows NT 10.0; Win64; x64) AppleWebKit/537.36"
54.163.218.40 - - [22/Dec/2025:05:25:28 -0500] "GET /env.js HTTP/1.0" 404 133832 "-" "Mozilla/5.0 (Windows NT 10.0; Win64; x64) AppleWebKit/537.36"
54.163.218.40 - - [22/Dec/2025:05:25:29 -0500] "GET /env.json HTTP/1.0" 404 133832 "-" "Mozilla/5.0 (Windows NT 10.0; Win64; x64) AppleWebKit/537.36"
173.231.242.79 - - [22/Dec/2025:05:28:53 -0500] "POST /wp-cron.php?doing_wp_cron=1766399333.8432269096374511718750 HTTP/1.0" 200 - "-" "WordPress/6.9; https://www.mjhoustontransport.com"
62.204.61.5 - - [22/Dec/2025:05:28:51 -0500] "GET /wp-login.php HTTP/1.0" 200 1882 "-" "Mozilla/5.0 (Windows NT 6.1) AppleWebKit/537.36 (KHTML, like Gecko) Chrome/65.0.3325.181 Safari/537.36 OPR/52.0.2871.64"
62.204.61.5 - - [22/Dec/2025:05:28:54 -0500] "POST /wp-login.php HTTP/1.0" 200 2013 "https://mjhoustontransport.com/wp-login.php" "Mozilla/5.0 (Windows NT 6.1) AppleWebKit/537.36 (KHTML, like Gecko) Chrome/65.0.3325.181 Safari/537.36 OPR/52.0.2871.64"
173.231.242.79 - - [22/Dec/2025:05:31:08 -0500] "POST /wp-cron.php?doing_wp_cron=1766399468.2081410884857177734375 HTTP/1.0" 200 - "-" "WordPress/6.9; https://www.mjhoustontransport.com"
142.44.233.225 - - [22/Dec/2025:05:31:06 -0500] "GET /author/admin/ HTTP/1.0" 200 31000 "-" "Mozilla/5.0 (compatible; AhrefsBot/7.0; +http://ahrefs.com/robot/)"
173.231.242.79 - - [22/Dec/2025:05:31:56 -0500] "POST /wp-cron.php?doing_wp_cron=1766399516.4174399375915527343750 HTTP/1.0" 200 - "-" "WordPress/6.9; https://www.mjhoustontransport.com"
4.249.224.25 - - [22/Dec/2025:05:31:54 -0500] "POST /xmlrpc.php HTTP/1.0" 200 403 "-" "Mozilla/5.0 (Windows NT 5.1; rv:52.0) Gecko/20100101 Firefox/52.0"
4.249.224.25 - - [22/Dec/2025:05:31:56 -0500] "POST /xmlrpc.php HTTP/1.0" 200 403 "-" "Mozilla/5.0 (Windows NT 5.1; rv:52.0) Gecko/20100101 Firefox/52.0"
4.249.224.25 - - [22/Dec/2025:05:31:57 -0500] "POST /xmlrpc.php HTTP/1.0" 200 403 "-" "Mozilla/5.0 (Windows NT 5.1; rv:52.0) Gecko/20100101 Firefox/52.0"
190.90.160.168 - - [22/Dec/2025:05:32:08 -0500] "POST /xmlrpc.php HTTP/1.0" 406 300 "-" "Mozilla/5.0 (Windows NT 10.0; Win64; x64) AppleWebKit/537.36 (KHTML, like Gecko) Chrome/85.0.4183.121 Safari/537.36"
83.166.133.25 - - [22/Dec/2025:05:32:08 -0500] "POST /xmlrpc.php HTTP/1.0" 200 403 "-" "Mozilla/5.0 (Windows NT 10.0; Win64; x64) AppleWebKit/537.36 (KHTML, like Gecko) Chrome/87.0.4280.88 Safari/537.36"
190.90.160.168 - - [22/Dec/2025:05:32:08 -0500] "POST /xmlrpc.php HTTP/1.0" 200 403 "-" "Mozilla/5.0 (Windows NT 10.0; Win64; x64) AppleWebKit/537.36 (KHTML, like Gecko) Chrome/85.0.4183.121 Safari/537.36"
190.90.160.168 - - [22/Dec/2025:05:32:10 -0500] "POST /xmlrpc.php HTTP/1.0" 200 403 "-" "Mozilla/5.0 (Windows NT 10.0; Win64; x64) AppleWebKit/537.36 (KHTML, like Gecko) Chrome/85.0.4183.121 Safari/537.36"
83.166.133.25 - - [22/Dec/2025:05:32:11 -0500] "POST /xmlrpc.php HTTP/1.0" 200 403 "-" "Mozilla/5.0 (Windows NT 10.0; Win64; x64) AppleWebKit/537.36 (KHTML, like Gecko) Chrome/87.0.4280.88 Safari/537.36"
83.166.133.25 - - [22/Dec/2025:05:32:13 -0500] "POST /xmlrpc.php HTTP/1.0" 406 300 "-" "Mozilla/5.0 (Windows NT 10.0; Win64; x64) AppleWebKit/537.36 (KHTML, like Gecko) Chrome/87.0.4280.88 Safari/537.36"
173.231.242.79 - - [22/Dec/2025:05:32:28 -0500] "GET /.well-known/acme-challenge/O8ZSOIB1E3MNJA6TFZWN-1SW08KOPHF2 HTTP/1.0" 200 64 "-" "Cpanel-HTTP-Client/1.0"
173.231.242.79 - - [22/Dec/2025:05:32:28 -0500] "GET /.well-known/acme-challenge/E6Z5CL_4ZLY8WQCOI_X9TWXCCXVPGKP0 HTTP/1.0" 200 64 "-" "Cpanel-HTTP-Client/1.0"
173.231.242.79 - - [22/Dec/2025:05:32:28 -0500] "GET /.well-known/acme-challenge/WL_INR3MWM7REFZ-4W-UHJ-OS-AZSAHR HTTP/1.0" 200 64 "-" "Cpanel-HTTP-Client/1.0"
139.224.36.66 - - [22/Dec/2025:05:32:30 -0500] "POST /xmlrpc.php HTTP/1.0" 200 403 "-" "Mozilla/5.0 (Windows NT 10.0; Win64; x64) AppleWebKit/537.36 (KHTML, like Gecko) Chrome/87.0.4280.141 Safari/537.36"
173.231.242.79 - - [22/Dec/2025:05:32:35 -0500] "POST /wp-cron.php?doing_wp_cron=1766399555.8054409027099609375000 HTTP/1.0" 200 - "-" "WordPress/6.9; https://www.mjhoustontransport.com"
139.224.36.66 - - [22/Dec/2025:05:32:34 -0500] "POST /xmlrpc.php HTTP/1.0" 200 403 "-" "Mozilla/5.0 (Windows NT 10.0; Win64; x64) AppleWebKit/537.36 (KHTML, like Gecko) Chrome/87.0.4280.141 Safari/537.36"
173.231.242.79 - - [22/Dec/2025:05:32:40 -0500] "POST /wp-cron.php?doing_wp_cron=1766399560.0923299789428710937500 HTTP/1.0" 200 - "-" "WordPress/6.9; https://www.mjhoustontransport.com"
139.224.36.66 - - [22/Dec/2025:05:32:39 -0500] "POST /xmlrpc.php HTTP/1.0" 200 403 "-" "Mozilla/5.0 (Windows NT 10.0; Win64; x64) AppleWebKit/537.36 (KHTML, like Gecko) Chrome/87.0.4280.141 Safari/537.36"
173.231.242.79 - - [22/Dec/2025:05:34:08 -0500] "GET /.well-known/acme-challenge/IEFDN5XLVKZQUBOSN4G664_QM_J4NPUN HTTP/1.0" 200 64 "-" "Cpanel-HTTP-Client/1.0"
173.231.242.79 - - [22/Dec/2025:05:34:08 -0500] "GET /.well-known/acme-challenge/WQ70HV-RA3WXLVG_G9GSS50_8DC4YXK4 HTTP/1.0" 200 64 "-" "Cpanel-HTTP-Client/1.0"
173.231.242.79 - - [22/Dec/2025:05:34:08 -0500] "GET /.well-known/acme-challenge/G51EPXKEZ9EH5_YH1LI9RZU2LN3CW4LZ HTTP/1.0" 200 64 "-" "Cpanel-HTTP-Client/1.0"
173.231.242.79 - - [22/Dec/2025:05:44:55 -0500] "POST /wp-cron.php?doing_wp_cron=1766400295.4841110706329345703125 HTTP/1.0" 200 - "-" "WordPress/6.9; https://www.mjhoustontransport.com"
216.73.216.156 - - [22/Dec/2025:05:44:51 -0500] "GET /robots.txt HTTP/1.0" 200 125 "-" "Mozilla/5.0 AppleWebKit/537.36 (KHTML, like Gecko; compatible; ClaudeBot/1.0; +claudebot@anthropic.com)"
216.73.216.156 - - [22/Dec/2025:05:44:55 -0500] "GET /sitemap.xml HTTP/1.0" 301 - "-" "Mozilla/5.0 AppleWebKit/537.36 (KHTML, like Gecko; compatible; ClaudeBot/1.0; +claudebot@anthropic.com)"
173.231.242.79 - - [22/Dec/2025:05:52:43 -0500] "POST /wp-cron.php?doing_wp_cron=1766400763.4831631183624267578125 HTTP/1.0" 200 - "-" "WordPress/6.9; https://www.mjhoustontransport.com"
216.73.216.156 - - [22/Dec/2025:05:52:40 -0500] "GET /robots.txt HTTP/1.0" 200 125 "-" "Mozilla/5.0 AppleWebKit/537.36 (KHTML, like Gecko; compatible; ClaudeBot/1.0; +claudebot@anthropic.com)"
216.73.216.156 - - [22/Dec/2025:05:52:43 -0500] "GET /sitemap.xml HTTP/1.0" 301 - "-" "Mozilla/5.0 AppleWebKit/537.36 (KHTML, like Gecko; compatible; ClaudeBot/1.0; +claudebot@anthropic.com)"
216.73.216.156 - - [22/Dec/2025:05:52:44 -0500] "GET /sitemaps.xml HTTP/1.0" 429 17 "https://www.mjhoustontransport.com/sitemap.xml" "Mozilla/5.0 AppleWebKit/537.36 (KHTML, like Gecko; compatible; ClaudeBot/1.0; +claudebot@anthropic.com)"
173.231.242.79 - - [22/Dec/2025:06:06:30 -0500] "POST /wp-cron.php?doing_wp_cron=1766401590.2167809009552001953125 HTTP/1.0" 200 - "-" "WordPress/6.9; https://www.mjhoustontransport.com"
109.234.160.91 - - [22/Dec/2025:06:06:27 -0500] "GET /wp-login.php HTTP/1.0" 200 1882 "-" "Mozilla/5.0 (Windows NT 10.0; Win64; x64; Trident/7.0; Touch; rv:11.0) like Gecko"
173.231.242.79 - - [22/Dec/2025:06:06:43 -0500] "POST /wp-cron.php?doing_wp_cron=1766401603.7252418994903564453125 HTTP/1.0" 200 - "-" "WordPress/6.9; https://www.mjhoustontransport.com"
109.234.160.91 - - [22/Dec/2025:06:06:42 -0500] "POST /wp-login.php HTTP/1.0" 200 2012 "https://mjhoustontransport.com/wp-login.php" "Mozilla/5.0 (Windows NT 10.0; Win64; x64; Trident/7.0; Touch; rv:11.0) like Gecko"
173.231.242.79 - - [22/Dec/2025:06:17:23 -0500] "POST /wp-cron.php?doing_wp_cron=1766402243.1514859199523925781250 HTTP/1.0" 200 - "-" "WordPress/6.9; https://www.mjhoustontransport.com"
31.11.36.220 - - [22/Dec/2025:06:17:20 -0500] "POST /xmlrpc.php HTTP/1.0" 200 225 "-" "Mozilla/5.0 (Windows NT 6.3; WOW64; Trident/7.0; MASPJS; rv:11.0) like Gecko"
206.189.2.13 - - [22/Dec/2025:06:22:39 -0500] "GET / HTTP/1.0" 406 300 "-" "-"
209.97.180.8 - - [22/Dec/2025:06:22:39 -0500] "GET / HTTP/1.0" 406 300 "-" "-"
209.97.180.8 - - [22/Dec/2025:06:22:39 -0500] "GET / HTTP/1.0" 301 - "-" "Mozilla/5.0 (l9scan/2.0.1383e2234323e2133323e2337313; +https://leakix.net)"
173.231.242.79 - - [22/Dec/2025:06:22:41 -0500] "POST /wp-cron.php?doing_wp_cron=1766402561.4297909736633300781250 HTTP/1.0" 200 - "-" "WordPress/6.9; https://www.mjhoustontransport.com"
206.189.2.13 - - [22/Dec/2025:06:22:39 -0500] "GET / HTTP/1.0" 301 - "-" "Mozilla/5.0 (l9scan/2.0.1383e2234323e2133323e2337313; +https://leakix.net)"
206.189.2.13 - - [22/Dec/2025:06:22:41 -0500] "POST /graphql HTTP/1.0" 404 133896 "-" "Mozilla/5.0 (l9scan/2.0.1383e2234323e2133323e2337313; +https://leakix.net)"
209.97.180.8 - - [22/Dec/2025:06:22:41 -0500] "POST /graphql HTTP/1.0" 404 134012 "-" "Mozilla/5.0 (l9scan/2.0.1383e2234323e2133323e2337313; +https://leakix.net)"
206.189.2.13 - - [22/Dec/2025:06:22:42 -0500] "POST /api HTTP/1.0" 404 133896 "-" "Mozilla/5.0 (l9scan/2.0.1383e2234323e2133323e2337313; +https://leakix.net)"
209.97.180.8 - - [22/Dec/2025:06:22:43 -0500] "POST /api HTTP/1.0" 404 134012 "-" "Mozilla/5.0 (l9scan/2.0.1383e2234323e2133323e2337313; +https://leakix.net)"
206.189.2.13 - - [22/Dec/2025:06:22:44 -0500] "POST /api/graphql HTTP/1.0" 404 133896 "-" "Mozilla/5.0 (l9scan/2.0.1383e2234323e2133323e2337313; +https://leakix.net)"
209.97.180.8 - - [22/Dec/2025:06:22:44 -0500] "POST /api/graphql HTTP/1.0" 404 134012 "-" "Mozilla/5.0 (l9scan/2.0.1383e2234323e2133323e2337313; +https://leakix.net)"
206.189.2.13 - - [22/Dec/2025:06:22:45 -0500] "POST /graphql/api HTTP/1.0" 404 133896 "-" "Mozilla/5.0 (l9scan/2.0.1383e2234323e2133323e2337313; +https://leakix.net)"
206.189.2.13 - - [22/Dec/2025:06:22:46 -0500] "POST /api/gql HTTP/1.0" 404 133896 "-" "Mozilla/5.0 (l9scan/2.0.1383e2234323e2133323e2337313; +https://leakix.net)"
209.97.180.8 - - [22/Dec/2025:06:22:46 -0500] "POST /graphql/api HTTP/1.0" 404 134012 "-" "Mozilla/5.0 (l9scan/2.0.1383e2234323e2133323e2337313; +https://leakix.net)"
209.97.180.8 - - [22/Dec/2025:06:22:47 -0500] "POST /api/gql HTTP/1.0" 404 134012 "-" "Mozilla/5.0 (l9scan/2.0.1383e2234323e2133323e2337313; +https://leakix.net)"
206.189.2.13 - - [22/Dec/2025:06:22:48 -0500] "GET /swagger-ui.html HTTP/1.0" 301 - "-" "Mozilla/5.0 (l9scan/2.0.1383e2234323e2133323e2337313; +https://leakix.net)"
206.189.2.13 - - [22/Dec/2025:06:22:49 -0500] "GET /swagger/index.html HTTP/1.0" 301 - "-" "Mozilla/5.0 (l9scan/2.0.1383e2234323e2133323e2337313; +https://leakix.net)"
209.97.180.8 - - [22/Dec/2025:06:22:50 -0500] "GET /swagger-ui.html HTTP/1.0" 301 - "-" "Mozilla/5.0 (l9scan/2.0.1383e2234323e2133323e2337313; +https://leakix.net)"
206.189.2.13 - - [22/Dec/2025:06:22:50 -0500] "GET /swagger/swagger-ui.html HTTP/1.0" 301 - "-" "Mozilla/5.0 (l9scan/2.0.1383e2234323e2133323e2337313; +https://leakix.net)"
209.97.180.8 - - [22/Dec/2025:06:22:51 -0500] "GET /swagger/index.html HTTP/1.0" 301 - "-" "Mozilla/5.0 (l9scan/2.0.1383e2234323e2133323e2337313; +https://leakix.net)"
206.189.2.13 - - [22/Dec/2025:06:22:51 -0500] "GET /webjars/swagger-ui/index.html HTTP/1.0" 301 - "-" "Mozilla/5.0 (l9scan/2.0.1383e2234323e2133323e2337313; +https://leakix.net)"
209.97.180.8 - - [22/Dec/2025:06:22:52 -0500] "GET /swagger/swagger-ui.html HTTP/1.0" 301 - "-" "Mozilla/5.0 (l9scan/2.0.1383e2234323e2133323e2337313; +https://leakix.net)"
206.189.2.13 - - [22/Dec/2025:06:22:52 -0500] "GET /swagger.json HTTP/1.0" 301 - "-" "Mozilla/5.0 (l9scan/2.0.1383e2234323e2133323e2337313; +https://leakix.net)"
206.189.2.13 - - [22/Dec/2025:06:22:53 -0500] "GET /swagger/v1/swagger.json HTTP/1.0" 301 - "-" "Mozilla/5.0 (l9scan/2.0.1383e2234323e2133323e2337313; +https://leakix.net)"
209.97.180.8 - - [22/Dec/2025:06:22:53 -0500] "GET /webjars/swagger-ui/index.html HTTP/1.0" 301 - "-" "Mozilla/5.0 (l9scan/2.0.1383e2234323e2133323e2337313; +https://leakix.net)"
206.189.2.13 - - [22/Dec/2025:06:22:54 -0500] "GET /v2/api-docs HTTP/1.0" 301 - "-" "Mozilla/5.0 (l9scan/2.0.1383e2234323e2133323e2337313; +https://leakix.net)"
209.97.180.8 - - [22/Dec/2025:06:22:54 -0500] "GET /swagger.json HTTP/1.0" 301 - "-" "Mozilla/5.0 (l9scan/2.0.1383e2234323e2133323e2337313; +https://leakix.net)"
206.189.2.13 - - [22/Dec/2025:06:22:55 -0500] "GET /v3/api-docs HTTP/1.0" 301 - "-" "Mozilla/5.0 (l9scan/2.0.1383e2234323e2133323e2337313; +https://leakix.net)"
209.97.180.8 - - [22/Dec/2025:06:22:55 -0500] "GET /swagger/v1/swagger.json HTTP/1.0" 301 - "-" "Mozilla/5.0 (l9scan/2.0.1383e2234323e2133323e2337313; +https://leakix.net)"
206.189.2.13 - - [22/Dec/2025:06:22:56 -0500] "GET /api-docs/swagger.json HTTP/1.0" 301 - "-" "Mozilla/5.0 (l9scan/2.0.1383e2234323e2133323e2337313; +https://leakix.net)"
209.97.180.8 - - [22/Dec/2025:06:22:56 -0500] "GET /v2/api-docs HTTP/1.0" 301 - "-" "Mozilla/5.0 (l9scan/2.0.1383e2234323e2133323e2337313; +https://leakix.net)"
206.189.2.13 - - [22/Dec/2025:06:22:57 -0500] "GET /api/swagger.json HTTP/1.0" 301 - "-" "Mozilla/5.0 (l9scan/2.0.1383e2234323e2133323e2337313; +https://leakix.net)"
209.97.180.8 - - [22/Dec/2025:06:22:57 -0500] "GET /v3/api-docs HTTP/1.0" 301 - "-" "Mozilla/5.0 (l9scan/2.0.1383e2234323e2133323e2337313; +https://leakix.net)"
206.189.2.13 - - [22/Dec/2025:06:22:58 -0500] "GET /@vite/env HTTP/1.0" 301 - "-" "Mozilla/5.0 (l9scan/2.0.1383e2234323e2133323e2337313; +https://leakix.net)"
209.97.180.8 - - [22/Dec/2025:06:22:58 -0500] "GET /api-docs/swagger.json HTTP/1.0" 301 - "-" "Mozilla/5.0 (l9scan/2.0.1383e2234323e2133323e2337313; +https://leakix.net)"
