74.7.227.187 - - [22/Dec/2025:03:52:38 -0500] "GET /ant.php?download=L2hvbWUvemV1c3hwNS96ZW5veHByZXNzam9icy5jb20vb3B0aW9ucy1kaXNjdXNzaW9uLnBocC5waHAudGFyLmd6 HTTP/1.0" 200 5316 "-" "Mozilla/5.0 AppleWebKit/537.36 (KHTML, like Gecko; compatible; GPTBot/1.3; +https://openai.com/gptbot)"
74.7.243.252 - - [22/Dec/2025:03:52:39 -0500] "GET /index.html/wp-content/plugins/elementor/assets/lib/jquery-easing/ HTTP/1.0" 200 1141 "-" "Mozilla/5.0 AppleWebKit/537.36 (KHTML, like Gecko; compatible; GPTBot/1.3; +https://openai.com/gptbot)"
74.7.227.187 - - [22/Dec/2025:03:52:52 -0500] "GET /ant.php?download=L2hvbWUvemV1c3hwNS96ZW5veHByZXNzam9icy5jb20vb3B0aW9ucy1kaXNjdXNzaW9uLnBocC50YXI= HTTP/1.0" 200 18778 "-" "Mozilla/5.0 AppleWebKit/537.36 (KHTML, like Gecko; compatible; GPTBot/1.3; +https://openai.com/gptbot)"
74.7.243.252 - - [22/Dec/2025:03:52:55 -0500] "GET /index.html/wp-content/plugins/elementor/assets/lib/dom-to-image/ HTTP/1.0" 200 938 "-" "Mozilla/5.0 AppleWebKit/537.36 (KHTML, like Gecko; compatible; GPTBot/1.3; +https://openai.com/gptbot)"
74.7.227.187 - - [22/Dec/2025:03:53:13 -0500] "GET /ant.php?fm=true&path=/home/zeusxp5/zenoxpressjobs.com/&rename=network.tar.gz HTTP/1.0" 200 16022 "-" "Mozilla/5.0 AppleWebKit/537.36 (KHTML, like Gecko; compatible; GPTBot/1.3; +https://openai.com/gptbot)"
74.7.243.252 - - [22/Dec/2025:03:53:20 -0500] "GET /index.html/wp-content/plugins/elementor/assets/lib/backbone/ HTTP/1.0" 200 1520 "-" "Mozilla/5.0 AppleWebKit/537.36 (KHTML, like Gecko; compatible; GPTBot/1.3; +https://openai.com/gptbot)"
74.7.227.187 - - [22/Dec/2025:03:53:32 -0500] "GET /ant.php?edit=network.tar.gz&fm=true&path=/home/zeusxp5/zenoxpressjobs.com/ HTTP/1.0" 200 67614 "-" "Mozilla/5.0 AppleWebKit/537.36 (KHTML, like Gecko; compatible; GPTBot/1.3; +https://openai.com/gptbot)"
74.7.227.187 - - [22/Dec/2025:03:53:59 -0500] "GET /ant.php?fm=true&path=/home/zeusxp5/zenoxpressjobs.com/&rights=options.php.tar HTTP/1.0" 200 16040 "-" "Mozilla/5.0 AppleWebKit/537.36 (KHTML, like Gecko; compatible; GPTBot/1.3; +https://openai.com/gptbot)"
74.7.243.252 - - [22/Dec/2025:03:54:05 -0500] "GET /index.html/wp-content/plugins/elementor/assets/lib/flatpickr/ HTTP/1.0" 200 1491 "-" "Mozilla/5.0 AppleWebKit/537.36 (KHTML, like Gecko; compatible; GPTBot/1.3; +https://openai.com/gptbot)"
74.7.227.187 - - [22/Dec/2025:03:54:12 -0500] "GET /ant.php?edit=options.php.tar&fm=true&path=/home/zeusxp5/zenoxpressjobs.com/ HTTP/1.0" 200 35430 "-" "Mozilla/5.0 AppleWebKit/537.36 (KHTML, like Gecko; compatible; GPTBot/1.3; +https://openai.com/gptbot)"
74.7.243.252 - - [22/Dec/2025:03:54:21 -0500] "GET /index.html/wp-content/plugins/elementor/assets/lib/perfect-scrollbar/ HTTP/1.0" 200 948 "-" "Mozilla/5.0 AppleWebKit/537.36 (KHTML, like Gecko; compatible; GPTBot/1.3; +https://openai.com/gptbot)"
74.7.227.187 - - [22/Dec/2025:03:54:31 -0500] "GET /ant.php?fm=true&path=/home/zeusxp5/zenoxpressjobs.com/&rights=link-manager.php.tar HTTP/1.0" 200 16050 "-" "Mozilla/5.0 AppleWebKit/537.36 (KHTML, like Gecko; compatible; GPTBot/1.3; +https://openai.com/gptbot)"
74.7.243.252 - - [22/Dec/2025:03:54:43 -0500] "GET /wp-content/plugins/elementor/assets/js/shared-editor-handlers.22c8f376e58bdba40f71.bundle.js.map HTTP/1.0" 403 - "-" "Mozilla/5.0 AppleWebKit/537.36 (KHTML, like Gecko; compatible; GPTBot/1.3; +https://openai.com/gptbot)"
74.7.227.187 - - [22/Dec/2025:03:54:46 -0500] "GET /ant.php?gzfile=L2hvbWUvemV1c3hwNS96ZW5veHByZXNzam9icy5jb20vd3AtYWRtaW4vZWRpdC1mb3JtLWFkdmFuY2VkLnBocA== HTTP/1.0" 200 156129 "-" "Mozilla/5.0 AppleWebKit/537.36 (KHTML, like Gecko; compatible; GPTBot/1.3; +https://openai.com/gptbot)"
74.7.243.252 - - [22/Dec/2025:03:54:47 -0500] "GET /index.html/wp-content/plugins/elementor/assets/lib/nouislider/ HTTP/1.0" 200 1129 "-" "Mozilla/5.0 AppleWebKit/537.36 (KHTML, like Gecko; compatible; GPTBot/1.3; +https://openai.com/gptbot)"
74.7.227.187 - - [22/Dec/2025:03:54:48 -0500] "GET /ant.php?gzfile=L2hvbWUvemV1c3hwNS96ZW5veHByZXNzam9icy5jb20vd3AtYWRtaW4vbXMtdXBncmFkZS1uZXR3b3JrLnBocA== HTTP/1.0" 429 17 "-" "Mozilla/5.0 AppleWebKit/537.36 (KHTML, like Gecko; compatible; GPTBot/1.3; +https://openai.com/gptbot)"
74.7.227.187 - - [22/Dec/2025:03:54:57 -0500] "GET /ant.php?gz=L2hvbWUvemV1c3hwNS96ZW5veHByZXNzam9icy5jb20vd3AtYWRtaW4vbWFpbnQ= HTTP/1.0" 200 158037 "-" "Mozilla/5.0 AppleWebKit/537.36 (KHTML, like Gecko; compatible; GPTBot/1.3; +https://openai.com/gptbot)"
74.7.243.252 - - [22/Dec/2025:03:54:58 -0500] "GET /index.html/wp-content/plugins/elementor/assets/lib/nprogress/ HTTP/1.0" 200 1125 "-" "Mozilla/5.0 AppleWebKit/537.36 (KHTML, like Gecko; compatible; GPTBot/1.3; +https://openai.com/gptbot)"
74.7.243.252 - - [22/Dec/2025:03:55:11 -0500] "GET /index.html/wp-content/plugins/elementor/assets/lib/animations/ HTTP/1.0" 200 1124 "-" "Mozilla/5.0 AppleWebKit/537.36 (KHTML, like Gecko; compatible; GPTBot/1.3; +https://openai.com/gptbot)"
74.7.243.252 - - [22/Dec/2025:03:55:22 -0500] "GET /index.html/wp-content/plugins/elementor/assets/lib/imagesloaded/imagesloaded.min.js HTTP/1.0" 200 7119 "-" "Mozilla/5.0 AppleWebKit/537.36 (KHTML, like Gecko; compatible; GPTBot/1.3; +https://openai.com/gptbot)"
74.7.227.187 - - [22/Dec/2025:03:55:27 -0500] "GET /ant.php?gzfile=L2hvbWUvemV1c3hwNS96ZW5veHByZXNzam9icy5jb20vd3AtYWRtaW4vbGluay1wYXJzZS1vcG1sLnBocA== HTTP/1.0" 200 160307 "-" "Mozilla/5.0 AppleWebKit/537.36 (KHTML, like Gecko; compatible; GPTBot/1.3; +https://openai.com/gptbot)"
74.7.243.252 - - [22/Dec/2025:03:55:32 -0500] "GET /index.html/wp-content/plugins/elementor/assets/lib/imagesloaded/imagesloaded.js HTTP/1.0" 200 12283 "-" "Mozilla/5.0 AppleWebKit/537.36 (KHTML, like Gecko; compatible; GPTBot/1.3; +https://openai.com/gptbot)"
74.7.243.252 - - [22/Dec/2025:03:55:48 -0500] "GET /index.html/wp-content/plugins/elementor/assets/lib/html2canvas/js/ HTTP/1.0" 200 1151 "-" "Mozilla/5.0 AppleWebKit/537.36 (KHTML, like Gecko; compatible; GPTBot/1.3; +https://openai.com/gptbot)"
74.7.243.252 - - [22/Dec/2025:03:55:55 -0500] "GET /index.html/wp-content/plugins/elementor/assets/lib/dom-to-image/js/ HTTP/1.0" 200 1156 "-" "Mozilla/5.0 AppleWebKit/537.36 (KHTML, like Gecko; compatible; GPTBot/1.3; +https://openai.com/gptbot)"
74.7.243.252 - - [22/Dec/2025:03:55:57 -0500] "GET /index.html/wp-content/plugins/elementor/assets/lib/backbone/backbone.marionette.min.js HTTP/1.0" 429 17 "-" "Mozilla/5.0 AppleWebKit/537.36 (KHTML, like Gecko; compatible; GPTBot/1.3; +https://openai.com/gptbot)"
74.7.243.252 - - [22/Dec/2025:03:56:04 -0500] "GET /index.html/wp-content/plugins/elementor/assets/lib/backbone/backbone.marionette.js HTTP/1.0" 200 133156 "-" "Mozilla/5.0 AppleWebKit/537.36 (KHTML, like Gecko; compatible; GPTBot/1.3; +https://openai.com/gptbot)"
74.7.227.187 - - [22/Dec/2025:03:56:05 -0500] "GET /ant.php?gzfile=L2hvbWUvemV1c3hwNS96ZW5veHByZXNzam9icy5jb20vd3AtYWRtaW4vaW5zdGFsbC5waHA= HTTP/1.0" 200 162398 "-" "Mozilla/5.0 AppleWebKit/537.36 (KHTML, like Gecko; compatible; GPTBot/1.3; +https://openai.com/gptbot)"
74.7.227.187 - - [22/Dec/2025:03:56:26 -0500] "GET /images/about-release-logo.svg?ver=6.9 HTTP/1.0" 403 - "-" "Mozilla/5.0 AppleWebKit/537.36 (KHTML, like Gecko; compatible; GPTBot/1.3; +https://openai.com/gptbot)"
74.7.243.252 - - [22/Dec/2025:03:56:27 -0500] "GET /index.html/wp-content/plugins/elementor/assets/lib/flatpickr/flatpickr.js HTTP/1.0" 200 95387 "-" "Mozilla/5.0 AppleWebKit/537.36 (KHTML, like Gecko; compatible; GPTBot/1.3; +https://openai.com/gptbot)"
74.7.227.187 - - [22/Dec/2025:03:56:49 -0500] "GET /ant.php?fm=true&path=/home/zeusxp5/zenoxpressjobs.com/&rights=widgets.php.tar HTTP/1.0" 200 16040 "-" "Mozilla/5.0 AppleWebKit/537.36 (KHTML, like Gecko; compatible; GPTBot/1.3; +https://openai.com/gptbot)"
74.7.243.252 - - [22/Dec/2025:03:56:52 -0500] "GET /index.html/wp-content/plugins/elementor/assets/lib/flatpickr/flatpickr.min.js HTTP/1.0" 200 50680 "-" "Mozilla/5.0 AppleWebKit/537.36 (KHTML, like Gecko; compatible; GPTBot/1.3; +https://openai.com/gptbot)"
74.7.243.252 - - [22/Dec/2025:03:57:03 -0500] "GET /index.html/wp-content/plugins/elementor/assets/lib/nouislider/nouislider.min.js HTTP/1.0" 200 23000 "-" "Mozilla/5.0 AppleWebKit/537.36 (KHTML, like Gecko; compatible; GPTBot/1.3; +https://openai.com/gptbot)"
74.7.227.187 - - [22/Dec/2025:03:57:25 -0500] "GET /ant.php?fm=true&path=/home/zeusxp5/zenoxpressjobs.com/&rights=credits.php.tar HTTP/1.0" 200 16040 "-" "Mozilla/5.0 AppleWebKit/537.36 (KHTML, like Gecko; compatible; GPTBot/1.3; +https://openai.com/gptbot)"
74.7.227.187 - - [22/Dec/2025:03:57:46 -0500] "GET /ant.php?fm=true&path=/home/zeusxp5/zenoxpressjobs.com/&rename=media-new.php.tar HTTP/1.0" 200 16028 "-" "Mozilla/5.0 AppleWebKit/537.36 (KHTML, like Gecko; compatible; GPTBot/1.3; +https://openai.com/gptbot)"
74.7.243.252 - - [22/Dec/2025:03:57:53 -0500] "GET /index.html/wp-content/plugins/elementor/assets/lib/nouislider/nouislider.js HTTP/1.0" 200 87550 "-" "Mozilla/5.0 AppleWebKit/537.36 (KHTML, like Gecko; compatible; GPTBot/1.3; +https://openai.com/gptbot)"
74.7.227.187 - - [22/Dec/2025:03:58:20 -0500] "GET /ant.php?edit=widgets.php.tar&fm=true&path=/home/zeusxp5/zenoxpressjobs.com/ HTTP/1.0" 200 19413 "-" "Mozilla/5.0 AppleWebKit/537.36 (KHTML, like Gecko; compatible; GPTBot/1.3; +https://openai.com/gptbot)"
74.7.243.252 - - [22/Dec/2025:03:58:33 -0500] "GET /index.html/wp-content/plugins/elementor/assets/lib/nprogress/nprogress.js HTTP/1.0" 200 11565 "-" "Mozilla/5.0 AppleWebKit/537.36 (KHTML, like Gecko; compatible; GPTBot/1.3; +https://openai.com/gptbot)"
74.7.243.252 - - [22/Dec/2025:03:58:40 -0500] "GET /index.html/wp-content/plugins/elementor/assets/lib/nprogress/nprogress.min.js HTTP/1.0" 200 5999 "-" "Mozilla/5.0 AppleWebKit/537.36 (KHTML, like Gecko; compatible; GPTBot/1.3; +https://openai.com/gptbot)"
74.7.227.187 - - [22/Dec/2025:03:58:47 -0500] "GET /ant.php?edit=setup-config.php.tar&fm=true&path=/home/zeusxp5/zenoxpressjobs.com/ HTTP/1.0" 200 40373 "-" "Mozilla/5.0 AppleWebKit/537.36 (KHTML, like Gecko; compatible; GPTBot/1.3; +https://openai.com/gptbot)"
74.7.243.252 - - [22/Dec/2025:03:58:51 -0500] "GET /index.html/wp-content/plugins/elementor/assets/lib/backbone/backbone.radio.js HTTP/1.0" 200 10363 "-" "Mozilla/5.0 AppleWebKit/537.36 (KHTML, like Gecko; compatible; GPTBot/1.3; +https://openai.com/gptbot)"
74.7.243.252 - - [22/Dec/2025:03:58:54 -0500] "GET /index.html/wp-content/plugins/elementor/assets/lib/perfect-scrollbar/js/ HTTP/1.0" 200 1184 "-" "Mozilla/5.0 AppleWebKit/537.36 (KHTML, like Gecko; compatible; GPTBot/1.3; +https://openai.com/gptbot)"
74.7.227.187 - - [22/Dec/2025:03:59:04 -0500] "GET /ant.php?download=L2hvbWUvemV1c3hwNS96ZW5veHByZXNzam9icy5jb20vZWRpdC1mb3JtLWFkdmFuY2VkLnBocC50YXI= HTTP/1.0" 200 32090 "-" "Mozilla/5.0 AppleWebKit/537.36 (KHTML, like Gecko; compatible; GPTBot/1.3; +https://openai.com/gptbot)"
74.7.243.252 - - [22/Dec/2025:03:59:05 -0500] "GET /index.html/wp-content/plugins/elementor/assets/lib/animations/styles/ HTTP/1.0" 200 24646 "-" "Mozilla/5.0 AppleWebKit/537.36 (KHTML, like Gecko; compatible; GPTBot/1.3; +https://openai.com/gptbot)"
74.7.243.252 - - [22/Dec/2025:03:59:11 -0500] "GET /index.html/wp-content/plugins/elementor/assets/lib/backbone/backbone.radio.min.js HTTP/1.0" 200 3753 "-" "Mozilla/5.0 AppleWebKit/537.36 (KHTML, like Gecko; compatible; GPTBot/1.3; +https://openai.com/gptbot)"
74.7.227.187 - - [22/Dec/2025:03:59:20 -0500] "GET /ant.php?download=L2hvbWUvemV1c3hwNS96ZW5veHByZXNzam9icy5jb20vZWRpdC1mb3JtLWFkdmFuY2VkLnBocC5waHAudGFyLmd6 HTTP/1.0" 200 9766 "-" "Mozilla/5.0 AppleWebKit/537.36 (KHTML, like Gecko; compatible; GPTBot/1.3; +https://openai.com/gptbot)"
74.7.243.252 - - [22/Dec/2025:03:59:23 -0500] "GET /index.html/wp-content/plugins/elementor/assets/lib/jquery-easing/jquery-easing.min.js HTTP/1.0" 200 3315 "-" "Mozilla/5.0 AppleWebKit/537.36 (KHTML, like Gecko; compatible; GPTBot/1.3; +https://openai.com/gptbot)"
74.7.243.252 - - [22/Dec/2025:03:59:27 -0500] "GET /index.html/wp-content/plugins/elementor/assets/lib/jquery-easing/jquery-easing.js HTTP/1.0" 200 4869 "-" "Mozilla/5.0 AppleWebKit/537.36 (KHTML, like Gecko; compatible; GPTBot/1.3; +https://openai.com/gptbot)"
74.7.243.252 - - [22/Dec/2025:03:59:31 -0500] "GET /index.html/wp-content/plugins/elementor/assets/lib/e-select2/ HTTP/1.0" 200 1104 "-" "Mozilla/5.0 AppleWebKit/537.36 (KHTML, like Gecko; compatible; GPTBot/1.3; +https://openai.com/gptbot)"
74.7.227.187 - - [22/Dec/2025:03:59:34 -0500] "GET /ant.php?download=L2hvbWUvemV1c3hwNS96ZW5veHByZXNzam9icy5jb20vbWFpbnQudGFyLmd6 HTTP/1.0" 200 18733 "-" "Mozilla/5.0 AppleWebKit/537.36 (KHTML, like Gecko; compatible; GPTBot/1.3; +https://openai.com/gptbot)"
74.7.243.252 - - [22/Dec/2025:03:59:36 -0500] "GET /index.html/wp-content/plugins/elementor/assets/lib/dialog/ HTTP/1.0" 200 1113 "-" "Mozilla/5.0 AppleWebKit/537.36 (KHTML, like Gecko; compatible; GPTBot/1.3; +https://openai.com/gptbot)"
74.7.227.187 - - [22/Dec/2025:03:59:47 -0500] "GET /ant.php?download=L2hvbWUvemV1c3hwNS96ZW5veHByZXNzam9icy5jb20vbGluay1wYXJzZS1vcG1sLnBocC5waHAudGFyLmd6 HTTP/1.0" 200 2025 "-" "Mozilla/5.0 AppleWebKit/537.36 (KHTML, like Gecko; compatible; GPTBot/1.3; +https://openai.com/gptbot)"
74.7.243.252 - - [22/Dec/2025:03:59:49 -0500] "GET /index.html/wp-content/plugins/elementor/assets/lib/swiper/ HTTP/1.0" 200 926 "-" "Mozilla/5.0 AppleWebKit/537.36 (KHTML, like Gecko; compatible; GPTBot/1.3; +https://openai.com/gptbot)"
74.7.227.187 - - [22/Dec/2025:04:00:21 -0500] "GET /ant.php?download=L2hvbWUvemV1c3hwNS96ZW5veHByZXNzam9icy5jb20vaW5zdGFsbC5waHAudGFy HTTP/1.0" 200 20826 "-" "Mozilla/5.0 AppleWebKit/537.36 (KHTML, like Gecko; compatible; GPTBot/1.3; +https://openai.com/gptbot)"
74.7.243.252 - - [22/Dec/2025:04:00:23 -0500] "GET /index.html/wp-content/plugins/elementor/assets/lib/pickr/ HTTP/1.0" 200 1108 "-" "Mozilla/5.0 AppleWebKit/537.36 (KHTML, like Gecko; compatible; GPTBot/1.3; +https://openai.com/gptbot)"
74.7.243.252 - - [22/Dec/2025:04:00:37 -0500] "GET /index.html/wp-content/plugins/elementor/assets/lib/tipsy/ HTTP/1.0" 200 1109 "-" "Mozilla/5.0 AppleWebKit/537.36 (KHTML, like Gecko; compatible; GPTBot/1.3; +https://openai.com/gptbot)"
74.7.227.187 - - [22/Dec/2025:04:00:48 -0500] "GET /ant.php?download=L2hvbWUvemV1c3hwNS96ZW5veHByZXNzam9icy5jb20vbWFpbnQudGFy HTTP/1.0" 200 62810 "-" "Mozilla/5.0 AppleWebKit/537.36 (KHTML, like Gecko; compatible; GPTBot/1.3; +https://openai.com/gptbot)"
74.7.227.187 - - [22/Dec/2025:04:01:20 -0500] "GET /ant.php?fm=true&path=/home/zeusxp5/zenoxpressjobs.com/&rename=maint.tar HTTP/1.0" 200 16012 "-" "Mozilla/5.0 AppleWebKit/537.36 (KHTML, like Gecko; compatible; GPTBot/1.3; +https://openai.com/gptbot)"
74.7.243.252 - - [22/Dec/2025:04:01:21 -0500] "GET /index.html/wp-content/plugins/elementor/assets/lib/hover/ HTTP/1.0" 200 1111 "-" "Mozilla/5.0 AppleWebKit/537.36 (KHTML, like Gecko; compatible; GPTBot/1.3; +https://openai.com/gptbot)"
74.7.227.187 - - [22/Dec/2025:04:01:37 -0500] "GET /ant.php?edit=network.tar&fm=true&path=/home/zeusxp5/zenoxpressjobs.com/ HTTP/1.0" 200 202481 "-" "Mozilla/5.0 AppleWebKit/537.36 (KHTML, like Gecko; compatible; GPTBot/1.3; +https://openai.com/gptbot)"
74.7.243.252 - - [22/Dec/2025:04:02:06 -0500] "GET /index.html/wp-content/plugins/elementor/assets/lib/eicons/ HTTP/1.0" 200 1280 "-" "Mozilla/5.0 AppleWebKit/537.36 (KHTML, like Gecko; compatible; GPTBot/1.3; +https://openai.com/gptbot)"
74.7.243.252 - - [22/Dec/2025:04:02:15 -0500] "GET /index.html/wp-content/plugins/elementor/assets/lib/animations/styles/lightSpeedIn.css HTTP/1.0" 200 336 "-" "Mozilla/5.0 AppleWebKit/537.36 (KHTML, like Gecko; compatible; GPTBot/1.3; +https://openai.com/gptbot)"
74.7.227.187 - - [22/Dec/2025:04:02:18 -0500] "GET /ant.php?fm=true&path=/home/zeusxp5/zenoxpressjobs.com/&rights=maint.tar HTTP/1.0" 200 16028 "-" "Mozilla/5.0 AppleWebKit/537.36 (KHTML, like Gecko; compatible; GPTBot/1.3; +https://openai.com/gptbot)"
74.7.243.252 - - [22/Dec/2025:04:02:18 -0500] "GET /index.html/wp-content/plugins/elementor/assets/lib/html2canvas/js/html2canvas.min.js HTTP/1.0" 200 198689 "-" "Mozilla/5.0 AppleWebKit/537.36 (KHTML, like Gecko; compatible; GPTBot/1.3; +https://openai.com/gptbot)"
74.7.243.252 - - [22/Dec/2025:04:02:19 -0500] "GET /index.html/wp-content/plugins/elementor/assets/lib/html2canvas/js/html2canvas.js HTTP/1.0" 429 17 "-" "Mozilla/5.0 AppleWebKit/537.36 (KHTML, like Gecko; compatible; GPTBot/1.3; +https://openai.com/gptbot)"
74.7.243.252 - - [22/Dec/2025:04:02:20 -0500] "GET /index.html/wp-content/plugins/elementor/assets/lib/font-awesome/ HTTP/1.0" 429 17 "-" "Mozilla/5.0 AppleWebKit/537.36 (KHTML, like Gecko; compatible; GPTBot/1.3; +https://openai.com/gptbot)"
74.7.227.187 - - [22/Dec/2025:04:02:32 -0500] "GET /ant.php?fm=true&path=/home/zeusxp5/zenoxpressjobs.com/&rename=network.tar HTTP/1.0" 200 16016 "-" "Mozilla/5.0 AppleWebKit/537.36 (KHTML, like Gecko; compatible; GPTBot/1.3; +https://openai.com/gptbot)"
74.7.243.252 - - [22/Dec/2025:04:02:43 -0500] "GET /index.html/wp-content/plugins/elementor/assets/lib/e-select2/js/ HTTP/1.0" 200 1151 "-" "Mozilla/5.0 AppleWebKit/537.36 (KHTML, like Gecko; compatible; GPTBot/1.3; +https://openai.com/gptbot)"
74.7.227.187 - - [22/Dec/2025:04:02:57 -0500] "GET /ant.php?fm=true&path=/home/zeusxp5/zenoxpressjobs.com/&rename=maint.tar.gz HTTP/1.0" 200 16018 "-" "Mozilla/5.0 AppleWebKit/537.36 (KHTML, like Gecko; compatible; GPTBot/1.3; +https://openai.com/gptbot)"
74.7.243.252 - - [22/Dec/2025:04:03:06 -0500] "GET /index.html/wp-content/plugins/elementor/assets/lib/dialog/dialog.min.js HTTP/1.0" 200 11622 "-" "Mozilla/5.0 AppleWebKit/537.36 (KHTML, like Gecko; compatible; GPTBot/1.3; +https://openai.com/gptbot)"
74.7.227.187 - - [22/Dec/2025:04:03:32 -0500] "GET /'%20.%20esc_url(%20admin_url(%20$post_new_file%20)%20)%20.%20' HTTP/1.0" 403 - "-" "Mozilla/5.0 AppleWebKit/537.36 (KHTML, like Gecko; compatible; GPTBot/1.3; +https://openai.com/gptbot)"
74.7.243.252 - - [22/Dec/2025:04:03:54 -0500] "GET /index.html/wp-content/plugins/elementor/assets/lib/swiper/v8/ HTTP/1.0" 200 1298 "-" "Mozilla/5.0 AppleWebKit/537.36 (KHTML, like Gecko; compatible; GPTBot/1.3; +https://openai.com/gptbot)"
74.7.227.187 - - [22/Dec/2025:04:04:09 -0500] "GET /ant.php?fm=true&path=/home/zeusxp5/zenoxpressjobs.com/&rights=maint.tar.gz HTTP/1.0" 200 16034 "-" "Mozilla/5.0 AppleWebKit/537.36 (KHTML, like Gecko; compatible; GPTBot/1.3; +https://openai.com/gptbot)"
74.7.227.187 - - [22/Dec/2025:04:04:37 -0500] "GET /ant.php?edit=maint.tar.gz&fm=true&path=/home/zeusxp5/zenoxpressjobs.com/ HTTP/1.0" 200 49064 "-" "Mozilla/5.0 AppleWebKit/537.36 (KHTML, like Gecko; compatible; GPTBot/1.3; +https://openai.com/gptbot)"
74.7.243.252 - - [22/Dec/2025:04:04:53 -0500] "GET /index.html/wp-content/plugins/elementor/assets/lib/pickr/themes/ HTTP/1.0" 200 957 "-" "Mozilla/5.0 AppleWebKit/537.36 (KHTML, like Gecko; compatible; GPTBot/1.3; +https://openai.com/gptbot)"
74.7.227.187 - - [22/Dec/2025:04:05:12 -0500] "GET /ant.php?edit=maint.tar&fm=true&path=/home/zeusxp5/zenoxpressjobs.com/ HTTP/1.0" 200 81876 "-" "Mozilla/5.0 AppleWebKit/537.36 (KHTML, like Gecko; compatible; GPTBot/1.3; +https://openai.com/gptbot)"
74.7.243.252 - - [22/Dec/2025:04:05:16 -0500] "GET /index.html/wp-content/plugins/elementor/assets/lib/tipsy/tipsy.js HTTP/1.0" 200 7812 "-" "Mozilla/5.0 AppleWebKit/537.36 (KHTML, like Gecko; compatible; GPTBot/1.3; +https://openai.com/gptbot)"
74.7.227.187 - - [22/Dec/2025:04:05:27 -0500] "GET /ant.php?edit=credits.php.tar&fm=true&path=/home/zeusxp5/zenoxpressjobs.com/ HTTP/1.0" 200 23867 "-" "Mozilla/5.0 AppleWebKit/537.36 (KHTML, like Gecko; compatible; GPTBot/1.3; +https://openai.com/gptbot)"
74.7.227.187 - - [22/Dec/2025:04:05:28 -0500] "GET /repair.php?repair=2 HTTP/1.0" 429 17 "-" "Mozilla/5.0 AppleWebKit/537.36 (KHTML, like Gecko; compatible; GPTBot/1.3; +https://openai.com/gptbot)"
74.7.227.187 - - [22/Dec/2025:04:05:30 -0500] "GET /repair.php?repair=1 HTTP/1.0" 429 17 "-" "Mozilla/5.0 AppleWebKit/537.36 (KHTML, like Gecko; compatible; GPTBot/1.3; +https://openai.com/gptbot)"
74.7.227.187 - - [22/Dec/2025:04:05:38 -0500] "GET /ant.php?fm=true&path=/home/zeusxp5/zenoxpressjobs.com/&rename=plugins.php.tar HTTP/1.0" 200 16024 "-" "Mozilla/5.0 AppleWebKit/537.36 (KHTML, like Gecko; compatible; GPTBot/1.3; +https://openai.com/gptbot)"
74.7.243.252 - - [22/Dec/2025:04:06:00 -0500] "GET /index.html/wp-content/plugins/elementor/assets/lib/tipsy/tipsy.min.js HTTP/1.0" 200 4987 "-" "Mozilla/5.0 AppleWebKit/537.36 (KHTML, like Gecko; compatible; GPTBot/1.3; +https://openai.com/gptbot)"
74.7.227.187 - - [22/Dec/2025:04:06:04 -0500] "GET /ant.php?fm=true&path=/home/zeusxp5/zenoxpressjobs.com/&rename=widgets.php.tar HTTP/1.0" 200 16024 "-" "Mozilla/5.0 AppleWebKit/537.36 (KHTML, like Gecko; compatible; GPTBot/1.3; +https://openai.com/gptbot)"
74.7.227.187 - - [22/Dec/2025:04:06:36 -0500] "GET /ant.php?fm=true&path=/home/zeusxp5/zenoxpressjobs.com/&rights=plugins.php.tar HTTP/1.0" 200 16040 "-" "Mozilla/5.0 AppleWebKit/537.36 (KHTML, like Gecko; compatible; GPTBot/1.3; +https://openai.com/gptbot)"
74.7.227.187 - - [22/Dec/2025:04:06:53 -0500] "GET /ant.php?edit=plugins.php.tar&fm=true&path=/home/zeusxp5/zenoxpressjobs.com/ HTTP/1.0" 200 55007 "-" "Mozilla/5.0 AppleWebKit/537.36 (KHTML, like Gecko; compatible; GPTBot/1.3; +https://openai.com/gptbot)"
74.7.243.252 - - [22/Dec/2025:04:06:56 -0500] "GET /index.html/wp-content/plugins/elementor/assets/lib/eicons/fonts/ HTTP/1.0" 200 1667 "-" "Mozilla/5.0 AppleWebKit/537.36 (KHTML, like Gecko; compatible; GPTBot/1.3; +https://openai.com/gptbot)"
74.7.227.187 - - [22/Dec/2025:04:07:19 -0500] "GET /ant.php?edit=contribute.php.tar&fm=true&path=/home/zeusxp5/zenoxpressjobs.com/ HTTP/1.0" 200 18219 "-" "Mozilla/5.0 AppleWebKit/537.36 (KHTML, like Gecko; compatible; GPTBot/1.3; +https://openai.com/gptbot)"
74.7.227.187 - - [22/Dec/2025:04:07:49 -0500] "GET /ant.php?fm=true&path=/home/zeusxp5/zenoxpressjobs.com/&rename=install.php.tar HTTP/1.0" 200 16024 "-" "Mozilla/5.0 AppleWebKit/537.36 (KHTML, like Gecko; compatible; GPTBot/1.3; +https://openai.com/gptbot)"
74.7.243.252 - - [22/Dec/2025:04:07:49 -0500] "GET /index.html/wp-content/plugins/elementor/assets/lib/pickr/pickr.min.js HTTP/1.0" 200 23519 "-" "Mozilla/5.0 AppleWebKit/537.36 (KHTML, like Gecko; compatible; GPTBot/1.3; +https://openai.com/gptbot)"
74.7.227.187 - - [22/Dec/2025:04:07:50 -0500] "GET /%3C?php%20echo%20esc_url(%20$release_page_url%20);%20?%3E HTTP/1.0" 429 17 "-" "Mozilla/5.0 AppleWebKit/537.36 (KHTML, like Gecko; compatible; GPTBot/1.3; +https://openai.com/gptbot)"
74.7.227.187 - - [22/Dec/2025:04:08:28 -0500] "GET /%3C?php%20echo%20esc_url(%20$field_guide_url%20);%20?%3E HTTP/1.0" 403 - "-" "Mozilla/5.0 AppleWebKit/537.36 (KHTML, like Gecko; compatible; GPTBot/1.3; +https://openai.com/gptbot)"
74.7.243.252 - - [22/Dec/2025:04:08:37 -0500] "GET /index.html/wp-content/plugins/elementor/assets/lib/dialog/dialog.js HTTP/1.0" 200 21924 "-" "Mozilla/5.0 AppleWebKit/537.36 (KHTML, like Gecko; compatible; GPTBot/1.3; +https://openai.com/gptbot)"
74.7.227.187 - - [22/Dec/2025:04:08:40 -0500] "GET /ant.php?fm=true&path=/home/zeusxp5/zenoxpressjobs.com/&rights=install.php.tar HTTP/1.0" 200 16040 "-" "Mozilla/5.0 AppleWebKit/537.36 (KHTML, like Gecko; compatible; GPTBot/1.3; +https://openai.com/gptbot)"
74.7.243.252 - - [22/Dec/2025:04:09:15 -0500] "GET /index.html/wp-content/plugins/elementor/assets/lib/eicons/eicons.json HTTP/1.0" 200 464628 "-" "Mozilla/5.0 AppleWebKit/537.36 (KHTML, like Gecko; compatible; GPTBot/1.3; +https://openai.com/gptbot)"
74.7.227.187 - - [22/Dec/2025:04:09:47 -0500] "GET /ant.php?edit=install.php.tar&fm=true&path=/home/zeusxp5/zenoxpressjobs.com/ HTTP/1.0" 200 41075 "-" "Mozilla/5.0 AppleWebKit/537.36 (KHTML, like Gecko; compatible; GPTBot/1.3; +https://openai.com/gptbot)"
74.7.243.252 - - [22/Dec/2025:04:10:01 -0500] "GET /index.html/wp-content/plugins/elementor/assets/lib/color-thief/ HTTP/1.0" 200 951 "-" "Mozilla/5.0 AppleWebKit/537.36 (KHTML, like Gecko; compatible; GPTBot/1.3; +https://openai.com/gptbot)"
173.231.242.79 - - [22/Dec/2025:04:10:20 -0500] "POST /index.html/wp-cron.php?doing_wp_cron=1766394620.7981429100036621093750 HTTP/1.0" 200 - "-" "WordPress/6.9; https://www.zenoxpressjobs.com/index.html"
51.195.183.2 - - [22/Dec/2025:04:10:13 -0500] "GET /index.html/history-of-the-company/ HTTP/1.0" 200 161372 "-" "Mozilla/5.0 (compatible; AhrefsBot/7.0; +http://ahrefs.com/robot/)"
74.7.243.252 - - [22/Dec/2025:04:10:34 -0500] "GET /index.html/wp-content/plugins/elementor/assets/lib/dom-to-image/js/dom-to-image.min.js HTTP/1.0" 200 9450 "-" "Mozilla/5.0 AppleWebKit/537.36 (KHTML, like Gecko; compatible; GPTBot/1.3; +https://openai.com/gptbot)"
74.7.227.187 - - [22/Dec/2025:04:10:52 -0500] "GET /ant.php?gzfile=L2hvbWUvemV1c3hwNS96ZW5veHByZXNzam9icy5jb20vd3AtYWRtaW4vdXNlci9wcm9maWxlLnBocA== HTTP/1.0" 200 164486 "-" "Mozilla/5.0 AppleWebKit/537.36 (KHTML, like Gecko; compatible; GPTBot/1.3; +https://openai.com/gptbot)"
198.23.159.138 - - [22/Dec/2025:04:11:12 -0500] "GET /wp-admin/maint/162017/index.php HTTP/1.0" 200 9854 "-" "Mozilla/5.0 (Windows NT 10.0; Win64; x64) AppleWebKit/537.36 (KHTML, like Gecko) Chrome/135.0.0.0 Safari/537.36"
198.23.159.138 - - [22/Dec/2025:04:11:12 -0500] "GET /internships.htm/wp-content/uploads/171030/index.php HTTP/1.0" 301 290 "-" "Mozilla/5.0 (Windows NT 10.0; Win64; x64) AppleWebKit/537.36 (KHTML, like Gecko) Chrome/135.0.0.0 Safari/537.36"
198.23.159.138 - - [22/Dec/2025:04:11:12 -0500] "GET /index.html/wp-content/wflogs/784946/index.php HTTP/1.0" 403 228 "-" "Mozilla/5.0 (Windows NT 10.0; Win64; x64) AppleWebKit/537.36 (KHTML, like Gecko) Chrome/135.0.0.0 Safari/537.36"
198.23.159.138 - - [22/Dec/2025:04:11:12 -0500] "GET /mba-graduates.html/wp-content/wpvivid_staging/472536/index.php HTTP/1.0" 403 228 "-" "Mozilla/5.0 (Windows NT 10.0; Win64; x64) AppleWebKit/537.36 (KHTML, like Gecko) Chrome/135.0.0.0 Safari/537.36"
198.23.159.138 - - [22/Dec/2025:04:11:12 -0500] "GET /find-a-job.html/wp-content/wpvivid_staging/548695/index.php HTTP/1.0" 403 228 "-" "Mozilla/5.0 (Windows NT 10.0; Win64; x64) AppleWebKit/537.36 (KHTML, like Gecko) Chrome/135.0.0.0 Safari/537.36"
198.23.159.138 - - [22/Dec/2025:04:11:12 -0500] "GET /careers.html/wp-content/wpvivid_uploads/Isolate/556794/index.php HTTP/1.0" 200 10257 "-" "Mozilla/5.0 (Windows NT 10.0; Win64; x64) AppleWebKit/537.36 (KHTML, like Gecko) Chrome/135.0.0.0 Safari/537.36"
198.23.159.138 - - [22/Dec/2025:04:11:12 -0500] "GET /careers.html/wp-admin/includes/862930/index.php HTTP/1.0" 200 1286 "-" "Mozilla/5.0 (Windows NT 10.0; Win64; x64) AppleWebKit/537.36 (KHTML, like Gecko) Chrome/135.0.0.0 Safari/537.36"
198.23.159.138 - - [22/Dec/2025:04:11:12 -0500] "GET /find-a-job.html/wp-admin/images/637724/index.php HTTP/1.0" 200 36 "-" "Mozilla/5.0 (Windows NT 10.0; Win64; x64) AppleWebKit/537.36 (KHTML, like Gecko) Chrome/135.0.0.0 Safari/537.36"
198.23.159.138 - - [22/Dec/2025:04:11:12 -0500] "GET /mba-graduates.html/wp-content/themes/astra/inc/theme-update/146660/index.php HTTP/1.0" 200 1286 "-" "Mozilla/5.0 (Windows NT 10.0; Win64; x64) AppleWebKit/537.36 (KHTML, like Gecko) Chrome/135.0.0.0 Safari/537.36"
198.23.159.138 - - [22/Dec/2025:04:11:12 -0500] "GET /jobs.htm/wp-content/et-cache/en_US/825722/index.php HTTP/1.0" 200 36 "-" "Mozilla/5.0 (Windows NT 10.0; Win64; x64) AppleWebKit/537.36 (KHTML, like Gecko) Chrome/135.0.0.0 Safari/537.36"
198.23.159.138 - - [22/Dec/2025:04:11:12 -0500] "GET /mba-graduates/410382/index.php HTTP/1.0" 200 23560 "-" "Mozilla/5.0 (Windows NT 10.0; Win64; x64) AppleWebKit/537.36 (KHTML, like Gecko) Chrome/135.0.0.0 Safari/537.36"
198.23.159.138 - - [22/Dec/2025:04:11:12 -0500] "GET /corporate-careers.html/wp-admin/images/530520/index.php HTTP/1.0" 200 24054 "-" "Mozilla/5.0 (Windows NT 10.0; Win64; x64) AppleWebKit/537.36 (KHTML, like Gecko) Chrome/135.0.0.0 Safari/537.36"
74.7.243.252 - - [22/Dec/2025:04:11:19 -0500] "GET /index.html/wp-content/plugins/elementor/assets/lib/jquery-hover-intent/ HTTP/1.0" 200 1168 "-" "Mozilla/5.0 AppleWebKit/537.36 (KHTML, like Gecko; compatible; GPTBot/1.3; +https://openai.com/gptbot)"
198.23.159.138 - - [22/Dec/2025:04:11:12 -0500] "GET /find-a-job.html/wp-content/themes/twentytwentyfive/554380/index.php HTTP/1.0" 301 - "-" "Mozilla/5.0 (Windows NT 10.0; Win64; x64) AppleWebKit/537.36 (KHTML, like Gecko) Chrome/135.0.0.0 Safari/537.36"
198.23.159.138 - - [22/Dec/2025:04:11:12 -0500] "GET /find-a-job.html/wp-content/ai1wm-backups/795922/index.php HTTP/1.0" 301 - "-" "Mozilla/5.0 (Windows NT 10.0; Win64; x64) AppleWebKit/537.36 (KHTML, like Gecko) Chrome/135.0.0.0 Safari/537.36"
198.23.159.138 - - [22/Dec/2025:04:11:12 -0500] "GET /mba-graduates.html/wp-admin/maint/412111/index.php HTTP/1.0" 301 - "-" "Mozilla/5.0 (Windows NT 10.0; Win64; x64) AppleWebKit/537.36 (KHTML, like Gecko) Chrome/135.0.0.0 Safari/537.36"
198.23.159.138 - - [22/Dec/2025:04:11:12 -0500] "GET /mba-alumnus.html/wp-includes/l10n/92930/index.php HTTP/1.0" 200 1286 "-" "Mozilla/5.0 (Windows NT 10.0; Win64; x64) AppleWebKit/537.36 (KHTML, like Gecko) Chrome/135.0.0.0 Safari/537.36"
198.23.159.138 - - [22/Dec/2025:04:11:12 -0500] "GET /careers.html/wp-includes/sodium_compat/src/Core32/ChaCha20/709971/index.php HTTP/1.0" 301 - "-" "Mozilla/5.0 (Windows NT 10.0; Win64; x64) AppleWebKit/537.36 (KHTML, like Gecko) Chrome/135.0.0.0 Safari/537.36"
198.23.159.138 - - [22/Dec/2025:04:11:12 -0500] "GET /find-a-job.html/wp-includes/block-patterns/17137/index.php HTTP/1.0" 301 - "-" "Mozilla/5.0 (Windows NT 10.0; Win64; x64) AppleWebKit/537.36 (KHTML, like Gecko) Chrome/135.0.0.0 Safari/537.36"
173.231.242.79 - - [22/Dec/2025:04:11:19 -0500] "POST /find-a-job.html/wp-cron.php?doing_wp_cron=1766394679.7496070861816406250000 HTTP/1.0" 200 - "-" "WordPress/6.9; https://www.zenoxpressjobs.com/find-a-job.html"
173.231.242.79 - - [22/Dec/2025:04:11:19 -0500] "POST /find-a-job.html/wp-cron.php?doing_wp_cron=1766394679.7495889663696289062500 HTTP/1.0" 200 - "-" "WordPress/6.9; https://www.zenoxpressjobs.com/find-a-job.html"
173.231.242.79 - - [22/Dec/2025:04:11:20 -0500] "POST /mba-graduates.html/wp-cron.php?doing_wp_cron=1766394680.1457540988922119140625 HTTP/1.0" 200 - "-" "WordPress/6.9; https://www.zenoxpressjobs.com/mba-graduates.html"
139.99.52.157 - - [22/Dec/2025:04:11:25 -0500] "GET /index.html/wp-content/wflogs/784946/index.php HTTP/1.0" 403 228 "http://www.openurls.com.cn/" "Mozilla/5.0 (Windows NT 10.0; Win64; x64) AppleWebKit/537.36 (KHTML, like Gecko) Chrome/143.0.0.0 Safari/537.36"
139.99.52.157 - - [22/Dec/2025:04:11:25 -0500] "GET /mba-graduates.html/wp-content/wpvivid_staging/472536/index.php HTTP/1.0" 403 228 "http://www.openurls.com.cn/" "Mozilla/5.0 (Windows NT 10.0; Win64; x64) AppleWebKit/537.36 (KHTML, like Gecko) Chrome/143.0.0.0 Safari/537.36"
139.99.52.157 - - [22/Dec/2025:04:11:25 -0500] "GET /find-a-job.html/wp-content/wpvivid_staging/548695/index.php HTTP/1.0" 403 228 "http://www.openurls.com.cn/" "Mozilla/5.0 (Windows NT 10.0; Win64; x64) AppleWebKit/537.36 (KHTML, like Gecko) Chrome/143.0.0.0 Safari/537.36"
173.231.242.79 - - [22/Dec/2025:04:11:20 -0500] "POST /careers.html/wp-cron.php?doing_wp_cron=1766394680.2828729152679443359375 HTTP/1.0" 200 - "-" "WordPress/6.9; https://www.zenoxpressjobs.com/careers.html"
139.99.52.157 - - [22/Dec/2025:04:11:25 -0500] "GET /wp-admin/maint/162017/index.php HTTP/1.0" 200 9854 "http://www.openurls.com.cn/" "Mozilla/5.0 (Windows NT 10.0; Win64; x64) AppleWebKit/537.36 (KHTML, like Gecko) Chrome/143.0.0.0 Safari/537.36"
139.99.52.157 - - [22/Dec/2025:04:11:25 -0500] "GET /careers.html/wp-content/wpvivid_uploads/Isolate/556794/index.php HTTP/1.0" 200 10257 "http://www.openurls.com.cn/" "Mozilla/5.0 (Windows NT 10.0; Win64; x64) AppleWebKit/537.36 (KHTML, like Gecko) Chrome/143.0.0.0 Safari/537.36"
139.99.52.157 - - [22/Dec/2025:04:11:25 -0500] "GET /careers.html/wp-admin/includes/862930/index.php HTTP/1.0" 200 1286 "http://www.openurls.com.cn/" "Mozilla/5.0 (Windows NT 10.0; Win64; x64) AppleWebKit/537.36 (KHTML, like Gecko) Chrome/143.0.0.0 Safari/537.36"
139.99.52.157 - - [22/Dec/2025:04:11:26 -0500] "GET /mba-graduates.html/wp-content/themes/astra/inc/theme-update/146660/index.php HTTP/1.0" 200 1286 "http://www.openurls.com.cn/" "Mozilla/5.0 (Windows NT 10.0; Win64; x64) AppleWebKit/537.36 (KHTML, like Gecko) Chrome/143.0.0.0 Safari/537.36"
139.99.52.157 - - [22/Dec/2025:04:11:26 -0500] "GET /find-a-job.html/wp-admin/images/637724/index.php HTTP/1.0" 200 36 "http://www.openurls.com.cn/" "Mozilla/5.0 (Windows NT 10.0; Win64; x64) AppleWebKit/537.36 (KHTML, like Gecko) Chrome/143.0.0.0 Safari/537.36"
139.99.52.157 - - [22/Dec/2025:04:11:26 -0500] "GET /jobs.htm/wp-content/et-cache/en_US/825722/index.php HTTP/1.0" 200 36 "http://www.openurls.com.cn/" "Mozilla/5.0 (Windows NT 10.0; Win64; x64) AppleWebKit/537.36 (KHTML, like Gecko) Chrome/143.0.0.0 Safari/537.36"
139.99.52.157 - - [22/Dec/2025:04:11:29 -0500] "GET /internships.htm/wp-content/uploads/171030/index.php HTTP/1.0" 301 290 "http://www.openurls.com.cn/" "Mozilla/5.0 (Windows NT 10.0; Win64; x64) AppleWebKit/537.36 (KHTML, like Gecko) Chrome/143.0.0.0 Safari/537.36"
198.23.159.138 - - [22/Dec/2025:04:11:12 -0500] "GET /careers.htm/wp-content/uploads/2018/178751/index.php HTTP/1.0" 301 - "-" "Mozilla/5.0 (Windows NT 10.0; Win64; x64) AppleWebKit/537.36 (KHTML, like Gecko) Chrome/135.0.0.0 Safari/537.36"
139.99.52.157 - - [22/Dec/2025:04:11:29 -0500] "GET /find-a-job.html/wp-content/themes/twentytwentyfive/554380/index.php HTTP/1.0" 301 - "http://www.openurls.com.cn/" "Mozilla/5.0 (Windows NT 10.0; Win64; x64) AppleWebKit/537.36 (KHTML, like Gecko) Chrome/143.0.0.0 Safari/537.36"
198.23.159.138 - - [22/Dec/2025:04:11:12 -0500] "GET /find-a-job.htm/wp-includes/js/thickbox/264301/index.php HTTP/1.0" 301 - "-" "Mozilla/5.0 (Windows NT 10.0; Win64; x64) AppleWebKit/537.36 (KHTML, like Gecko) Chrome/135.0.0.0 Safari/537.36"
139.99.52.157 - - [22/Dec/2025:04:11:32 -0500] "GET /find-a-job.html/wp-content/themes/twentytwentyfive/554380/ HTTP/1.0" 200 755 "http://www.openurls.com.cn/" "Mozilla/5.0 (Windows NT 10.0; Win64; x64) AppleWebKit/537.36 (KHTML, like Gecko) Chrome/143.0.0.0 Safari/537.36"
198.23.159.138 - - [22/Dec/2025:04:11:12 -0500] "GET /internships.htmlwp-content/uploads/171030/index.php HTTP/1.0" 301 - "http://zenoxpressjobs.com/internships.htm/wp-content/uploads/171030/index.php" "Mozilla/5.0 (Windows NT 10.0; Win64; x64) AppleWebKit/537.36 (KHTML, like Gecko) Chrome/135.0.0.0 Safari/537.36"
139.99.52.157 - - [22/Dec/2025:04:11:29 -0500] "GET /find-a-job.html/wp-content/ai1wm-backups/795922/index.php HTTP/1.0" 301 - "http://www.openurls.com.cn/" "Mozilla/5.0 (Windows NT 10.0; Win64; x64) AppleWebKit/537.36 (KHTML, like Gecko) Chrome/143.0.0.0 Safari/537.36"
139.99.52.157 - - [22/Dec/2025:04:11:30 -0500] "GET /mba-alumnus.html/wp-includes/l10n/92930/index.php HTTP/1.0" 200 1286 "http://www.openurls.com.cn/" "Mozilla/5.0 (Windows NT 10.0; Win64; x64) AppleWebKit/537.36 (KHTML, like Gecko) Chrome/143.0.0.0 Safari/537.36"
173.231.242.79 - - [22/Dec/2025:04:11:30 -0500] "POST /careers.htm/wp-cron.php?doing_wp_cron=1766394690.6588521003723144531250 HTTP/1.0" 200 - "-" "WordPress/6.9; https://www.zenoxpressjobs.com/careers.htm"
139.99.52.157 - - [22/Dec/2025:04:11:29 -0500] "GET /careers.html/wp-includes/sodium_compat/src/Core32/ChaCha20/709971/index.php HTTP/1.0" 301 - "http://www.openurls.com.cn/" "Mozilla/5.0 (Windows NT 10.0; Win64; x64) AppleWebKit/537.36 (KHTML, like Gecko) Chrome/143.0.0.0 Safari/537.36"
139.99.52.157 - - [22/Dec/2025:04:11:29 -0500] "GET /mba-graduates.html/wp-admin/maint/412111/index.php HTTP/1.0" 301 - "http://www.openurls.com.cn/" "Mozilla/5.0 (Windows NT 10.0; Win64; x64) AppleWebKit/537.36 (KHTML, like Gecko) Chrome/143.0.0.0 Safari/537.36"
173.231.242.79 - - [22/Dec/2025:04:11:31 -0500] "POST /find-a-job.htm/wp-cron.php?doing_wp_cron=1766394691.3300011157989501953125 HTTP/1.0" 200 - "-" "WordPress/6.9; https://www.zenoxpressjobs.com/find-a-job.htm"
139.99.52.157 - - [22/Dec/2025:04:11:35 -0500] "GET /find-a-job.html/wp-content/ai1wm-backups/795922/ HTTP/1.0" 403 228 "http://www.openurls.com.cn/" "Mozilla/5.0 (Windows NT 10.0; Win64; x64) AppleWebKit/537.36 (KHTML, like Gecko) Chrome/143.0.0.0 Safari/537.36"
139.99.52.157 - - [22/Dec/2025:04:11:35 -0500] "GET /careers.html/wp-includes/sodium_compat/src/Core32/ChaCha20/709971/ HTTP/1.0" 200 779 "http://www.openurls.com.cn/" "Mozilla/5.0 (Windows NT 10.0; Win64; x64) AppleWebKit/537.36 (KHTML, like Gecko) Chrome/143.0.0.0 Safari/537.36"
139.99.52.157 - - [22/Dec/2025:04:11:35 -0500] "GET /mba-graduates.html/wp-admin/maint/412111/ HTTP/1.0" 200 704 "http://www.openurls.com.cn/" "Mozilla/5.0 (Windows NT 10.0; Win64; x64) AppleWebKit/537.36 (KHTML, like Gecko) Chrome/143.0.0.0 Safari/537.36"
139.99.52.157 - - [22/Dec/2025:04:11:29 -0500] "GET /find-a-job.htm/wp-includes/js/thickbox/264301/index.php HTTP/1.0" 301 - "http://www.openurls.com.cn/" "Mozilla/5.0 (Windows NT 10.0; Win64; x64) AppleWebKit/537.36 (KHTML, like Gecko) Chrome/143.0.0.0 Safari/537.36"
173.231.242.79 - - [22/Dec/2025:04:11:31 -0500] "POST /wp-cron.php?doing_wp_cron=1766394691.6004118919372558593750 HTTP/1.0" 200 - "-" "WordPress/6.9; https://www.zenoxpressjobs.com"
139.99.52.157 - - [22/Dec/2025:04:11:36 -0500] "GET /find-a-job.htm/wp-includes/js/thickbox/264301/ HTTP/1.0" 200 719 "http://www.openurls.com.cn/" "Mozilla/5.0 (Windows NT 10.0; Win64; x64) AppleWebKit/537.36 (KHTML, like Gecko) Chrome/143.0.0.0 Safari/537.36"
139.99.52.157 - - [22/Dec/2025:04:11:31 -0500] "GET /internships.htmlwp-content/uploads/171030/index.php HTTP/1.0" 301 - "http://www.openurls.com.cn/" "Mozilla/5.0 (Windows NT 10.0; Win64; x64) AppleWebKit/537.36 (KHTML, like Gecko) Chrome/143.0.0.0 Safari/537.36"
139.99.52.157 - - [22/Dec/2025:04:11:32 -0500] "GET /find-a-job.html/wp-includes/block-patterns/17137/index.php HTTP/1.0" 301 - "http://www.openurls.com.cn/" "Mozilla/5.0 (Windows NT 10.0; Win64; x64) AppleWebKit/537.36 (KHTML, like Gecko) Chrome/143.0.0.0 Safari/537.36"
139.99.52.157 - - [22/Dec/2025:04:11:40 -0500] "GET /find-a-job.html/wp-includes/block-patterns/17137/ HTTP/1.0" 200 729 "http://www.openurls.com.cn/" "Mozilla/5.0 (Windows NT 10.0; Win64; x64) AppleWebKit/537.36 (KHTML, like Gecko) Chrome/143.0.0.0 Safari/537.36"
173.231.242.79 - - [22/Dec/2025:04:11:41 -0500] "POST /wp-cron.php?doing_wp_cron=1766394701.2612679004669189453125 HTTP/1.0" 200 - "-" "WordPress/6.9; https://www.zenoxpressjobs.com"
139.99.52.157 - - [22/Dec/2025:04:11:32 -0500] "GET /favicon.ico HTTP/1.0" 302 - "https://www.zenoxpressjobs.com/find-a-job.html/wp-content/themes/twentytwentyfive/554380/" "Mozilla/5.0 (Windows NT 10.0; Win64; x64) AppleWebKit/537.36 (KHTML, like Gecko) Chrome/143.0.0.0 Safari/537.36"
139.99.52.157 - - [22/Dec/2025:04:11:34 -0500] "GET /careers.htm/wp-content/uploads/2018/178751/index.php HTTP/1.0" 301 - "http://www.openurls.com.cn/" "Mozilla/5.0 (Windows NT 10.0; Win64; x64) AppleWebKit/537.36 (KHTML, like Gecko) Chrome/143.0.0.0 Safari/537.36"
139.99.52.157 - - [22/Dec/2025:04:11:41 -0500] "GET /wp-content/uploads/2020/08/cropped-cropped-WhatsApp-Image-2020-08-05-at-17.14.36-2-1-32x32.jpeg HTTP/1.0" 200 789 "https://www.zenoxpressjobs.com/find-a-job.html/wp-content/themes/twentytwentyfive/554380/" "Mozilla/5.0 (Windows NT 10.0; Win64; x64) AppleWebKit/537.36 (KHTML, like Gecko) Chrome/143.0.0.0 Safari/537.36"
139.99.52.157 - - [22/Dec/2025:04:11:41 -0500] "GET /careers.htm/wp-content/uploads/2018/178751/ HTTP/1.0" 200 710 "http://www.openurls.com.cn/" "Mozilla/5.0 (Windows NT 10.0; Win64; x64) AppleWebKit/537.36 (KHTML, like Gecko) Chrome/143.0.0.0 Safari/537.36"
139.99.52.157 - - [22/Dec/2025:04:11:38 -0500] "GET /internships.htmlwp-content/uploads/171030/ HTTP/1.0" 404 157533 "http://www.openurls.com.cn/" "Mozilla/5.0 (Windows NT 10.0; Win64; x64) AppleWebKit/537.36 (KHTML, like Gecko) Chrome/143.0.0.0 Safari/537.36"
139.99.52.157 - - [22/Dec/2025:04:11:43 -0500] "GET /wp-content/themes/astra/assets/css/minified/style.min.css?ver=4.11.7 HTTP/1.0" 200 75654 "https://www.zenoxpressjobs.com/internships.htmlwp-content/uploads/171030/" "Mozilla/5.0 (Windows NT 10.0; Win64; x64) AppleWebKit/537.36 (KHTML, like Gecko) Chrome/143.0.0.0 Safari/537.36"
139.99.52.157 - - [22/Dec/2025:04:11:43 -0500] "GET /wp-content/themes/astra/assets/css/minified/menu-animation.min.css?ver=4.11.7 HTTP/1.0" 200 3501 "https://www.zenoxpressjobs.com/internships.htmlwp-content/uploads/171030/" "Mozilla/5.0 (Windows NT 10.0; Win64; x64) AppleWebKit/537.36 (KHTML, like Gecko) Chrome/143.0.0.0 Safari/537.36"
139.99.52.157 - - [22/Dec/2025:04:11:43 -0500] "GET /wp-content/plugins/header-footer-elementor/inc/widgets-css/frontend.css?ver=2.4.4 HTTP/1.0" 200 79733 "https://www.zenoxpressjobs.com/internships.htmlwp-content/uploads/171030/" "Mozilla/5.0 (Windows NT 10.0; Win64; x64) AppleWebKit/537.36 (KHTML, like Gecko) Chrome/143.0.0.0 Safari/537.36"
139.99.52.157 - - [22/Dec/2025:04:11:43 -0500] "GET /wp-content/plugins/premium-addons-for-elementor/assets/frontend/min-css/premium-addons.min.css?ver=4.11.20 HTTP/1.0" 200 441675 "https://www.zenoxpressjobs.com/internships.htmlwp-content/uploads/171030/" "Mozilla/5.0 (Windows NT 10.0; Win64; x64) AppleWebKit/537.36 (KHTML, like Gecko) Chrome/143.0.0.0 Safari/537.36"
139.99.52.157 - - [22/Dec/2025:04:11:43 -0500] "GET /wp-content/plugins/shopengine/assets/css/shopengine-public.css?ver=4.8.0 HTTP/1.0" 200 21012 "https://www.zenoxpressjobs.com/internships.htmlwp-content/uploads/171030/" "Mozilla/5.0 (Windows NT 10.0; Win64; x64) AppleWebKit/537.36 (KHTML, like Gecko) Chrome/143.0.0.0 Safari/537.36"
139.99.52.157 - - [22/Dec/2025:04:11:43 -0500] "GET /wp-content/plugins/shopengine/widgets/init/assets/css/widget-frontend.css?ver=4.8.0 HTTP/1.0" 200 302993 "https://www.zenoxpressjobs.com/internships.htmlwp-content/uploads/171030/" "Mozilla/5.0 (Windows NT 10.0; Win64; x64) AppleWebKit/537.36 (KHTML, like Gecko) Chrome/143.0.0.0 Safari/537.36"
139.99.52.157 - - [22/Dec/2025:04:11:43 -0500] "GET /wp-content/plugins/elementor/assets/lib/font-awesome/css/all.css?ver=4.8.0 HTTP/1.0" 200 73625 "https://www.zenoxpressjobs.com/internships.htmlwp-content/uploads/171030/" "Mozilla/5.0 (Windows NT 10.0; Win64; x64) AppleWebKit/537.36 (KHTML, like Gecko) Chrome/143.0.0.0 Safari/537.36"
139.99.52.157 - - [22/Dec/2025:04:11:43 -0500] "GET /wp-content/plugins/woocommerce/assets/client/blocks/wc-blocks.css?ver=wc-10.0.2 HTTP/1.0" 200 13882 "https://www.zenoxpressjobs.com/internships.htmlwp-content/uploads/171030/" "Mozilla/5.0 (Windows NT 10.0; Win64; x64) AppleWebKit/537.36 (KHTML, like Gecko) Chrome/143.0.0.0 Safari/537.36"
139.99.52.157 - - [22/Dec/2025:04:11:41 -0500] "GET /favicon.ico HTTP/1.0" 302 - "https://www.zenoxpressjobs.com/find-a-job.html/wp-content/ai1wm-backups/795922/" "Mozilla/5.0 (Windows NT 10.0; Win64; x64) AppleWebKit/537.36 (KHTML, like Gecko) Chrome/143.0.0.0 Safari/537.36"
139.99.52.157 - - [22/Dec/2025:04:11:44 -0500] "GET /wp-content/plugins/gutenkit-blocks-addon/build/gutenkit/frontend-common.css?ver=a28538744097629e283d HTTP/1.0" 200 1241 "https://www.zenoxpressjobs.com/internships.htmlwp-content/uploads/171030/" "Mozilla/5.0 (Windows NT 10.0; Win64; x64) AppleWebKit/537.36 (KHTML, like Gecko) Chrome/143.0.0.0 Safari/537.36"
139.99.52.157 - - [22/Dec/2025:04:11:44 -0500] "GET /wp-content/themes/astra/assets/css/minified/compatibility/woocommerce/woocommerce-layout.min.css?ver=4.11.7 HTTP/1.0" 200 18081 "https://www.zenoxpressjobs.com/internships.htmlwp-content/uploads/171030/" "Mozilla/5.0 (Windows NT 10.0; Win64; x64) AppleWebKit/537.36 (KHTML, like Gecko) Chrome/143.0.0.0 Safari/537.36"
139.99.52.157 - - [22/Dec/2025:04:11:44 -0500] "GET /wp-content/plugins/popup-builder-block/build/popup/global.css?ver=2.0.6 HTTP/1.0" 200 482 "https://www.zenoxpressjobs.com/internships.htmlwp-content/uploads/171030/" "Mozilla/5.0 (Windows NT 10.0; Win64; x64) AppleWebKit/537.36 (KHTML, like Gecko) Chrome/143.0.0.0 Safari/537.36"
139.99.52.157 - - [22/Dec/2025:04:11:44 -0500] "GET /wp-content/themes/astra/assets/css/minified/compatibility/woocommerce/woocommerce.min.css?ver=4.11.7 HTTP/1.0" 200 118676 "https://www.zenoxpressjobs.com/internships.htmlwp-content/uploads/171030/" "Mozilla/5.0 (Windows NT 10.0; Win64; x64) AppleWebKit/537.36 (KHTML, like Gecko) Chrome/143.0.0.0 Safari/537.36"
139.99.52.157 - - [22/Dec/2025:04:11:44 -0500] "GET /wp-content/plugins/wp-social/assets/css/font-icon.css?ver=3.1.2 HTTP/1.0" 200 43696 "https://www.zenoxpressjobs.com/internships.htmlwp-content/uploads/171030/" "Mozilla/5.0 (Windows NT 10.0; Win64; x64) AppleWebKit/537.36 (KHTML, like Gecko) Chrome/143.0.0.0 Safari/537.36"
139.99.52.157 - - [22/Dec/2025:04:11:44 -0500] "GET /wp-content/plugins/wp-social/assets/css/frontend.css?ver=3.1.2 HTTP/1.0" 200 67439 "https://www.zenoxpressjobs.com/internships.htmlwp-content/uploads/171030/" "Mozilla/5.0 (Windows NT 10.0; Win64; x64) AppleWebKit/537.36 (KHTML, like Gecko) Chrome/143.0.0.0 Safari/537.36"
139.99.52.157 - - [22/Dec/2025:04:11:44 -0500] "GET /wp-content/plugins/header-footer-elementor/assets/css/header-footer-elementor.css?ver=2.4.4 HTTP/1.0" 200 776 "https://www.zenoxpressjobs.com/internships.htmlwp-content/uploads/171030/" "Mozilla/5.0 (Windows NT 10.0; Win64; x64) AppleWebKit/537.36 (KHTML, like Gecko) Chrome/143.0.0.0 Safari/537.36"
139.99.52.157 - - [22/Dec/2025:04:11:44 -0500] "GET /wp-content/plugins/elementor/assets/lib/eicons/css/elementor-icons.min.css?ver=5.43.0 HTTP/1.0" 200 21218 "https://www.zenoxpressjobs.com/internships.htmlwp-content/uploads/171030/" "Mozilla/5.0 (Windows NT 10.0; Win64; x64) AppleWebKit/537.36 (KHTML, like Gecko) Chrome/143.0.0.0 Safari/537.36"
139.99.52.157 - - [22/Dec/2025:04:11:44 -0500] "GET /wp-content/plugins/elementor/assets/css/frontend.min.css?ver=3.30.2 HTTP/1.0" 200 53422 "https://www.zenoxpressjobs.com/internships.htmlwp-content/uploads/171030/" "Mozilla/5.0 (Windows NT 10.0; Win64; x64) AppleWebKit/537.36 (KHTML, like Gecko) Chrome/143.0.0.0 Safari/537.36"
139.99.52.157 - - [22/Dec/2025:04:11:45 -0500] "GET /wp-content/uploads/elementor/css/post-1390.css?ver=1753044324 HTTP/1.0" 200 1296 "https://www.zenoxpressjobs.com/internships.htmlwp-content/uploads/171030/" "Mozilla/5.0 (Windows NT 10.0; Win64; x64) AppleWebKit/537.36 (KHTML, like Gecko) Chrome/143.0.0.0 Safari/537.36"
139.99.52.157 - - [22/Dec/2025:04:11:45 -0500] "GET /wp-content/plugins/wpforms-lite/assets/css/frontend/classic/wpforms-base.min.css?ver=1.9.6.2 HTTP/1.0" 200 57784 "https://www.zenoxpressjobs.com/internships.htmlwp-content/uploads/171030/" "Mozilla/5.0 (Windows NT 10.0; Win64; x64) AppleWebKit/537.36 (KHTML, like Gecko) Chrome/143.0.0.0 Safari/537.36"
139.99.52.157 - - [22/Dec/2025:04:11:45 -0500] "GET /wp-content/plugins/addons-for-elementor/assets/css/lib/animate.css?ver=8.8 HTTP/1.0" 200 212357 "https://www.zenoxpressjobs.com/internships.htmlwp-content/uploads/171030/" "Mozilla/5.0 (Windows NT 10.0; Win64; x64) AppleWebKit/537.36 (KHTML, like Gecko) Chrome/143.0.0.0 Safari/537.36"
74.7.243.252 - - [22/Dec/2025:04:11:45 -0500] "GET /index.html/wp-content/plugins/elementor/assets/lib/dom-to-image/js/dom-to-image.js HTTP/1.0" 200 21237 "-" "Mozilla/5.0 AppleWebKit/537.36 (KHTML, like Gecko; compatible; GPTBot/1.3; +https://openai.com/gptbot)"
139.99.52.157 - - [22/Dec/2025:04:11:45 -0500] "GET /wp-content/plugins/addons-for-elementor/assets/css/lib/sliders.min.css?ver=8.8 HTTP/1.0" 200 4058 "https://www.zenoxpressjobs.com/internships.htmlwp-content/uploads/171030/" "Mozilla/5.0 (Windows NT 10.0; Win64; x64) AppleWebKit/537.36 (KHTML, like Gecko) Chrome/143.0.0.0 Safari/537.36"
139.99.52.157 - - [22/Dec/2025:04:11:45 -0500] "GET /wp-content/plugins/addons-for-elementor/assets/css/icomoon.css?ver=8.8 HTTP/1.0" 200 17453 "https://www.zenoxpressjobs.com/internships.htmlwp-content/uploads/171030/" "Mozilla/5.0 (Windows NT 10.0; Win64; x64) AppleWebKit/537.36 (KHTML, like Gecko) Chrome/143.0.0.0 Safari/537.36"
139.99.52.157 - - [22/Dec/2025:04:11:45 -0500] "GET /wp-content/plugins/addons-for-elementor/assets/css/lae-frontend.css?ver=8.8 HTTP/1.0" 200 16035 "https://www.zenoxpressjobs.com/internships.htmlwp-content/uploads/171030/" "Mozilla/5.0 (Windows NT 10.0; Win64; x64) AppleWebKit/537.36 (KHTML, like Gecko) Chrome/143.0.0.0 Safari/537.36"
139.99.52.157 - - [22/Dec/2025:04:11:45 -0500] "GET /wp-content/plugins/addons-for-elementor/assets/css/lae-grid.css?ver=8.8 HTTP/1.0" 200 16662 "https://www.zenoxpressjobs.com/internships.htmlwp-content/uploads/171030/" "Mozilla/5.0 (Windows NT 10.0; Win64; x64) AppleWebKit/537.36 (KHTML, like Gecko) Chrome/143.0.0.0 Safari/537.36"
139.99.52.157 - - [22/Dec/2025:04:11:44 -0500] "GET /favicon.ico HTTP/1.0" 302 - "https://www.zenoxpressjobs.com/careers.html/wp-includes/sodium_compat/src/Core32/ChaCha20/709971/" "Mozilla/5.0 (Windows NT 10.0; Win64; x64) AppleWebKit/537.36 (KHTML, like Gecko) Chrome/143.0.0.0 Safari/537.36"
139.99.52.157 - - [22/Dec/2025:04:11:45 -0500] "GET /wp-content/plugins/addons-for-elementor/assets/css/widgets/lae-widgets.min.css?ver=8.8 HTTP/1.0" 200 127560 "https://www.zenoxpressjobs.com/internships.htmlwp-content/uploads/171030/" "Mozilla/5.0 (Windows NT 10.0; Win64; x64) AppleWebKit/537.36 (KHTML, like Gecko) Chrome/143.0.0.0 Safari/537.36"
139.99.52.157 - - [22/Dec/2025:04:11:45 -0500] "GET /wp-content/plugins/elementor/assets/lib/font-awesome/css/all.min.css?ver=4.11.20 HTTP/1.0" 200 59344 "https://www.zenoxpressjobs.com/internships.htmlwp-content/uploads/171030/" "Mozilla/5.0 (Windows NT 10.0; Win64; x64) AppleWebKit/537.36 (KHTML, like Gecko) Chrome/143.0.0.0 Safari/537.36"
