52.21.211.135 - - [22/Dec/2025:06:38:23 -0500] "GET /wp-content/plugins/cookieadmin/assets/images/cookieadmin_icon.svg HTTP/1.0" 200 322 "https://www.lrliberia.com/" "Mozilla/5.0 (Windows NT 10.0; Win64; x64) AppleWebKit/537.36 (KHTML, like Gecko) Chrome/126.0.0.0 Safari/537.36"
52.21.211.135 - - [22/Dec/2025:06:38:23 -0500] "GET /wp-includes/js/dist/script-modules/block-library/navigation/view.min.js?ver=b0f909c3ec791c383210 HTTP/1.0" 200 1169 "https://www.lrliberia.com/" "Mozilla/5.0 (Windows NT 10.0; Win64; x64) AppleWebKit/537.36 (KHTML, like Gecko) Chrome/126.0.0.0 Safari/537.36"
52.21.211.135 - - [22/Dec/2025:06:38:23 -0500] "GET /wp-includes/js/comment-reply.min.js?ver=6.9 HTTP/1.0" 200 1375 "https://www.lrliberia.com/" "Mozilla/5.0 (Windows NT 10.0; Win64; x64) AppleWebKit/537.36 (KHTML, like Gecko) Chrome/126.0.0.0 Safari/537.36"
52.21.211.135 - - [22/Dec/2025:06:38:23 -0500] "GET /wp-content/plugins/revslider/public/assets/js/rbtools.min.js?ver=6.6.18 HTTP/1.0" 200 61824 "https://www.lrliberia.com/" "Mozilla/5.0 (Windows NT 10.0; Win64; x64) AppleWebKit/537.36 (KHTML, like Gecko) Chrome/126.0.0.0 Safari/537.36"
52.21.211.135 - - [22/Dec/2025:06:38:23 -0500] "GET /wp-content/plugins/revslider/public/assets/js/rs6.min.js?ver=6.6.18 HTTP/1.0" 200 108161 "https://www.lrliberia.com/" "Mozilla/5.0 (Windows NT 10.0; Win64; x64) AppleWebKit/537.36 (KHTML, like Gecko) Chrome/126.0.0.0 Safari/537.36"
52.21.211.135 - - [22/Dec/2025:06:38:23 -0500] "GET /wp-content/plugins/woocommerce/assets/css/woocommerce-smallscreen.css?ver=10.3.5 HTTP/1.0" 200 1279 "https://www.lrliberia.com/" "Mozilla/5.0 (Windows NT 10.0; Win64; x64) AppleWebKit/537.36 (KHTML, like Gecko) Chrome/126.0.0.0 Safari/537.36"
52.21.211.135 - - [22/Dec/2025:06:38:23 -0500] "GET /wp-includes/js/wp-emoji-release.min.js?ver=6.9 HTTP/1.0" 200 5375 "https://www.lrliberia.com/" "Mozilla/5.0 (Windows NT 10.0; Win64; x64) AppleWebKit/537.36 (KHTML, like Gecko) Chrome/126.0.0.0 Safari/537.36"
52.21.211.135 - - [22/Dec/2025:06:38:23 -0500] "GET /wp-includes/js/dist/dom-ready.min.js?ver=f77871ff7694fffea381 HTTP/1.0" 200 320 "https://www.lrliberia.com/" "Mozilla/5.0 (Windows NT 10.0; Win64; x64) AppleWebKit/537.36 (KHTML, like Gecko) Chrome/126.0.0.0 Safari/537.36"
52.21.211.135 - - [22/Dec/2025:06:38:23 -0500] "GET /wp-includes/js/dist/a11y.min.js?ver=cb460b4676c94bd228ed HTTP/1.0" 200 929 "https://www.lrliberia.com/" "Mozilla/5.0 (Windows NT 10.0; Win64; x64) AppleWebKit/537.36 (KHTML, like Gecko) Chrome/126.0.0.0 Safari/537.36"
52.21.211.135 - - [22/Dec/2025:06:38:23 -0500] "GET /wp-includes/js/dist/primitives.min.js?ver=0b5dcc337aa7cbf75570 HTTP/1.0" 200 833 "https://www.lrliberia.com/" "Mozilla/5.0 (Windows NT 10.0; Win64; x64) AppleWebKit/537.36 (KHTML, like Gecko) Chrome/126.0.0.0 Safari/537.36"
52.21.211.135 - - [22/Dec/2025:06:38:23 -0500] "GET /wp-content/plugins/woocommerce/assets/client/admin/sanitize/index.js?ver=555561bffd642731f079 HTTP/1.0" 200 8803 "https://www.lrliberia.com/" "Mozilla/5.0 (Windows NT 10.0; Win64; x64) AppleWebKit/537.36 (KHTML, like Gecko) Chrome/126.0.0.0 Safari/537.36"
52.21.211.135 - - [22/Dec/2025:06:38:23 -0500] "GET /wp-includes/js/dist/warning.min.js?ver=d69bc18c456d01c11d5a HTTP/1.0" 200 240 "https://www.lrliberia.com/" "Mozilla/5.0 (Windows NT 10.0; Win64; x64) AppleWebKit/537.36 (KHTML, like Gecko) Chrome/126.0.0.0 Safari/537.36"
52.21.211.135 - - [22/Dec/2025:06:38:23 -0500] "GET /wp-content/plugins/woocommerce/assets/client/blocks/blocks-components.js?ver=8b64025baef8d338aa5e HTTP/1.0" 200 1198 "https://www.lrliberia.com/" "Mozilla/5.0 (Windows NT 10.0; Win64; x64) AppleWebKit/537.36 (KHTML, like Gecko) Chrome/126.0.0.0 Safari/537.36"
52.21.211.135 - - [22/Dec/2025:06:38:24 -0500] "GET /wp-content/plugins/woocommerce/assets/client/blocks/blocks-checkout.js?ver=fd501851f2904ac6131a HTTP/1.0" 200 1254 "https://www.lrliberia.com/" "Mozilla/5.0 (Windows NT 10.0; Win64; x64) AppleWebKit/537.36 (KHTML, like Gecko) Chrome/126.0.0.0 Safari/537.36"
52.21.211.135 - - [22/Dec/2025:06:38:24 -0500] "GET /wp-includes/js/dist/autop.min.js?ver=9fb50649848277dd318d HTTP/1.0" 200 2109 "https://www.lrliberia.com/" "Mozilla/5.0 (Windows NT 10.0; Win64; x64) AppleWebKit/537.36 (KHTML, like Gecko) Chrome/126.0.0.0 Safari/537.36"
52.21.211.135 - - [22/Dec/2025:06:38:24 -0500] "GET /wp-includes/js/dist/style-engine.min.js?ver=7c6fcedc37dadafb8a81 HTTP/1.0" 200 2080 "https://www.lrliberia.com/" "Mozilla/5.0 (Windows NT 10.0; Win64; x64) AppleWebKit/537.36 (KHTML, like Gecko) Chrome/126.0.0.0 Safari/537.36"
52.21.211.135 - - [22/Dec/2025:06:38:24 -0500] "GET /wp-content/plugins/woocommerce/assets/client/blocks/mini-cart-component-frontend.js?ver=2b8c9f76f07b4d13473b HTTP/1.0" 200 5930 "https://www.lrliberia.com/" "Mozilla/5.0 (Windows NT 10.0; Win64; x64) AppleWebKit/537.36 (KHTML, like Gecko) Chrome/126.0.0.0 Safari/537.36"
52.21.211.135 - - [22/Dec/2025:06:38:24 -0500] "GET /wp-content/plugins/woocommerce/assets/client/blocks/mini-cart-contents-block/empty-cart-frontend.js?ver=wc-10.3.5 HTTP/1.0" 200 381 "https://www.lrliberia.com/" "Mozilla/5.0 (Windows NT 10.0; Win64; x64) AppleWebKit/537.36 (KHTML, like Gecko) Chrome/126.0.0.0 Safari/537.36"
52.21.211.135 - - [22/Dec/2025:06:38:24 -0500] "GET /wp-content/plugins/woocommerce/assets/client/blocks/mini-cart-contents-block/filled-cart-frontend.js?ver=wc-10.3.5 HTTP/1.0" 200 303 "https://www.lrliberia.com/" "Mozilla/5.0 (Windows NT 10.0; Win64; x64) AppleWebKit/537.36 (KHTML, like Gecko) Chrome/126.0.0.0 Safari/537.36"
52.21.211.135 - - [22/Dec/2025:06:38:24 -0500] "GET /wp-includes/js/dist/wordcount.min.js?ver=c5b97f11206928ea9130 HTTP/1.0" 200 1266 "https://www.lrliberia.com/" "Mozilla/5.0 (Windows NT 10.0; Win64; x64) AppleWebKit/537.36 (KHTML, like Gecko) Chrome/126.0.0.0 Safari/537.36"
52.21.211.135 - - [22/Dec/2025:06:38:24 -0500] "GET /wp-content/plugins/woocommerce/assets/client/blocks/mini-cart-contents-block/shopping-button-frontend.js?ver=wc-10.3.5 HTTP/1.0" 200 564 "https://www.lrliberia.com/" "Mozilla/5.0 (Windows NT 10.0; Win64; x64) AppleWebKit/537.36 (KHTML, like Gecko) Chrome/126.0.0.0 Safari/537.36"
52.21.211.135 - - [22/Dec/2025:06:38:24 -0500] "GET /wp-json/contact-form-7/v1/contact-forms/385/refill HTTP/1.0" 200 2 "https://www.lrliberia.com/" "Mozilla/5.0 (Windows NT 10.0; Win64; x64) AppleWebKit/537.36 (KHTML, like Gecko) Chrome/126.0.0.0 Safari/537.36"
52.21.211.135 - - [22/Dec/2025:06:38:23 -0500] "GET /wp-json/contact-form-7/v1/contact-forms/385/feedback/schema HTTP/1.0" 200 765 "https://www.lrliberia.com/" "Mozilla/5.0 (Windows NT 10.0; Win64; x64) AppleWebKit/537.36 (KHTML, like Gecko) Chrome/126.0.0.0 Safari/537.36"
173.231.242.79 - - [22/Dec/2025:06:40:19 -0500] "POST /wp-cron.php?doing_wp_cron=1766403619.5235290527343750000000 HTTP/1.0" 200 - "-" "WordPress/6.9; https://www.lrliberia.com"
193.122.100.159 - - [22/Dec/2025:06:40:18 -0500] "GET /wp-login.php HTTP/1.0" 200 1864 "-" "Mozilla/5.0 (Macintosh; Intel Mac OS X 10.9; rv:60.0) Gecko/20100101 Firefox/60.0"
193.122.100.159 - - [22/Dec/2025:06:40:20 -0500] "POST /wp-login.php HTTP/1.0" 200 1997 "https://lrliberia.com/wp-login.php" "Mozilla/5.0 (Macintosh; Intel Mac OS X 10.9; rv:60.0) Gecko/20100101 Firefox/60.0"
173.231.242.79 - - [22/Dec/2025:06:41:13 -0500] "POST /wp-cron.php?doing_wp_cron=1766403673.4843139648437500000000 HTTP/1.0" 200 - "-" "WordPress/6.9; https://www.lrliberia.com"
103.28.36.220 - - [22/Dec/2025:06:41:12 -0500] "POST /xmlrpc.php HTTP/1.0" 200 206 "-" "Mozilla/5.0 (Macintosh; Intel Mac OS X 10_10_5) AppleWebKit/537.36 (KHTML, like Gecko) Chrome/65.0.3325.162 Safari/537.36"
173.231.242.79 - - [22/Dec/2025:06:46:16 -0500] "POST /wp-cron.php?doing_wp_cron=1766403976.5728900432586669921875 HTTP/1.0" 200 - "-" "WordPress/6.9; https://www.lrliberia.com"
148.72.244.27 - - [22/Dec/2025:06:46:14 -0500] "POST /xmlrpc.php HTTP/1.0" 200 225 "-" "Mozilla/5.0 (Windows NT 6.1; WOW64; Trident/7.0; BOIE9;ENCA; rv:11.0) like Gecko"
173.231.242.79 - - [22/Dec/2025:06:52:19 -0500] "POST /wp-cron.php?doing_wp_cron=1766404339.3354198932647705078125 HTTP/1.0" 200 - "-" "WordPress/6.9; https://www.lrliberia.com"
160.191.139.215 - - [22/Dec/2025:06:52:17 -0500] "POST /xmlrpc.php HTTP/1.0" 200 225 "-" "Mozilla/5.0 (Windows NT 10.0; WOW64; Trident/7.0; Touch; LCTE; rv:11.0) like Gecko"
81.88.49.14 - - [22/Dec/2025:07:06:07 -0500] "POST /xmlrpc.php HTTP/1.0" 406 300 "-" "Mozilla/5.0 (Windows NT 10.0; WOW64; Trident/7.0; Touch; LCTE; rv:11.0) like Gecko"
173.231.242.79 - - [22/Dec/2025:07:06:28 -0500] "POST /wp-cron.php?doing_wp_cron=1766405188.1031119823455810546875 HTTP/1.0" 200 - "-" "WordPress/6.9; https://www.lrliberia.com"
216.73.216.216 - - [22/Dec/2025:07:06:26 -0500] "GET /robots.txt HTTP/1.0" 200 142 "-" "Mozilla/5.0 AppleWebKit/537.36 (KHTML, like Gecko; compatible; ClaudeBot/1.0; +claudebot@anthropic.com)"
216.73.216.216 - - [22/Dec/2025:07:06:28 -0500] "GET /sitemap.xml HTTP/1.0" 429 17 "-" "Mozilla/5.0 AppleWebKit/537.36 (KHTML, like Gecko; compatible; ClaudeBot/1.0; +claudebot@anthropic.com)"
173.231.242.79 - - [22/Dec/2025:07:13:55 -0500] "POST /wp-cron.php?doing_wp_cron=1766405635.5536849498748779296875 HTTP/1.0" 200 - "-" "WordPress/6.9; https://www.lrliberia.com"
66.175.44.61 - - [22/Dec/2025:07:13:53 -0500] "POST /xmlrpc.php HTTP/1.0" 200 225 "-" "Mozilla/5.0 (Windows NT 6.0; WOW64; Trident/7.0; rv:11.0) like Gecko"
173.231.242.79 - - [22/Dec/2025:07:28:05 -0500] "POST /wp-cron.php?doing_wp_cron=1766406485.1896030902862548828125 HTTP/1.0" 200 - "-" "WordPress/6.9; https://www.lrliberia.com"
163.47.203.79 - - [22/Dec/2025:07:28:02 -0500] "POST /xmlrpc.php HTTP/1.0" 200 225 "-" "Mozilla/5.0 (Windows NT 6.3; WOW64; Trident/7.0; MATMJS; rv:11.0) like Gecko"
173.231.242.79 - - [22/Dec/2025:07:34:09 -0500] "POST /wp-cron.php?doing_wp_cron=1766406849.2802019119262695312500 HTTP/1.0" 200 - "-" "WordPress/6.9; https://www.lrliberia.com"
72.29.178.86 - - [22/Dec/2025:07:34:07 -0500] "GET /wp-login.php HTTP/1.0" 200 1864 "-" "Mozilla/5.0 (Windows NT 6.2; Win64; x64) AppleWebKit/537.36 (KHTML, like Gecko) Chrome/66.0.3359.181 Safari/537.36"
72.29.178.86 - - [22/Dec/2025:07:34:12 -0500] "POST /wp-login.php HTTP/1.0" 200 2000 "https://lrliberia.com/wp-login.php" "Mozilla/5.0 (Windows NT 6.2; Win64; x64) AppleWebKit/537.36 (KHTML, like Gecko) Chrome/66.0.3359.181 Safari/537.36"
173.231.242.79 - - [22/Dec/2025:07:40:12 -0500] "POST /wp-cron.php?doing_wp_cron=1766407212.3106570243835449218750 HTTP/1.0" 200 - "-" "WordPress/6.9; https://www.lrliberia.com"
159.65.151.212 - - [22/Dec/2025:07:40:10 -0500] "POST /xmlrpc.php HTTP/1.0" 200 225 "-" "Mozilla/5.0 (Macintosh; Intel Mac OS X 10_13_4) AppleWebKit/537.36 (KHTML, like Gecko) Chrome/66.0.3359.117 Safari/537.36"
173.231.242.79 - - [22/Dec/2025:07:41:45 -0500] "POST /wp-cron.php?doing_wp_cron=1766407305.5277059078216552734375 HTTP/1.0" 200 - "-" "WordPress/6.9; https://www.lrliberia.com"
142.112.61.80 - - [22/Dec/2025:07:41:44 -0500] "POST /xmlrpc.php HTTP/1.0" 200 225 "-" "Mozilla/5.0 (Windows NT 6.1; Win64; x64) AppleWebKit/537.36 (KHTML, like Gecko) Chrome/65.0.3325.162 Safari/537.36"
173.231.242.79 - - [22/Dec/2025:07:51:54 -0500] "POST /wp-cron.php?doing_wp_cron=1766407914.6524078845977783203125 HTTP/1.0" 200 - "-" "WordPress/6.9; https://www.lrliberia.com"
162.241.253.213 - - [22/Dec/2025:07:51:52 -0500] "POST /xmlrpc.php HTTP/1.0" 200 225 "-" "Mozilla/5.0 (Windows NT 6.1; Win64; x64) AppleWebKit/537.36 (KHTML, like Gecko) Chrome/64.0.3282.168 Safari/537.36 OPR/51.0.2830.40"
173.231.242.79 - - [22/Dec/2025:08:03:58 -0500] "POST /wp-cron.php?doing_wp_cron=1766408638.7644400596618652343750 HTTP/1.0" 200 - "-" "WordPress/6.9; https://www.lrliberia.com"
45.90.73.206 - - [22/Dec/2025:08:03:56 -0500] "POST /xmlrpc.php HTTP/1.0" 200 225 "-" "Mozilla/5.0 (Macintosh; Intel Mac OS X 10_13_3) AppleWebKit/537.36 (KHTML, like Gecko) Chrome/67.0.3396.87 Safari/537.36"
173.231.242.79 - - [22/Dec/2025:08:15:54 -0500] "POST /wp-cron.php?doing_wp_cron=1766409354.4050118923187255859375 HTTP/1.0" 200 - "-" "WordPress/6.9; https://www.lrliberia.com"
38.211.231.36 - - [22/Dec/2025:08:15:52 -0500] "POST /xmlrpc.php HTTP/1.0" 200 403 "-" "Mozilla/5.0 (Windows NT 10.0) AppleWebKit/537.36 (KHTML, like Gecko) Chrome/72.0.3626.121 Safari/537.36"
38.211.231.36 - - [22/Dec/2025:08:15:58 -0500] "POST /xmlrpc.php HTTP/1.0" 200 403 "-" "Mozilla/5.0 (Windows NT 10.0) AppleWebKit/537.36 (KHTML, like Gecko) Chrome/72.0.3626.121 Safari/537.36"
38.211.231.36 - - [22/Dec/2025:08:15:59 -0500] "POST /xmlrpc.php HTTP/1.0" 200 403 "-" "Mozilla/5.0 (Windows NT 10.0) AppleWebKit/537.36 (KHTML, like Gecko) Chrome/72.0.3626.121 Safari/537.36"
194.233.89.247 - - [22/Dec/2025:08:16:11 -0500] "POST /xmlrpc.php HTTP/1.0" 406 300 "-" "Mozilla/5.0 (Windows NT 10.0; Win64; x64) AppleWebKit/537.36 (KHTML, like Gecko) Chrome/86.0.4240.198 Safari/537.36"
173.231.242.79 - - [22/Dec/2025:08:16:13 -0500] "POST /wp-cron.php?doing_wp_cron=1766409373.4927220344543457031250 HTTP/1.0" 200 - "-" "WordPress/6.9; https://www.lrliberia.com"
173.231.242.79 - - [22/Dec/2025:08:16:13 -0500] "POST /wp-cron.php?doing_wp_cron=1766409373.4928228855133056640625 HTTP/1.0" 200 - "-" "WordPress/6.9; https://www.lrliberia.com"
194.233.89.247 - - [22/Dec/2025:08:16:12 -0500] "POST /xmlrpc.php HTTP/1.0" 200 403 "-" "Mozilla/5.0 (Windows NT 10.0; Win64; x64) AppleWebKit/537.36 (KHTML, like Gecko) Chrome/86.0.4240.198 Safari/537.36"
103.124.95.251 - - [22/Dec/2025:08:16:12 -0500] "POST /xmlrpc.php HTTP/1.0" 200 403 "-" "Mozilla/5.0 (Windows NT 6.1; Win64; x64) AppleWebKit/537.36 (KHTML, like Gecko) Chrome/79.0.3945.88 Safari/537.36"
194.233.89.247 - - [22/Dec/2025:08:16:15 -0500] "POST /xmlrpc.php HTTP/1.0" 200 403 "-" "Mozilla/5.0 (Windows NT 10.0; Win64; x64) AppleWebKit/537.36 (KHTML, like Gecko) Chrome/86.0.4240.198 Safari/537.36"
103.124.95.251 - - [22/Dec/2025:08:16:15 -0500] "POST /xmlrpc.php HTTP/1.0" 200 403 "-" "Mozilla/5.0 (Windows NT 6.1; Win64; x64) AppleWebKit/537.36 (KHTML, like Gecko) Chrome/79.0.3945.88 Safari/537.36"
103.124.95.251 - - [22/Dec/2025:08:16:17 -0500] "POST /xmlrpc.php HTTP/1.0" 200 403 "-" "Mozilla/5.0 (Windows NT 6.1; Win64; x64) AppleWebKit/537.36 (KHTML, like Gecko) Chrome/79.0.3945.88 Safari/537.36"
103.159.51.29 - - [22/Dec/2025:08:16:24 -0500] "POST /xmlrpc.php HTTP/1.0" 406 300 "-" "Mozilla/5.0 (Windows NT 10.0; Win64; x64) AppleWebKit/537.36 (KHTML, like Gecko) Chrome/64.0.3282.186 Safari/537.36"
103.159.51.29 - - [22/Dec/2025:08:16:26 -0500] "POST /xmlrpc.php HTTP/1.0" 200 403 "-" "Mozilla/5.0 (Windows NT 10.0; Win64; x64) AppleWebKit/537.36 (KHTML, like Gecko) Chrome/64.0.3282.186 Safari/537.36"
143.198.133.189 - - [22/Dec/2025:08:16:32 -0500] "POST /xmlrpc.php HTTP/1.0" 200 403 "-" "Mozilla/5.0 (Windows NT 10.0; Win64; x64; rv:63.0) Gecko/20100101 Firefox/63.0"
103.159.51.29 - - [22/Dec/2025:08:16:32 -0500] "POST /xmlrpc.php HTTP/1.0" 200 403 "-" "Mozilla/5.0 (Windows NT 10.0; Win64; x64) AppleWebKit/537.36 (KHTML, like Gecko) Chrome/64.0.3282.186 Safari/537.36"
143.198.133.189 - - [22/Dec/2025:08:16:33 -0500] "POST /xmlrpc.php HTTP/1.0" 200 403 "-" "Mozilla/5.0 (Windows NT 10.0; Win64; x64; rv:63.0) Gecko/20100101 Firefox/63.0"
143.198.133.189 - - [22/Dec/2025:08:16:34 -0500] "POST /xmlrpc.php HTTP/1.0" 406 300 "-" "Mozilla/5.0 (Windows NT 10.0; Win64; x64; rv:63.0) Gecko/20100101 Firefox/63.0"
77.222.40.147 - - [22/Dec/2025:08:16:43 -0500] "POST /xmlrpc.php HTTP/1.0" 200 403 "-" "Mozilla/5.0 (Windows NT 10.0; Win64; x64) AppleWebKit/537.36 (KHTML, like Gecko) Chrome/80.0.3987.163 Safari/537.36"
77.222.40.147 - - [22/Dec/2025:08:16:44 -0500] "POST /xmlrpc.php HTTP/1.0" 200 403 "-" "Mozilla/5.0 (Windows NT 10.0; Win64; x64) AppleWebKit/537.36 (KHTML, like Gecko) Chrome/80.0.3987.163 Safari/537.36"
77.222.40.147 - - [22/Dec/2025:08:16:46 -0500] "POST /xmlrpc.php HTTP/1.0" 200 403 "-" "Mozilla/5.0 (Windows NT 10.0; Win64; x64) AppleWebKit/537.36 (KHTML, like Gecko) Chrome/80.0.3987.163 Safari/537.36"
110.164.163.22 - - [22/Dec/2025:08:17:02 -0500] "POST /xmlrpc.php HTTP/1.0" 406 300 "-" "Mozilla/5.0 (Windows NT 6.1; WOW64; rv:54.0) Gecko/20100101 Firefox/54.0"
173.231.242.79 - - [22/Dec/2025:08:17:04 -0500] "POST /wp-cron.php?doing_wp_cron=1766409424.5602920055389404296875 HTTP/1.0" 200 - "-" "WordPress/6.9; https://www.lrliberia.com"
160.250.186.250 - - [22/Dec/2025:08:17:03 -0500] "POST /xmlrpc.php HTTP/1.0" 200 403 "-" "Mozilla/5.0 (Linux; Android 10; SM-A102U) AppleWebKit/537.36 (KHTML, like Gecko) Chrome/91.0.4472.114 Mobile Safari/537.36"
160.250.186.250 - - [22/Dec/2025:08:17:07 -0500] "POST /xmlrpc.php HTTP/1.0" 200 403 "-" "Mozilla/5.0 (Linux; Android 10; SM-A102U) AppleWebKit/537.36 (KHTML, like Gecko) Chrome/91.0.4472.114 Mobile Safari/537.36"
110.164.163.22 - - [22/Dec/2025:08:17:10 -0500] "POST /xmlrpc.php HTTP/1.0" 200 403 "-" "Mozilla/5.0 (Windows NT 6.1; WOW64; rv:54.0) Gecko/20100101 Firefox/54.0"
160.250.186.250 - - [22/Dec/2025:08:17:10 -0500] "POST /xmlrpc.php HTTP/1.0" 200 403 "-" "Mozilla/5.0 (Linux; Android 10; SM-A102U) AppleWebKit/537.36 (KHTML, like Gecko) Chrome/91.0.4472.114 Mobile Safari/537.36"
110.164.163.22 - - [22/Dec/2025:08:17:13 -0500] "POST /xmlrpc.php HTTP/1.0" 406 300 "-" "Mozilla/5.0 (Windows NT 6.1; WOW64; rv:54.0) Gecko/20100101 Firefox/54.0"
190.92.174.109 - - [22/Dec/2025:08:17:25 -0500] "POST /xmlrpc.php HTTP/1.0" 200 403 "-" "Mozilla/5.0 (Linux; Android 10; SM-N960U) AppleWebKit/537.36 (KHTML, like Gecko) Chrome/91.0.4472.114 Mobile Safari/537.36"
190.92.174.109 - - [22/Dec/2025:08:17:28 -0500] "POST /xmlrpc.php HTTP/1.0" 200 403 "-" "Mozilla/5.0 (Linux; Android 10; SM-N960U) AppleWebKit/537.36 (KHTML, like Gecko) Chrome/91.0.4472.114 Mobile Safari/537.36"
190.92.174.109 - - [22/Dec/2025:08:17:30 -0500] "POST /xmlrpc.php HTTP/1.0" 200 403 "-" "Mozilla/5.0 (Linux; Android 10; SM-N960U) AppleWebKit/537.36 (KHTML, like Gecko) Chrome/91.0.4472.114 Mobile Safari/537.36"
104.28.254.47 - - [22/Dec/2025:08:17:38 -0500] "POST /xmlrpc.php HTTP/1.0" 406 300 "-" "Mozilla/5.0 (Windows; U; Windows NT 5.1; en-US; rv:1.7.12) Gecko/20050915 Firefox/1.0.7"
104.28.254.47 - - [22/Dec/2025:08:17:41 -0500] "POST /xmlrpc.php HTTP/1.0" 200 403 "-" "Mozilla/5.0 (Windows; U; Windows NT 5.1; en-US; rv:1.7.12) Gecko/20050915 Firefox/1.0.7"
220.158.234.108 - - [22/Dec/2025:08:17:44 -0500] "POST /xmlrpc.php HTTP/1.0" 200 403 "-" "Mozilla/5.0 (Windows NT 5.1; rv:33.0) Gecko/20100101 Firefox/33.0"
104.28.254.47 - - [22/Dec/2025:08:17:44 -0500] "POST /xmlrpc.php HTTP/1.0" 200 403 "-" "Mozilla/5.0 (Windows; U; Windows NT 5.1; en-US; rv:1.7.12) Gecko/20050915 Firefox/1.0.7"
220.158.234.108 - - [22/Dec/2025:08:17:47 -0500] "POST /xmlrpc.php HTTP/1.0" 200 403 "-" "Mozilla/5.0 (Windows NT 5.1; rv:33.0) Gecko/20100101 Firefox/33.0"
220.158.234.108 - - [22/Dec/2025:08:17:50 -0500] "POST /xmlrpc.php HTTP/1.0" 406 300 "-" "Mozilla/5.0 (Windows NT 5.1; rv:33.0) Gecko/20100101 Firefox/33.0"
173.231.242.79 - - [22/Dec/2025:08:18:05 -0500] "POST /wp-cron.php?doing_wp_cron=1766409485.3597691059112548828125 HTTP/1.0" 200 - "-" "WordPress/6.9; https://www.lrliberia.com"
57.129.73.56 - - [22/Dec/2025:08:18:04 -0500] "POST /xmlrpc.php HTTP/1.0" 200 403 "-" "Mozilla/5.0 (Windows NT 10.0; WOW64; rv:54.0) Gecko/20100101 Firefox/54.0"
57.129.73.56 - - [22/Dec/2025:08:18:06 -0500] "POST /xmlrpc.php HTTP/1.0" 200 403 "-" "Mozilla/5.0 (Windows NT 10.0; WOW64; rv:54.0) Gecko/20100101 Firefox/54.0"
57.129.73.56 - - [22/Dec/2025:08:18:08 -0500] "POST /xmlrpc.php HTTP/1.0" 200 403 "-" "Mozilla/5.0 (Windows NT 10.0; WOW64; rv:54.0) Gecko/20100101 Firefox/54.0"
89.46.106.139 - - [22/Dec/2025:08:20:02 -0500] "POST /xmlrpc.php HTTP/1.0" 406 300 "-" "Mozilla/5.0 (Windows NT 6.1; WOW64; Trident/7.0; LCJB; rv:11.0) like Gecko"
173.231.242.79 - - [22/Dec/2025:08:28:51 -0500] "POST /wp-cron.php?doing_wp_cron=1766410131.1528840065002441406250 HTTP/1.0" 200 - "-" "WordPress/6.9; https://www.lrliberia.com"
103.169.160.74 - - [22/Dec/2025:08:28:49 -0500] "POST /xmlrpc.php HTTP/1.0" 200 225 "-" "Mozilla/5.0 (Windows NT 6.1; WOW64; Trident/7.0; LCJB; rv:11.0) like Gecko"
173.231.242.79 - - [22/Dec/2025:08:33:01 -0500] "POST /wp-cron.php?doing_wp_cron=1766410381.6569640636444091796875 HTTP/1.0" 200 - "-" "WordPress/6.9; https://www.lrliberia.com"
163.47.203.76 - - [22/Dec/2025:08:33:00 -0500] "GET /wp-login.php HTTP/1.0" 200 1864 "-" "Mozilla/4.0 (compatible; MSIE 7.0; Windows NT 6.2; Trident/7.0; .NET4.0E; .NET4.0C)"
163.47.203.76 - - [22/Dec/2025:08:33:02 -0500] "POST /wp-login.php HTTP/1.0" 200 1998 "https://lrliberia.com/wp-login.php" "Mozilla/4.0 (compatible; MSIE 7.0; Windows NT 6.2; Trident/7.0; .NET4.0E; .NET4.0C)"
163.47.203.76 - - [22/Dec/2025:08:33:28 -0500] "GET /wp-login.php HTTP/1.0" 200 1864 "-" "Mozilla/4.0 (compatible; MSIE 7.0; Windows NT 6.2; Trident/7.0; .NET4.0E; .NET4.0C)"
173.231.242.79 - - [22/Dec/2025:08:47:03 -0500] "POST /wp-cron.php?doing_wp_cron=1766411223.5311570167541503906250 HTTP/1.0" 200 - "-" "WordPress/6.9; http://www.lrliberia.com"
43.157.95.239 - - [22/Dec/2025:08:46:58 -0500] "GET / HTTP/1.0" 200 58568 "-" "Mozilla/5.0 (iPhone; CPU iPhone OS 13_2_3 like Mac OS X) AppleWebKit/605.1.15 (KHTML, like Gecko) Version/13.0.3 Mobile/15E148 Safari/604.1"
173.231.242.79 - - [22/Dec/2025:08:52:38 -0500] "POST /wp-cron.php?doing_wp_cron=1766411558.7983920574188232421875 HTTP/1.0" 200 - "-" "WordPress/6.9; https://www.lrliberia.com"
210.211.125.205 - - [22/Dec/2025:08:52:36 -0500] "GET /wp-login.php HTTP/1.0" 200 1864 "-" "Mozilla/4.0 (compatible; MSIE 7.0; Windows NT 6.2; Trident/7.0; .NET4.0C; .NET4.0E; .NET CLR 2.0.50727; .NET CLR 3.0.30729; .NET CLR 3.5.30729; SLCC2; Media Center PC 6.0)"
210.211.125.205 - - [22/Dec/2025:08:52:52 -0500] "POST /wp-login.php HTTP/1.0" 200 2000 "https://lrliberia.com/wp-login.php" "Mozilla/4.0 (compatible; MSIE 7.0; Windows NT 6.2; Trident/7.0; .NET4.0C; .NET4.0E; .NET CLR 2.0.50727; .NET CLR 3.0.30729; .NET CLR 3.5.30729; SLCC2; Media Center PC 6.0)"
173.231.242.79 - - [22/Dec/2025:08:58:57 -0500] "POST /wp-cron.php?doing_wp_cron=1766411937.0511898994445800781250 HTTP/1.0" 200 - "-" "WordPress/6.9; https://www.lrliberia.com"
185.243.11.123 - - [22/Dec/2025:08:58:55 -0500] "POST /xmlrpc.php HTTP/1.0" 200 225 "-" "Mozilla/5.0 (Windows NT 6.0; Win64; x64) AppleWebKit/537.36 (KHTML, like Gecko) Chrome/52.0.2743.116 Safari/537.36 Edge/15.15063"
205.210.31.12 - - [22/Dec/2025:08:59:15 -0500] "GET / HTTP/1.0" 406 300 "-" "-"
PK�H�[�P/*KDKD"kamille.us.zeusxpressalongside.comnu��٘�205.198.86.32 - - [22/Dec/2025:03:38:22 -0500] "POST /bless.php HTTP/1.0" 200 8075 "http://kamille.us/bless.php" "Mozilla/5.0 (Windows NT 10.0; Win64; x64) AppleWebKit/537.36 (KHTML, like Gecko) Chrome/143.0.0.0 Safari/537.36"
74.7.242.57 - - [22/Dec/2025:03:38:27 -0500] "GET /ant.php?fm=true&path=/home/zeusxp5/agentbolaylabel.net/&rename=ant.php.tar HTTP/1.0" 403 228 "-" "Mozilla/5.0 AppleWebKit/537.36 (KHTML, like Gecko; compatible; GPTBot/1.3; +https://openai.com/gptbot)"
74.7.242.57 - - [22/Dec/2025:03:38:30 -0500] "GET /ant.php?fm=true&path=/home/zeusxp5/agentbolaylabel.net/&rename=.cphorde.tar.gz HTTP/1.0" 403 228 "-" "Mozilla/5.0 AppleWebKit/537.36 (KHTML, like Gecko; compatible; GPTBot/1.3; +https://openai.com/gptbot)"
198.23.159.138 - - [22/Dec/2025:03:38:34 -0500] "GET /.well-known/acme-challenge/53307/index.php HTTP/1.0" 406 300 "-" "Mozilla/5.0 (Windows NT 10.0; Win64; x64) AppleWebKit/537.36 (KHTML, like Gecko) Chrome/135.0.0.0 Safari/537.36"
198.23.159.138 - - [22/Dec/2025:03:38:34 -0500] "GET /wp-content/upgrade/815750/index.php HTTP/1.0" 200 3183 "-" "Mozilla/5.0 (Windows NT 10.0; Win64; x64) AppleWebKit/537.36 (KHTML, like Gecko) Chrome/135.0.0.0 Safari/537.36"
198.23.159.138 - - [22/Dec/2025:03:38:34 -0500] "GET /wp-includes/pomo/602789/index.php HTTP/1.0" 200 5216 "-" "Mozilla/5.0 (Windows NT 10.0; Win64; x64) AppleWebKit/537.36 (KHTML, like Gecko) Chrome/135.0.0.0 Safari/537.36"
198.23.159.138 - - [22/Dec/2025:03:38:34 -0500] "GET /shop/785597/index.php HTTP/1.0" 200 2930 "-" "Mozilla/5.0 (Windows NT 10.0; Win64; x64) AppleWebKit/537.36 (KHTML, like Gecko) Chrome/135.0.0.0 Safari/537.36"
198.23.159.138 - - [22/Dec/2025:03:38:34 -0500] "GET /wp-content/jetpack-waf/rules/111751/index.php HTTP/1.0" 200 40188 "-" "Mozilla/5.0 (Windows NT 10.0; Win64; x64) AppleWebKit/537.36 (KHTML, like Gecko) Chrome/135.0.0.0 Safari/537.36"
198.23.159.138 - - [22/Dec/2025:03:38:34 -0500] "GET /wp-includes/rest-api/endpoints/785543/index.php HTTP/1.0" 200 1793 "-" "Mozilla/5.0 (Windows NT 10.0; Win64; x64) AppleWebKit/537.36 (KHTML, like Gecko) Chrome/135.0.0.0 Safari/537.36"
198.23.159.138 - - [22/Dec/2025:03:38:34 -0500] "GET /wp-content/themes/twentynineteen/inc/907349/index.php HTTP/1.0" 200 4052 "-" "Mozilla/5.0 (Windows NT 10.0; Win64; x64) AppleWebKit/537.36 (KHTML, like Gecko) Chrome/135.0.0.0 Safari/537.36"
198.23.159.138 - - [22/Dec/2025:03:38:34 -0500] "GET /cgi-bin/159977/index.php HTTP/1.0" 200 21797 "-" "Mozilla/5.0 (Windows NT 10.0; Win64; x64) AppleWebKit/537.36 (KHTML, like Gecko) Chrome/135.0.0.0 Safari/537.36"
198.23.159.138 - - [22/Dec/2025:03:38:34 -0500] "GET /wp-includes/SimplePie/library/346481/index.php HTTP/1.0" 200 1330 "-" "Mozilla/5.0 (Windows NT 10.0; Win64; x64) AppleWebKit/537.36 (KHTML, like Gecko) Chrome/135.0.0.0 Safari/537.36"
198.23.159.138 - - [22/Dec/2025:03:38:34 -0500] "GET /wp-admin/css/colors/40475/index.php HTTP/1.0" 200 24869 "-" "Mozilla/5.0 (Windows NT 10.0; Win64; x64) AppleWebKit/537.36 (KHTML, like Gecko) Chrome/135.0.0.0 Safari/537.36"
198.23.159.138 - - [22/Dec/2025:03:38:34 -0500] "GET /wp-admin/maint/154398/index.php HTTP/1.0" 200 4094 "-" "Mozilla/5.0 (Windows NT 10.0; Win64; x64) AppleWebKit/537.36 (KHTML, like Gecko) Chrome/135.0.0.0 Safari/537.36"
198.23.159.138 - - [22/Dec/2025:03:38:34 -0500] "GET /wp-includes/certificates/480609/index.php HTTP/1.0" 200 24789 "-" "Mozilla/5.0 (Windows NT 10.0; Win64; x64) AppleWebKit/537.36 (KHTML, like Gecko) Chrome/135.0.0.0 Safari/537.36"
198.23.159.138 - - [22/Dec/2025:03:38:34 -0500] "GET /wp-includes/sodium_compat/src/PHP52/675457/index.php HTTP/1.0" 200 5982 "-" "Mozilla/5.0 (Windows NT 10.0; Win64; x64) AppleWebKit/537.36 (KHTML, like Gecko) Chrome/135.0.0.0 Safari/537.36"
198.23.159.138 - - [22/Dec/2025:03:38:34 -0500] "GET /wp-content/maintenance/assets/images/582261/index.php HTTP/1.0" 200 23472 "-" "Mozilla/5.0 (Windows NT 10.0; Win64; x64) AppleWebKit/537.36 (KHTML, like Gecko) Chrome/135.0.0.0 Safari/537.36"
198.23.159.138 - - [22/Dec/2025:03:38:34 -0500] "GET /wp-admin/js/widgets/762814/index.php HTTP/1.0" 200 2157 "-" "Mozilla/5.0 (Windows NT 10.0; Win64; x64) AppleWebKit/537.36 (KHTML, like Gecko) Chrome/135.0.0.0 Safari/537.36"
198.23.159.138 - - [22/Dec/2025:03:38:34 -0500] "GET /wp-includes/l10n/262329/index.php HTTP/1.0" 200 156206 "-" "Mozilla/5.0 (Windows NT 10.0; Win64; x64) AppleWebKit/537.36 (KHTML, like Gecko) Chrome/135.0.0.0 Safari/537.36"
198.23.159.138 - - [22/Dec/2025:03:38:34 -0500] "GET /wp-content/maintenance/assets/fonts/422948/index.php HTTP/1.0" 200 22417 "-" "Mozilla/5.0 (Windows NT 10.0; Win64; x64) AppleWebKit/537.36 (KHTML, like Gecko) Chrome/135.0.0.0 Safari/537.36"
198.23.159.138 - - [22/Dec/2025:03:38:34 -0500] "GET /wp-admin/network/436680/index.php HTTP/1.0" 200 8959 "-" "Mozilla/5.0 (Windows NT 10.0; Win64; x64) AppleWebKit/537.36 (KHTML, like Gecko) Chrome/135.0.0.0 Safari/537.36"
198.23.159.138 - - [22/Dec/2025:03:38:34 -0500] "GET /wp-includes/style-engine/507343/index.php HTTP/1.0" 200 1999 "-" "Mozilla/5.0 (Windows NT 10.0; Win64; x64) AppleWebKit/537.36 (KHTML, like Gecko) Chrome/135.0.0.0 Safari/537.36"
74.7.242.57 - - [22/Dec/2025:03:38:36 -0500] "GET /ant.php?fm=true&path=/home/zeusxp5/agentbolaylabel.net/&rename=.cphorde.tar HTTP/1.0" 403 228 "-" "Mozilla/5.0 AppleWebKit/537.36 (KHTML, like Gecko; compatible; GPTBot/1.3; +https://openai.com/gptbot)"
205.198.86.32 - - [22/Dec/2025:03:38:42 -0500] "GET /wp-admin/network/436680/index.php HTTP/1.0" 200 8958 "http://www.openurls.com.cn/" "Mozilla/5.0 (Windows NT 10.0; Win64; x64) AppleWebKit/537.36 (KHTML, like Gecko) Chrome/143.0.0.0 Safari/537.36"
205.198.86.32 - - [22/Dec/2025:03:38:42 -0500] "POST /wp-includes/l10n/262329/index.php HTTP/1.0" 200 8089 "http://kamille.us/wp-includes/l10n/262329/index.php" "Mozilla/5.0 (Windows NT 10.0; Win64; x64) AppleWebKit/537.36 (KHTML, like Gecko) Chrome/143.0.0.0 Safari/537.36"
205.198.86.32 - - [22/Dec/2025:03:38:42 -0500] "POST /wp-includes/l10n/262329/index.php HTTP/1.0" 200 10 "http://kamille.us/wp-includes/l10n/262329/index.php" "Mozilla/5.0 (Windows NT 10.0; Win64; x64) AppleWebKit/537.36 (KHTML, like Gecko) Chrome/143.0.0.0 Safari/537.36"
173.231.242.79 - - [22/Dec/2025:03:38:49 -0500] "POST /wp-cron.php?doing_wp_cron=1766392729.2164731025695800781250 HTTP/1.0" 403 228 "-" "WordPress/6.9; https://www.kamille.us"
173.231.242.79 - - [22/Dec/2025:03:38:49 -0500] "POST /wp-cron.php?doing_wp_cron=1766392729.2132110595703125000000 HTTP/1.0" 403 228 "-" "WordPress/6.9; https://www.kamille.us"
173.231.242.79 - - [22/Dec/2025:03:38:42 -0500] "POST /wp-includes/l10n/262329/ALFA_DATA/alfacgiapi/perl.alfa HTTP/1.0" 404 198367 "-" "Mozilla/5.0 (Macintosh; Intel Mac OS X 10_14_6) AppleWebKit/537.36 (KHTML, like Gecko) Chrome/83.0.4103.61 Safari/537.36)"
173.231.242.79 - - [22/Dec/2025:03:38:42 -0500] "POST /wp-includes/l10n/262329/ALFA_DATA/alfacgiapi/perl.alfa HTTP/1.0" 404 198367 "-" "Mozilla/5.0 (Macintosh; Intel Mac OS X 10_14_6) AppleWebKit/537.36 (KHTML, like Gecko) Chrome/83.0.4103.61 Safari/537.36)"
74.7.242.57 - - [22/Dec/2025:03:38:45 -0500] "GET /%22https:/5LtOU.topcn.win/%22 HTTP/1.0" 301 - "-" "Mozilla/5.0 AppleWebKit/537.36 (KHTML, like Gecko; compatible; GPTBot/1.3; +https://openai.com/gptbot)"
173.231.242.79 - - [22/Dec/2025:03:38:49 -0500] "POST /wp-includes/l10n/262329/ALFA_DATA/alfacgiapi/py.alfa HTTP/1.0" 404 198367 "-" "Mozilla/5.0 (Macintosh; Intel Mac OS X 10_14_6) AppleWebKit/537.36 (KHTML, like Gecko) Chrome/83.0.4103.61 Safari/537.36)"
173.231.242.79 - - [22/Dec/2025:03:38:49 -0500] "POST /wp-includes/l10n/262329/ALFA_DATA/alfacgiapi/py.alfa HTTP/1.0" 404 198367 "-" "Mozilla/5.0 (Macintosh; Intel Mac OS X 10_14_6) AppleWebKit/537.36 (KHTML, like Gecko) Chrome/83.0.4103.61 Safari/537.36)"
173.231.242.79 - - [22/Dec/2025:03:38:50 -0500] "POST /wp-includes/l10n/262329/ALFA_DATA/alfacgiapi/bash.alfa HTTP/1.0" 404 198367 "-" "Mozilla/5.0 (Macintosh; Intel Mac OS X 10_14_6) AppleWebKit/537.36 (KHTML, like Gecko) Chrome/83.0.4103.61 Safari/537.36)"
205.198.86.32 - - [22/Dec/2025:03:38:42 -0500] "POST /wp-includes/l10n/262329/index.php HTTP/1.0" 200 11053 "http://kamille.us/wp-includes/l10n/262329/index.php" "Mozilla/5.0 (Windows NT 10.0; Win64; x64) AppleWebKit/537.36 (KHTML, like Gecko) Chrome/143.0.0.0 Safari/537.36"
173.231.242.79 - - [22/Dec/2025:03:38:51 -0500] "POST /wp-includes/l10n/262329/ALFA_DATA/alfacgiapi/bash.alfa HTTP/1.0" 404 198367 "-" "Mozilla/5.0 (Macintosh; Intel Mac OS X 10_14_6) AppleWebKit/537.36 (KHTML, like Gecko) Chrome/83.0.4103.61 Safari/537.36)"
205.198.86.32 - - [22/Dec/2025:03:38:42 -0500] "POST /wp-includes/l10n/262329/index.php HTTP/1.0" 200 279 "http://kamille.us/wp-includes/l10n/262329/index.php" "Mozilla/5.0 (Windows NT 10.0; Win64; x64) AppleWebKit/537.36 (KHTML, like Gecko) Chrome/143.0.0.0 Safari/537.36"
74.7.242.57 - - [22/Dec/2025:03:39:10 -0500] "GET /ant.php?gzfile=L2hvbWUvemV1c3hwNS8udmltaW5mbw== HTTP/1.0" 403 228 "-" "Mozilla/5.0 AppleWebKit/537.36 (KHTML, like Gecko; compatible; GPTBot/1.3; +https://openai.com/gptbot)"
205.198.86.32 - - [22/Dec/2025:03:39:10 -0500] "GET /wp-content/jetpack-waf/rules/111751/index.php HTTP/1.0" 200 40188 "http://www.openurls.com.cn/" "Mozilla/5.0 (Windows NT 10.0; Win64; x64) AppleWebKit/537.36 (KHTML, like Gecko) Chrome/143.0.0.0 Safari/537.36"
205.198.86.32 - - [22/Dec/2025:03:39:10 -0500] "GET /.well-known/acme-challenge/53307/index.php HTTP/1.0" 406 300 "http://www.openurls.com.cn/" "Mozilla/5.0 (Windows NT 10.0; Win64; x64) AppleWebKit/537.36 (KHTML, like Gecko) Chrome/143.0.0.0 Safari/537.36"
205.198.86.32 - - [22/Dec/2025:03:39:10 -0500] "GET /wp-includes/SimplePie/library/346481/index.php HTTP/1.0" 200 1330 "http://www.openurls.com.cn/" "Mozilla/5.0 (Windows NT 10.0; Win64; x64) AppleWebKit/537.36 (KHTML, like Gecko) Chrome/143.0.0.0 Safari/537.36"
205.198.86.32 - - [22/Dec/2025:03:39:10 -0500] "GET /wp-admin/css/colors/40475/index.php HTTP/1.0" 200 24869 "http://www.openurls.com.cn/" "Mozilla/5.0 (Windows NT 10.0; Win64; x64) AppleWebKit/537.36 (KHTML, like Gecko) Chrome/143.0.0.0 Safari/537.36"
205.198.86.32 - - [22/Dec/2025:03:39:10 -0500] "GET /wp-admin/maint/154398/index.php HTTP/1.0" 200 4094 "http://www.openurls.com.cn/" "Mozilla/5.0 (Windows NT 10.0; Win64; x64) AppleWebKit/537.36 (KHTML, like Gecko) Chrome/143.0.0.0 Safari/537.36"
205.198.86.32 - - [22/Dec/2025:03:39:10 -0500] "GET /wp-admin/js/widgets/762814/index.php HTTP/1.0" 200 2157 "http://www.openurls.com.cn/" "Mozilla/5.0 (Windows NT 10.0; Win64; x64) AppleWebKit/537.36 (KHTML, like Gecko) Chrome/143.0.0.0 Safari/537.36"
205.198.86.32 - - [22/Dec/2025:03:39:18 -0500] "POST /bless.php HTTP/1.0" 200 13162 "http://kamille.us/bless.php" "Mozilla/5.0 (Windows NT 10.0; Win64; x64) AppleWebKit/537.36 (KHTML, like Gecko) Chrome/143.0.0.0 Safari/537.36"
205.198.86.32 - - [22/Dec/2025:03:39:17 -0500] "GET /wp-includes/style-engine/507343/index.php HTTP/1.0" 200 1999 "http://www.openurls.com.cn/" "Mozilla/5.0 (Windows NT 10.0; Win64; x64) AppleWebKit/537.36 (KHTML, like Gecko) Chrome/143.0.0.0 Safari/537.36"
74.7.242.57 - - [22/Dec/2025:03:39:18 -0500] "GET /ant.php?gz=L2hvbWUvemV1c3hwNS9wdWJsaWNfaHRtbA== HTTP/1.0" 403 228 "-" "Mozilla/5.0 AppleWebKit/537.36 (KHTML, like Gecko; compatible; GPTBot/1.3; +https://openai.com/gptbot)"
74.7.242.57 - - [22/Dec/2025:03:39:20 -0500] "GET /ant.php?zip=L2hvbWUvemV1c3hwNS9wdWJsaWNfaHRtbA== HTTP/1.0" 403 228 "-" "Mozilla/5.0 AppleWebKit/537.36 (KHTML, like Gecko; compatible; GPTBot/1.3; +https://openai.com/gptbot)"
74.7.243.238 - - [22/Dec/2025:03:39:17 -0500] "GET /%22https:/5LtOU.topcn.win/ HTTP/1.0" 404 198274 "-" "Mozilla/5.0 AppleWebKit/537.36 (KHTML, like Gecko; compatible; GPTBot/1.3; +https://openai.com/gptbot)"
74.7.242.57 - - [22/Dec/2025:03:39:25 -0500] "GET /ant.php?fm=true&path=/home/zeusxp5/agentbolaylabel.net/&rename=site-icon.js.js.tar.gz HTTP/1.0" 403 228 "-" "Mozilla/5.0 AppleWebKit/537.36 (KHTML, like Gecko; compatible; GPTBot/1.3; +https://openai.com/gptbot)"
74.7.242.57 - - [22/Dec/2025:03:40:05 -0500] "GET /ant.php?fm=true&path=/home/zeusxp5/agentbolaylabel.net/&rights=site-icon.js.js.tar.gz HTTP/1.0" 403 228 "-" "Mozilla/5.0 AppleWebKit/537.36 (KHTML, like Gecko; compatible; GPTBot/1.3; +https://openai.com/gptbot)"
74.7.242.57 - - [22/Dec/2025:03:40:12 -0500] "GET /ant.php?fm=true&path=/home/zeusxp5/agentbolaylabel.net/&rights=.cphorde.tar HTTP/1.0" 403 228 "-" "Mozilla/5.0 AppleWebKit/537.36 (KHTML, like Gecko; compatible; GPTBot/1.3; +https://openai.com/gptbot)"
74.7.242.57 - - [22/Dec/2025:03:40:15 -0500] "GET /ant.php?fm=true&path=/home/zeusxp5/zenoxpressalongside.net/&rights=favicon.png HTTP/1.0" 403 228 "-" "Mozilla/5.0 AppleWebKit/537.36 (KHTML, like Gecko; compatible; GPTBot/1.3; +https://openai.com/gptbot)"
74.7.242.57 - - [22/Dec/2025:03:40:20 -0500] "GET /ant.php?fm=true&path=/home/zeusxp5/agentbolaylabel.net/&rights=.cphorde.tar.gz HTTP/1.0" 403 228 "-" "Mozilla/5.0 AppleWebKit/537.36 (KHTML, like Gecko; compatible; GPTBot/1.3; +https://openai.com/gptbot)"
74.7.242.57 - - [22/Dec/2025:03:40:51 -0500] "GET /ant.php?fm=true&path=/home/zeusxp5/agentbolaylabel.net/&rename=site-icon.js.tar HTTP/1.0" 403 228 "-" "Mozilla/5.0 AppleWebKit/537.36 (KHTML, like Gecko; compatible; GPTBot/1.3; +https://openai.com/gptbot)"
74.7.242.57 - - [22/Dec/2025:03:40:55 -0500] "GET /ant.php?edit=.cphorde.tar.gz&fm=true&path=/home/zeusxp5/agentbolaylabel.net/ HTTP/1.0" 403 228 "-" "Mozilla/5.0 AppleWebKit/537.36 (KHTML, like Gecko; compatible; GPTBot/1.3; +https://openai.com/gptbot)"
74.7.242.57 - - [22/Dec/2025:03:40:59 -0500] "GET /ant.php?fm=true&path=/home/zeusxp5/zenoxpressalongside.net/.well-known/&rights=acme-challenge HTTP/1.0" 403 228 "-" "Mozilla/5.0 AppleWebKit/537.36 (KHTML, like Gecko; compatible; GPTBot/1.3; +https://openai.com/gptbot)"
74.7.242.57 - - [22/Dec/2025:03:41:12 -0500] "GET /ant.php?fm=true&path=/home/zeusxp5/agentbolaylabel.net/&rename=privacy.php.tar HTTP/1.0" 403 228 "-" "Mozilla/5.0 AppleWebKit/537.36 (KHTML, like Gecko; compatible; GPTBot/1.3; +https://openai.com/gptbot)"
173.231.242.79 - - [22/Dec/2025:03:42:52 -0500] "POST /wp-cron.php?doing_wp_cron=1766392972.2696681022644042968750 HTTP/1.0" 403 228 "-" "WordPress/6.9; https://www.kamille.us"
43.135.138.128 - - [22/Dec/2025:03:42:49 -0500] "GET / HTTP/1.0" 301 - "-" "Mozilla/5.0 (iPhone; CPU iPhone OS 13_2_3 like Mac OS X) AppleWebKit/605.1.15 (KHTML, like Gecko) Version/13.0.3 Mobile/15E148 Safari/604.1"
173.231.242.79 - - [22/Dec/2025:03:45:49 -0500] "POST /wp-cron.php?doing_wp_cron=1766393149.9546051025390625000000 HTTP/1.0" 403 228 "-" "WordPress/6.9; https://www.kamille.us"
74.7.242.57 - - [22/Dec/2025:03:45:48 -0500] "GET /%22https:/woocommerce.com/my-dashboard/%22 HTTP/1.0" 301 - "-" "Mozilla/5.0 AppleWebKit/537.36 (KHTML, like Gecko; compatible; GPTBot/1.3; +https://openai.com/gptbot)"
74.7.242.57 - - [22/Dec/2025:03:45:55 -0500] "GET /ant.php?download=L2hvbWUvemV1c3hwNS8uZW1hY3M= HTTP/1.0" 403 228 "-" "Mozilla/5.0 AppleWebKit/537.36 (KHTML, like Gecko; compatible; GPTBot/1.3; +https://openai.com/gptbot)"
74.7.242.57 - - [22/Dec/2025:03:46:08 -0500] "GET /ant.php?zip=L2hvbWUvemV1c3hwNS9wZXJsNQ== HTTP/1.0" 403 228 "-" "Mozilla/5.0 AppleWebKit/537.36 (KHTML, like Gecko; compatible; GPTBot/1.3; +https://openai.com/gptbot)"
74.7.243.238 - - [22/Dec/2025:03:46:13 -0500] "GET /%22https:/woocommerce.com/my-dashboard/ HTTP/1.0" 404 198362 "-" "Mozilla/5.0 AppleWebKit/537.36 (KHTML, like Gecko; compatible; GPTBot/1.3; +https://openai.com/gptbot)"
74.7.242.57 - - [22/Dec/2025:03:46:23 -0500] "GET /ant.php?zip=L2hvbWUvemV1c3hwNS9jYWNoZQ== HTTP/1.0" 403 228 "-" "Mozilla/5.0 AppleWebKit/537.36 (KHTML, like Gecko; compatible; GPTBot/1.3; +https://openai.com/gptbot)"
74.7.242.57 - - [22/Dec/2025:03:46:25 -0500] "GET /ant.php?fm=true&path=/home/zeusxp5/agentbolaylabel.net/&rights=privacy.php.tar HTTP/1.0" 403 228 "-" "Mozilla/5.0 AppleWebKit/537.36 (KHTML, like Gecko; compatible; GPTBot/1.3; +https://openai.com/gptbot)"
74.7.242.57 - - [22/Dec/2025:03:46:30 -0500] "GET /ant.php?edit=privacy.php.tar&fm=true&path=/home/zeusxp5/agentbolaylabel.net/ HTTP/1.0" 403 228 "-" "Mozilla/5.0 AppleWebKit/537.36 (KHTML, like Gecko; compatible; GPTBot/1.3; +https://openai.com/gptbot)"
74.7.242.57 - - [22/Dec/2025:03:46:40 -0500] "GET /ant.php?edit=index.php&fm=true&path=/home/zeusxp5/zenoxpressalongside.net/ HTTP/1.0" 403 228 "-" "Mozilla/5.0 AppleWebKit/537.36 (KHTML, like Gecko; compatible; GPTBot/1.3; +https://openai.com/gptbot)"
74.7.242.57 - - [22/Dec/2025:03:46:43 -0500] "GET /%22https:/developer.apple.com/apple-pay/marketing/%22 HTTP/1.0" 301 - "-" "Mozilla/5.0 AppleWebKit/537.36 (KHTML, like Gecko; compatible; GPTBot/1.3; +https://openai.com/gptbot)"
74.7.242.57 - - [22/Dec/2025:03:46:50 -0500] "GET /ant.php?fm=true&path=/home/zeusxp5/zenoxpressalongside.net/&rename=index.php HTTP/1.0" 403 228 "-" "Mozilla/5.0 AppleWebKit/537.36 (KHTML, like Gecko; compatible; GPTBot/1.3; +https://openai.com/gptbot)"
173.231.242.79 - - [22/Dec/2025:03:46:55 -0500] "POST /wp-cron.php?doing_wp_cron=1766393215.0362069606781005859375 HTTP/1.0" 403 228 "-" "WordPress/6.9; https://www.kamille.us"
74.7.243.238 - - [22/Dec/2025:03:46:54 -0500] "GET /%22https:/developer.apple.com/apple-pay/marketing/ HTTP/1.0" 404 198362 "-" "Mozilla/5.0 AppleWebKit/537.36 (KHTML, like Gecko; compatible; GPTBot/1.3; +https://openai.com/gptbot)"
74.7.242.57 - - [22/Dec/2025:03:46:55 -0500] "GET /ant.php?edit=.htaccess&fm=true&path=/home/zeusxp5/zenoxpressalongside.net/en/ HTTP/1.0" 403 228 "-" "Mozilla/5.0 AppleWebKit/537.36 (KHTML, like Gecko; compatible; GPTBot/1.3; +https://openai.com/gptbot)"
74.7.242.57 - - [22/Dec/2025:03:47:01 -0500] "GET /ant.php?zip=L2hvbWUvemV1c3hwNS93d3cua2FtaWxsZWluYy5jb20= HTTP/1.0" 403 228 "-" "Mozilla/5.0 AppleWebKit/537.36 (KHTML, like Gecko; compatible; GPTBot/1.3; +https://openai.com/gptbot)"
74.7.242.57 - - [22/Dec/2025:03:47:07 -0500] "GET /ant.php?zip=L2hvbWUvemV1c3hwNS96ZW5veHByZXNzam9icy5jb20= HTTP/1.0" 403 228 "-" "Mozilla/5.0 AppleWebKit/537.36 (KHTML, like Gecko; compatible; GPTBot/1.3; +https://openai.com/gptbot)"
74.7.242.57 - - [22/Dec/2025:03:47:23 -0500] "GET /ant.php?edit=site-icon.js.js.tar.gz&fm=true&path=/home/zeusxp5/agentbolaylabel.net/ HTTP/1.0" 403 228 "-" "Mozilla/5.0 AppleWebKit/537.36 (KHTML, like Gecko; compatible; GPTBot/1.3; +https://openai.com/gptbot)"
74.7.242.57 - - [22/Dec/2025:03:47:25 -0500] "GET /ant.php?gzfile=L2hvbWUvemV1c3hwNS8ucGVybXNsb2c= HTTP/1.0" 403 228 "-" "Mozilla/5.0 AppleWebKit/537.36 (KHTML, like Gecko; compatible; GPTBot/1.3; +https://openai.com/gptbot)"
74.7.242.57 - - [22/Dec/2025:03:47:29 -0500] "GET /ant.php?gz=L2hvbWUvemV1c3hwNS9wZXJsNQ== HTTP/1.0" 403 228 "-" "Mozilla/5.0 AppleWebKit/537.36 (KHTML, like Gecko; compatible; GPTBot/1.3; +https://openai.com/gptbot)"
74.7.242.57 - - [22/Dec/2025:03:47:34 -0500] "GET /ant.php?gz=L2hvbWUvemV1c3hwNS9jYWNoZQ== HTTP/1.0" 403 228 "-" "Mozilla/5.0 AppleWebKit/537.36 (KHTML, like Gecko; compatible; GPTBot/1.3; +https://openai.com/gptbot)"
74.7.242.57 - - [22/Dec/2025:03:47:40 -0500] "GET /ant.php?download=L2hvbWUvemV1c3hwNS8uc3BhbWFzc2Fzc2luYm94ZW5hYmxl HTTP/1.0" 403 228 "-" "Mozilla/5.0 AppleWebKit/537.36 (KHTML, like Gecko; compatible; GPTBot/1.3; +https://openai.com/gptbot)"
74.7.242.57 - - [22/Dec/2025:03:47:46 -0500] "GET /ant.php?download=L2hvbWUvemV1c3hwNS8uYmFzaF9sb2dvdXQ= HTTP/1.0" 403 228 "-" "Mozilla/5.0 AppleWebKit/537.36 (KHTML, like Gecko; compatible; GPTBot/1.3; +https://openai.com/gptbot)"
74.7.242.57 - - [22/Dec/2025:03:47:55 -0500] "GET /ant.php?zip=L2hvbWUvemV1c3hwNS8uY3Bob3JkZQ== HTTP/1.0" 403 228 "-" "Mozilla/5.0 AppleWebKit/537.36 (KHTML, like Gecko; compatible; GPTBot/1.3; +https://openai.com/gptbot)"
74.7.242.57 - - [22/Dec/2025:03:47:58 -0500] "GET /ant.php?zip=L2hvbWUvemV1c3hwNS9yZXN0b3JlZA== HTTP/1.0" 403 228 "-" "Mozilla/5.0 AppleWebKit/537.36 (KHTML, like Gecko; compatible; GPTBot/1.3; +https://openai.com/gptbot)"
74.7.242.57 - - [22/Dec/2025:03:48:04 -0500] "GET /ant.php?fm=true&path=/home/zeusxp5/zenoxpressalongside.net/en/&rights=readme.html HTTP/1.0" 403 228 "-" "Mozilla/5.0 AppleWebKit/537.36 (KHTML, like Gecko; compatible; GPTBot/1.3; +https://openai.com/gptbot)"
74.7.242.57 - - [22/Dec/2025:03:48:12 -0500] "GET /ant.php?edit=ant.php&fm=true&path=/home/zeusxp5/agentbolaylabel.net/ HTTP/1.0" 403 228 "-" "Mozilla/5.0 AppleWebKit/537.36 (KHTML, like Gecko; compatible; GPTBot/1.3; +https://openai.com/gptbot)"
74.7.242.57 - - [22/Dec/2025:03:48:20 -0500] "GET /ant.php?gzfile=L2hvbWUvemV1c3hwNS8uZ2VtcmM= HTTP/1.0" 403 228 "-" "Mozilla/5.0 AppleWebKit/537.36 (KHTML, like Gecko; compatible; GPTBot/1.3; +https://openai.com/gptbot)"
74.7.242.57 - - [22/Dec/2025:03:48:22 -0500] "GET /ant.php?fm=true&path=/home/zeusxp5/zenoxpressalongside.net/&rename=xmlrpc.php HTTP/1.0" 403 228 "-" "Mozilla/5.0 AppleWebKit/537.36 (KHTML, like Gecko; compatible; GPTBot/1.3; +https://openai.com/gptbot)"
74.7.242.57 - - [22/Dec/2025:03:48:27 -0500] "GET /ant.php?fm=true&path=/home/zeusxp5/zenoxpressalongside.net/&rights=index.php HTTP/1.0" 403 228 "-" "Mozilla/5.0 AppleWebKit/537.36 (KHTML, like Gecko; compatible; GPTBot/1.3; +https://openai.com/gptbot)"
74.7.242.57 - - [22/Dec/2025:03:48:33 -0500] "GET /ant.php?fm=true&path=/home/zeusxp5/zenoxpressalongside.net/&rename=webdb.php HTTP/1.0" 403 228 "-" "Mozilla/5.0 AppleWebKit/537.36 (KHTML, like Gecko; compatible; GPTBot/1.3; +https://openai.com/gptbot)"
74.7.242.57 - - [22/Dec/2025:03:48:38 -0500] "GET /ant.php?edit=xmlrpc.php&fm=true&path=/home/zeusxp5/zenoxpressalongside.net/ HTTP/1.0" 403 228 "-" "Mozilla/5.0 AppleWebKit/537.36 (KHTML, like Gecko; compatible; GPTBot/1.3; +https://openai.com/gptbot)"
74.7.242.57 - - [22/Dec/2025:03:49:14 -0500] "GET /ant.php?gz=L2hvbWUvemV1c3hwNS9jYWxlbmRhcnM= HTTP/1.0" 403 228 "-" "Mozilla/5.0 AppleWebKit/537.36 (KHTML, like Gecko; compatible; GPTBot/1.3; +https://openai.com/gptbot)"
74.7.242.57 - - [22/Dec/2025:03:49:23 -0500] "GET /ant.php?zip=L2hvbWUvemV1c3hwNS9jYWxlbmRhcnM= HTTP/1.0" 403 228 "-" "Mozilla/5.0 AppleWebKit/537.36 (KHTML, like Gecko; compatible; GPTBot/1.3; +https://openai.com/gptbot)"
74.7.242.57 - - [22/Dec/2025:03:49:24 -0500] "GET /ant.php?gzfile=L2hvbWUvemV1c3hwNS8uenNocmM= HTTP/1.0" 403 228 "-" "Mozilla/5.0 AppleWebKit/537.36 (KHTML, like Gecko; compatible; GPTBot/1.3; +https://openai.com/gptbot)"
74.7.242.57 - - [22/Dec/2025:03:49:31 -0500] "GET /ant.php?zip=L2hvbWUvemV1c3hwNS8uaHRwYXNzd2Rz HTTP/1.0" 403 228 "-" "Mozilla/5.0 AppleWebKit/537.36 (KHTML, like Gecko; compatible; GPTBot/1.3; +https://openai.com/gptbot)"
74.7.242.57 - - [22/Dec/2025:03:49:34 -0500] "GET /ant.php?fm=true&path=/home/zeusxp5/zenoxpressalongside.net/wp-admin HTTP/1.0" 403 228 "-" "Mozilla/5.0 AppleWebKit/537.36 (KHTML, like Gecko; compatible; GPTBot/1.3; +https://openai.com/gptbot)"
74.7.242.57 - - [22/Dec/2025:03:49:40 -0500] "GET /ant.php?zip=L2hvbWUvemV1c3hwNS9wdWJsaWNfZnRw HTTP/1.0" 403 228 "-" "Mozilla/5.0 AppleWebKit/537.36 (KHTML, like Gecko; compatible; GPTBot/1.3; +https://openai.com/gptbot)"
74.7.242.57 - - [22/Dec/2025:03:50:22 -0500] "GET /ant.php?edit=webdb.php&fm=true&path=/home/zeusxp5/zenoxpressalongside.net/ HTTP/1.0" 403 228 "-" "Mozilla/5.0 AppleWebKit/537.36 (KHTML, like Gecko; compatible; GPTBot/1.3; +https://openai.com/gptbot)"
45.195.54.76 - - [22/Dec/2025:03:50:27 -0500] "GET /ant.php HTTP/1.0" 403 228 "-" "Mozilla/5.0 (Windows NT 10.0; Win64; x64) AppleWebKit/537.36 (KHTML, like Gecko) Chrome/105.0.0.0 Safari/537.36"
74.7.242.57 - - [22/Dec/2025:03:50:34 -0500] "GET /ant.php?fm=true&path=/home/zeusxp5/zenoxpressalongside.net/&rights=favicon%20(1).jpg HTTP/1.0" 403 228 "-" "Mozilla/5.0 AppleWebKit/537.36 (KHTML, like Gecko; compatible; GPTBot/1.3; +https://openai.com/gptbot)"
74.7.242.57 - - [22/Dec/2025:03:50:35 -0500] "GET /ant.php?gz=L2hvbWUvemV1c3hwNS93d3cua2FtaWxsZWluYy5jb20= HTTP/1.0" 403 228 "-" "Mozilla/5.0 AppleWebKit/537.36 (KHTML, like Gecko; compatible; GPTBot/1.3; +https://openai.com/gptbot)"
74.7.242.57 - - [22/Dec/2025:03:50:39 -0500] "GET /ant.php?gz=L2hvbWUvemV1c3hwNS96ZW5veHByZXNzam9icy5jb20= HTTP/1.0" 403 228 "-" "Mozilla/5.0 AppleWebKit/537.36 (KHTML, like Gecko; compatible; GPTBot/1.3; +https://openai.com/gptbot)"
74.7.242.57 - - [22/Dec/2025:03:50:45 -0500] "GET /ant.php?download=L2hvbWUvemV1c3hwNS9rYW1pbGxlLnVzL2xpY2Vuc2UudHh0LnRhcg== HTTP/1.0" 403 228 "-" "Mozilla/5.0 AppleWebKit/537.36 (KHTML, like Gecko; compatible; GPTBot/1.3; +https://openai.com/gptbot)"
74.7.242.57 - - [22/Dec/2025:03:50:51 -0500] "GET /ant.php?zip=L2hvbWUvemV1c3hwNS96ZW5veHByZXNzYmFuay5jb20= HTTP/1.0" 403 228 "-" "Mozilla/5.0 AppleWebKit/537.36 (KHTML, like Gecko; compatible; GPTBot/1.3; +https://openai.com/gptbot)"
74.7.242.57 - - [22/Dec/2025:03:50:58 -0500] "GET /ant.php?fm=true&path=/home/zeusxp5/zenoxpressalongside.net/&rights=webdb.php HTTP/1.0" 403 228 "-" "Mozilla/5.0 AppleWebKit/537.36 (KHTML, like Gecko; compatible; GPTBot/1.3; +https://openai.com/gptbot)"
74.7.242.57 - - [22/Dec/2025:03:51:20 -0500] "GET /ant.php?fm=true&path=/home/zeusxp5/zenoxpressalongside.net/&rights=xmlrpc.php HTTP/1.0" 403 228 "-" "Mozilla/5.0 AppleWebKit/537.36 (KHTML, like Gecko; compatible; GPTBot/1.3; +https://openai.com/gptbot)"
74.7.242.57 - - [22/Dec/2025:03:51:46 -0500] "GET /ant.php?gzfile=L2hvbWUvemV1c3hwNS8uZG5z HTTP/1.0" 403 228 "-" "Mozilla/5.0 AppleWebKit/537.36 (KHTML, like Gecko; compatible; GPTBot/1.3; +https://openai.com/gptbot)"
74.7.242.57 - - [22/Dec/2025:03:51:49 -0500] "GET /ant.php?fm=true&path=/home/zeusxp5/agentbolaylabel.net/&rights=ant.php HTTP/1.0" 403 228 "-" "Mozilla/5.0 AppleWebKit/537.36 (KHTML, like Gecko; compatible; GPTBot/1.3; +https://openai.com/gptbot)"
74.7.242.57 - - [22/Dec/2025:03:51:52 -0500] "GET /ant.php?edit=readme.html&fm=true&path=/home/zeusxp5/zenoxpressalongside.net/en/ HTTP/1.0" 403 228 "-" "Mozilla/5.0 AppleWebKit/537.36 (KHTML, like Gecko; compatible; GPTBot/1.3; +https://openai.com/gptbot)"
74.7.242.57 - - [22/Dec/2025:03:52:05 -0500] "GET /ant.php?fm=true&path=/home/zeusxp5/zenoxpressalongside.net/&rename=favicon%20(1).jpg HTTP/1.0" 403 228 "-" "Mozilla/5.0 AppleWebKit/537.36 (KHTML, like Gecko; compatible; GPTBot/1.3; +https://openai.com/gptbot)"
74.7.242.57 - - [22/Dec/2025:03:52:06 -0500] "GET /ant.php?fm=true&path=/home/zeusxp5/zenoxpressalongside.net/en/&rights=corporate HTTP/1.0" 403 228 "-" "Mozilla/5.0 AppleWebKit/537.36 (KHTML, like Gecko; compatible; GPTBot/1.3; +https://openai.com/gptbot)"
74.7.242.57 - - [22/Dec/2025:03:52:11 -0500] "GET /ant.php?gz=L2hvbWUvemV1c3hwNS8uc3ViYWNjb3VudHM= HTTP/1.0" 403 228 "-" "Mozilla/5.0 AppleWebKit/537.36 (KHTML, like Gecko; compatible; GPTBot/1.3; +https://openai.com/gptbot)"
74.7.242.57 - - [22/Dec/2025:03:52:16 -0500] "GET /ant.php?zip=L2hvbWUvemV1c3hwNS8uc29mdGFjdWxvdXM= HTTP/1.0" 403 228 "-" "Mozilla/5.0 AppleWebKit/537.36 (KHTML, like Gecko; compatible; GPTBot/1.3; +https://openai.com/gptbot)"
74.7.242.57 - - [22/Dec/2025:03:52:42 -0500] "GET /ant.php?gz=L2hvbWUvemV1c3hwNS8uc29mdGFjdWxvdXM= HTTP/1.0" 403 228 "-" "Mozilla/5.0 AppleWebKit/537.36 (KHTML, like Gecko; compatible; GPTBot/1.3; +https://openai.com/gptbot)"
