173.231.242.79 - - [22/Dec/2025:04:26:35 -0500] "POST /wp-cron.php?doing_wp_cron=1766395595.4345490932464599609375 HTTP/1.0" 403 228 "-" "WordPress/6.9; https://www.kamille.us"
74.7.243.238 - - [22/Dec/2025:04:26:34 -0500] "GET /%22https:/eroom24.com/ HTTP/1.0" 404 198274 "-" "Mozilla/5.0 AppleWebKit/537.36 (KHTML, like Gecko; compatible; GPTBot/1.3; +https://openai.com/gptbot)"
173.231.242.79 - - [22/Dec/2025:04:26:36 -0500] "POST /wp-cron.php?doing_wp_cron=1766395595.3372130393981933593750 HTTP/1.0" 403 228 "-" "WordPress/6.9; https://www.kamille.us"
74.7.242.57 - - [22/Dec/2025:04:26:34 -0500] "GET /%22https:/zeligwear.com/product/allure-black-watch/%22 HTTP/1.0" 301 - "-" "Mozilla/5.0 AppleWebKit/537.36 (KHTML, like Gecko; compatible; GPTBot/1.3; +https://openai.com/gptbot)"
74.7.242.57 - - [22/Dec/2025:04:26:36 -0500] "GET /ant.php?fm=true&path=/home/zeusxp5/.ssh HTTP/1.0" 403 228 "-" "Mozilla/5.0 AppleWebKit/537.36 (KHTML, like Gecko; compatible; GPTBot/1.3; +https://openai.com/gptbot)"
74.7.242.57 - - [22/Dec/2025:04:26:37 -0500] "GET /ant.php?fm=true&path=/home/zeusxp5/.imh HTTP/1.0" 403 228 "-" "Mozilla/5.0 AppleWebKit/537.36 (KHTML, like Gecko; compatible; GPTBot/1.3; +https://openai.com/gptbot)"
173.231.242.79 - - [22/Dec/2025:04:26:42 -0500] "POST /wp-cron.php?doing_wp_cron=1766395602.3227450847625732421875 HTTP/1.0" 403 228 "-" "WordPress/6.9; https://www.kamille.us"
173.231.242.79 - - [22/Dec/2025:04:26:42 -0500] "POST /wp-cron.php?doing_wp_cron=1766395602.3619298934936523437500 HTTP/1.0" 403 228 "-" "WordPress/6.9; https://www.kamille.us"
74.7.242.57 - - [22/Dec/2025:04:26:41 -0500] "GET /%22https:/woocommerce.com/products/ HTTP/1.0" 301 - "-" "Mozilla/5.0 AppleWebKit/537.36 (KHTML, like Gecko; compatible; GPTBot/1.3; +https://openai.com/gptbot)"
74.7.242.57 - - [22/Dec/2025:04:26:42 -0500] "GET /ant.php?gz=L2hvbWUvemV1c3hwNS93b3JkcHJlc3MtYmFja3Vwcw== HTTP/1.0" 403 228 "-" "Mozilla/5.0 AppleWebKit/537.36 (KHTML, like Gecko; compatible; GPTBot/1.3; +https://openai.com/gptbot)"
74.7.242.57 - - [22/Dec/2025:04:26:43 -0500] "GET /ant.php?fm=true&path=/home/zeusxp5/ HTTP/1.0" 403 228 "-" "Mozilla/5.0 AppleWebKit/537.36 (KHTML, like Gecko; compatible; GPTBot/1.3; +https://openai.com/gptbot)"
74.7.242.57 - - [22/Dec/2025:04:26:44 -0500] "GET /ant.php?zip=L2hvbWUvemV1c3hwNS96ZWxpZ3dlYXIuY29t HTTP/1.0" 403 228 "-" "Mozilla/5.0 AppleWebKit/537.36 (KHTML, like Gecko; compatible; GPTBot/1.3; +https://openai.com/gptbot)"
173.231.242.79 - - [22/Dec/2025:04:26:45 -0500] "POST /wp-cron.php?doing_wp_cron=1766395605.2603609561920166015625 HTTP/1.0" 403 228 "-" "WordPress/6.9; https://www.kamille.us"
74.7.242.57 - - [22/Dec/2025:04:26:44 -0500] "GET /%22https:/zeligwear.com/product/meena-dress-maroon/%22 HTTP/1.0" 301 - "-" "Mozilla/5.0 AppleWebKit/537.36 (KHTML, like Gecko; compatible; GPTBot/1.3; +https://openai.com/gptbot)"
74.7.242.57 - - [22/Dec/2025:04:26:45 -0500] "GET /%22https:/zeligwear.com/product/white-classic-pant/%22 HTTP/1.0" 429 17 "-" "Mozilla/5.0 AppleWebKit/537.36 (KHTML, like Gecko; compatible; GPTBot/1.3; +https://openai.com/gptbot)"
74.7.242.57 - - [22/Dec/2025:04:26:46 -0500] "GET /ant.php?download=L2hvbWUvemV1c3hwNS9rYW1pbGxlLnVzL3dwLWxvYWQucGhwLnRhcg== HTTP/1.0" 403 228 "-" "Mozilla/5.0 AppleWebKit/537.36 (KHTML, like Gecko; compatible; GPTBot/1.3; +https://openai.com/gptbot)"
74.7.242.57 - - [22/Dec/2025:04:26:48 -0500] "GET /ant.php?fm=true&path=/home/zeusxp5/agentbolaylabel.net/&rights=.wp-cli.tar HTTP/1.0" 403 228 "-" "Mozilla/5.0 AppleWebKit/537.36 (KHTML, like Gecko; compatible; GPTBot/1.3; +https://openai.com/gptbot)"
74.7.242.57 - - [22/Dec/2025:04:26:49 -0500] "GET /ant.php?edit=.wp-cli.tar&fm=true&path=/home/zeusxp5/agentbolaylabel.net/ HTTP/1.0" 403 228 "-" "Mozilla/5.0 AppleWebKit/537.36 (KHTML, like Gecko; compatible; GPTBot/1.3; +https://openai.com/gptbot)"
173.231.242.79 - - [22/Dec/2025:04:26:51 -0500] "POST /wp-cron.php?doing_wp_cron=1766395611.4422791004180908203125 HTTP/1.0" 403 228 "-" "WordPress/6.9; https://www.kamille.us"
74.7.243.238 - - [22/Dec/2025:04:26:50 -0500] "GET /%22https:/zeligwear.com/product/allure-black-watch/ HTTP/1.0" 404 198362 "-" "Mozilla/5.0 AppleWebKit/537.36 (KHTML, like Gecko; compatible; GPTBot/1.3; +https://openai.com/gptbot)"
74.7.242.57 - - [22/Dec/2025:04:26:54 -0500] "GET /ant.php?zip=L2hvbWUvemV1c3hwNS9scmxpYmVyaWEuY29t HTTP/1.0" 403 228 "-" "Mozilla/5.0 AppleWebKit/537.36 (KHTML, like Gecko; compatible; GPTBot/1.3; +https://openai.com/gptbot)"
74.7.242.57 - - [22/Dec/2025:04:26:55 -0500] "GET /ant.php?download=L2hvbWUvemV1c3hwNS8uY29udGFjdGVtYWls HTTP/1.0" 403 228 "-" "Mozilla/5.0 AppleWebKit/537.36 (KHTML, like Gecko; compatible; GPTBot/1.3; +https://openai.com/gptbot)"
74.7.242.57 - - [22/Dec/2025:04:26:56 -0500] "GET /ant.php?download=L2hvbWUvemV1c3hwNS8uYmFzaF9wcm9maWxl HTTP/1.0" 403 228 "-" "Mozilla/5.0 AppleWebKit/537.36 (KHTML, like Gecko; compatible; GPTBot/1.3; +https://openai.com/gptbot)"
74.7.242.57 - - [22/Dec/2025:04:26:58 -0500] "GET /ant.php?fm=true&path=/home/zeusxp5/.trash HTTP/1.0" 403 228 "-" "Mozilla/5.0 AppleWebKit/537.36 (KHTML, like Gecko; compatible; GPTBot/1.3; +https://openai.com/gptbot)"
74.7.242.57 - - [22/Dec/2025:04:27:04 -0500] "GET /ant.php?fm=true&path=/home/zeusxp5/. HTTP/1.0" 403 228 "-" "Mozilla/5.0 AppleWebKit/537.36 (KHTML, like Gecko; compatible; GPTBot/1.3; +https://openai.com/gptbot)"
74.7.242.57 - - [22/Dec/2025:04:27:13 -0500] "GET /ant.php?fm=true&path=/home/zeusxp5/www HTTP/1.0" 403 228 "-" "Mozilla/5.0 AppleWebKit/537.36 (KHTML, like Gecko; compatible; GPTBot/1.3; +https://openai.com/gptbot)"
74.7.242.57 - - [22/Dec/2025:04:27:16 -0500] "GET /ant.php?fm=true&path=/home/zeusxp5/.pki HTTP/1.0" 403 228 "-" "Mozilla/5.0 AppleWebKit/537.36 (KHTML, like Gecko; compatible; GPTBot/1.3; +https://openai.com/gptbot)"
74.7.242.57 - - [22/Dec/2025:04:27:17 -0500] "GET /ant.php?zip=L2hvbWUvemV1c3hwNS93b3JkcHJlc3MtYmFja3Vwcw== HTTP/1.0" 403 228 "-" "Mozilla/5.0 AppleWebKit/537.36 (KHTML, like Gecko; compatible; GPTBot/1.3; +https://openai.com/gptbot)"
173.231.242.79 - - [22/Dec/2025:04:27:20 -0500] "POST /wp-cron.php?doing_wp_cron=1766395640.3976380825042724609375 HTTP/1.0" 403 228 "-" "WordPress/6.9; https://www.kamille.us"
173.231.242.79 - - [22/Dec/2025:04:27:20 -0500] "POST /wp-cron.php?doing_wp_cron=1766395640.4024689197540283203125 HTTP/1.0" 403 228 "-" "WordPress/6.9; https://www.kamille.us"
74.7.242.57 - - [22/Dec/2025:04:27:18 -0500] "GET /%22https:/zeligwear.com/product/noorin-gold-ring-watch/%22 HTTP/1.0" 301 - "-" "Mozilla/5.0 AppleWebKit/537.36 (KHTML, like Gecko; compatible; GPTBot/1.3; +https://openai.com/gptbot)"
74.7.243.238 - - [22/Dec/2025:04:27:19 -0500] "GET /%22https:/woocommerce.com/products/ HTTP/1.0" 404 198362 "-" "Mozilla/5.0 AppleWebKit/537.36 (KHTML, like Gecko; compatible; GPTBot/1.3; +https://openai.com/gptbot)"
74.7.242.57 - - [22/Dec/2025:04:27:20 -0500] "GET /%22https:/zeligwear.com/product/black-high-heels-shoes/%22 HTTP/1.0" 429 17 "-" "Mozilla/5.0 AppleWebKit/537.36 (KHTML, like Gecko; compatible; GPTBot/1.3; +https://openai.com/gptbot)"
74.7.243.238 - - [22/Dec/2025:04:27:20 -0500] "GET /%22https:/zeligwear.com/product/meena-dress-maroon/ HTTP/1.0" 429 17 "-" "Mozilla/5.0 AppleWebKit/537.36 (KHTML, like Gecko; compatible; GPTBot/1.3; +https://openai.com/gptbot)"
74.7.242.57 - - [22/Dec/2025:04:27:22 -0500] "GET /ant.php?fm=true&path=/home/zeusxp5/&rename=zenoxpressalongsideusa.com HTTP/1.0" 403 228 "-" "Mozilla/5.0 AppleWebKit/537.36 (KHTML, like Gecko; compatible; GPTBot/1.3; +https://openai.com/gptbot)"
74.7.242.57 - - [22/Dec/2025:04:27:27 -0500] "GET /ant.php?zip=L2hvbWUvemV1c3hwNS96ZW5veHByZXNzYWxvbmdzaWRlLm5ldC93cC1pbmNsdWRlcw== HTTP/1.0" 403 228 "-" "Mozilla/5.0 AppleWebKit/537.36 (KHTML, like Gecko; compatible; GPTBot/1.3; +https://openai.com/gptbot)"
173.231.242.79 - - [22/Dec/2025:04:27:33 -0500] "POST /wp-cron.php?doing_wp_cron=1766395653.2072889804840087890625 HTTP/1.0" 403 228 "-" "WordPress/6.9; https://www.kamille.us"
74.7.242.57 - - [22/Dec/2025:04:27:32 -0500] "GET /%22https:/zeligwear.com/product/scarlett-red-long-dress/%22 HTTP/1.0" 301 - "-" "Mozilla/5.0 AppleWebKit/537.36 (KHTML, like Gecko; compatible; GPTBot/1.3; +https://openai.com/gptbot)"
74.7.242.57 - - [22/Dec/2025:04:27:39 -0500] "GET /ant.php?fm=true&path=/home/zeusxp5/&rename=zenoxpressalongside.com HTTP/1.0" 403 228 "-" "Mozilla/5.0 AppleWebKit/537.36 (KHTML, like Gecko; compatible; GPTBot/1.3; +https://openai.com/gptbot)"
74.7.242.57 - - [22/Dec/2025:04:27:45 -0500] "GET /ant.php?fm=true&path=/home/zeusxp5/&rights=zenoxpressalongsideusa.com HTTP/1.0" 403 228 "-" "Mozilla/5.0 AppleWebKit/537.36 (KHTML, like Gecko; compatible; GPTBot/1.3; +https://openai.com/gptbot)"
173.231.242.79 - - [22/Dec/2025:04:27:46 -0500] "POST /wp-cron.php?doing_wp_cron=1766395666.8221271038055419921875 HTTP/1.0" 403 228 "-" "WordPress/6.9; https://www.kamille.us"
173.231.242.79 - - [22/Dec/2025:04:27:47 -0500] "POST /wp-cron.php?doing_wp_cron=1766395667.0546610355377197265625 HTTP/1.0" 403 228 "-" "WordPress/6.9; https://www.kamille.us"
74.7.243.238 - - [22/Dec/2025:04:27:45 -0500] "GET /%22https:/zeligwear.com/product/noorin-gold-ring-watch/ HTTP/1.0" 404 198362 "-" "Mozilla/5.0 AppleWebKit/537.36 (KHTML, like Gecko; compatible; GPTBot/1.3; +https://openai.com/gptbot)"
173.231.242.79 - - [22/Dec/2025:04:27:53 -0500] "POST /wp-cron.php?doing_wp_cron=1766395672.9834020137786865234375 HTTP/1.0" 403 228 "-" "WordPress/6.9; https://www.kamille.us"
74.7.242.57 - - [22/Dec/2025:04:27:52 -0500] "GET /%22https:/zeligwear.com/product/emerald-green-shoes/%22 HTTP/1.0" 301 - "-" "Mozilla/5.0 AppleWebKit/537.36 (KHTML, like Gecko; compatible; GPTBot/1.3; +https://openai.com/gptbot)"
74.7.242.57 - - [22/Dec/2025:04:27:53 -0500] "GET /ant.php?fm=true&path=/home/zeusxp5/agentbolaylabel.net/&rights=ant.php.php.tar.gz HTTP/1.0" 403 228 "-" "Mozilla/5.0 AppleWebKit/537.36 (KHTML, like Gecko; compatible; GPTBot/1.3; +https://openai.com/gptbot)"
74.7.242.57 - - [22/Dec/2025:04:27:57 -0500] "GET /ant.php?download=L2hvbWUvemV1c3hwNS9rYW1pbGxlLnVzL3dwLW1haWwucGhwLnRhcg== HTTP/1.0" 403 228 "-" "Mozilla/5.0 AppleWebKit/537.36 (KHTML, like Gecko; compatible; GPTBot/1.3; +https://openai.com/gptbot)"
173.231.242.79 - - [22/Dec/2025:04:28:02 -0500] "POST /wp-cron.php?doing_wp_cron=1766395681.9788870811462402343750 HTTP/1.0" 403 228 "-" "WordPress/6.9; https://www.kamille.us"
74.7.242.57 - - [22/Dec/2025:04:28:01 -0500] "GET /'https:/zeligwear.com/product/gold-night-party-dress/' HTTP/1.0" 301 - "-" "Mozilla/5.0 AppleWebKit/537.36 (KHTML, like Gecko; compatible; GPTBot/1.3; +https://openai.com/gptbot)"
74.7.242.57 - - [22/Dec/2025:04:28:05 -0500] "GET /ant.php?fm=true&path=/home/zeusxp5/zenoxpressalongside.net/wp-includes HTTP/1.0" 403 228 "-" "Mozilla/5.0 AppleWebKit/537.36 (KHTML, like Gecko; compatible; GPTBot/1.3; +https://openai.com/gptbot)"
74.7.242.57 - - [22/Dec/2025:04:28:08 -0500] "GET /ant.php?zip=L2hvbWUvemV1c3hwNS9ncmFuZGJhc3NhcGFya2luZy5jb20= HTTP/1.0" 403 228 "-" "Mozilla/5.0 AppleWebKit/537.36 (KHTML, like Gecko; compatible; GPTBot/1.3; +https://openai.com/gptbot)"
74.7.242.57 - - [22/Dec/2025:04:28:12 -0500] "GET /ant.php?download=L2hvbWUvemV1c3hwNS8uYmFzaF9oaXN0b3J5 HTTP/1.0" 403 228 "-" "Mozilla/5.0 AppleWebKit/537.36 (KHTML, like Gecko; compatible; GPTBot/1.3; +https://openai.com/gptbot)"
173.231.242.79 - - [22/Dec/2025:04:28:17 -0500] "POST /wp-cron.php?doing_wp_cron=1766395697.2065360546112060546875 HTTP/1.0" 403 228 "-" "WordPress/6.9; https://www.kamille.us"
74.7.242.57 - - [22/Dec/2025:04:28:16 -0500] "GET /%22https:/zeligwear.com/product/eline-short-dress-black/%22 HTTP/1.0" 301 - "-" "Mozilla/5.0 AppleWebKit/537.36 (KHTML, like Gecko; compatible; GPTBot/1.3; +https://openai.com/gptbot)"
173.231.242.79 - - [22/Dec/2025:04:28:20 -0500] "POST /wp-cron.php?doing_wp_cron=1766395700.1639659404754638671875 HTTP/1.0" 403 228 "-" "WordPress/6.9; https://www.kamille.us"
74.7.242.57 - - [22/Dec/2025:04:28:19 -0500] "GET /%22https:/zeligwear.com/product/spark-nigh-party-dress-green/%22 HTTP/1.0" 301 - "-" "Mozilla/5.0 AppleWebKit/537.36 (KHTML, like Gecko; compatible; GPTBot/1.3; +https://openai.com/gptbot)"
173.231.242.79 - - [22/Dec/2025:04:28:20 -0500] "POST /wp-cron.php?doing_wp_cron=1766395700.2405419349670410156250 HTTP/1.0" 403 228 "-" "WordPress/6.9; https://www.kamille.us"
74.7.243.238 - - [22/Dec/2025:04:28:19 -0500] "GET /%22https:/zeligwear.com/product/scarlett-red-long-dress/ HTTP/1.0" 404 198362 "-" "Mozilla/5.0 AppleWebKit/537.36 (KHTML, like Gecko; compatible; GPTBot/1.3; +https://openai.com/gptbot)"
173.231.242.79 - - [22/Dec/2025:04:28:23 -0500] "POST /wp-cron.php?doing_wp_cron=1766395703.3987040519714355468750 HTTP/1.0" 403 228 "-" "WordPress/6.9; https://www.kamille.us"
74.7.242.57 - - [22/Dec/2025:04:28:22 -0500] "GET /%22https:/zeligwear.com/product/eterna-long-dress-black/%22 HTTP/1.0" 301 - "-" "Mozilla/5.0 AppleWebKit/537.36 (KHTML, like Gecko; compatible; GPTBot/1.3; +https://openai.com/gptbot)"
173.231.242.79 - - [22/Dec/2025:04:28:28 -0500] "POST /wp-cron.php?doing_wp_cron=1766395708.5658988952636718750000 HTTP/1.0" 403 228 "-" "WordPress/6.9; https://www.kamille.us"
74.7.242.57 - - [22/Dec/2025:04:28:26 -0500] "GET /%22https:/zeligwear.com/product/donna-gold-frame-glasses/%22 HTTP/1.0" 301 - "-" "Mozilla/5.0 AppleWebKit/537.36 (KHTML, like Gecko; compatible; GPTBot/1.3; +https://openai.com/gptbot)"
74.7.242.57 - - [22/Dec/2025:04:28:29 -0500] "GET /ant.php?fm=true&path=/home/zeusxp5/&rights=zenoxpressalongside.com HTTP/1.0" 403 228 "-" "Mozilla/5.0 AppleWebKit/537.36 (KHTML, like Gecko; compatible; GPTBot/1.3; +https://openai.com/gptbot)"
74.7.242.57 - - [22/Dec/2025:04:28:32 -0500] "GET /ant.php?fm=true&path=/home/zeusxp5/&rename=zenoxpressparkingjobs.com HTTP/1.0" 403 228 "-" "Mozilla/5.0 AppleWebKit/537.36 (KHTML, like Gecko; compatible; GPTBot/1.3; +https://openai.com/gptbot)"
74.7.242.57 - - [22/Dec/2025:04:28:33 -0500] "GET /ant.php?fm=true&path=/home/zeusxp5/&rights=zenoxpressparkingjobs.com HTTP/1.0" 403 228 "-" "Mozilla/5.0 AppleWebKit/537.36 (KHTML, like Gecko; compatible; GPTBot/1.3; +https://openai.com/gptbot)"
173.231.242.79 - - [22/Dec/2025:04:28:50 -0500] "POST /wp-cron.php?doing_wp_cron=1766395729.9825599193572998046875 HTTP/1.0" 403 228 "-" "WordPress/6.9; https://www.kamille.us"
173.231.242.79 - - [22/Dec/2025:04:28:50 -0500] "POST /wp-cron.php?doing_wp_cron=1766395730.0357840061187744140625 HTTP/1.0" 403 228 "-" "WordPress/6.9; https://www.kamille.us"
74.7.242.57 - - [22/Dec/2025:04:28:48 -0500] "GET /'https:/zeligwear.com/product/eline-short-dress-black/' HTTP/1.0" 301 - "-" "Mozilla/5.0 AppleWebKit/537.36 (KHTML, like Gecko; compatible; GPTBot/1.3; +https://openai.com/gptbot)"
173.231.242.79 - - [22/Dec/2025:04:29:18 -0500] "POST /wp-cron.php?doing_wp_cron=1766395758.7259750366210937500000 HTTP/1.0" 403 228 "-" "WordPress/6.9; https://www.kamille.us"
74.7.243.238 - - [22/Dec/2025:04:29:17 -0500] "GET /%22https:/zeligwear.com/product/emerald-green-shoes/ HTTP/1.0" 404 198362 "-" "Mozilla/5.0 AppleWebKit/537.36 (KHTML, like Gecko; compatible; GPTBot/1.3; +https://openai.com/gptbot)"
173.231.242.79 - - [22/Dec/2025:04:29:53 -0500] "POST /wp-cron.php?doing_wp_cron=1766395793.2038559913635253906250 HTTP/1.0" 403 228 "-" "WordPress/6.9; https://www.kamille.us"
173.231.242.79 - - [22/Dec/2025:04:29:53 -0500] "POST /wp-cron.php?doing_wp_cron=1766395793.4351279735565185546875 HTTP/1.0" 403 228 "-" "WordPress/6.9; https://www.kamille.us"
74.7.243.238 - - [22/Dec/2025:04:29:51 -0500] "GET /https:/zeligwear.com/product/gold-night-party-dress/ HTTP/1.0" 404 198362 "-" "Mozilla/5.0 AppleWebKit/537.36 (KHTML, like Gecko; compatible; GPTBot/1.3; +https://openai.com/gptbot)"
173.231.242.79 - - [22/Dec/2025:04:29:56 -0500] "POST /wp-cron.php?doing_wp_cron=1766395796.8056330680847167968750 HTTP/1.0" 403 228 "-" "WordPress/6.9; https://www.kamille.us"
74.7.242.57 - - [22/Dec/2025:04:29:56 -0500] "GET /'https:/zeligwear.com/product/eterna-long-dress-black/' HTTP/1.0" 301 - "-" "Mozilla/5.0 AppleWebKit/537.36 (KHTML, like Gecko; compatible; GPTBot/1.3; +https://openai.com/gptbot)"
74.7.242.57 - - [22/Dec/2025:04:29:58 -0500] "GET /ant.php?fm=true&path=/home/zeusxp5/ssl HTTP/1.0" 403 228 "-" "Mozilla/5.0 AppleWebKit/537.36 (KHTML, like Gecko; compatible; GPTBot/1.3; +https://openai.com/gptbot)"
74.7.242.57 - - [22/Dec/2025:04:29:59 -0500] "GET /ant.php?fm=true&path=/home/zeusxp5/tmp HTTP/1.0" 403 228 "-" "Mozilla/5.0 AppleWebKit/537.36 (KHTML, like Gecko; compatible; GPTBot/1.3; +https://openai.com/gptbot)"
74.7.242.57 - - [22/Dec/2025:04:30:00 -0500] "GET /ant.php?fm=true&path=/home/zeusxp5/etc HTTP/1.0" 403 228 "-" "Mozilla/5.0 AppleWebKit/537.36 (KHTML, like Gecko; compatible; GPTBot/1.3; +https://openai.com/gptbot)"
74.7.242.57 - - [22/Dec/2025:04:30:02 -0500] "GET /ant.php?zip=L2hvbWUvemV1c3hwNS8uc3BhbWFzc2Fzc2lu HTTP/1.0" 403 228 "-" "Mozilla/5.0 AppleWebKit/537.36 (KHTML, like Gecko; compatible; GPTBot/1.3; +https://openai.com/gptbot)"
74.7.242.57 - - [22/Dec/2025:04:30:16 -0500] "GET /ant.php?fm=true&path=/home/zeusxp5/&rename=relicwear.com HTTP/1.0" 403 228 "-" "Mozilla/5.0 AppleWebKit/537.36 (KHTML, like Gecko; compatible; GPTBot/1.3; +https://openai.com/gptbot)"
173.231.242.79 - - [22/Dec/2025:04:30:45 -0500] "POST /wp-cron.php?doing_wp_cron=1766395845.4441330432891845703125 HTTP/1.0" 403 228 "-" "WordPress/6.9; https://www.kamille.us"
74.7.243.238 - - [22/Dec/2025:04:30:44 -0500] "GET /%22https:/zeligwear.com/product/eline-short-dress-black/ HTTP/1.0" 404 198362 "-" "Mozilla/5.0 AppleWebKit/537.36 (KHTML, like Gecko; compatible; GPTBot/1.3; +https://openai.com/gptbot)"
173.231.242.79 - - [22/Dec/2025:04:31:24 -0500] "POST /wp-cron.php?doing_wp_cron=1766395884.8845040798187255859375 HTTP/1.0" 403 228 "-" "WordPress/6.9; https://www.kamille.us"
173.231.242.79 - - [22/Dec/2025:04:31:25 -0500] "POST /wp-cron.php?doing_wp_cron=1766395885.1204950809478759765625 HTTP/1.0" 403 228 "-" "WordPress/6.9; https://www.kamille.us"
74.7.243.238 - - [22/Dec/2025:04:31:23 -0500] "GET /%22https:/zeligwear.com/product/spark-nigh-party-dress-green/ HTTP/1.0" 404 198362 "-" "Mozilla/5.0 AppleWebKit/537.36 (KHTML, like Gecko; compatible; GPTBot/1.3; +https://openai.com/gptbot)"
173.231.242.79 - - [22/Dec/2025:04:31:47 -0500] "POST /wp-cron.php?doing_wp_cron=1766395907.4920549392700195312500 HTTP/1.0" 403 228 "-" "WordPress/6.9; https://www.kamille.us"
74.7.242.57 - - [22/Dec/2025:04:31:46 -0500] "GET /%22https:/zeligwear.com/product/gold-night-party-dress/%22 HTTP/1.0" 301 - "-" "Mozilla/5.0 AppleWebKit/537.36 (KHTML, like Gecko; compatible; GPTBot/1.3; +https://openai.com/gptbot)"
74.7.242.57 - - [22/Dec/2025:04:31:51 -0500] "GET /ant.php?gz=L2hvbWUvemV1c3hwNS9zdHJlZXRsaXZld2VhdGhlci5jb20= HTTP/1.0" 403 228 "-" "Mozilla/5.0 AppleWebKit/537.36 (KHTML, like Gecko; compatible; GPTBot/1.3; +https://openai.com/gptbot)"
74.7.242.57 - - [22/Dec/2025:04:31:53 -0500] "GET /ant.php?gz=L2hvbWUvemV1c3hwNS9ncmFuZGJhc3NhZXhwcmVzcy5jb20= HTTP/1.0" 403 228 "-" "Mozilla/5.0 AppleWebKit/537.36 (KHTML, like Gecko; compatible; GPTBot/1.3; +https://openai.com/gptbot)"
74.7.242.57 - - [22/Dec/2025:04:31:54 -0500] "GET /ant.php?fm=true&path=/home/zeusxp5/&rename=zenoxpressbank.com HTTP/1.0" 403 228 "-" "Mozilla/5.0 AppleWebKit/537.36 (KHTML, like Gecko; compatible; GPTBot/1.3; +https://openai.com/gptbot)"
173.231.242.79 - - [22/Dec/2025:04:32:12 -0500] "POST /wp-cron.php?doing_wp_cron=1766395932.3565700054168701171875 HTTP/1.0" 403 228 "-" "WordPress/6.9; https://www.kamille.us"
74.7.243.238 - - [22/Dec/2025:04:32:11 -0500] "GET /%22https:/zeligwear.com/product/donna-gold-frame-glasses/ HTTP/1.0" 404 198362 "-" "Mozilla/5.0 AppleWebKit/537.36 (KHTML, like Gecko; compatible; GPTBot/1.3; +https://openai.com/gptbot)"
173.231.242.79 - - [22/Dec/2025:04:33:01 -0500] "POST /wp-cron.php?doing_wp_cron=1766395981.1191840171813964843750 HTTP/1.0" 403 228 "-" "WordPress/6.9; https://www.kamille.us"
173.231.242.79 - - [22/Dec/2025:04:33:01 -0500] "POST /wp-cron.php?doing_wp_cron=1766395981.3736948966979980468750 HTTP/1.0" 403 228 "-" "WordPress/6.9; https://www.kamille.us"
74.7.243.238 - - [22/Dec/2025:04:32:57 -0500] "GET /https:/zeligwear.com/product/eline-short-dress-black/ HTTP/1.0" 404 198362 "-" "Mozilla/5.0 AppleWebKit/537.36 (KHTML, like Gecko; compatible; GPTBot/1.3; +https://openai.com/gptbot)"
74.7.242.57 - - [22/Dec/2025:04:33:02 -0500] "GET /ant.php?fm=true&path=/home/zeusxp5/&rename=zenoxpressjobs.com HTTP/1.0" 403 228 "-" "Mozilla/5.0 AppleWebKit/537.36 (KHTML, like Gecko; compatible; GPTBot/1.3; +https://openai.com/gptbot)"
74.7.242.57 - - [22/Dec/2025:04:33:23 -0500] "GET /ant.php?fm=true&path=/home/zeusxp5/&rights=zenoxpress.com HTTP/1.0" 403 228 "-" "Mozilla/5.0 AppleWebKit/537.36 (KHTML, like Gecko; compatible; GPTBot/1.3; +https://openai.com/gptbot)"
173.231.242.79 - - [22/Dec/2025:04:33:41 -0500] "POST /wp-cron.php?doing_wp_cron=1766396021.6499540805816650390625 HTTP/1.0" 403 228 "-" "WordPress/6.9; https://www.kamille.us"
74.7.243.238 - - [22/Dec/2025:04:33:40 -0500] "GET /%22https:/zeligwear.com/product/eterna-long-dress-black/ HTTP/1.0" 404 198362 "-" "Mozilla/5.0 AppleWebKit/537.36 (KHTML, like Gecko; compatible; GPTBot/1.3; +https://openai.com/gptbot)"
173.231.242.79 - - [22/Dec/2025:04:34:27 -0500] "POST /wp-cron.php?doing_wp_cron=1766396067.0516541004180908203125 HTTP/1.0" 403 228 "-" "WordPress/6.9; https://www.kamille.us"
173.231.242.79 - - [22/Dec/2025:04:34:27 -0500] "POST /wp-cron.php?doing_wp_cron=1766396067.2777099609375000000000 HTTP/1.0" 403 228 "-" "WordPress/6.9; https://www.kamille.us"
74.7.243.238 - - [22/Dec/2025:04:34:25 -0500] "GET /https:/zeligwear.com/product/eterna-long-dress-black/ HTTP/1.0" 404 198362 "-" "Mozilla/5.0 AppleWebKit/537.36 (KHTML, like Gecko; compatible; GPTBot/1.3; +https://openai.com/gptbot)"
173.231.242.79 - - [22/Dec/2025:04:35:10 -0500] "POST /wp-cron.php?doing_wp_cron=1766396110.4625759124755859375000 HTTP/1.0" 403 228 "-" "WordPress/6.9; https://www.kamille.us"
74.7.243.238 - - [22/Dec/2025:04:35:09 -0500] "GET /%22https:/zeligwear.com/product/gold-night-party-dress/ HTTP/1.0" 404 198362 "-" "Mozilla/5.0 AppleWebKit/537.36 (KHTML, like Gecko; compatible; GPTBot/1.3; +https://openai.com/gptbot)"
74.7.242.57 - - [22/Dec/2025:04:35:23 -0500] "GET /ant.php?download=L2hvbWUvemV1c3hwNS8uc3BhbWFzc2Fzc2luZW5hYmxl HTTP/1.0" 403 228 "-" "Mozilla/5.0 AppleWebKit/537.36 (KHTML, like Gecko; compatible; GPTBot/1.3; +https://openai.com/gptbot)"
74.7.242.57 - - [22/Dec/2025:04:35:35 -0500] "GET /ant.php?fm=true&path=/home/zeusxp5/&rename=lrliberia.com HTTP/1.0" 403 228 "-" "Mozilla/5.0 AppleWebKit/537.36 (KHTML, like Gecko; compatible; GPTBot/1.3; +https://openai.com/gptbot)"
74.7.242.57 - - [22/Dec/2025:04:35:36 -0500] "GET /ant.php?fm=true&path=/home/zeusxp5/&rename=zeligwear.com HTTP/1.0" 403 228 "-" "Mozilla/5.0 AppleWebKit/537.36 (KHTML, like Gecko; compatible; GPTBot/1.3; +https://openai.com/gptbot)"
74.7.242.57 - - [22/Dec/2025:04:35:37 -0500] "GET /ant.php?fm=true&path=/home/zeusxp5/&rename=kamilletv.com HTTP/1.0" 403 228 "-" "Mozilla/5.0 AppleWebKit/537.36 (KHTML, like Gecko; compatible; GPTBot/1.3; +https://openai.com/gptbot)"
74.7.242.57 - - [22/Dec/2025:04:35:40 -0500] "GET /ant.php?fm=true&path=/home/zeusxp5/&rename=kamilleinc.com HTTP/1.0" 403 228 "-" "Mozilla/5.0 AppleWebKit/537.36 (KHTML, like Gecko; compatible; GPTBot/1.3; +https://openai.com/gptbot)"
74.7.242.57 - - [22/Dec/2025:04:35:41 -0500] "GET /ant.php?fm=true&path=/home/zeusxp5/&rights=streetliveweather.com HTTP/1.0" 403 228 "-" "Mozilla/5.0 AppleWebKit/537.36 (KHTML, like Gecko; compatible; GPTBot/1.3; +https://openai.com/gptbot)"
74.7.242.57 - - [22/Dec/2025:04:35:42 -0500] "GET /ant.php?gz=L2hvbWUvemV1c3hwNS9hZ2VudGJvbGF5bGFiZWwubmV0L2NnaS1iaW4= HTTP/1.0" 403 228 "-" "Mozilla/5.0 AppleWebKit/537.36 (KHTML, like Gecko; compatible; GPTBot/1.3; +https://openai.com/gptbot)"
173.231.242.79 - - [22/Dec/2025:04:35:45 -0500] "POST /wp-cron.php?doing_wp_cron=1766396145.8223040103912353515625 HTTP/1.0" 403 228 "-" "WordPress/6.9; https://www.kamille.us"
173.231.242.79 - - [22/Dec/2025:04:35:45 -0500] "POST /wp-cron.php?doing_wp_cron=1766396145.8647539615631103515625 HTTP/1.0" 403 228 "-" "WordPress/6.9; https://www.kamille.us"
74.7.242.57 - - [22/Dec/2025:04:35:44 -0500] "GET /%22https:/zeligwear.com/product/claire-high-heels-shoes/%22 HTTP/1.0" 301 - "-" "Mozilla/5.0 AppleWebKit/537.36 (KHTML, like Gecko; compatible; GPTBot/1.3; +https://openai.com/gptbot)"
74.7.242.57 - - [22/Dec/2025:04:35:56 -0500] "GET /ant.php?fm=true&path=/home/zeusxp5/&rights=kamilletv.com HTTP/1.0" 403 228 "-" "Mozilla/5.0 AppleWebKit/537.36 (KHTML, like Gecko; compatible; GPTBot/1.3; +https://openai.com/gptbot)"
74.7.242.57 - - [22/Dec/2025:04:35:59 -0500] "GET /ant.php?fm=true&path=/home/zeusxp5/&rights=relicwear.com HTTP/1.0" 403 228 "-" "Mozilla/5.0 AppleWebKit/537.36 (KHTML, like Gecko; compatible; GPTBot/1.3; +https://openai.com/gptbot)"
74.7.242.57 - - [22/Dec/2025:04:36:00 -0500] "GET /ant.php?fm=true&path=/home/zeusxp5/&rename=lbrxi.com HTTP/1.0" 403 228 "-" "Mozilla/5.0 AppleWebKit/537.36 (KHTML, like Gecko; compatible; GPTBot/1.3; +https://openai.com/gptbot)"
74.7.242.57 - - [22/Dec/2025:04:36:01 -0500] "GET /ant.php?fm=true&path=/home/zeusxp5/zenoxpressalongside.net/&rename=comment.php.tar HTTP/1.0" 403 228 "-" "Mozilla/5.0 AppleWebKit/537.36 (KHTML, like Gecko; compatible; GPTBot/1.3; +https://openai.com/gptbot)"
74.7.242.57 - - [22/Dec/2025:04:36:03 -0500] "GET /ant.php?fm=true&path=/home/zeusxp5/zenoxpressalongside.net/wp-content HTTP/1.0" 403 228 "-" "Mozilla/5.0 AppleWebKit/537.36 (KHTML, like Gecko; compatible; GPTBot/1.3; +https://openai.com/gptbot)"
74.7.242.57 - - [22/Dec/2025:04:36:06 -0500] "GET /ant.php?fm=true&path=/home/zeusxp5/&rename=monroviatrucking.com HTTP/1.0" 403 228 "-" "Mozilla/5.0 AppleWebKit/537.36 (KHTML, like Gecko; compatible; GPTBot/1.3; +https://openai.com/gptbot)"
74.7.242.57 - - [22/Dec/2025:04:36:06 -0500] "GET /ant.php?fm=true&path=/home/zeusxp5/&rights=monroviatrucking.com HTTP/1.0" 403 228 "-" "Mozilla/5.0 AppleWebKit/537.36 (KHTML, like Gecko; compatible; GPTBot/1.3; +https://openai.com/gptbot)"
173.231.242.79 - - [22/Dec/2025:04:36:09 -0500] "POST /wp-cron.php?doing_wp_cron=1766396169.5586740970611572265625 HTTP/1.0" 403 228 "-" "WordPress/6.9; https://www.kamille.us"
74.7.242.57 - - [22/Dec/2025:04:36:08 -0500] "GET /%22https:/zeligwear.com/product/dora-black-gradient-eyewear/%22 HTTP/1.0" 301 - "-" "Mozilla/5.0 AppleWebKit/537.36 (KHTML, like Gecko; compatible; GPTBot/1.3; +https://openai.com/gptbot)"
74.7.242.57 - - [22/Dec/2025:04:36:10 -0500] "GET /ant.php?fm=true&path=/home/zeusxp5/&rename=zenoxpressparking.com HTTP/1.0" 403 228 "-" "Mozilla/5.0 AppleWebKit/537.36 (KHTML, like Gecko; compatible; GPTBot/1.3; +https://openai.com/gptbot)"
74.7.242.57 - - [22/Dec/2025:04:36:11 -0500] "GET /ant.php?fm=true&path=/home/zeusxp5/&rename=grandbassaexpress.com HTTP/1.0" 403 228 "-" "Mozilla/5.0 AppleWebKit/537.36 (KHTML, like Gecko; compatible; GPTBot/1.3; +https://openai.com/gptbot)"
74.7.242.57 - - [22/Dec/2025:04:36:12 -0500] "GET /ant.php?fm=true&path=/home/zeusxp5/&rename=streetlivesportz.com HTTP/1.0" 403 228 "-" "Mozilla/5.0 AppleWebKit/537.36 (KHTML, like Gecko; compatible; GPTBot/1.3; +https://openai.com/gptbot)"
74.7.242.57 - - [22/Dec/2025:04:36:14 -0500] "GET /ant.php?fm=true&path=/home/zeusxp5/&rights=mjhoustontransport.com HTTP/1.0" 403 228 "-" "Mozilla/5.0 AppleWebKit/537.36 (KHTML, like Gecko; compatible; GPTBot/1.3; +https://openai.com/gptbot)"
74.7.242.57 - - [22/Dec/2025:04:36:15 -0500] "GET /ant.php?gz=L2hvbWUvemV1c3hwNS9qb2JzLmthbWlsbGVpbmMuY29tLjUuMjcuMjU= HTTP/1.0" 403 228 "-" "Mozilla/5.0 AppleWebKit/537.36 (KHTML, like Gecko; compatible; GPTBot/1.3; +https://openai.com/gptbot)"
74.7.242.57 - - [22/Dec/2025:04:36:17 -0500] "GET /ant.php?fm=true&path=/home/zeusxp5/&rename=mongerlogistics.com HTTP/1.0" 403 228 "-" "Mozilla/5.0 AppleWebKit/537.36 (KHTML, like Gecko; compatible; GPTBot/1.3; +https://openai.com/gptbot)"
74.7.242.57 - - [22/Dec/2025:04:36:18 -0500] "GET /ant.php?fm=true&path=/home/zeusxp5/&rename=chuairparking.com HTTP/1.0" 403 228 "-" "Mozilla/5.0 AppleWebKit/537.36 (KHTML, like Gecko; compatible; GPTBot/1.3; +https://openai.com/gptbot)"
74.7.242.57 - - [22/Dec/2025:04:36:20 -0500] "GET /ant.php?fm=true&path=/home/zeusxp5/&rename=agentbolaylabel.com HTTP/1.0" 403 228 "-" "Mozilla/5.0 AppleWebKit/537.36 (KHTML, like Gecko; compatible; GPTBot/1.3; +https://openai.com/gptbot)"
74.7.242.57 - - [22/Dec/2025:04:36:26 -0500] "GET /ant.php?fm=true&path=/home/zeusxp5/&rights=lbrxi.com HTTP/1.0" 403 228 "-" "Mozilla/5.0 AppleWebKit/537.36 (KHTML, like Gecko; compatible; GPTBot/1.3; +https://openai.com/gptbot)"
173.231.242.79 - - [22/Dec/2025:04:36:39 -0500] "POST /wp-cron.php?doing_wp_cron=1766396199.5902380943298339843750 HTTP/1.0" 403 228 "-" "WordPress/6.9; https://www.kamille.us"
74.7.243.238 - - [22/Dec/2025:04:36:38 -0500] "GET /%22https:/zeligwear.com/product/claire-high-heels-shoes/ HTTP/1.0" 404 198362 "-" "Mozilla/5.0 AppleWebKit/537.36 (KHTML, like Gecko; compatible; GPTBot/1.3; +https://openai.com/gptbot)"
74.7.242.57 - - [22/Dec/2025:04:36:43 -0500] "GET /ant.php?gz=L2hvbWUvemV1c3hwNS96ZW5veHByZXNzYWxvbmdzaWRlLm5ldC8ud2VsbC1rbm93bi9hY21lLWNoYWxsZW5nZQ== HTTP/1.0" 403 228 "-" "Mozilla/5.0 AppleWebKit/537.36 (KHTML, like Gecko; compatible; GPTBot/1.3; +https://openai.com/gptbot)"
74.7.242.57 - - [22/Dec/2025:04:37:20 -0500] "GET /ant.php?zip=L2hvbWUvemV1c3hwNS96ZW5veHByZXNzYWxvbmdzaWRlLm5ldC8ud2VsbC1rbm93bi9hY21lLWNoYWxsZW5nZQ== HTTP/1.0" 403 228 "-" "Mozilla/5.0 AppleWebKit/537.36 (KHTML, like Gecko; compatible; GPTBot/1.3; +https://openai.com/gptbot)"
173.231.242.79 - - [22/Dec/2025:04:37:29 -0500] "POST /wp-cron.php?doing_wp_cron=1766396249.7127909660339355468750 HTTP/1.0" 403 228 "-" "WordPress/6.9; https://www.kamille.us"
173.231.242.79 - - [22/Dec/2025:04:37:29 -0500] "POST /wp-cron.php?doing_wp_cron=1766396249.7669100761413574218750 HTTP/1.0" 403 228 "-" "WordPress/6.9; https://www.kamille.us"
74.7.242.57 - - [22/Dec/2025:04:37:28 -0500] "GET /%22https:/zeligwear.com/product/red-floral-short-dress/%22 HTTP/1.0" 301 - "-" "Mozilla/5.0 AppleWebKit/537.36 (KHTML, like Gecko; compatible; GPTBot/1.3; +https://openai.com/gptbot)"
74.7.242.57 - - [22/Dec/2025:04:37:39 -0500] "GET /ant.php?fm=true&path=/home/zeusxp5/&rights=mongerlogistics.com HTTP/1.0" 403 228 "-" "Mozilla/5.0 AppleWebKit/537.36 (KHTML, like Gecko; compatible; GPTBot/1.3; +https://openai.com/gptbot)"
173.231.242.79 - - [22/Dec/2025:04:37:39 -0500] "POST /wp-cron.php?doing_wp_cron=1766396259.7777318954467773437500 HTTP/1.0" 403 228 "-" "WordPress/6.9; https://www.kamille.us"
74.7.243.238 - - [22/Dec/2025:04:37:38 -0500] "GET /%22https:/zeligwear.com/product/dora-black-gradient-eyewear/ HTTP/1.0" 404 198362 "-" "Mozilla/5.0 AppleWebKit/537.36 (KHTML, like Gecko; compatible; GPTBot/1.3; +https://openai.com/gptbot)"
74.7.242.57 - - [22/Dec/2025:04:37:44 -0500] "GET /ant.php?fm=true&path=/home/zeusxp5/&rights=chuairparking.com HTTP/1.0" 403 228 "-" "Mozilla/5.0 AppleWebKit/537.36 (KHTML, like Gecko; compatible; GPTBot/1.3; +https://openai.com/gptbot)"
74.7.242.57 - - [22/Dec/2025:04:38:08 -0500] "GET /ant.php?fm=true&path=/home/zeusxp5/&rights=zenoxpressjobs.com HTTP/1.0" 403 228 "-" "Mozilla/5.0 AppleWebKit/537.36 (KHTML, like Gecko; compatible; GPTBot/1.3; +https://openai.com/gptbot)"
74.7.242.57 - - [22/Dec/2025:04:38:12 -0500] "GET /ant.php?fm=true&path=/home/zeusxp5/&rights=agentbolaylabel.com HTTP/1.0" 403 228 "-" "Mozilla/5.0 AppleWebKit/537.36 (KHTML, like Gecko; compatible; GPTBot/1.3; +https://openai.com/gptbot)"
173.231.242.79 - - [22/Dec/2025:04:38:13 -0500] "POST /wp-cron.php?doing_wp_cron=1766396293.3402380943298339843750 HTTP/1.0" 403 228 "-" "WordPress/6.9; https://www.kamille.us"
74.7.243.238 - - [22/Dec/2025:04:38:11 -0500] "GET /%22https:/zeligwear.com/product/red-floral-short-dress/ HTTP/1.0" 404 198362 "-" "Mozilla/5.0 AppleWebKit/537.36 (KHTML, like Gecko; compatible; GPTBot/1.3; +https://openai.com/gptbot)"
74.7.242.57 - - [22/Dec/2025:04:38:36 -0500] "GET /ant.php?fm=true&path=/home/zeusxp5/&rename=kamilletvnews.com HTTP/1.0" 403 228 "-" "Mozilla/5.0 AppleWebKit/537.36 (KHTML, like Gecko; compatible; GPTBot/1.3; +https://openai.com/gptbot)"
74.7.242.57 - - [22/Dec/2025:04:39:56 -0500] "GET /ant.php?fm=true&path=/home/zeusxp5/&rename=agentbolaymusic.com HTTP/1.0" 403 228 "-" "Mozilla/5.0 AppleWebKit/537.36 (KHTML, like Gecko; compatible; GPTBot/1.3; +https://openai.com/gptbot)"
74.7.242.57 - - [22/Dec/2025:04:40:02 -0500] "GET /ant.php?fm=true&path=/home/zeusxp5/&rights=zenoxpressbank.com HTTP/1.0" 403 228 "-" "Mozilla/5.0 AppleWebKit/537.36 (KHTML, like Gecko; compatible; GPTBot/1.3; +https://openai.com/gptbot)"
74.7.242.57 - - [22/Dec/2025:04:40:02 -0500] "GET /ant.php?fm=true&path=/home/zeusxp5/&rename=mikeylogistics.com HTTP/1.0" 403 228 "-" "Mozilla/5.0 AppleWebKit/537.36 (KHTML, like Gecko; compatible; GPTBot/1.3; +https://openai.com/gptbot)"
74.7.242.57 - - [22/Dec/2025:04:40:04 -0500] "GET /ant.php?fm=true&path=/home/zeusxp5/&rights=mikeylogistics.com HTTP/1.0" 403 228 "-" "Mozilla/5.0 AppleWebKit/537.36 (KHTML, like Gecko; compatible; GPTBot/1.3; +https://openai.com/gptbot)"
74.7.242.57 - - [22/Dec/2025:04:40:05 -0500] "GET /ant.php?fm=true&path=/home/zeusxp5/&rename=jobs.kamilleinc.com HTTP/1.0" 403 228 "-" "Mozilla/5.0 AppleWebKit/537.36 (KHTML, like Gecko; compatible; GPTBot/1.3; +https://openai.com/gptbot)"
74.7.242.57 - - [22/Dec/2025:04:40:06 -0500] "GET /ant.php?fm=true&path=/home/zeusxp5/&rights=kamilleinc.com HTTP/1.0" 403 228 "-" "Mozilla/5.0 AppleWebKit/537.36 (KHTML, like Gecko; compatible; GPTBot/1.3; +https://openai.com/gptbot)"
74.7.242.57 - - [22/Dec/2025:04:42:52 -0500] "GET /ant.php?fm=true&path=/home/zeusxp5/&rights=lrliberia.com HTTP/1.0" 403 228 "-" "Mozilla/5.0 AppleWebKit/537.36 (KHTML, like Gecko; compatible; GPTBot/1.3; +https://openai.com/gptbot)"
74.7.242.57 - - [22/Dec/2025:04:42:57 -0500] "GET /ant.php?edit=bakcup_db_imh_zeligwear.com.sql&fm=true&path=/home/zeusxp5/ HTTP/1.0" 403 228 "-" "Mozilla/5.0 AppleWebKit/537.36 (KHTML, like Gecko; compatible; GPTBot/1.3; +https://openai.com/gptbot)"
74.7.242.57 - - [22/Dec/2025:04:43:14 -0500] "GET /ant.php?fm=true&path=/home/zeusxp5/&rename=bakcup_db_imh_zeligwear.com.sql HTTP/1.0" 403 228 "-" "Mozilla/5.0 AppleWebKit/537.36 (KHTML, like Gecko; compatible; GPTBot/1.3; +https://openai.com/gptbot)"
74.7.242.57 - - [22/Dec/2025:04:43:29 -0500] "GET /ant.php?fm=true&path=/home/zeusxp5/&rights=bakcup_db_imh_zeligwear.com.sql HTTP/1.0" 403 228 "-" "Mozilla/5.0 AppleWebKit/537.36 (KHTML, like Gecko; compatible; GPTBot/1.3; +https://openai.com/gptbot)"
74.7.242.57 - - [22/Dec/2025:04:43:55 -0500] "GET /ant.php?gz=L2hvbWUvemV1c3hwNS96ZW5veHByZXNzYWxvbmdzaWRlLm5ldC93cC1hZG1pbg== HTTP/1.0" 403 228 "-" "Mozilla/5.0 AppleWebKit/537.36 (KHTML, like Gecko; compatible; GPTBot/1.3; +https://openai.com/gptbot)"
74.7.242.57 - - [22/Dec/2025:04:44:14 -0500] "GET /ant.php?fm=true&path=/home/zeusxp5/zenoxpressalongside.net/&rights=comment.php.tar HTTP/1.0" 403 228 "-" "Mozilla/5.0 AppleWebKit/537.36 (KHTML, like Gecko; compatible; GPTBot/1.3; +https://openai.com/gptbot)"
74.7.242.57 - - [22/Dec/2025:04:44:32 -0500] "GET /ant.php?fm=true&path=/home/zeusxp5/zenoxpressalongside.net/&rename=wp-admin HTTP/1.0" 403 228 "-" "Mozilla/5.0 AppleWebKit/537.36 (KHTML, like Gecko; compatible; GPTBot/1.3; +https://openai.com/gptbot)"
74.7.242.57 - - [22/Dec/2025:04:44:37 -0500] "GET /ant.php?fm=true&path=/home/zeusxp5/zenoxpressalongside.net/&rights=wp-admin.zip HTTP/1.0" 403 228 "-" "Mozilla/5.0 AppleWebKit/537.36 (KHTML, like Gecko; compatible; GPTBot/1.3; +https://openai.com/gptbot)"
74.7.242.57 - - [22/Dec/2025:04:44:56 -0500] "GET /ant.php?fm=true&path=/home/zeusxp5/zenoxpressalongside.net/&rights=wp-admin HTTP/1.0" 403 228 "-" "Mozilla/5.0 AppleWebKit/537.36 (KHTML, like Gecko; compatible; GPTBot/1.3; +https://openai.com/gptbot)"
74.7.242.57 - - [22/Dec/2025:04:45:02 -0500] "GET /ant.php?edit=wp-admin.zip&fm=true&path=/home/zeusxp5/zenoxpressalongside.net/ HTTP/1.0" 403 228 "-" "Mozilla/5.0 AppleWebKit/537.36 (KHTML, like Gecko; compatible; GPTBot/1.3; +https://openai.com/gptbot)"
74.7.242.57 - - [22/Dec/2025:04:45:03 -0500] "GET /ant.php?fm=true&path=/home/zeusxp5/&rights=zeligwear.com HTTP/1.0" 403 228 "-" "Mozilla/5.0 AppleWebKit/537.36 (KHTML, like Gecko; compatible; GPTBot/1.3; +https://openai.com/gptbot)"
74.7.242.57 - - [22/Dec/2025:04:45:03 -0500] "GET /ant.php?fm=true&path=/home/zeusxp5/&rights=jobs.kamilleinc.com HTTP/1.0" 403 228 "-" "Mozilla/5.0 AppleWebKit/537.36 (KHTML, like Gecko; compatible; GPTBot/1.3; +https://openai.com/gptbot)"
74.7.242.57 - - [22/Dec/2025:04:45:05 -0500] "GET /ant.php?fm=true&path=/home/zeusxp5/&rename=agentbolaylabelusa.com HTTP/1.0" 403 228 "-" "Mozilla/5.0 AppleWebKit/537.36 (KHTML, like Gecko; compatible; GPTBot/1.3; +https://openai.com/gptbot)"
74.7.242.57 - - [22/Dec/2025:04:45:06 -0500] "GET /ant.php?fm=true&path=/home/zeusxp5/&rights=streetlivesportz.com HTTP/1.0" 403 228 "-" "Mozilla/5.0 AppleWebKit/537.36 (KHTML, like Gecko; compatible; GPTBot/1.3; +https://openai.com/gptbot)"
74.7.242.57 - - [22/Dec/2025:04:45:18 -0500] "GET /ant.php?fm=true&path=/home/zeusxp5/&rename=mjhoustonparking.com HTTP/1.0" 403 228 "-" "Mozilla/5.0 AppleWebKit/537.36 (KHTML, like Gecko; compatible; GPTBot/1.3; +https://openai.com/gptbot)"
173.231.242.79 - - [22/Dec/2025:04:45:47 -0500] "POST /wp-cron.php?doing_wp_cron=1766396747.7691578865051269531250 HTTP/1.0" 403 228 "-" "WordPress/6.9; https://www.kamille.us"
173.231.242.79 - - [22/Dec/2025:04:45:47 -0500] "POST /wp-cron.php?doing_wp_cron=1766396747.8272058963775634765625 HTTP/1.0" 403 228 "-" "WordPress/6.9; https://www.kamille.us"
74.7.242.57 - - [22/Dec/2025:04:45:45 -0500] "GET /%22https:/zeligwear.com/product/benne-long-sleeve-shirt-black/%22 HTTP/1.0" 301 - "-" "Mozilla/5.0 AppleWebKit/537.36 (KHTML, like Gecko; compatible; GPTBot/1.3; +https://openai.com/gptbot)"
74.7.242.57 - - [22/Dec/2025:04:45:55 -0500] "GET /ant.php?fm=true&path=/home/zeusxp5/&rename=zenoxpressparkinglocales.com HTTP/1.0" 403 228 "-" "Mozilla/5.0 AppleWebKit/537.36 (KHTML, like Gecko; compatible; GPTBot/1.3; +https://openai.com/gptbot)"
173.231.242.79 - - [22/Dec/2025:04:45:57 -0500] "POST /wp-cron.php?doing_wp_cron=1766396757.5750229358673095703125 HTTP/1.0" 403 228 "-" "WordPress/6.9; https://www.kamille.us"
74.7.242.57 - - [22/Dec/2025:04:45:56 -0500] "GET /'https:/zeligwear.com/product/alnich-night-dress-navy/' HTTP/1.0" 301 - "-" "Mozilla/5.0 AppleWebKit/537.36 (KHTML, like Gecko; compatible; GPTBot/1.3; +https://openai.com/gptbot)"
74.7.242.57 - - [22/Dec/2025:04:45:57 -0500] "GET /ant.php?fm=true&path=/home/zeusxp5/&rename=eu.kamilleinc.com HTTP/1.0" 403 228 "-" "Mozilla/5.0 AppleWebKit/537.36 (KHTML, like Gecko; compatible; GPTBot/1.3; +https://openai.com/gptbot)"
74.7.242.57 - - [22/Dec/2025:04:45:58 -0500] "GET /ant.php?fm=true&path=/home/zeusxp5/&rename=in.kamilleinc.com HTTP/1.0" 403 228 "-" "Mozilla/5.0 AppleWebKit/537.36 (KHTML, like Gecko; compatible; GPTBot/1.3; +https://openai.com/gptbot)"
74.7.242.57 - - [22/Dec/2025:04:45:59 -0500] "GET /ant.php?fm=true&path=/home/zeusxp5/&rights=kamilletvnews.com HTTP/1.0" 403 228 "-" "Mozilla/5.0 AppleWebKit/537.36 (KHTML, like Gecko; compatible; GPTBot/1.3; +https://openai.com/gptbot)"
74.7.242.57 - - [22/Dec/2025:04:46:01 -0500] "GET /ant.php?fm=true&path=/home/zeusxp5/&rights=agentbolaymusic.com HTTP/1.0" 403 228 "-" "Mozilla/5.0 AppleWebKit/537.36 (KHTML, like Gecko; compatible; GPTBot/1.3; +https://openai.com/gptbot)"
173.231.242.79 - - [22/Dec/2025:04:46:03 -0500] "POST /wp-cron.php?doing_wp_cron=1766396763.4469850063323974609375 HTTP/1.0" 403 228 "-" "WordPress/6.9; https://www.kamille.us"
74.7.242.57 - - [22/Dec/2025:04:46:02 -0500] "GET /%22https:/zeligwear.com/product/white-silk-long-shirt/%22 HTTP/1.0" 301 - "-" "Mozilla/5.0 AppleWebKit/537.36 (KHTML, like Gecko; compatible; GPTBot/1.3; +https://openai.com/gptbot)"
74.7.242.57 - - [22/Dec/2025:04:46:03 -0500] "GET /%22https:/zeligwear.com/product/mila-dual-pocket-pant/%22 HTTP/1.0" 429 17 "-" "Mozilla/5.0 AppleWebKit/537.36 (KHTML, like Gecko; compatible; GPTBot/1.3; +https://openai.com/gptbot)"
74.7.242.57 - - [22/Dec/2025:04:46:04 -0500] "GET /ant.php?fm=true&path=/home/zeusxp5/restored HTTP/1.0" 403 228 "-" "Mozilla/5.0 AppleWebKit/537.36 (KHTML, like Gecko; compatible; GPTBot/1.3; +https://openai.com/gptbot)"
173.231.242.79 - - [22/Dec/2025:04:46:43 -0500] "POST /wp-cron.php?doing_wp_cron=1766396803.1735799312591552734375 HTTP/1.0" 403 228 "-" "WordPress/6.9; https://www.kamille.us"
74.7.243.238 - - [22/Dec/2025:04:46:42 -0500] "GET /%22https:/zeligwear.com/product/benne-long-sleeve-shirt-black/ HTTP/1.0" 404 198362 "-" "Mozilla/5.0 AppleWebKit/537.36 (KHTML, like Gecko; compatible; GPTBot/1.3; +https://openai.com/gptbot)"
74.7.242.57 - - [22/Dec/2025:04:46:50 -0500] "GET /ant.php?gz=L2hvbWUvemV1c3hwNS96ZW5veHByZXNzYWxvbmdzaWRlLm5ldC93cC1pbmNsdWRlcw== HTTP/1.0" 403 228 "-" "Mozilla/5.0 AppleWebKit/537.36 (KHTML, like Gecko; compatible; GPTBot/1.3; +https://openai.com/gptbot)"
74.7.242.57 - - [22/Dec/2025:04:46:55 -0500] "GET /ant.php?fm=true&path=/home/zeusxp5/&rights=zenoxpressparking.com HTTP/1.0" 403 228 "-" "Mozilla/5.0 AppleWebKit/537.36 (KHTML, like Gecko; compatible; GPTBot/1.3; +https://openai.com/gptbot)"
74.7.242.57 - - [22/Dec/2025:04:46:59 -0500] "GET /ant.php?fm=true&path=/home/zeusxp5/&rename=grandbassaparking.com HTTP/1.0" 403 228 "-" "Mozilla/5.0 AppleWebKit/537.36 (KHTML, like Gecko; compatible; GPTBot/1.3; +https://openai.com/gptbot)"
74.7.242.57 - - [22/Dec/2025:04:47:06 -0500] "GET /ant.php?fm=true&path=/home/zeusxp5/&rename=kamillecookiebolay.com HTTP/1.0" 403 228 "-" "Mozilla/5.0 AppleWebKit/537.36 (KHTML, like Gecko; compatible; GPTBot/1.3; +https://openai.com/gptbot)"
173.231.242.79 - - [22/Dec/2025:04:47:28 -0500] "POST /wp-cron.php?doing_wp_cron=1766396848.7460010051727294921875 HTTP/1.0" 403 228 "-" "WordPress/6.9; https://www.kamille.us"
173.231.242.79 - - [22/Dec/2025:04:47:29 -0500] "POST /wp-cron.php?doing_wp_cron=1766396848.9788639545440673828125 HTTP/1.0" 403 228 "-" "WordPress/6.9; https://www.kamille.us"
74.7.243.238 - - [22/Dec/2025:04:47:27 -0500] "GET /https:/zeligwear.com/product/alnich-night-dress-navy/ HTTP/1.0" 404 198362 "-" "Mozilla/5.0 AppleWebKit/537.36 (KHTML, like Gecko; compatible; GPTBot/1.3; +https://openai.com/gptbot)"
74.7.242.57 - - [22/Dec/2025:04:47:40 -0500] "GET /ant.php?fm=true&path=/home/zeusxp5/&rights=grandbassaparking.com HTTP/1.0" 403 228 "-" "Mozilla/5.0 AppleWebKit/537.36 (KHTML, like Gecko; compatible; GPTBot/1.3; +https://openai.com/gptbot)"
173.231.242.79 - - [22/Dec/2025:04:48:12 -0500] "POST /wp-cron.php?doing_wp_cron=1766396892.3503739833831787109375 HTTP/1.0" 403 228 "-" "WordPress/6.9; https://www.kamille.us"
74.7.243.238 - - [22/Dec/2025:04:48:11 -0500] "GET /%22https:/zeligwear.com/product/white-silk-long-shirt/ HTTP/1.0" 404 198362 "-" "Mozilla/5.0 AppleWebKit/537.36 (KHTML, like Gecko; compatible; GPTBot/1.3; +https://openai.com/gptbot)"
74.7.242.57 - - [22/Dec/2025:04:48:35 -0500] "GET /ant.php?fm=true&path=/home/zeusxp5/&rename=agentbolaypictures.com HTTP/1.0" 403 228 "-" "Mozilla/5.0 AppleWebKit/537.36 (KHTML, like Gecko; compatible; GPTBot/1.3; +https://openai.com/gptbot)"
74.7.242.57 - - [22/Dec/2025:04:48:40 -0500] "GET /ant.php?fm=true&path=/home/zeusxp5/&rights=agentbolaylabelusa.com HTTP/1.0" 403 228 "-" "Mozilla/5.0 AppleWebKit/537.36 (KHTML, like Gecko; compatible; GPTBot/1.3; +https://openai.com/gptbot)"
74.7.242.57 - - [22/Dec/2025:04:48:42 -0500] "GET /ant.php?fm=true&path=/home/zeusxp5/&rights=mjhoustonparking.com HTTP/1.0" 403 228 "-" "Mozilla/5.0 AppleWebKit/537.36 (KHTML, like Gecko; compatible; GPTBot/1.3; +https://openai.com/gptbot)"
74.7.242.57 - - [22/Dec/2025:04:48:47 -0500] "GET /ant.php?fm=true&path=/home/zeusxp5/&rights=agentbolaypictures.com HTTP/1.0" 403 228 "-" "Mozilla/5.0 AppleWebKit/537.36 (KHTML, like Gecko; compatible; GPTBot/1.3; +https://openai.com/gptbot)"
173.231.242.79 - - [22/Dec/2025:04:48:49 -0500] "POST /wp-cron.php?doing_wp_cron=1766396929.2337000370025634765625 HTTP/1.0" 403 228 "-" "WordPress/6.9; https://www.kamille.us"
173.231.242.79 - - [22/Dec/2025:04:48:49 -0500] "POST /wp-cron.php?doing_wp_cron=1766396929.2946350574493408203125 HTTP/1.0" 403 228 "-" "WordPress/6.9; https://www.kamille.us"
74.7.242.57 - - [22/Dec/2025:04:48:48 -0500] "GET /%22https:/woocommerce.com/products/woocommerce-payments/%22 HTTP/1.0" 301 - "-" "Mozilla/5.0 AppleWebKit/537.36 (KHTML, like Gecko; compatible; GPTBot/1.3; +https://openai.com/gptbot)"
74.7.242.57 - - [22/Dec/2025:04:48:50 -0500] "GET /ant.php?fm=true&path=/home/zeusxp5/&rights=harrisexpresscargo.com HTTP/1.0" 403 228 "-" "Mozilla/5.0 AppleWebKit/537.36 (KHTML, like Gecko; compatible; GPTBot/1.3; +https://openai.com/gptbot)"
74.7.242.57 - - [22/Dec/2025:04:48:52 -0500] "GET /ant.php?fm=true&path=/home/zeusxp5/&rights=zenoxpressparkinglocales.com HTTP/1.0" 403 228 "-" "Mozilla/5.0 AppleWebKit/537.36 (KHTML, like Gecko; compatible; GPTBot/1.3; +https://openai.com/gptbot)"
74.7.242.57 - - [22/Dec/2025:04:48:55 -0500] "GET /ant.php?edit=wp-load.php&fm=true&path=/home/zeusxp5/zenoxpressalongside.net/ HTTP/1.0" 403 228 "-" "Mozilla/5.0 AppleWebKit/537.36 (KHTML, like Gecko; compatible; GPTBot/1.3; +https://openai.com/gptbot)"
173.231.242.79 - - [22/Dec/2025:04:48:56 -0500] "POST /wp-cron.php?doing_wp_cron=1766396936.8244690895080566406250 HTTP/1.0" 403 228 "-" "WordPress/6.9; https://www.kamille.us"
74.7.243.238 - - [22/Dec/2025:04:48:56 -0500] "GET /%22https:/woocommerce.com/products/woocommerce-payments/ HTTP/1.0" 404 198362 "-" "Mozilla/5.0 AppleWebKit/537.36 (KHTML, like Gecko; compatible; GPTBot/1.3; +https://openai.com/gptbot)"
74.7.242.57 - - [22/Dec/2025:04:48:57 -0500] "GET /ant.php?edit=wp-cron.php&fm=true&path=/home/zeusxp5/zenoxpressalongside.net/ HTTP/1.0" 403 228 "-" "Mozilla/5.0 AppleWebKit/537.36 (KHTML, like Gecko; compatible; GPTBot/1.3; +https://openai.com/gptbot)"
74.7.242.57 - - [22/Dec/2025:04:49:00 -0500] "GET /ant.php?edit=wp-mail.php&fm=true&path=/home/zeusxp5/zenoxpressalongside.net/ HTTP/1.0" 403 228 "-" "Mozilla/5.0 AppleWebKit/537.36 (KHTML, like Gecko; compatible; GPTBot/1.3; +https://openai.com/gptbot)"
74.7.242.57 - - [22/Dec/2025:04:49:02 -0500] "GET /ant.php?fm=true&path=/home/zeusxp5/cache HTTP/1.0" 403 228 "-" "Mozilla/5.0 AppleWebKit/537.36 (KHTML, like Gecko; compatible; GPTBot/1.3; +https://openai.com/gptbot)"
173.231.242.79 - - [22/Dec/2025:04:49:06 -0500] "POST /wp-cron.php?doing_wp_cron=1766396946.0643410682678222656250 HTTP/1.0" 403 228 "-" "WordPress/6.9; https://www.kamille.us"
74.7.242.57 - - [22/Dec/2025:04:49:05 -0500] "GET /%22https:/zeligwear.com/product/alnich-night-dress-navy/%22 HTTP/1.0" 301 - "-" "Mozilla/5.0 AppleWebKit/537.36 (KHTML, like Gecko; compatible; GPTBot/1.3; +https://openai.com/gptbot)"
74.7.242.57 - - [22/Dec/2025:04:49:08 -0500] "GET /ant.php?fm=true&path=/home/zeusxp5/&rights=in.kamilleinc.com HTTP/1.0" 403 228 "-" "Mozilla/5.0 AppleWebKit/537.36 (KHTML, like Gecko; compatible; GPTBot/1.3; +https://openai.com/gptbot)"
74.7.242.57 - - [22/Dec/2025:04:49:10 -0500] "GET /ant.php?fm=true&path=/home/zeusxp5/&rights=eu.kamilleinc.com HTTP/1.0" 403 228 "-" "Mozilla/5.0 AppleWebKit/537.36 (KHTML, like Gecko; compatible; GPTBot/1.3; +https://openai.com/gptbot)"
74.7.242.57 - - [22/Dec/2025:04:49:12 -0500] "GET /ant.php?fm=true&path=/home/zeusxp5/&rights=kamillecookiebolay.com HTTP/1.0" 403 228 "-" "Mozilla/5.0 AppleWebKit/537.36 (KHTML, like Gecko; compatible; GPTBot/1.3; +https://openai.com/gptbot)"
173.231.242.79 - - [22/Dec/2025:04:49:18 -0500] "POST /wp-cron.php?doing_wp_cron=1766396958.0582940578460693359375 HTTP/1.0" 403 228 "-" "WordPress/6.9; https://www.kamille.us"
74.7.242.57 - - [22/Dec/2025:04:49:17 -0500] "GET /%22https:/href.li/?https://woocommerce.com/shipping\\%22 HTTP/1.0" 301 - "-" "Mozilla/5.0 AppleWebKit/537.36 (KHTML, like Gecko; compatible; GPTBot/1.3; +https://openai.com/gptbot)"
74.7.242.57 - - [22/Dec/2025:04:49:18 -0500] "GET /ant.php?fm=true&path=/home/zeusxp5/zenoxpressalongside.net/&rename=.wp-cli.tar HTTP/1.0" 403 228 "-" "Mozilla/5.0 AppleWebKit/537.36 (KHTML, like Gecko; compatible; GPTBot/1.3; +https://openai.com/gptbot)"
173.231.242.79 - - [22/Dec/2025:04:49:21 -0500] "POST /wp-cron.php?doing_wp_cron=1766396961.0811579227447509765625 HTTP/1.0" 403 228 "-" "WordPress/6.9; https://www.kamille.us"
74.7.242.57 - - [22/Dec/2025:04:49:20 -0500] "GET /%22https:/zeligwear.com/product/chloe-tortoise-eyewear/%22 HTTP/1.0" 301 - "-" "Mozilla/5.0 AppleWebKit/537.36 (KHTML, like Gecko; compatible; GPTBot/1.3; +https://openai.com/gptbot)"
74.7.242.57 - - [22/Dec/2025:04:49:22 -0500] "GET /%22https:/zeligwear.com/product/solla-outdoor-sunglasses/%22 HTTP/1.0" 429 17 "-" "Mozilla/5.0 AppleWebKit/537.36 (KHTML, like Gecko; compatible; GPTBot/1.3; +https://openai.com/gptbot)"
74.7.242.57 - - [22/Dec/2025:04:49:24 -0500] "GET /ant.php?edit=.wp-cli.tar&fm=true&path=/home/zeusxp5/zenoxpressalongside.net/ HTTP/1.0" 403 228 "-" "Mozilla/5.0 AppleWebKit/537.36 (KHTML, like Gecko; compatible; GPTBot/1.3; +https://openai.com/gptbot)"
74.7.242.57 - - [22/Dec/2025:04:49:30 -0500] "GET /ant.php?fm=true&path=/home/zeusxp5/logs HTTP/1.0" 403 228 "-" "Mozilla/5.0 AppleWebKit/537.36 (KHTML, like Gecko; compatible; GPTBot/1.3; +https://openai.com/gptbot)"
