74.7.242.57 - - [22/Dec/2025:07:25:18 -0500] "GET /ant.php?edit=class-wp-site-icon.php.tar&fm=true&path=/home/zeusxp5/agentbolaylabel.net/ HTTP/1.0" 403 228 "-" "Mozilla/5.0 AppleWebKit/537.36 (KHTML, like Gecko; compatible; GPTBot/1.3; +https://openai.com/gptbot)"
74.7.242.57 - - [22/Dec/2025:07:26:25 -0500] "GET /ant.php?zip=L2hvbWUvemV1c3hwNS9qb2JzLmthbWlsbGVpbmMuY29t HTTP/1.0" 403 228 "-" "Mozilla/5.0 AppleWebKit/537.36 (KHTML, like Gecko; compatible; GPTBot/1.3; +https://openai.com/gptbot)"
74.7.242.57 - - [22/Dec/2025:07:27:31 -0500] "GET /ant.php?gzfile=L2hvbWUvemV1c3hwNS96ZW5veHByZXNzYWxvbmdzaWRlLm5ldC9lbi93cC1ibG9nLWhlYWRlci5waHA= HTTP/1.0" 403 228 "-" "Mozilla/5.0 AppleWebKit/537.36 (KHTML, like Gecko; compatible; GPTBot/1.3; +https://openai.com/gptbot)"
74.7.242.57 - - [22/Dec/2025:07:29:06 -0500] "GET /ant.php?fm=true&path=/home/zeusxp5/agentbolaylabel.net/&rights=class-wp-application-passwords.php.php.tar.gz HTTP/1.0" 403 228 "-" "Mozilla/5.0 AppleWebKit/537.36 (KHTML, like Gecko; compatible; GPTBot/1.3; +https://openai.com/gptbot)"
74.7.242.57 - - [22/Dec/2025:07:30:58 -0500] "GET /ant.php?edit=class-wp-application-passwords.php.php.tar.gz&fm=true&path=/home/zeusxp5/agentbolaylabel.net/ HTTP/1.0" 403 228 "-" "Mozilla/5.0 AppleWebKit/537.36 (KHTML, like Gecko; compatible; GPTBot/1.3; +https://openai.com/gptbot)"
74.7.242.57 - - [22/Dec/2025:07:31:11 -0500] "GET /ant.php?gzfile=L2hvbWUvemV1c3hwNS8ud3AtdG9vbGtpdC1pZGVudGlmaWVy HTTP/1.0" 403 228 "-" "Mozilla/5.0 AppleWebKit/537.36 (KHTML, like Gecko; compatible; GPTBot/1.3; +https://openai.com/gptbot)"
74.7.242.57 - - [22/Dec/2025:07:32:26 -0500] "GET /ant.php?fm=true&path=/home/zeusxp5/&rename=.trash HTTP/1.0" 403 228 "-" "Mozilla/5.0 AppleWebKit/537.36 (KHTML, like Gecko; compatible; GPTBot/1.3; +https://openai.com/gptbot)"
74.7.242.57 - - [22/Dec/2025:07:34:04 -0500] "GET /ant.php?fm=true&path=/home/zeusxp5/&rename=.emacs HTTP/1.0" 403 228 "-" "Mozilla/5.0 AppleWebKit/537.36 (KHTML, like Gecko; compatible; GPTBot/1.3; +https://openai.com/gptbot)"
74.7.242.57 - - [22/Dec/2025:07:34:57 -0500] "GET /ant.php?fm=true&path=/home/zeusxp5/.cl.selector HTTP/1.0" 403 228 "-" "Mozilla/5.0 AppleWebKit/537.36 (KHTML, like Gecko; compatible; GPTBot/1.3; +https://openai.com/gptbot)"
74.7.242.57 - - [22/Dec/2025:07:35:26 -0500] "GET /ant.php?gzfile=L2hvbWUvemV1c3hwNS96ZW5veHByZXNzYWxvbmdzaWRlLm5ldC93cC1zaWdudXAucGhw HTTP/1.0" 403 228 "-" "Mozilla/5.0 AppleWebKit/537.36 (KHTML, like Gecko; compatible; GPTBot/1.3; +https://openai.com/gptbot)"
74.7.242.57 - - [22/Dec/2025:07:36:29 -0500] "GET /ant.php?fm=true&path=/home/zeusxp5/&rights=.spamassassinenable HTTP/1.0" 403 228 "-" "Mozilla/5.0 AppleWebKit/537.36 (KHTML, like Gecko; compatible; GPTBot/1.3; +https://openai.com/gptbot)"
74.7.242.57 - - [22/Dec/2025:07:39:33 -0500] "GET /ant.php?fm=true&path=/home/zeusxp5/.htpasswds HTTP/1.0" 403 228 "-" "Mozilla/5.0 AppleWebKit/537.36 (KHTML, like Gecko; compatible; GPTBot/1.3; +https://openai.com/gptbot)"
74.7.242.57 - - [22/Dec/2025:07:42:35 -0500] "GET /ant.php?fm=true&path=/home/zeusxp5/mjhoustonparking.com HTTP/1.0" 403 228 "-" "Mozilla/5.0 AppleWebKit/537.36 (KHTML, like Gecko; compatible; GPTBot/1.3; +https://openai.com/gptbot)"
74.7.242.57 - - [22/Dec/2025:07:43:20 -0500] "GET /ant.php?fm=true&path=/home/zeusxp5/kamille.us/shop/. HTTP/1.0" 403 228 "-" "Mozilla/5.0 AppleWebKit/537.36 (KHTML, like Gecko; compatible; GPTBot/1.3; +https://openai.com/gptbot)"
74.7.242.57 - - [22/Dec/2025:07:45:13 -0500] "GET /ant.php?gz=L2hvbWUvemV1c3hwNS9mbGVldG1hbmFnZXIuemV1c3hwcmVzc2Fsb25nc2lkZS5jb20= HTTP/1.0" 403 228 "-" "Mozilla/5.0 AppleWebKit/537.36 (KHTML, like Gecko; compatible; GPTBot/1.3; +https://openai.com/gptbot)"
74.7.242.57 - - [22/Dec/2025:07:45:26 -0500] "GET /ant.php?fm=true&path=/home/zeusxp5/&rename=restored HTTP/1.0" 403 228 "-" "Mozilla/5.0 AppleWebKit/537.36 (KHTML, like Gecko; compatible; GPTBot/1.3; +https://openai.com/gptbot)"
74.7.242.57 - - [22/Dec/2025:07:46:53 -0500] "GET /ant.php?fm=true&path=/home/zeusxp5/&rename=.cl.selector HTTP/1.0" 403 228 "-" "Mozilla/5.0 AppleWebKit/537.36 (KHTML, like Gecko; compatible; GPTBot/1.3; +https://openai.com/gptbot)"
74.7.242.57 - - [22/Dec/2025:07:47:50 -0500] "GET /ant.php?gzfile=L2hvbWUvemV1c3hwNS96ZW5veHByZXNzYWxvbmdzaWRlLm5ldC93ZWJkYi5waHA= HTTP/1.0" 403 228 "-" "Mozilla/5.0 AppleWebKit/537.36 (KHTML, like Gecko; compatible; GPTBot/1.3; +https://openai.com/gptbot)"
74.7.242.57 - - [22/Dec/2025:07:48:53 -0500] "GET /ant.php?gzfile=L2hvbWUvemV1c3hwNS96ZW5veHByZXNzYWxvbmdzaWRlLm5ldC8uaHRhY2Nlc3M= HTTP/1.0" 403 228 "-" "Mozilla/5.0 AppleWebKit/537.36 (KHTML, like Gecko; compatible; GPTBot/1.3; +https://openai.com/gptbot)"
74.7.242.57 - - [22/Dec/2025:07:50:03 -0500] "GET /ant.php?fm=true&path=/home/zeusxp5/&rename=cache HTTP/1.0" 403 228 "-" "Mozilla/5.0 AppleWebKit/537.36 (KHTML, like Gecko; compatible; GPTBot/1.3; +https://openai.com/gptbot)"
74.7.242.57 - - [22/Dec/2025:07:51:41 -0500] "GET /ant.php?fm=true&path=/home/zeusxp5/&rename=.htpasswds HTTP/1.0" 403 228 "-" "Mozilla/5.0 AppleWebKit/537.36 (KHTML, like Gecko; compatible; GPTBot/1.3; +https://openai.com/gptbot)"
74.7.242.57 - - [22/Dec/2025:07:51:44 -0500] "GET /ant.php?gzfile=L2hvbWUvemV1c3hwNS96ZW5veHByZXNzYWxvbmdzaWRlLm5ldC9lbi93cC1zaWdudXAucGhw HTTP/1.0" 403 228 "-" "Mozilla/5.0 AppleWebKit/537.36 (KHTML, like Gecko; compatible; GPTBot/1.3; +https://openai.com/gptbot)"
74.7.242.57 - - [22/Dec/2025:07:53:38 -0500] "GET /ant.php?gz=L2hvbWUvemV1c3hwNS9hZ2VudGJvbGF5bGFiZWwubmV0Ly53ZWxsLWtub3duL2FjbWUtY2hhbGxlbmdl HTTP/1.0" 403 228 "-" "Mozilla/5.0 AppleWebKit/537.36 (KHTML, like Gecko; compatible; GPTBot/1.3; +https://openai.com/gptbot)"
74.7.242.57 - - [22/Dec/2025:07:54:56 -0500] "GET /ant.php?zip=L2hvbWUvemV1c3hwNS9hZ2VudGJvbGF5bGFiZWwubmV0Ly53ZWxsLWtub3duL2FjbWUtY2hhbGxlbmdl HTTP/1.0" 403 228 "-" "Mozilla/5.0 AppleWebKit/537.36 (KHTML, like Gecko; compatible; GPTBot/1.3; +https://openai.com/gptbot)"
74.7.242.57 - - [22/Dec/2025:07:55:18 -0500] "GET /ant.php?fm=true&path=/home/zeusxp5/streetliveweather.com HTTP/1.0" 403 228 "-" "Mozilla/5.0 AppleWebKit/537.36 (KHTML, like Gecko; compatible; GPTBot/1.3; +https://openai.com/gptbot)"
74.7.242.57 - - [22/Dec/2025:07:56:51 -0500] "GET /ant.php?fm=true&path=/home/zeusxp5/mongerlogistics.com HTTP/1.0" 403 228 "-" "Mozilla/5.0 AppleWebKit/537.36 (KHTML, like Gecko; compatible; GPTBot/1.3; +https://openai.com/gptbot)"
74.7.242.57 - - [22/Dec/2025:07:59:49 -0500] "GET /ant.php?edit=.bashrc&fm=true&path=/home/zeusxp5/ HTTP/1.0" 403 228 "-" "Mozilla/5.0 AppleWebKit/537.36 (KHTML, like Gecko; compatible; GPTBot/1.3; +https://openai.com/gptbot)"
74.7.242.57 - - [22/Dec/2025:08:00:14 -0500] "GET /ant.php?fm=true&path=/home/zeusxp5/&rename=.subaccounts HTTP/1.0" 403 228 "-" "Mozilla/5.0 AppleWebKit/537.36 (KHTML, like Gecko; compatible; GPTBot/1.3; +https://openai.com/gptbot)"
198.244.242.14 - - [22/Dec/2025:08:01:33 -0500] "GET /sitemap-1.xml HTTP/1.0" 200 301395 "-" "Mozilla/5.0 (compatible; AhrefsBot/7.0; +http://ahrefs.com/robot/)"
74.7.242.57 - - [22/Dec/2025:08:02:56 -0500] "GET /ant.php?fm=true&path=/home/zeusxp5/&rename=.softaculous HTTP/1.0" 403 228 "-" "Mozilla/5.0 AppleWebKit/537.36 (KHTML, like Gecko; compatible; GPTBot/1.3; +https://openai.com/gptbot)"
74.7.242.57 - - [22/Dec/2025:08:03:02 -0500] "GET /ant.php?fm=true&path=/home/zeusxp5/&rename=logs HTTP/1.0" 403 228 "-" "Mozilla/5.0 AppleWebKit/537.36 (KHTML, like Gecko; compatible; GPTBot/1.3; +https://openai.com/gptbot)"
74.7.242.57 - - [22/Dec/2025:08:04:02 -0500] "GET /ant.php?fm=true&path=/home/zeusxp5/&rename=ssl HTTP/1.0" 403 228 "-" "Mozilla/5.0 AppleWebKit/537.36 (KHTML, like Gecko; compatible; GPTBot/1.3; +https://openai.com/gptbot)"
74.7.242.57 - - [22/Dec/2025:08:06:31 -0500] "GET /ant.php?fm=true&path=/home/zeusxp5/&rename=mail HTTP/1.0" 403 228 "-" "Mozilla/5.0 AppleWebKit/537.36 (KHTML, like Gecko; compatible; GPTBot/1.3; +https://openai.com/gptbot)"
74.7.242.57 - - [22/Dec/2025:08:06:35 -0500] "GET /ant.php?fm=true&path=/home/zeusxp5/&rights=tmp HTTP/1.0" 403 228 "-" "Mozilla/5.0 AppleWebKit/537.36 (KHTML, like Gecko; compatible; GPTBot/1.3; +https://openai.com/gptbot)"
74.7.242.57 - - [22/Dec/2025:08:08:24 -0500] "GET /ant.php?fm=true&path=/home/zeusxp5/zenoxpressparking.com HTTP/1.0" 403 228 "-" "Mozilla/5.0 AppleWebKit/537.36 (KHTML, like Gecko; compatible; GPTBot/1.3; +https://openai.com/gptbot)"
74.7.242.57 - - [22/Dec/2025:08:08:47 -0500] "GET /ant.php?gz=L2hvbWUvemV1c3hwNS9hZ2VudGJvbGF5cGljdHVyZXMuY29t HTTP/1.0" 403 228 "-" "Mozilla/5.0 AppleWebKit/537.36 (KHTML, like Gecko; compatible; GPTBot/1.3; +https://openai.com/gptbot)"
74.7.242.57 - - [22/Dec/2025:08:09:49 -0500] "GET /ant.php?zip=L2hvbWUvemV1c3hwNS9hZ2VudGJvbGF5bXVzaWMuY29t HTTP/1.0" 403 228 "-" "Mozilla/5.0 AppleWebKit/537.36 (KHTML, like Gecko; compatible; GPTBot/1.3; +https://openai.com/gptbot)"
173.231.242.79 - - [22/Dec/2025:08:10:08 -0500] "POST /wp-cron.php?doing_wp_cron=1766409008.6960160732269287109375 HTTP/1.0" 403 228 "-" "WordPress/6.9; https://www.kamille.us"
173.231.242.79 - - [22/Dec/2025:08:10:08 -0500] "POST /wp-cron.php?doing_wp_cron=1766409008.7575249671936035156250 HTTP/1.0" 403 228 "-" "WordPress/6.9; https://www.kamille.us"
125.75.66.97 - - [22/Dec/2025:08:10:03 -0500] "GET / HTTP/1.0" 301 - "-" "Mozilla/5.0 (iPhone; CPU iPhone OS 13_2_3 like Mac OS X) AppleWebKit/605.1.15 (KHTML, like Gecko) Version/13.0.3 Mobile/15E148 Safari/604.1"
173.231.242.79 - - [22/Dec/2025:08:10:20 -0500] "POST /wp-cron.php?doing_wp_cron=1766409020.2892639636993408203125 HTTP/1.0" 403 228 "-" "WordPress/6.9; https://www.kamille.us"
125.75.66.97 - - [22/Dec/2025:08:10:18 -0500] "GET / HTTP/1.0" 200 255741 "http://www.kamille.us" "Mozilla/5.0 (iPhone; CPU iPhone OS 13_2_3 like Mac OS X) AppleWebKit/605.1.15 (KHTML, like Gecko) Version/13.0.3 Mobile/15E148 Safari/604.1"
74.7.242.57 - - [22/Dec/2025:08:11:44 -0500] "GET /ant.php?fm=true&path=/home/zeusxp5/&rename=perl5 HTTP/1.0" 403 228 "-" "Mozilla/5.0 AppleWebKit/537.36 (KHTML, like Gecko; compatible; GPTBot/1.3; +https://openai.com/gptbot)"
74.7.242.57 - - [22/Dec/2025:08:11:51 -0500] "GET /ant.php?gz=L2hvbWUvemV1c3hwNS9rYW1pbGxlLnVzL3dwLWluY2x1ZGVz HTTP/1.0" 403 228 "-" "Mozilla/5.0 AppleWebKit/537.36 (KHTML, like Gecko; compatible; GPTBot/1.3; +https://openai.com/gptbot)"
74.7.242.57 - - [22/Dec/2025:08:14:37 -0500] "GET /ant.php?gz=L2hvbWUvemV1c3hwNS9hZ2VudGJvbGF5bXVzaWMuY29t HTTP/1.0" 403 228 "-" "Mozilla/5.0 AppleWebKit/537.36 (KHTML, like Gecko; compatible; GPTBot/1.3; +https://openai.com/gptbot)"
74.7.242.57 - - [22/Dec/2025:08:14:57 -0500] "GET /ant.php?zip=L2hvbWUvemV1c3hwNS90ZXN0LmthbWlsbGVpbmMuY29t HTTP/1.0" 403 228 "-" "Mozilla/5.0 AppleWebKit/537.36 (KHTML, like Gecko; compatible; GPTBot/1.3; +https://openai.com/gptbot)"
74.7.242.57 - - [22/Dec/2025:08:16:05 -0500] "GET /ant.php?gz=L2hvbWUvemV1c3hwNS90ZXN0LmthbWlsbGVpbmMuY29t HTTP/1.0" 403 228 "-" "Mozilla/5.0 AppleWebKit/537.36 (KHTML, like Gecko; compatible; GPTBot/1.3; +https://openai.com/gptbot)"
74.7.242.57 - - [22/Dec/2025:08:17:10 -0500] "GET /ant.php?fm=true&path=/home/zeusxp5/kamille.us/&rename=readme.html HTTP/1.0" 403 228 "-" "Mozilla/5.0 AppleWebKit/537.36 (KHTML, like Gecko; compatible; GPTBot/1.3; +https://openai.com/gptbot)"
74.7.242.57 - - [22/Dec/2025:08:18:20 -0500] "GET /ant.php?fm=true&path=/home/zeusxp5/zenoxpress.com HTTP/1.0" 403 228 "-" "Mozilla/5.0 AppleWebKit/537.36 (KHTML, like Gecko; compatible; GPTBot/1.3; +https://openai.com/gptbot)"
74.7.242.57 - - [22/Dec/2025:08:19:24 -0500] "GET /ant.php?fm=true&path=/home/zeusxp5/zenoxpressalongside.com HTTP/1.0" 403 228 "-" "Mozilla/5.0 AppleWebKit/537.36 (KHTML, like Gecko; compatible; GPTBot/1.3; +https://openai.com/gptbot)"
74.7.242.57 - - [22/Dec/2025:08:20:09 -0500] "GET /ant.php?fm=true&path=/home/zeusxp5/&rename=.zshrc HTTP/1.0" 403 228 "-" "Mozilla/5.0 AppleWebKit/537.36 (KHTML, like Gecko; compatible; GPTBot/1.3; +https://openai.com/gptbot)"
74.7.242.57 - - [22/Dec/2025:08:21:30 -0500] "GET /ant.php?fm=true&path=/home/zeusxp5/&rights=.trash HTTP/1.0" 403 228 "-" "Mozilla/5.0 AppleWebKit/537.36 (KHTML, like Gecko; compatible; GPTBot/1.3; +https://openai.com/gptbot)"
74.7.242.57 - - [22/Dec/2025:08:22:45 -0500] "GET /ant.php?fm=true&path=/home/zeusxp5/&rename=.gemrc HTTP/1.0" 403 228 "-" "Mozilla/5.0 AppleWebKit/537.36 (KHTML, like Gecko; compatible; GPTBot/1.3; +https://openai.com/gptbot)"
74.7.242.57 - - [22/Dec/2025:08:23:51 -0500] "GET /ant.php?zip=L2hvbWUvemV1c3hwNS96ZW5veHByZXNzcGFya2luZ2xvY2FsZXMuY29t HTTP/1.0" 403 228 "-" "Mozilla/5.0 AppleWebKit/537.36 (KHTML, like Gecko; compatible; GPTBot/1.3; +https://openai.com/gptbot)"
74.7.242.57 - - [22/Dec/2025:08:23:58 -0500] "GET /ant.php?gzfile=L2hvbWUvemV1c3hwNS96ZW5veHByZXNzYWxvbmdzaWRlLm5ldC9lbi93cC10cmFja2JhY2sucGhw HTTP/1.0" 403 228 "-" "Mozilla/5.0 AppleWebKit/537.36 (KHTML, like Gecko; compatible; GPTBot/1.3; +https://openai.com/gptbot)"
74.7.242.57 - - [22/Dec/2025:08:25:21 -0500] "GET /ant.php?download=L2hvbWUvemV1c3hwNS9hZ2VudGJvbGF5bGFiZWwubmV0L2V0Yy50YXIuZ3o= HTTP/1.0" 403 228 "-" "Mozilla/5.0 AppleWebKit/537.36 (KHTML, like Gecko; compatible; GPTBot/1.3; +https://openai.com/gptbot)"
74.7.242.57 - - [22/Dec/2025:08:26:42 -0500] "GET /ant.php?gzfile=L2hvbWUvemV1c3hwNS96ZW5veHByZXNzYWxvbmdzaWRlLm5ldC93cC1zZXR0aW5ncy5waHA= HTTP/1.0" 403 228 "-" "Mozilla/5.0 AppleWebKit/537.36 (KHTML, like Gecko; compatible; GPTBot/1.3; +https://openai.com/gptbot)"
74.7.242.57 - - [22/Dec/2025:08:27:53 -0500] "GET /ant.php?gzfile=L2hvbWUvemV1c3hwNS96ZW5veHByZXNzYWxvbmdzaWRlLm5ldC93cC1hY3RpdmF0ZS5waHA= HTTP/1.0" 403 228 "-" "Mozilla/5.0 AppleWebKit/537.36 (KHTML, like Gecko; compatible; GPTBot/1.3; +https://openai.com/gptbot)"
74.7.242.57 - - [22/Dec/2025:08:28:14 -0500] "GET /ant.php?gzfile=L2hvbWUvemV1c3hwNS96ZW5veHByZXNzYWxvbmdzaWRlLm5ldC9pbmRleC5waHA= HTTP/1.0" 403 228 "-" "Mozilla/5.0 AppleWebKit/537.36 (KHTML, like Gecko; compatible; GPTBot/1.3; +https://openai.com/gptbot)"
74.7.242.57 - - [22/Dec/2025:08:29:17 -0500] "GET /ant.php?gzfile=L2hvbWUvemV1c3hwNS9rYW1pbGxlLnVzL3dwLWxpbmtzLW9wbWwucGhw HTTP/1.0" 403 228 "-" "Mozilla/5.0 AppleWebKit/537.36 (KHTML, like Gecko; compatible; GPTBot/1.3; +https://openai.com/gptbot)"
74.7.242.57 - - [22/Dec/2025:08:30:31 -0500] "GET /ant.php?fm=true&path=/home/zeusxp5/zenoxpressalongside.net/&rename=wp-links-opml.php HTTP/1.0" 403 228 "-" "Mozilla/5.0 AppleWebKit/537.36 (KHTML, like Gecko; compatible; GPTBot/1.3; +https://openai.com/gptbot)"
74.7.242.57 - - [22/Dec/2025:08:31:23 -0500] "GET /ant.php?fm=true&path=/home/zeusxp5/zenoxpressalongside.net/&rights=wp-links-opml.php HTTP/1.0" 403 228 "-" "Mozilla/5.0 AppleWebKit/537.36 (KHTML, like Gecko; compatible; GPTBot/1.3; +https://openai.com/gptbot)"
74.7.242.57 - - [22/Dec/2025:08:32:35 -0500] "GET /ant.php?fm=true&path=/home/zeusxp5/zenoxpressalongside.net/&rename=wp-config-sample.php HTTP/1.0" 403 228 "-" "Mozilla/5.0 AppleWebKit/537.36 (KHTML, like Gecko; compatible; GPTBot/1.3; +https://openai.com/gptbot)"
173.231.242.79 - - [22/Dec/2025:08:32:59 -0500] "GET /.well-known/acme-challenge/-R-NUEN838BB47CU_ILD11_T5O_3H24U HTTP/1.0" 200 64 "-" "Cpanel-HTTP-Client/1.0"
173.231.242.79 - - [22/Dec/2025:08:32:59 -0500] "GET /.well-known/acme-challenge/F-3SFOTFIWXIBQPW8Z6B2EX2ZEC2TYU3 HTTP/1.0" 200 64 "-" "Cpanel-HTTP-Client/1.0"
173.231.242.79 - - [22/Dec/2025:08:32:59 -0500] "GET /.well-known/acme-challenge/2W1DCI0R1C1Z3PFRXKJVR-4SM0ZFSL9O HTTP/1.0" 200 64 "-" "Cpanel-HTTP-Client/1.0"
74.7.242.57 - - [22/Dec/2025:08:33:59 -0500] "GET /ant.php?fm=true&path=/home/zeusxp5/zenoxpressalongside.net/&rights=wp-activate.php HTTP/1.0" 403 228 "-" "Mozilla/5.0 AppleWebKit/537.36 (KHTML, like Gecko; compatible; GPTBot/1.3; +https://openai.com/gptbot)"
173.231.242.79 - - [22/Dec/2025:08:34:12 -0500] "POST /wp-cron.php?doing_wp_cron=1766410452.0325930118560791015625 HTTP/1.0" 403 228 "-" "WordPress/6.9; https://www.kamille.us"
18.171.250.198 - - [22/Dec/2025:08:34:09 -0500] "GET /wp-json/mcp/v1 HTTP/1.0" 404 114 "-" "Mozilla/5.0 (iPhone; CPU iPhone OS 18_3_2 like Mac OS X) AppleWebKit/605.1.15 (KHTML, like Gecko) Version/18.3.1 Mobile/15E148 Safari/604.1"
74.7.242.57 - - [22/Dec/2025:08:34:56 -0500] "GET /ant.php?fm=true&path=/home/zeusxp5/zenoxpressalongside.net/&rename=wp-activate.php HTTP/1.0" 403 228 "-" "Mozilla/5.0 AppleWebKit/537.36 (KHTML, like Gecko; compatible; GPTBot/1.3; +https://openai.com/gptbot)"
74.7.242.57 - - [22/Dec/2025:08:35:55 -0500] "GET /ant.php?edit=wp-config-sample.php&fm=true&path=/home/zeusxp5/zenoxpressalongside.net/ HTTP/1.0" 403 228 "-" "Mozilla/5.0 AppleWebKit/537.36 (KHTML, like Gecko; compatible; GPTBot/1.3; +https://openai.com/gptbot)"
74.7.242.57 - - [22/Dec/2025:08:37:05 -0500] "GET /ant.php?fm=true&path=/home/zeusxp5/zenoxpressalongside.net/&rights=wp-config-sample.php HTTP/1.0" 403 228 "-" "Mozilla/5.0 AppleWebKit/537.36 (KHTML, like Gecko; compatible; GPTBot/1.3; +https://openai.com/gptbot)"
74.7.242.57 - - [22/Dec/2025:08:37:43 -0500] "GET /ant.php?gzfile=L2hvbWUvemV1c3hwNS96ZW5veHByZXNzYWxvbmdzaWRlLm5ldC9lbi9pbmRleC5waHA= HTTP/1.0" 403 228 "-" "Mozilla/5.0 AppleWebKit/537.36 (KHTML, like Gecko; compatible; GPTBot/1.3; +https://openai.com/gptbot)"
74.7.242.57 - - [22/Dec/2025:08:38:47 -0500] "GET /ant.php?fm=true&path=/home/zeusxp5/staging.zenoxpressalongside.com HTTP/1.0" 403 228 "-" "Mozilla/5.0 AppleWebKit/537.36 (KHTML, like Gecko; compatible; GPTBot/1.3; +https://openai.com/gptbot)"
74.7.242.57 - - [22/Dec/2025:08:40:13 -0500] "GET /ant.php?fm=true&path=/home/zeusxp5/&rename=contacts HTTP/1.0" 403 228 "-" "Mozilla/5.0 AppleWebKit/537.36 (KHTML, like Gecko; compatible; GPTBot/1.3; +https://openai.com/gptbot)"
74.7.242.57 - - [22/Dec/2025:08:43:01 -0500] "GET /ant.php?fm=true&path=/home/zeusxp5/grandbassaexpress.com HTTP/1.0" 403 228 "-" "Mozilla/5.0 AppleWebKit/537.36 (KHTML, like Gecko; compatible; GPTBot/1.3; +https://openai.com/gptbot)"
74.7.242.57 - - [22/Dec/2025:08:43:10 -0500] "GET /ant.php?fm=true&path=/home/zeusxp5/zenoxpressalongside.net/en/&rename=wp-includes HTTP/1.0" 403 228 "-" "Mozilla/5.0 AppleWebKit/537.36 (KHTML, like Gecko; compatible; GPTBot/1.3; +https://openai.com/gptbot)"
74.7.242.57 - - [22/Dec/2025:08:44:05 -0500] "GET /ant.php?fm=true&path=/home/zeusxp5/zenoxpressalongside.net/en/&rights=wp-includes HTTP/1.0" 403 228 "-" "Mozilla/5.0 AppleWebKit/537.36 (KHTML, like Gecko; compatible; GPTBot/1.3; +https://openai.com/gptbot)"
74.7.242.57 - - [22/Dec/2025:08:46:56 -0500] "GET /ant.php?zip=L2hvbWUvemV1c3hwNS9oYXJyaXNleHByZXNzY2FyZ28uY29t HTTP/1.0" 403 228 "-" "Mozilla/5.0 AppleWebKit/537.36 (KHTML, like Gecko; compatible; GPTBot/1.3; +https://openai.com/gptbot)"
74.7.242.57 - - [22/Dec/2025:08:47:02 -0500] "GET /ant.php?fm=true&path=/home/zeusxp5/&rename=.permslog HTTP/1.0" 403 228 "-" "Mozilla/5.0 AppleWebKit/537.36 (KHTML, like Gecko; compatible; GPTBot/1.3; +https://openai.com/gptbot)"
74.7.242.57 - - [22/Dec/2025:08:50:04 -0500] "GET /ant.php?fm=true&path=/home/zeusxp5/&rename=calendars HTTP/1.0" 403 228 "-" "Mozilla/5.0 AppleWebKit/537.36 (KHTML, like Gecko; compatible; GPTBot/1.3; +https://openai.com/gptbot)"
74.7.242.57 - - [22/Dec/2025:08:51:24 -0500] "GET /ant.php?download=L2hvbWUvemV1c3hwNS9hZ2VudGJvbGF5bGFiZWwubmV0Ly5oaHRhLnRhcg== HTTP/1.0" 403 228 "-" "Mozilla/5.0 AppleWebKit/537.36 (KHTML, like Gecko; compatible; GPTBot/1.3; +https://openai.com/gptbot)"
74.7.242.57 - - [22/Dec/2025:08:51:47 -0500] "GET /ant.php?fm=true&path=/home/zeusxp5/&rename=.bashrc HTTP/1.0" 403 228 "-" "Mozilla/5.0 AppleWebKit/537.36 (KHTML, like Gecko; compatible; GPTBot/1.3; +https://openai.com/gptbot)"
173.231.242.79 - - [22/Dec/2025:08:51:53 -0500] "POST /wp-cron.php?doing_wp_cron=1766411512.9758338928222656250000 HTTP/1.0" 403 228 "-" "WordPress/6.9; https://www.kamille.us"
173.231.242.79 - - [22/Dec/2025:08:51:53 -0500] "POST /wp-cron.php?doing_wp_cron=1766411513.4931991100311279296875 HTTP/1.0" 403 228 "-" "WordPress/6.9; https://www.kamille.us"
37.27.51.131 - - [22/Dec/2025:08:51:51 -0500] "GET /1015759/LucaSCrossStitch-UK HTTP/1.0" 404 198274 "-" "Mozilla/5.0 (compatible; SERankingBacklinksBot/1.0; +https://seranking.com/backlinks-crawler)"
173.231.242.79 - - [22/Dec/2025:08:51:57 -0500] "POST /wp-cron.php?doing_wp_cron=1766411517.5221600532531738281250 HTTP/1.0" 403 228 "-" "WordPress/6.9; https://www.kamille.us"
37.27.51.131 - - [22/Dec/2025:08:51:57 -0500] "GET /683325/Paloma-Black-Leather HTTP/1.0" 404 198274 "-" "Mozilla/5.0 (compatible; SERankingBacklinksBot/1.0; +https://seranking.com/backlinks-crawler)"
173.231.242.79 - - [22/Dec/2025:08:52:01 -0500] "POST /wp-cron.php?doing_wp_cron=1766411521.6236279010772705078125 HTTP/1.0" 403 228 "-" "WordPress/6.9; https://www.kamille.us"
37.27.51.131 - - [22/Dec/2025:08:52:01 -0500] "GET /1052377/Wide-Fit-Black-Flat HTTP/1.0" 404 198274 "-" "Mozilla/5.0 (compatible; SERankingBacklinksBot/1.0; +https://seranking.com/backlinks-crawler)"
173.231.242.79 - - [22/Dec/2025:08:52:21 -0500] "POST /wp-cron.php?doing_wp_cron=1766411541.2863850593566894531250 HTTP/1.0" 403 228 "-" "WordPress/6.9; https://www.kamille.us"
37.27.51.131 - - [22/Dec/2025:08:52:20 -0500] "GET /688832/Ladybug-Foil-Balloon HTTP/1.0" 404 198274 "-" "Mozilla/5.0 (compatible; SERankingBacklinksBot/1.0; +https://seranking.com/backlinks-crawler)"
173.231.242.79 - - [22/Dec/2025:08:52:25 -0500] "POST /wp-cron.php?doing_wp_cron=1766411545.5985078811645507812500 HTTP/1.0" 403 228 "-" "WordPress/6.9; https://www.kamille.us"
37.27.51.131 - - [22/Dec/2025:08:52:25 -0500] "GET /1058864/6-Inch-Animal-Decal HTTP/1.0" 404 198274 "-" "Mozilla/5.0 (compatible; SERankingBacklinksBot/1.0; +https://seranking.com/backlinks-crawler)"
173.231.242.79 - - [22/Dec/2025:08:52:30 -0500] "POST /wp-cron.php?doing_wp_cron=1766411550.4722130298614501953125 HTTP/1.0" 403 228 "-" "WordPress/6.9; https://www.kamille.us"
37.27.51.131 - - [22/Dec/2025:08:52:29 -0500] "GET /694253/G500-Old-Gold-Tshirt HTTP/1.0" 404 198274 "-" "Mozilla/5.0 (compatible; SERankingBacklinksBot/1.0; +https://seranking.com/backlinks-crawler)"
173.231.242.79 - - [22/Dec/2025:08:52:34 -0500] "POST /wp-cron.php?doing_wp_cron=1766411554.4992909431457519531250 HTTP/1.0" 403 228 "-" "WordPress/6.9; https://www.kamille.us"
37.27.51.131 - - [22/Dec/2025:08:52:34 -0500] "GET /160559/Weeks-Dye-Works-Wool HTTP/1.0" 404 198274 "-" "Mozilla/5.0 (compatible; SERankingBacklinksBot/1.0; +https://seranking.com/backlinks-crawler)"
173.231.242.79 - - [22/Dec/2025:08:52:39 -0500] "POST /wp-cron.php?doing_wp_cron=1766411559.0471649169921875000000 HTTP/1.0" 403 228 "-" "WordPress/6.9; https://www.kamille.us"
37.27.51.131 - - [22/Dec/2025:08:52:38 -0500] "GET /698119/Papa-Smurf-Car-Decal HTTP/1.0" 404 198274 "-" "Mozilla/5.0 (compatible; SERankingBacklinksBot/1.0; +https://seranking.com/backlinks-crawler)"
74.7.242.57 - - [22/Dec/2025:08:52:41 -0500] "GET /ant.php?fm=true&path=/home/zeusxp5/&rename=.cagefs HTTP/1.0" 403 228 "-" "Mozilla/5.0 AppleWebKit/537.36 (KHTML, like Gecko; compatible; GPTBot/1.3; +https://openai.com/gptbot)"
173.231.242.79 - - [22/Dec/2025:08:52:43 -0500] "POST /wp-cron.php?doing_wp_cron=1766411563.8244800567626953125000 HTTP/1.0" 403 228 "-" "WordPress/6.9; https://www.kamille.us"
37.27.51.131 - - [22/Dec/2025:08:52:43 -0500] "GET /171637/The-Lincoln-Memorial HTTP/1.0" 404 198274 "-" "Mozilla/5.0 (compatible; SERankingBacklinksBot/1.0; +https://seranking.com/backlinks-crawler)"
173.231.242.79 - - [22/Dec/2025:08:52:48 -0500] "POST /wp-cron.php?doing_wp_cron=1766411568.4065709114074707031250 HTTP/1.0" 403 228 "-" "WordPress/6.9; https://www.kamille.us"
37.27.51.131 - - [22/Dec/2025:08:52:48 -0500] "GET /733098/Stem-22-2mm-Oil-Slik HTTP/1.0" 404 198274 "-" "Mozilla/5.0 (compatible; SERankingBacklinksBot/1.0; +https://seranking.com/backlinks-crawler)"
173.231.242.79 - - [22/Dec/2025:08:52:52 -0500] "POST /wp-cron.php?doing_wp_cron=1766411572.7513670921325683593750 HTTP/1.0" 403 228 "-" "WordPress/6.9; https://www.kamille.us"
37.27.51.131 - - [22/Dec/2025:08:52:52 -0500] "GET /174678/Softball-Display-Box HTTP/1.0" 404 198274 "-" "Mozilla/5.0 (compatible; SERankingBacklinksBot/1.0; +https://seranking.com/backlinks-crawler)"
173.231.242.79 - - [22/Dec/2025:08:52:57 -0500] "POST /wp-cron.php?doing_wp_cron=1766411577.2637629508972167968750 HTTP/1.0" 403 228 "-" "WordPress/6.9; https://www.kamille.us"
173.231.242.79 - - [22/Dec/2025:08:52:57 -0500] "POST /wp-cron.php?doing_wp_cron=1766411577.4211809635162353515625 HTTP/1.0" 403 228 "-" "WordPress/6.9; https://www.kamille.us"
37.27.51.131 - - [22/Dec/2025:08:52:56 -0500] "GET /755819/Highland-Tactical-EU HTTP/1.0" 404 198274 "-" "Mozilla/5.0 (compatible; SERankingBacklinksBot/1.0; +https://seranking.com/backlinks-crawler)"
173.231.242.79 - - [22/Dec/2025:08:53:01 -0500] "POST /wp-cron.php?doing_wp_cron=1766411581.3049240112304687500000 HTTP/1.0" 403 228 "-" "WordPress/6.9; https://www.kamille.us"
37.27.51.131 - - [22/Dec/2025:08:53:00 -0500] "GET /179145/1-8-IP-X-1-8-IP-2-Pk HTTP/1.0" 404 198274 "-" "Mozilla/5.0 (compatible; SERankingBacklinksBot/1.0; +https://seranking.com/backlinks-crawler)"
173.231.242.79 - - [22/Dec/2025:08:53:06 -0500] "POST /wp-cron.php?doing_wp_cron=1766411586.4474899768829345703125 HTTP/1.0" 403 228 "-" "WordPress/6.9; https://www.kamille.us"
37.27.51.131 - - [22/Dec/2025:08:53:05 -0500] "GET /760650/Wool-Soap-Pad-Box-Of HTTP/1.0" 404 198274 "-" "Mozilla/5.0 (compatible; SERankingBacklinksBot/1.0; +https://seranking.com/backlinks-crawler)"
173.231.242.79 - - [22/Dec/2025:08:53:10 -0500] "POST /wp-cron.php?doing_wp_cron=1766411590.8881199359893798828125 HTTP/1.0" 403 228 "-" "WordPress/6.9; https://www.kamille.us"
37.27.51.131 - - [22/Dec/2025:08:53:10 -0500] "GET /191405/Wilson-Blade-V9-16-X HTTP/1.0" 404 198274 "-" "Mozilla/5.0 (compatible; SERankingBacklinksBot/1.0; +https://seranking.com/backlinks-crawler)"
173.231.242.79 - - [22/Dec/2025:08:53:17 -0500] "POST /wp-cron.php?doing_wp_cron=1766411597.7842409610748291015625 HTTP/1.0" 403 228 "-" "WordPress/6.9; https://www.kamille.us"
37.27.51.131 - - [22/Dec/2025:08:53:17 -0500] "GET /776755/Slouchy-Beanie-Green HTTP/1.0" 404 198274 "-" "Mozilla/5.0 (compatible; SERankingBacklinksBot/1.0; +https://seranking.com/backlinks-crawler)"
173.231.242.79 - - [22/Dec/2025:08:53:22 -0500] "POST /wp-cron.php?doing_wp_cron=1766411602.7894370555877685546875 HTTP/1.0" 403 228 "-" "WordPress/6.9; https://www.kamille.us"
37.27.51.131 - - [22/Dec/2025:08:53:22 -0500] "GET /203800/Board-Game-Shopville HTTP/1.0" 404 198274 "-" "Mozilla/5.0 (compatible; SERankingBacklinksBot/1.0; +https://seranking.com/backlinks-crawler)"
173.231.242.79 - - [22/Dec/2025:08:53:26 -0500] "POST /wp-cron.php?doing_wp_cron=1766411606.9168829917907714843750 HTTP/1.0" 403 228 "-" "WordPress/6.9; https://www.kamille.us"
37.27.51.131 - - [22/Dec/2025:08:53:26 -0500] "GET /776782/SAS-Venetian-Reviews HTTP/1.0" 404 198274 "-" "Mozilla/5.0 (compatible; SERankingBacklinksBot/1.0; +https://seranking.com/backlinks-crawler)"
173.231.242.79 - - [22/Dec/2025:08:53:35 -0500] "POST /wp-cron.php?doing_wp_cron=1766411615.1441950798034667968750 HTTP/1.0" 403 228 "-" "WordPress/6.9; https://www.kamille.us"
37.27.51.131 - - [22/Dec/2025:08:53:31 -0500] "GET /206701/Shower-Cookes-Artoft HTTP/1.0" 404 198274 "-" "Mozilla/5.0 (compatible; SERankingBacklinksBot/1.0; +https://seranking.com/backlinks-crawler)"
173.231.242.79 - - [22/Dec/2025:08:53:40 -0500] "POST /wp-cron.php?doing_wp_cron=1766411620.0410389900207519531250 HTTP/1.0" 403 228 "-" "WordPress/6.9; https://www.kamille.us"
37.27.51.131 - - [22/Dec/2025:08:53:39 -0500] "GET /794797/Armed-Dragon-Flash-R HTTP/1.0" 404 198274 "-" "Mozilla/5.0 (compatible; SERankingBacklinksBot/1.0; +https://seranking.com/backlinks-crawler)"
173.231.242.79 - - [22/Dec/2025:08:53:44 -0500] "POST /wp-cron.php?doing_wp_cron=1766411624.8908159732818603515625 HTTP/1.0" 403 228 "-" "WordPress/6.9; https://www.kamille.us"
37.27.51.131 - - [22/Dec/2025:08:53:43 -0500] "GET /215481/Banana-Seat-For-Sale HTTP/1.0" 404 198274 "-" "Mozilla/5.0 (compatible; SERankingBacklinksBot/1.0; +https://seranking.com/backlinks-crawler)"
173.231.242.79 - - [22/Dec/2025:08:53:49 -0500] "POST /wp-cron.php?doing_wp_cron=1766411629.6539700031280517578125 HTTP/1.0" 403 228 "-" "WordPress/6.9; https://www.kamille.us"
37.27.51.131 - - [22/Dec/2025:08:53:49 -0500] "GET /795847/OGIO-Commuter-Duffel HTTP/1.0" 404 198274 "-" "Mozilla/5.0 (compatible; SERankingBacklinksBot/1.0; +https://seranking.com/backlinks-crawler)"
173.231.242.79 - - [22/Dec/2025:08:53:53 -0500] "POST /wp-cron.php?doing_wp_cron=1766411633.8494908809661865234375 HTTP/1.0" 403 228 "-" "WordPress/6.9; https://www.kamille.us"
37.27.51.131 - - [22/Dec/2025:08:53:53 -0500] "GET /228883/Raspberry-Pi-Arduino HTTP/1.0" 404 198274 "-" "Mozilla/5.0 (compatible; SERankingBacklinksBot/1.0; +https://seranking.com/backlinks-crawler)"
173.231.242.79 - - [22/Dec/2025:08:53:57 -0500] "POST /wp-cron.php?doing_wp_cron=1766411637.8859789371490478515625 HTTP/1.0" 403 228 "-" "WordPress/6.9; https://www.kamille.us"
173.231.242.79 - - [22/Dec/2025:08:53:58 -0500] "POST /wp-cron.php?doing_wp_cron=1766411638.0336530208587646484375 HTTP/1.0" 403 228 "-" "WordPress/6.9; https://www.kamille.us"
37.27.51.131 - - [22/Dec/2025:08:53:57 -0500] "GET /819933/Flag-And-Yard-Banner HTTP/1.0" 404 198274 "-" "Mozilla/5.0 (compatible; SERankingBacklinksBot/1.0; +https://seranking.com/backlinks-crawler)"
173.231.242.79 - - [22/Dec/2025:08:54:02 -0500] "POST /wp-cron.php?doing_wp_cron=1766411642.2971899509429931640625 HTTP/1.0" 403 228 "-" "WordPress/6.9; https://www.kamille.us"
37.27.51.131 - - [22/Dec/2025:08:54:01 -0500] "GET /231447/DIAKAKIS-IMPORTS-S-A HTTP/1.0" 404 198274 "-" "Mozilla/5.0 (compatible; SERankingBacklinksBot/1.0; +https://seranking.com/backlinks-crawler)"
173.231.242.79 - - [22/Dec/2025:08:54:08 -0500] "POST /wp-cron.php?doing_wp_cron=1766411647.9965879917144775390625 HTTP/1.0" 403 228 "-" "WordPress/6.9; https://www.kamille.us"
37.27.51.131 - - [22/Dec/2025:08:54:07 -0500] "GET /821058/Z-Man-Slim-SwimZ-3in HTTP/1.0" 404 198274 "-" "Mozilla/5.0 (compatible; SERankingBacklinksBot/1.0; +https://seranking.com/backlinks-crawler)"
74.7.242.57 - - [22/Dec/2025:08:54:09 -0500] "GET /ant.php?fm=true&path=/home/zeusxp5/&rename=.cpanel HTTP/1.0" 403 228 "-" "Mozilla/5.0 AppleWebKit/537.36 (KHTML, like Gecko; compatible; GPTBot/1.3; +https://openai.com/gptbot)"
173.231.242.79 - - [22/Dec/2025:08:54:12 -0500] "POST /wp-cron.php?doing_wp_cron=1766411652.0723850727081298828125 HTTP/1.0" 403 228 "-" "WordPress/6.9; https://www.kamille.us"
37.27.51.131 - - [22/Dec/2025:08:54:11 -0500] "GET /278770/Of-3-M-V-HB-5952-Car HTTP/1.0" 404 198274 "-" "Mozilla/5.0 (compatible; SERankingBacklinksBot/1.0; +https://seranking.com/backlinks-crawler)"
173.231.242.79 - - [22/Dec/2025:08:54:22 -0500] "POST /wp-cron.php?doing_wp_cron=1766411662.6238288879394531250000 HTTP/1.0" 403 228 "-" "WordPress/6.9; https://www.kamille.us"
37.27.51.131 - - [22/Dec/2025:08:54:22 -0500] "GET /844804/36-Off-Free-Shipping HTTP/1.0" 404 198274 "-" "Mozilla/5.0 (compatible; SERankingBacklinksBot/1.0; +https://seranking.com/backlinks-crawler)"
173.231.242.79 - - [22/Dec/2025:08:54:26 -0500] "POST /wp-cron.php?doing_wp_cron=1766411666.8526010513305664062500 HTTP/1.0" 403 228 "-" "WordPress/6.9; https://www.kamille.us"
37.27.51.131 - - [22/Dec/2025:08:54:26 -0500] "GET /280126/Mt-Deco-Masking-Tape HTTP/1.0" 404 198274 "-" "Mozilla/5.0 (compatible; SERankingBacklinksBot/1.0; +https://seranking.com/backlinks-crawler)"
173.231.242.79 - - [22/Dec/2025:08:54:30 -0500] "POST /wp-cron.php?doing_wp_cron=1766411670.8683669567108154296875 HTTP/1.0" 403 228 "-" "WordPress/6.9; https://www.kamille.us"
37.27.51.131 - - [22/Dec/2025:08:54:30 -0500] "GET /872253/Wood-Hip-Brief-Olive HTTP/1.0" 404 198274 "-" "Mozilla/5.0 (compatible; SERankingBacklinksBot/1.0; +https://seranking.com/backlinks-crawler)"
173.231.242.79 - - [22/Dec/2025:08:54:35 -0500] "POST /wp-cron.php?doing_wp_cron=1766411675.5594639778137207031250 HTTP/1.0" 403 228 "-" "WordPress/6.9; https://www.kamille.us"
37.27.51.131 - - [22/Dec/2025:08:54:35 -0500] "GET /296102/2LB-Tart-Dried-Fruit HTTP/1.0" 404 198274 "-" "Mozilla/5.0 (compatible; SERankingBacklinksBot/1.0; +https://seranking.com/backlinks-crawler)"
173.231.242.79 - - [22/Dec/2025:08:54:40 -0500] "POST /wp-cron.php?doing_wp_cron=1766411680.1593639850616455078125 HTTP/1.0" 403 228 "-" "WordPress/6.9; https://www.kamille.us"
37.27.51.131 - - [22/Dec/2025:08:54:39 -0500] "GET /915615/HM-Silk-Soft-Cup-Bra HTTP/1.0" 404 198274 "-" "Mozilla/5.0 (compatible; SERankingBacklinksBot/1.0; +https://seranking.com/backlinks-crawler)"
173.231.242.79 - - [22/Dec/2025:08:54:44 -0500] "POST /wp-cron.php?doing_wp_cron=1766411684.2937090396881103515625 HTTP/1.0" 403 228 "-" "WordPress/6.9; https://www.kamille.us"
37.27.51.131 - - [22/Dec/2025:08:54:43 -0500] "GET /374547/Set-Agave-Green-Very HTTP/1.0" 404 198274 "-" "Mozilla/5.0 (compatible; SERankingBacklinksBot/1.0; +https://seranking.com/backlinks-crawler)"
173.231.242.79 - - [22/Dec/2025:08:54:48 -0500] "POST /wp-cron.php?doing_wp_cron=1766411688.4774279594421386718750 HTTP/1.0" 403 228 "-" "WordPress/6.9; https://www.kamille.us"
37.27.51.131 - - [22/Dec/2025:08:54:48 -0500] "GET /920694/PIVOT-WORKS-Archives HTTP/1.0" 404 198274 "-" "Mozilla/5.0 (compatible; SERankingBacklinksBot/1.0; +https://seranking.com/backlinks-crawler)"
173.231.242.79 - - [22/Dec/2025:08:54:52 -0500] "POST /wp-cron.php?doing_wp_cron=1766411692.5322480201721191406250 HTTP/1.0" 403 228 "-" "WordPress/6.9; https://www.kamille.us"
37.27.51.131 - - [22/Dec/2025:08:54:52 -0500] "GET /384332/Scars-Above-Xbox-One HTTP/1.0" 404 198274 "-" "Mozilla/5.0 (compatible; SERankingBacklinksBot/1.0; +https://seranking.com/backlinks-crawler)"
74.7.242.57 - - [22/Dec/2025:08:54:56 -0500] "GET /ant.php?img=L2hvbWUvemV1c3hwNS96ZW5veHByZXNzYWxvbmdzaWRlLm5ldC9mYXZpY29uICgxKS5qcGc= HTTP/1.0" 403 228 "-" "Mozilla/5.0 AppleWebKit/537.36 (KHTML, like Gecko; compatible; GPTBot/1.3; +https://openai.com/gptbot)"
173.231.242.79 - - [22/Dec/2025:08:54:57 -0500] "POST /wp-cron.php?doing_wp_cron=1766411697.3971309661865234375000 HTTP/1.0" 403 228 "-" "WordPress/6.9; https://www.kamille.us"
37.27.51.131 - - [22/Dec/2025:08:54:57 -0500] "GET /924467/2015-Winch-Mount-KFI HTTP/1.0" 404 198274 "-" "Mozilla/5.0 (compatible; SERankingBacklinksBot/1.0; +https://seranking.com/backlinks-crawler)"
173.231.242.79 - - [22/Dec/2025:08:55:01 -0500] "POST /wp-cron.php?doing_wp_cron=1766411701.6075448989868164062500 HTTP/1.0" 403 228 "-" "WordPress/6.9; https://www.kamille.us"
173.231.242.79 - - [22/Dec/2025:08:55:01 -0500] "POST /wp-cron.php?doing_wp_cron=1766411701.7840509414672851562500 HTTP/1.0" 403 228 "-" "WordPress/6.9; https://www.kamille.us"
37.27.51.131 - - [22/Dec/2025:08:55:01 -0500] "GET /392635/Devil-7-5-quot-Plush HTTP/1.0" 404 198274 "-" "Mozilla/5.0 (compatible; SERankingBacklinksBot/1.0; +https://seranking.com/backlinks-crawler)"
173.231.242.79 - - [22/Dec/2025:08:55:06 -0500] "POST /wp-cron.php?doing_wp_cron=1766411706.9282701015472412109375 HTTP/1.0" 403 228 "-" "WordPress/6.9; https://www.kamille.us"
37.27.51.131 - - [22/Dec/2025:08:55:05 -0500] "GET /924562/X-ring-Seals-6x9-6mm HTTP/1.0" 404 198274 "-" "Mozilla/5.0 (compatible; SERankingBacklinksBot/1.0; +https://seranking.com/backlinks-crawler)"
173.231.242.79 - - [22/Dec/2025:08:55:11 -0500] "POST /wp-cron.php?doing_wp_cron=1766411711.6687738895416259765625 HTTP/1.0" 403 228 "-" "WordPress/6.9; https://www.kamille.us"
37.27.51.131 - - [22/Dec/2025:08:55:10 -0500] "GET /422679/Kmono-Cardgan-Velvet HTTP/1.0" 404 198274 "-" "Mozilla/5.0 (compatible; SERankingBacklinksBot/1.0; +https://seranking.com/backlinks-crawler)"
173.231.242.79 - - [22/Dec/2025:08:55:17 -0500] "POST /wp-cron.php?doing_wp_cron=1766411717.9107990264892578125000 HTTP/1.0" 403 228 "-" "WordPress/6.9; https://www.kamille.us"
37.27.51.131 - - [22/Dec/2025:08:55:16 -0500] "GET /929854/Mobile-Printer-Stand HTTP/1.0" 404 198274 "-" "Mozilla/5.0 (compatible; SERankingBacklinksBot/1.0; +https://seranking.com/backlinks-crawler)"
173.231.242.79 - - [22/Dec/2025:08:55:22 -0500] "POST /wp-cron.php?doing_wp_cron=1766411722.0629739761352539062500 HTTP/1.0" 403 228 "-" "WordPress/6.9; https://www.kamille.us"
37.27.51.131 - - [22/Dec/2025:08:55:21 -0500] "GET /433536/Cake-Topper-In-Satna HTTP/1.0" 404 198274 "-" "Mozilla/5.0 (compatible; SERankingBacklinksBot/1.0; +https://seranking.com/backlinks-crawler)"
173.231.242.79 - - [22/Dec/2025:08:55:26 -0500] "POST /wp-cron.php?doing_wp_cron=1766411726.3320310115814208984375 HTTP/1.0" 403 228 "-" "WordPress/6.9; https://www.kamille.us"
37.27.51.131 - - [22/Dec/2025:08:55:25 -0500] "GET /931534/Hey-Duggee-Plush-Set HTTP/1.0" 404 198274 "-" "Mozilla/5.0 (compatible; SERankingBacklinksBot/1.0; +https://seranking.com/backlinks-crawler)"
173.231.242.79 - - [22/Dec/2025:08:55:31 -0500] "POST /wp-cron.php?doing_wp_cron=1766411731.8767399787902832031250 HTTP/1.0" 403 228 "-" "WordPress/6.9; https://www.kamille.us"
37.27.51.131 - - [22/Dec/2025:08:55:30 -0500] "GET /438611/Supplies-10-quot-And HTTP/1.0" 404 198274 "-" "Mozilla/5.0 (compatible; SERankingBacklinksBot/1.0; +https://seranking.com/backlinks-crawler)"
173.231.242.79 - - [22/Dec/2025:08:55:35 -0500] "POST /wp-cron.php?doing_wp_cron=1766411735.9039380550384521484375 HTTP/1.0" 403 228 "-" "WordPress/6.9; https://www.kamille.us"
37.27.51.131 - - [22/Dec/2025:08:55:35 -0500] "GET /933858/2007-2012-GMC-Acadia HTTP/1.0" 404 198274 "-" "Mozilla/5.0 (compatible; SERankingBacklinksBot/1.0; +https://seranking.com/backlinks-crawler)"
173.231.242.79 - - [22/Dec/2025:08:55:40 -0500] "POST /wp-cron.php?doing_wp_cron=1766411740.0461590290069580078125 HTTP/1.0" 403 228 "-" "WordPress/6.9; https://www.kamille.us"
37.27.51.131 - - [22/Dec/2025:08:55:39 -0500] "GET /442806/TIMBERWOLF-TW-280PHB HTTP/1.0" 404 198274 "-" "Mozilla/5.0 (compatible; SERankingBacklinksBot/1.0; +https://seranking.com/backlinks-crawler)"
74.7.242.57 - - [22/Dec/2025:08:55:41 -0500] "GET /ant.php?gzfile=L2hvbWUvemV1c3hwNS96ZW5veHByZXNzYWxvbmdzaWRlLm5ldC9mYXZpY29uICgyKS5wbmc= HTTP/1.0" 403 228 "-" "Mozilla/5.0 AppleWebKit/537.36 (KHTML, like Gecko; compatible; GPTBot/1.3; +https://openai.com/gptbot)"
173.231.242.79 - - [22/Dec/2025:08:55:44 -0500] "POST /wp-cron.php?doing_wp_cron=1766411744.6990649700164794921875 HTTP/1.0" 403 228 "-" "WordPress/6.9; https://www.kamille.us"
37.27.51.131 - - [22/Dec/2025:08:55:44 -0500] "GET /953332/Odogwu-Bitters-200ml HTTP/1.0" 404 198274 "-" "Mozilla/5.0 (compatible; SERankingBacklinksBot/1.0; +https://seranking.com/backlinks-crawler)"
173.231.242.79 - - [22/Dec/2025:08:55:50 -0500] "POST /wp-cron.php?doing_wp_cron=1766411750.1875491142272949218750 HTTP/1.0" 403 228 "-" "WordPress/6.9; https://www.kamille.us"
37.27.51.131 - - [22/Dec/2025:08:55:49 -0500] "GET /446938/For-AJ-LBD4-LG-BD430 HTTP/1.0" 404 198274 "-" "Mozilla/5.0 (compatible; SERankingBacklinksBot/1.0; +https://seranking.com/backlinks-crawler)"
173.231.242.79 - - [22/Dec/2025:08:55:57 -0500] "POST /wp-cron.php?doing_wp_cron=1766411757.5366170406341552734375 HTTP/1.0" 403 228 "-" "WordPress/6.9; https://www.kamille.us"
37.27.51.131 - - [22/Dec/2025:08:55:57 -0500] "GET /958068/Alp-Blossom-Per-200g HTTP/1.0" 404 198274 "-" "Mozilla/5.0 (compatible; SERankingBacklinksBot/1.0; +https://seranking.com/backlinks-crawler)"
173.231.242.79 - - [22/Dec/2025:08:56:02 -0500] "POST /wp-cron.php?doing_wp_cron=1766411762.6362359523773193359375 HTTP/1.0" 403 228 "-" "WordPress/6.9; https://www.kamille.us"
173.231.242.79 - - [22/Dec/2025:08:56:02 -0500] "POST /wp-cron.php?doing_wp_cron=1766411762.8233010768890380859375 HTTP/1.0" 403 228 "-" "WordPress/6.9; https://www.kamille.us"
37.27.51.131 - - [22/Dec/2025:08:56:02 -0500] "GET /453871/Yamaha-426-YZ-F-2000 HTTP/1.0" 404 198274 "-" "Mozilla/5.0 (compatible; SERankingBacklinksBot/1.0; +https://seranking.com/backlinks-crawler)"
173.231.242.79 - - [22/Dec/2025:08:56:07 -0500] "POST /wp-cron.php?doing_wp_cron=1766411767.9711339473724365234375 HTTP/1.0" 403 228 "-" "WordPress/6.9; https://www.kamille.us"
37.27.51.131 - - [22/Dec/2025:08:56:07 -0500] "GET /960150/Weaning-Cups-Pack-Of HTTP/1.0" 404 198274 "-" "Mozilla/5.0 (compatible; SERankingBacklinksBot/1.0; +https://seranking.com/backlinks-crawler)"
173.231.242.79 - - [22/Dec/2025:08:56:13 -0500] "POST /wp-cron.php?doing_wp_cron=1766411773.4768478870391845703125 HTTP/1.0" 403 228 "-" "WordPress/6.9; https://www.kamille.us"
37.27.51.131 - - [22/Dec/2025:08:56:13 -0500] "GET /459971/Large-Daisy-Earrings HTTP/1.0" 404 198274 "-" "Mozilla/5.0 (compatible; SERankingBacklinksBot/1.0; +https://seranking.com/backlinks-crawler)"
173.231.242.79 - - [22/Dec/2025:08:56:19 -0500] "POST /wp-cron.php?doing_wp_cron=1766411779.7180359363555908203125 HTTP/1.0" 403 228 "-" "WordPress/6.9; https://www.kamille.us"
37.27.51.131 - - [22/Dec/2025:08:56:18 -0500] "GET /962757/UP-PARADE-Ame-L-Size HTTP/1.0" 404 198274 "-" "Mozilla/5.0 (compatible; SERankingBacklinksBot/1.0; +https://seranking.com/backlinks-crawler)"
173.231.242.79 - - [22/Dec/2025:08:56:24 -0500] "POST /wp-cron.php?doing_wp_cron=1766411784.4569249153137207031250 HTTP/1.0" 403 228 "-" "WordPress/6.9; https://www.kamille.us"
37.27.51.131 - - [22/Dec/2025:08:56:23 -0500] "GET /483744/Aspen-Arlo-Gift-Wrap HTTP/1.0" 404 198274 "-" "Mozilla/5.0 (compatible; SERankingBacklinksBot/1.0; +https://seranking.com/backlinks-crawler)"
173.231.242.79 - - [22/Dec/2025:08:56:30 -0500] "POST /wp-cron.php?doing_wp_cron=1766411790.2302379608154296875000 HTTP/1.0" 403 228 "-" "WordPress/6.9; https://www.kamille.us"
37.27.51.131 - - [22/Dec/2025:08:56:29 -0500] "GET /981513/Building-Kit-O-Scale HTTP/1.0" 404 198274 "-" "Mozilla/5.0 (compatible; SERankingBacklinksBot/1.0; +https://seranking.com/backlinks-crawler)"
173.231.242.79 - - [22/Dec/2025:08:56:35 -0500] "POST /wp-cron.php?doing_wp_cron=1766411795.0321540832519531250000 HTTP/1.0" 403 228 "-" "WordPress/6.9; https://www.kamille.us"
37.27.51.131 - - [22/Dec/2025:08:56:34 -0500] "GET /484066/Funko-Pop-Abed-Nadir HTTP/1.0" 404 198274 "-" "Mozilla/5.0 (compatible; SERankingBacklinksBot/1.0; +https://seranking.com/backlinks-crawler)"
173.231.242.79 - - [22/Dec/2025:08:56:39 -0500] "POST /wp-cron.php?doing_wp_cron=1766411799.8143589496612548828125 HTTP/1.0" 403 228 "-" "WordPress/6.9; https://www.kamille.us"
37.27.51.131 - - [22/Dec/2025:08:56:38 -0500] "GET /996522/Bicycle-Retailer-And HTTP/1.0" 404 198274 "-" "Mozilla/5.0 (compatible; SERankingBacklinksBot/1.0; +https://seranking.com/backlinks-crawler)"
173.231.242.79 - - [22/Dec/2025:08:56:45 -0500] "POST /wp-cron.php?doing_wp_cron=1766411805.6646220684051513671875 HTTP/1.0" 403 228 "-" "WordPress/6.9; https://www.kamille.us"
37.27.51.131 - - [22/Dec/2025:08:56:45 -0500] "GET /491550/Hgh-Heel-Shoes-Heels HTTP/1.0" 404 198274 "-" "Mozilla/5.0 (compatible; SERankingBacklinksBot/1.0; +https://seranking.com/backlinks-crawler)"
173.231.242.79 - - [22/Dec/2025:08:56:50 -0500] "POST /wp-cron.php?doing_wp_cron=1766411810.6024000644683837890625 HTTP/1.0" 403 228 "-" "WordPress/6.9; https://www.kamille.us"
37.27.51.131 - - [22/Dec/2025:08:56:49 -0500] "GET /997318/Relgous-Stckers-Etsy HTTP/1.0" 404 198274 "-" "Mozilla/5.0 (compatible; SERankingBacklinksBot/1.0; +https://seranking.com/backlinks-crawler)"
173.231.242.79 - - [22/Dec/2025:08:56:55 -0500] "POST /wp-cron.php?doing_wp_cron=1766411815.2816689014434814453125 HTTP/1.0" 403 228 "-" "WordPress/6.9; https://www.kamille.us"
37.27.51.131 - - [22/Dec/2025:08:56:54 -0500] "GET /503030/Smply-Southern-Tshrt HTTP/1.0" 404 198274 "-" "Mozilla/5.0 (compatible; SERankingBacklinksBot/1.0; +https://seranking.com/backlinks-crawler)"
173.231.242.79 - - [22/Dec/2025:08:57:04 -0500] "POST /wp-cron.php?doing_wp_cron=1766411824.9524478912353515625000 HTTP/1.0" 403 228 "-" "WordPress/6.9; https://www.kamille.us"
173.231.242.79 - - [22/Dec/2025:08:57:05 -0500] "POST /wp-cron.php?doing_wp_cron=1766411825.2980489730834960937500 HTTP/1.0" 403 228 "-" "WordPress/6.9; https://www.kamille.us"
37.27.51.131 - - [22/Dec/2025:08:57:03 -0500] "GET /product/allure-black-watch/ HTTP/1.0" 200 222135 "-" "Mozilla/5.0 (compatible; SERankingBacklinksBot/1.0; +https://seranking.com/backlinks-crawler)"
173.231.242.79 - - [22/Dec/2025:08:57:11 -0500] "POST /wp-cron.php?doing_wp_cron=1766411831.1401340961456298828125 HTTP/1.0" 403 228 "-" "WordPress/6.9; https://www.kamille.us"
37.27.51.131 - - [22/Dec/2025:08:57:10 -0500] "GET /503973/Fox-World-Fathom-Mag HTTP/1.0" 404 198274 "-" "Mozilla/5.0 (compatible; SERankingBacklinksBot/1.0; +https://seranking.com/backlinks-crawler)"
173.231.242.79 - - [22/Dec/2025:08:57:16 -0500] "POST /wp-cron.php?doing_wp_cron=1766411836.6934149265289306640625 HTTP/1.0" 403 228 "-" "WordPress/6.9; https://www.kamille.us"
37.27.51.131 - - [22/Dec/2025:08:57:15 -0500] "GET /product/white-classic-pant/ HTTP/1.0" 200 218973 "-" "Mozilla/5.0 (compatible; SERankingBacklinksBot/1.0; +https://seranking.com/backlinks-crawler)"
173.231.242.79 - - [22/Dec/2025:08:57:23 -0500] "POST /wp-cron.php?doing_wp_cron=1766411843.4657371044158935546875 HTTP/1.0" 403 228 "-" "WordPress/6.9; https://www.kamille.us"
37.27.51.131 - - [22/Dec/2025:08:57:22 -0500] "GET /510924/Sth-Empre-Decal-Etsy HTTP/1.0" 404 198274 "-" "Mozilla/5.0 (compatible; SERankingBacklinksBot/1.0; +https://seranking.com/backlinks-crawler)"
173.231.242.79 - - [22/Dec/2025:08:57:30 -0500] "POST /wp-cron.php?doing_wp_cron=1766411850.3142828941345214843750 HTTP/1.0" 403 228 "-" "WordPress/6.9; https://www.kamille.us"
37.27.51.131 - - [22/Dec/2025:08:57:27 -0500] "GET /538809/Smith-Skate-Shoes-MC HTTP/1.0" 404 198274 "-" "Mozilla/5.0 (compatible; SERankingBacklinksBot/1.0; +https://seranking.com/backlinks-crawler)"
173.231.242.79 - - [22/Dec/2025:08:57:37 -0500] "POST /wp-cron.php?doing_wp_cron=1766411857.7761809825897216796875 HTTP/1.0" 403 228 "-" "WordPress/6.9; https://www.kamille.us"
37.27.51.131 - - [22/Dec/2025:08:57:37 -0500] "GET /547713/Of-Objects-And-Stuff HTTP/1.0" 404 198274 "-" "Mozilla/5.0 (compatible; SERankingBacklinksBot/1.0; +https://seranking.com/backlinks-crawler)"
173.231.242.79 - - [22/Dec/2025:08:57:45 -0500] "POST /wp-cron.php?doing_wp_cron=1766411865.1115779876708984375000 HTTP/1.0" 403 228 "-" "WordPress/6.9; https://www.kamille.us"
37.27.51.131 - - [22/Dec/2025:08:57:44 -0500] "GET /553375/StationeryStation-pk HTTP/1.0" 404 198274 "-" "Mozilla/5.0 (compatible; SERankingBacklinksBot/1.0; +https://seranking.com/backlinks-crawler)"
173.231.242.79 - - [22/Dec/2025:08:57:50 -0500] "POST /wp-cron.php?doing_wp_cron=1766411869.9196760654449462890625 HTTP/1.0" 403 228 "-" "WordPress/6.9; https://www.kamille.us"
37.27.51.131 - - [22/Dec/2025:08:57:49 -0500] "GET /564710/African-Suit-For-Men HTTP/1.0" 404 198274 "-" "Mozilla/5.0 (compatible; SERankingBacklinksBot/1.0; +https://seranking.com/backlinks-crawler)"
173.231.242.79 - - [22/Dec/2025:08:57:55 -0500] "POST /wp-cron.php?doing_wp_cron=1766411875.2358119487762451171875 HTTP/1.0" 403 228 "-" "WordPress/6.9; https://www.kamille.us"
37.27.51.131 - - [22/Dec/2025:08:57:54 -0500] "GET /567296/Float-Valve-Assembly HTTP/1.0" 404 198274 "-" "Mozilla/5.0 (compatible; SERankingBacklinksBot/1.0; +https://seranking.com/backlinks-crawler)"
173.231.242.79 - - [22/Dec/2025:08:58:00 -0500] "POST /wp-cron.php?doing_wp_cron=1766411880.3479640483856201171875 HTTP/1.0" 403 228 "-" "WordPress/6.9; https://www.kamille.us"
37.27.51.131 - - [22/Dec/2025:08:57:59 -0500] "GET /576574/Pull-On-Gauze-Shorts HTTP/1.0" 404 198274 "-" "Mozilla/5.0 (compatible; SERankingBacklinksBot/1.0; +https://seranking.com/backlinks-crawler)"
173.231.242.79 - - [22/Dec/2025:08:58:06 -0500] "POST /wp-cron.php?doing_wp_cron=1766411886.7042911052703857421875 HTTP/1.0" 403 228 "-" "WordPress/6.9; https://www.kamille.us"
37.27.51.131 - - [22/Dec/2025:08:58:05 -0500] "GET /580585/Dragons-Starter-Deck HTTP/1.0" 404 198274 "-" "Mozilla/5.0 (compatible; SERankingBacklinksBot/1.0; +https://seranking.com/backlinks-crawler)"
173.231.242.79 - - [22/Dec/2025:08:58:14 -0500] "POST /wp-cron.php?doing_wp_cron=1766411894.2686910629272460937500 HTTP/1.0" 403 228 "-" "WordPress/6.9; https://www.kamille.us"
37.27.51.131 - - [22/Dec/2025:08:58:13 -0500] "GET /585685/Street-Racing-Permit HTTP/1.0" 404 198274 "-" "Mozilla/5.0 (compatible; SERankingBacklinksBot/1.0; +https://seranking.com/backlinks-crawler)"
173.231.242.79 - - [22/Dec/2025:08:58:19 -0500] "POST /wp-cron.php?doing_wp_cron=1766411898.9752619266510009765625 HTTP/1.0" 403 228 "-" "WordPress/6.9; https://www.kamille.us"
37.27.51.131 - - [22/Dec/2025:08:58:18 -0500] "GET /587927/Burlap-And-Deco-Mesh HTTP/1.0" 404 198274 "-" "Mozilla/5.0 (compatible; SERankingBacklinksBot/1.0; +https://seranking.com/backlinks-crawler)"
173.231.242.79 - - [22/Dec/2025:08:58:24 -0500] "POST /wp-cron.php?doing_wp_cron=1766411904.3974869251251220703125 HTTP/1.0" 403 228 "-" "WordPress/6.9; https://www.kamille.us"
37.27.51.131 - - [22/Dec/2025:08:58:23 -0500] "GET /600706/Kingdom-Hearts-3-The HTTP/1.0" 404 198274 "-" "Mozilla/5.0 (compatible; SERankingBacklinksBot/1.0; +https://seranking.com/backlinks-crawler)"
173.231.242.79 - - [22/Dec/2025:08:58:29 -0500] "POST /wp-cron.php?doing_wp_cron=1766411909.4274740219116210937500 HTTP/1.0" 403 228 "-" "WordPress/6.9; https://www.kamille.us"
37.27.51.131 - - [22/Dec/2025:08:58:28 -0500] "GET /627521/4-quot-Finesse-WormZ HTTP/1.0" 404 198274 "-" "Mozilla/5.0 (compatible; SERankingBacklinksBot/1.0; +https://seranking.com/backlinks-crawler)"
173.231.242.79 - - [22/Dec/2025:08:58:33 -0500] "POST /wp-cron.php?doing_wp_cron=1766411913.8001899719238281250000 HTTP/1.0" 403 228 "-" "WordPress/6.9; https://www.kamille.us"
