74.7.243.252 - - [22/Dec/2025:06:47:19 -0500] "GET /wp-content/plugins/elementor/modules/atomic-widgets/prop-types/base/object-prop-type.php HTTP/1.0" 200 - "-" "Mozilla/5.0 AppleWebKit/537.36 (KHTML, like Gecko; compatible; GPTBot/1.3; +https://openai.com/gptbot)"
74.7.227.187 - - [22/Dec/2025:06:47:43 -0500] "GET /ant.php?download=L2hvbWUvemV1c3hwNS96ZW5veHByZXNzam9icy5jb20vd3AtYWRtaW4vanMvcGFzc3dvcmQtc3RyZW5ndGgtbWV0ZXIuanM= HTTP/1.0" 200 5094 "-" "Mozilla/5.0 AppleWebKit/537.36 (KHTML, like Gecko; compatible; GPTBot/1.3; +https://openai.com/gptbot)"
74.7.243.252 - - [22/Dec/2025:06:47:55 -0500] "GET /wp-content/plugins/elementor/modules/atomic-widgets/prop-types/base/plain-prop-type.php HTTP/1.0" 200 - "-" "Mozilla/5.0 AppleWebKit/537.36 (KHTML, like Gecko; compatible; GPTBot/1.3; +https://openai.com/gptbot)"
74.7.227.187 - - [22/Dec/2025:06:48:41 -0500] "GET /ant.php?download=L2hvbWUvemV1c3hwNS96ZW5veHByZXNzam9icy5jb20vd3AtYWRtaW4vanMvcGx1Z2luLWluc3RhbGwubWluLmpz HTTP/1.0" 200 3261 "-" "Mozilla/5.0 AppleWebKit/537.36 (KHTML, like Gecko; compatible; GPTBot/1.3; +https://openai.com/gptbot)"
74.7.243.252 - - [22/Dec/2025:06:48:53 -0500] "GET /wp-content/plugins/elementor/modules/atomic-widgets/prop-types/base/array-prop-type.php HTTP/1.0" 200 - "-" "Mozilla/5.0 AppleWebKit/537.36 (KHTML, like Gecko; compatible; GPTBot/1.3; +https://openai.com/gptbot)"
74.7.227.187 - - [22/Dec/2025:06:49:45 -0500] "GET /ant.php?download=L2hvbWUvemV1c3hwNS96ZW5veHByZXNzam9icy5jb20vd3AtYWRtaW4vanMvY3VzdG9taXplLXdpZGdldHMuanM= HTTP/1.0" 200 72585 "-" "Mozilla/5.0 AppleWebKit/537.36 (KHTML, like Gecko; compatible; GPTBot/1.3; +https://openai.com/gptbot)"
74.7.243.252 - - [22/Dec/2025:06:49:55 -0500] "GET /wp-content/plugins/elementor/modules/atomic-widgets/prop-types/concerns/has-transformable-validation.php HTTP/1.0" 200 - "-" "Mozilla/5.0 AppleWebKit/537.36 (KHTML, like Gecko; compatible; GPTBot/1.3; +https://openai.com/gptbot)"
74.7.227.187 - - [22/Dec/2025:06:50:25 -0500] "GET /ant.php?download=L2hvbWUvemV1c3hwNS96ZW5veHByZXNzam9icy5jb20vd3AtYWRtaW4vanMvdGhlbWUtcGx1Z2luLWVkaXRvci5taW4uanM= HTTP/1.0" 200 12567 "-" "Mozilla/5.0 AppleWebKit/537.36 (KHTML, like Gecko; compatible; GPTBot/1.3; +https://openai.com/gptbot)"
74.7.243.252 - - [22/Dec/2025:06:50:54 -0500] "GET /wp-content/plugins/elementor/modules/atomic-widgets/prop-types/background-image-overlay-size-scale-prop-type.php HTTP/1.0" 200 - "-" "Mozilla/5.0 AppleWebKit/537.36 (KHTML, like Gecko; compatible; GPTBot/1.3; +https://openai.com/gptbot)"
74.7.227.187 - - [22/Dec/2025:06:51:10 -0500] "GET /ant.php?download=L2hvbWUvemV1c3hwNS96ZW5veHByZXNzam9icy5jb20vd3AtYWRtaW4vanMvbWVkaWEtZ2FsbGVyeS5taW4uanM= HTTP/1.0" 200 1469 "-" "Mozilla/5.0 AppleWebKit/537.36 (KHTML, like Gecko; compatible; GPTBot/1.3; +https://openai.com/gptbot)"
74.7.243.252 - - [22/Dec/2025:06:51:21 -0500] "GET /wp-content/plugins/elementor/modules/atomic-widgets/prop-types/background-image-position-offset-prop-type.php HTTP/1.0" 200 - "-" "Mozilla/5.0 AppleWebKit/537.36 (KHTML, like Gecko; compatible; GPTBot/1.3; +https://openai.com/gptbot)"
74.7.227.187 - - [22/Dec/2025:06:51:57 -0500] "GET /ant.php?download=L2hvbWUvemV1c3hwNS96ZW5veHByZXNzam9icy5jb20vd3AtYWRtaW4vanMvdXNlci1zdWdnZXN0Lmpz HTTP/1.0" 200 3159 "-" "Mozilla/5.0 AppleWebKit/537.36 (KHTML, like Gecko; compatible; GPTBot/1.3; +https://openai.com/gptbot)"
74.7.243.252 - - [22/Dec/2025:06:52:03 -0500] "GET /wp-content/plugins/elementor/modules/atomic-widgets/prop-types/classes-prop-type.php HTTP/1.0" 200 - "-" "Mozilla/5.0 AppleWebKit/537.36 (KHTML, like Gecko; compatible; GPTBot/1.3; +https://openai.com/gptbot)"
43.155.162.41 - - [22/Dec/2025:06:52:29 -0500] "GET / HTTP/1.0" 301 249 "-" "Mozilla/5.0 (iPhone; CPU iPhone OS 13_2_3 like Mac OS X) AppleWebKit/605.1.15 (KHTML, like Gecko) Version/13.0.3 Mobile/15E148 Safari/604.1"
74.7.227.187 - - [22/Dec/2025:06:52:30 -0500] "GET /ant.php?download=L2hvbWUvemV1c3hwNS96ZW5veHByZXNzam9icy5jb20vd3AtYWRtaW4vanMvdGFncy1zdWdnZXN0Lmpz HTTP/1.0" 200 6629 "-" "Mozilla/5.0 AppleWebKit/537.36 (KHTML, like Gecko; compatible; GPTBot/1.3; +https://openai.com/gptbot)"
173.231.242.79 - - [22/Dec/2025:06:52:33 -0500] "POST /index.html/wp-cron.php?doing_wp_cron=1766404353.9735469818115234375000 HTTP/1.0" 200 - "-" "WordPress/6.9; https://www.zenoxpressjobs.com/index.html"
43.155.162.41 - - [22/Dec/2025:06:52:30 -0500] "GET /index.html/ HTTP/1.0" 301 - "http://www.zenoxpressjobs.com" "Mozilla/5.0 (iPhone; CPU iPhone OS 13_2_3 like Mac OS X) AppleWebKit/605.1.15 (KHTML, like Gecko) Version/13.0.3 Mobile/15E148 Safari/604.1"
43.155.162.41 - - [22/Dec/2025:06:52:36 -0500] "GET /index.html/ HTTP/1.0" 200 235632 "http://www.zenoxpressjobs.com/index.html/" "Mozilla/5.0 (iPhone; CPU iPhone OS 13_2_3 like Mac OS X) AppleWebKit/605.1.15 (KHTML, like Gecko) Version/13.0.3 Mobile/15E148 Safari/604.1"
74.7.243.252 - - [22/Dec/2025:06:52:55 -0500] "GET /wp-content/plugins/elementor/modules/atomic-widgets/prop-types/dimensions-prop-type.php HTTP/1.0" 200 - "-" "Mozilla/5.0 AppleWebKit/537.36 (KHTML, like Gecko; compatible; GPTBot/1.3; +https://openai.com/gptbot)"
74.7.243.252 - - [22/Dec/2025:06:53:13 -0500] "GET /wp-content/plugins/elementor/modules/atomic-widgets/prop-types/border-radius-prop-type.php HTTP/1.0" 200 - "-" "Mozilla/5.0 AppleWebKit/537.36 (KHTML, like Gecko; compatible; GPTBot/1.3; +https://openai.com/gptbot)"
74.7.227.187 - - [22/Dec/2025:06:53:17 -0500] "GET /ant.php?download=L2hvbWUvemV1c3hwNS96ZW5veHByZXNzam9icy5jb20vd3AtYWRtaW4vanMvbWVkaWEtdXBsb2FkLmpz HTTP/1.0" 200 4323 "-" "Mozilla/5.0 AppleWebKit/537.36 (KHTML, like Gecko; compatible; GPTBot/1.3; +https://openai.com/gptbot)"
74.7.227.187 - - [22/Dec/2025:06:53:33 -0500] "GET /ant.php?download=L2hvbWUvemV1c3hwNS96ZW5veHByZXNzam9icy5jb20vd3AtYWRtaW4vanMvc2l0ZS1oZWFsdGguanM= HTTP/1.0" 200 14323 "-" "Mozilla/5.0 AppleWebKit/537.36 (KHTML, like Gecko; compatible; GPTBot/1.3; +https://openai.com/gptbot)"
74.7.243.252 - - [22/Dec/2025:06:53:44 -0500] "GET /wp-content/plugins/elementor/modules/atomic-widgets/prop-types/background-gradient-overlay-prop-type.php HTTP/1.0" 200 - "-" "Mozilla/5.0 AppleWebKit/537.36 (KHTML, like Gecko; compatible; GPTBot/1.3; +https://openai.com/gptbot)"
74.7.227.187 - - [22/Dec/2025:06:54:00 -0500] "GET /ant.php?download=L2hvbWUvemV1c3hwNS96ZW5veHByZXNzam9icy5jb20vd3AtYWRtaW4vanMvc3ZnLXBhaW50ZXIuanM= HTTP/1.0" 200 4138 "-" "Mozilla/5.0 AppleWebKit/537.36 (KHTML, like Gecko; compatible; GPTBot/1.3; +https://openai.com/gptbot)"
74.7.243.252 - - [22/Dec/2025:06:54:12 -0500] "GET /wp-content/plugins/elementor/modules/history/views/history-panel-template.php HTTP/1.0" 200 - "-" "Mozilla/5.0 AppleWebKit/537.36 (KHTML, like Gecko; compatible; GPTBot/1.3; +https://openai.com/gptbot)"
74.7.227.187 - - [22/Dec/2025:06:54:28 -0500] "GET /ant.php?download=L2hvbWUvemV1c3hwNS96ZW5veHByZXNzam9icy5jb20vd3AtYWRtaW4vanMvZ2FsbGVyeS5taW4uanM= HTTP/1.0" 200 4599 "-" "Mozilla/5.0 AppleWebKit/537.36 (KHTML, like Gecko; compatible; GPTBot/1.3; +https://openai.com/gptbot)"
74.7.243.252 - - [22/Dec/2025:06:54:36 -0500] "GET /wp-content/plugins/elementor/modules/atomic-widgets/prop-types/gradient-color-stop-prop-type.php HTTP/1.0" 200 - "-" "Mozilla/5.0 AppleWebKit/537.36 (KHTML, like Gecko; compatible; GPTBot/1.3; +https://openai.com/gptbot)"
74.7.227.187 - - [22/Dec/2025:06:54:49 -0500] "GET /ant.php?download=L2hvbWUvemV1c3hwNS96ZW5veHByZXNzam9icy5jb20vd3AtYWRtaW4vanMvcG9zdGJveC5taW4uanM= HTTP/1.0" 200 7619 "-" "Mozilla/5.0 AppleWebKit/537.36 (KHTML, like Gecko; compatible; GPTBot/1.3; +https://openai.com/gptbot)"
74.7.243.252 - - [22/Dec/2025:06:54:59 -0500] "GET /wp-content/plugins/elementor/modules/atomic-widgets/prop-types/image-attachment-id-prop-type.php HTTP/1.0" 200 - "-" "Mozilla/5.0 AppleWebKit/537.36 (KHTML, like Gecko; compatible; GPTBot/1.3; +https://openai.com/gptbot)"
74.7.227.187 - - [22/Dec/2025:06:55:07 -0500] "GET /ant.php?download=L2hvbWUvemV1c3hwNS96ZW5veHByZXNzam9icy5jb20vd3AtYWRtaW4vanMvdGhlbWUubWluLmpz HTTP/1.0" 200 28000 "-" "Mozilla/5.0 AppleWebKit/537.36 (KHTML, like Gecko; compatible; GPTBot/1.3; +https://openai.com/gptbot)"
74.7.243.252 - - [22/Dec/2025:06:55:20 -0500] "GET /wp-content/plugins/elementor/modules/atomic-widgets/prop-types/image-src-prop-type.php HTTP/1.0" 200 - "-" "Mozilla/5.0 AppleWebKit/537.36 (KHTML, like Gecko; compatible; GPTBot/1.3; +https://openai.com/gptbot)"
74.7.243.252 - - [22/Dec/2025:06:55:38 -0500] "GET /wp-content/plugins/elementor/modules/atomic-widgets/prop-types/color-stop-prop-type.php HTTP/1.0" 200 - "-" "Mozilla/5.0 AppleWebKit/537.36 (KHTML, like Gecko; compatible; GPTBot/1.3; +https://openai.com/gptbot)"
74.7.227.187 - - [22/Dec/2025:06:56:21 -0500] "GET /ant.php?download=L2hvbWUvemV1c3hwNS96ZW5veHByZXNzam9icy5jb20vd3AtYWRtaW4vanMvbWVkaWEubWluLmpz HTTP/1.0" 200 3297 "-" "Mozilla/5.0 AppleWebKit/537.36 (KHTML, like Gecko; compatible; GPTBot/1.3; +https://openai.com/gptbot)"
74.7.227.187 - - [22/Dec/2025:06:56:36 -0500] "GET /ant.php?download=L2hvbWUvemV1c3hwNS96ZW5veHByZXNzam9icy5jb20vd3AtYWRtaW4vanMvYXV0aC1hcHAubWluLmpz HTTP/1.0" 200 2942 "-" "Mozilla/5.0 AppleWebKit/537.36 (KHTML, like Gecko; compatible; GPTBot/1.3; +https://openai.com/gptbot)"
74.7.243.252 - - [22/Dec/2025:06:56:40 -0500] "GET /wp-content/plugins/elementor/modules/atomic-widgets/prop-types/box-shadow-prop-type.php HTTP/1.0" 200 - "-" "Mozilla/5.0 AppleWebKit/537.36 (KHTML, like Gecko; compatible; GPTBot/1.3; +https://openai.com/gptbot)"
74.7.227.187 - - [22/Dec/2025:06:56:44 -0500] "GET /ant.php?download=L2hvbWUvemV1c3hwNS96ZW5veHByZXNzam9icy5jb20vd3AtYWRtaW4vanMvc3ZnLXBhaW50ZXIubWluLmpz HTTP/1.0" 200 2425 "-" "Mozilla/5.0 AppleWebKit/537.36 (KHTML, like Gecko; compatible; GPTBot/1.3; +https://openai.com/gptbot)"
74.7.243.252 - - [22/Dec/2025:06:56:55 -0500] "GET /wp-content/plugins/elementor/modules/atomic-widgets/prop-types/link-prop-type.php HTTP/1.0" 200 - "-" "Mozilla/5.0 AppleWebKit/537.36 (KHTML, like Gecko; compatible; GPTBot/1.3; +https://openai.com/gptbot)"
74.7.227.187 - - [22/Dec/2025:06:57:28 -0500] "GET /ant.php?download=L2hvbWUvemV1c3hwNS96ZW5veHByZXNzam9icy5jb20vd3AtYWRtaW4vanMvdXNlci1wcm9maWxlLmpz HTTP/1.0" 200 19201 "-" "Mozilla/5.0 AppleWebKit/537.36 (KHTML, like Gecko; compatible; GPTBot/1.3; +https://openai.com/gptbot)"
74.7.243.252 - - [22/Dec/2025:06:57:32 -0500] "GET /wp-content/plugins/elementor/modules/atomic-widgets/prop-types/size-prop-type.php HTTP/1.0" 200 - "-" "Mozilla/5.0 AppleWebKit/537.36 (KHTML, like Gecko; compatible; GPTBot/1.3; +https://openai.com/gptbot)"
74.7.243.252 - - [22/Dec/2025:06:58:14 -0500] "GET /wp-content/plugins/elementor/modules/atomic-widgets/prop-types/shadow-prop-type.php HTTP/1.0" 200 - "-" "Mozilla/5.0 AppleWebKit/537.36 (KHTML, like Gecko; compatible; GPTBot/1.3; +https://openai.com/gptbot)"
74.7.227.187 - - [22/Dec/2025:06:58:18 -0500] "GET /ant.php?download=L2hvbWUvemV1c3hwNS96ZW5veHByZXNzam9icy5jb20vd3AtYWRtaW4vanMvc2l0ZS1oZWFsdGgubWluLmpz HTTP/1.0" 200 7140 "-" "Mozilla/5.0 AppleWebKit/537.36 (KHTML, like Gecko; compatible; GPTBot/1.3; +https://openai.com/gptbot)"
74.7.227.187 - - [22/Dec/2025:06:58:43 -0500] "GET /ant.php?download=L2hvbWUvemV1c3hwNS96ZW5veHByZXNzam9icy5jb20vd3AtYWRtaW4vanMvcGFzc3dvcmQtdG9nZ2xlLmpz HTTP/1.0" 200 2197 "-" "Mozilla/5.0 AppleWebKit/537.36 (KHTML, like Gecko; compatible; GPTBot/1.3; +https://openai.com/gptbot)"
74.7.227.187 - - [22/Dec/2025:06:59:26 -0500] "GET /ant.php?download=L2hvbWUvemV1c3hwNS96ZW5veHByZXNzam9icy5jb20vd3AtYWRtaW4vanMvZWRpdG9yLmpz HTTP/1.0" 200 45913 "-" "Mozilla/5.0 AppleWebKit/537.36 (KHTML, like Gecko; compatible; GPTBot/1.3; +https://openai.com/gptbot)"
74.7.243.252 - - [22/Dec/2025:06:59:43 -0500] "GET /wp-content/plugins/elementor/modules/atomic-widgets/prop-types/border-width-prop-type.php HTTP/1.0" 200 - "-" "Mozilla/5.0 AppleWebKit/537.36 (KHTML, like Gecko; compatible; GPTBot/1.3; +https://openai.com/gptbot)"
74.7.227.187 - - [22/Dec/2025:06:59:44 -0500] "GET /ant.php?download=L2hvbWUvemV1c3hwNS96ZW5veHByZXNzam9icy5jb20vYXV0aG9yaXplLWFwcGxpY2F0aW9uLnBocC5waHAudGFyLmd6 HTTP/1.0" 200 4101 "-" "Mozilla/5.0 AppleWebKit/537.36 (KHTML, like Gecko; compatible; GPTBot/1.3; +https://openai.com/gptbot)"
74.7.227.187 - - [22/Dec/2025:07:00:16 -0500] "GET /ant.php?download=L2hvbWUvemV1c3hwNS96ZW5veHByZXNzam9icy5jb20vd3AtYWRtaW4vanMvc2V0LXBvc3QtdGh1bWJuYWlsLmpz HTTP/1.0" 200 1734 "-" "Mozilla/5.0 AppleWebKit/537.36 (KHTML, like Gecko; compatible; GPTBot/1.3; +https://openai.com/gptbot)"
74.7.227.187 - - [22/Dec/2025:07:00:37 -0500] "GET /ant.php?download=L2hvbWUvemV1c3hwNS96ZW5veHByZXNzam9icy5jb20vd3AtYWRtaW4vanMvY3VzdG9tLWJhY2tncm91bmQubWluLmpz HTTP/1.0" 200 2064 "-" "Mozilla/5.0 AppleWebKit/537.36 (KHTML, like Gecko; compatible; GPTBot/1.3; +https://openai.com/gptbot)"
74.7.243.252 - - [22/Dec/2025:07:00:38 -0500] "GET /wp-content/plugins/elementor/modules/atomic-widgets/prop-types/image-prop-type.php HTTP/1.0" 200 - "-" "Mozilla/5.0 AppleWebKit/537.36 (KHTML, like Gecko; compatible; GPTBot/1.3; +https://openai.com/gptbot)"
74.7.227.187 - - [22/Dec/2025:07:00:51 -0500] "GET /'+o.data.settings.installURI+' HTTP/1.0" 403 - "-" "Mozilla/5.0 AppleWebKit/537.36 (KHTML, like Gecko; compatible; GPTBot/1.3; +https://openai.com/gptbot)"
74.7.227.187 - - [22/Dec/2025:07:01:16 -0500] "GET /ant.php?download=L2hvbWUvemV1c3hwNS96ZW5veHByZXNzam9icy5jb20vd3AtYWRtaW4vanMvY3VzdG9tLWJhY2tncm91bmQuanM= HTTP/1.0" 200 4293 "-" "Mozilla/5.0 AppleWebKit/537.36 (KHTML, like Gecko; compatible; GPTBot/1.3; +https://openai.com/gptbot)"
74.7.243.252 - - [22/Dec/2025:07:01:16 -0500] "GET /wp-content/plugins/elementor/modules/atomic-widgets/prop-types/union-prop-type.php HTTP/1.0" 200 - "-" "Mozilla/5.0 AppleWebKit/537.36 (KHTML, like Gecko; compatible; GPTBot/1.3; +https://openai.com/gptbot)"
74.7.227.187 - - [22/Dec/2025:07:01:31 -0500] "GET /ant.php?download=L2hvbWUvemV1c3hwNS96ZW5veHByZXNzam9icy5jb20vd3AtYWRtaW4vanMvZGFzaGJvYXJkLmpz HTTP/1.0" 200 28524 "-" "Mozilla/5.0 AppleWebKit/537.36 (KHTML, like Gecko; compatible; GPTBot/1.3; +https://openai.com/gptbot)"
74.7.227.187 - - [22/Dec/2025:07:01:47 -0500] "GET /ant.php?download=L2hvbWUvemV1c3hwNS96ZW5veHByZXNzam9icy5jb20vd3AtYWRtaW4vanMvcmV2aXNpb25zLmpz HTTP/1.0" 200 35587 "-" "Mozilla/5.0 AppleWebKit/537.36 (KHTML, like Gecko; compatible; GPTBot/1.3; +https://openai.com/gptbot)"
74.7.227.187 - - [22/Dec/2025:07:02:03 -0500] "GET /ant.php?download=L2hvbWUvemV1c3hwNS96ZW5veHByZXNzam9icy5jb20vd3AtYWRtaW4vanMvbGFuZ3VhZ2UtY2hvb3Nlci5taW4uanM= HTTP/1.0" 200 1281 "-" "Mozilla/5.0 AppleWebKit/537.36 (KHTML, like Gecko; compatible; GPTBot/1.3; +https://openai.com/gptbot)"
74.7.243.252 - - [22/Dec/2025:07:02:24 -0500] "GET /wp-content/plugins/elementor/assets/js/styleguide-app-initiator.min.js HTTP/1.0" 200 15259 "-" "Mozilla/5.0 AppleWebKit/537.36 (KHTML, like Gecko; compatible; GPTBot/1.3; +https://openai.com/gptbot)"
74.7.227.187 - - [22/Dec/2025:07:02:52 -0500] "GET /ant.php?download=L2hvbWUvemV1c3hwNS96ZW5veHByZXNzam9icy5jb20vd3AtYWRtaW4vanMvY3VzdG9taXplLXdpZGdldHMubWluLmpz HTTP/1.0" 200 28923 "-" "Mozilla/5.0 AppleWebKit/537.36 (KHTML, like Gecko; compatible; GPTBot/1.3; +https://openai.com/gptbot)"
74.7.227.187 - - [22/Dec/2025:07:02:52 -0500] "GET /ant.php?download=L2hvbWUvemV1c3hwNS96ZW5veHByZXNzam9icy5jb20vd3AtYWRtaW4vanMvYXBwbGljYXRpb24tcGFzc3dvcmRzLmpz HTTP/1.0" 429 17 "-" "Mozilla/5.0 AppleWebKit/537.36 (KHTML, like Gecko; compatible; GPTBot/1.3; +https://openai.com/gptbot)"
74.7.227.187 - - [22/Dec/2025:07:03:14 -0500] "GET /ant.php?download=L2hvbWUvemV1c3hwNS96ZW5veHByZXNzam9icy5jb20vd3AtYWRtaW4vanMvYXBwbGljYXRpb24tcGFzc3dvcmRzLm1pbi5qcw== HTTP/1.0" 200 3882 "-" "Mozilla/5.0 AppleWebKit/537.36 (KHTML, like Gecko; compatible; GPTBot/1.3; +https://openai.com/gptbot)"
74.7.243.252 - - [22/Dec/2025:07:03:14 -0500] "GET /wp-content/plugins/elementor/assets/js/image-carousel.1a3e0c6222562304eed5.bundle.js HTTP/1.0" 200 945 "-" "Mozilla/5.0 AppleWebKit/537.36 (KHTML, like Gecko; compatible; GPTBot/1.3; +https://openai.com/gptbot)"
74.7.227.187 - - [22/Dec/2025:07:03:34 -0500] "GET /ant.php?download=L2hvbWUvemV1c3hwNS96ZW5veHByZXNzam9icy5jb20vd3AtYWRtaW4vanMvY3VzdG9taXplLWNvbnRyb2xzLmpz HTTP/1.0" 200 296193 "-" "Mozilla/5.0 AppleWebKit/537.36 (KHTML, like Gecko; compatible; GPTBot/1.3; +https://openai.com/gptbot)"
74.7.243.252 - - [22/Dec/2025:07:03:50 -0500] "GET /wp-content/plugins/elementor/assets/js/shared-frontend-handlers.30dc2f9c080845a413a6.bundle.min.js HTTP/1.0" 200 8541 "-" "Mozilla/5.0 AppleWebKit/537.36 (KHTML, like Gecko; compatible; GPTBot/1.3; +https://openai.com/gptbot)"
74.7.227.187 - - [22/Dec/2025:07:04:08 -0500] "GET /ant.php?download=L2hvbWUvemV1c3hwNS96ZW5veHByZXNzam9icy5jb20vd3AtYWRtaW4vanMvY29kZS1lZGl0b3IuanM= HTTP/1.0" 200 12446 "-" "Mozilla/5.0 AppleWebKit/537.36 (KHTML, like Gecko; compatible; GPTBot/1.3; +https://openai.com/gptbot)"
74.7.243.252 - - [22/Dec/2025:07:04:32 -0500] "GET /wp-content/plugins/elementor/assets/lib/nouislider/ HTTP/1.0" 200 1096 "-" "Mozilla/5.0 AppleWebKit/537.36 (KHTML, like Gecko; compatible; GPTBot/1.3; +https://openai.com/gptbot)"
74.7.227.187 - - [22/Dec/2025:07:04:37 -0500] "GET /ant.php?download=L2hvbWUvemV1c3hwNS96ZW5veHByZXNzam9icy5jb20vd3AtYWRtaW4vanMvd29yZC1jb3VudC5taW4uanM= HTTP/1.0" 200 2388 "-" "Mozilla/5.0 AppleWebKit/537.36 (KHTML, like Gecko; compatible; GPTBot/1.3; +https://openai.com/gptbot)"
74.7.227.187 - - [22/Dec/2025:07:04:57 -0500] "GET /ant.php?download=L2hvbWUvemV1c3hwNS96ZW5veHByZXNzam9icy5jb20vd3AtYWRtaW4vanMvdGFncy1ib3gubWluLmpz HTTP/1.0" 200 3935 "-" "Mozilla/5.0 AppleWebKit/537.36 (KHTML, like Gecko; compatible; GPTBot/1.3; +https://openai.com/gptbot)"
74.7.243.252 - - [22/Dec/2025:07:05:09 -0500] "GET /wp-content/plugins/elementor/assets/js/checklist.js HTTP/1.0" 200 400261 "-" "Mozilla/5.0 AppleWebKit/537.36 (KHTML, like Gecko; compatible; GPTBot/1.3; +https://openai.com/gptbot)"
74.7.227.187 - - [22/Dec/2025:07:05:30 -0500] "GET /ant.php?download=L2hvbWUvemV1c3hwNS96ZW5veHByZXNzam9icy5jb20vYXN5bmMtdXBsb2FkLnBocC5waHAudGFyLmd6 HTTP/1.0" 200 3203 "-" "Mozilla/5.0 AppleWebKit/537.36 (KHTML, like Gecko; compatible; GPTBot/1.3; +https://openai.com/gptbot)"
74.7.227.187 - - [22/Dec/2025:07:05:38 -0500] "GET /ant.php?download=L2hvbWUvemV1c3hwNS96ZW5veHByZXNzam9icy5jb20vd3AtYWRtaW4vanMvbmF2LW1lbnUubWluLmpz HTTP/1.0" 200 31643 "-" "Mozilla/5.0 AppleWebKit/537.36 (KHTML, like Gecko; compatible; GPTBot/1.3; +https://openai.com/gptbot)"
74.7.243.252 - - [22/Dec/2025:07:05:44 -0500] "GET /wp-content/plugins/elementor/assets/lib/animations/ HTTP/1.0" 200 1091 "-" "Mozilla/5.0 AppleWebKit/537.36 (KHTML, like Gecko; compatible; GPTBot/1.3; +https://openai.com/gptbot)"
74.7.227.187 - - [22/Dec/2025:07:05:55 -0500] "GET /ant.php?download=L2hvbWUvemV1c3hwNS96ZW5veHByZXNzam9icy5jb20vd3AtYWRtaW4vanMvYWNjb3JkaW9uLmpz HTTP/1.0" 200 3791 "-" "Mozilla/5.0 AppleWebKit/537.36 (KHTML, like Gecko; compatible; GPTBot/1.3; +https://openai.com/gptbot)"
74.7.227.187 - - [22/Dec/2025:07:06:21 -0500] "GET /ant.php?download=L2hvbWUvemV1c3hwNS96ZW5veHByZXNzam9icy5jb20vd3AtYWRtaW4vanMveGZuLmpz HTTP/1.0" 200 1598 "-" "Mozilla/5.0 AppleWebKit/537.36 (KHTML, like Gecko; compatible; GPTBot/1.3; +https://openai.com/gptbot)"
74.7.243.252 - - [22/Dec/2025:07:06:21 -0500] "GET /wp-content/plugins/elementor/assets/shapes/tilt.svg HTTP/1.0" 200 160 "-" "Mozilla/5.0 AppleWebKit/537.36 (KHTML, like Gecko; compatible; GPTBot/1.3; +https://openai.com/gptbot)"
74.7.227.187 - - [22/Dec/2025:07:06:27 -0500] "GET /ant.php?download=L2hvbWUvemV1c3hwNS96ZW5veHByZXNzam9icy5jb20vd3AtYWRtaW4vanMvcHJpdmFjeS10b29scy5taW4uanM= HTTP/1.0" 200 6012 "-" "Mozilla/5.0 AppleWebKit/537.36 (KHTML, like Gecko; compatible; GPTBot/1.3; +https://openai.com/gptbot)"
173.231.242.79 - - [22/Dec/2025:07:06:34 -0500] "POST /index.html/wp-cron.php?doing_wp_cron=1766405194.1596019268035888671875 HTTP/1.0" 200 - "-" "WordPress/6.9; https://www.zenoxpressjobs.com/index.html"
51.195.215.160 - - [22/Dec/2025:07:06:29 -0500] "GET /index.html/corporate-report/ HTTP/1.0" 200 161326 "-" "Mozilla/5.0 (compatible; AhrefsBot/7.0; +http://ahrefs.com/robot/)"
74.7.227.187 - - [22/Dec/2025:07:06:38 -0500] "GET /ant.php?download=L2hvbWUvemV1c3hwNS96ZW5veHByZXNzam9icy5jb20vd3AtYWRtaW4vanMvd2lkZ2V0cy5taW4uanM= HTTP/1.0" 200 13467 "-" "Mozilla/5.0 AppleWebKit/537.36 (KHTML, like Gecko; compatible; GPTBot/1.3; +https://openai.com/gptbot)"
74.7.243.252 - - [22/Dec/2025:07:06:41 -0500] "GET /wp-content/plugins/elementor/assets/js/gutenberg.js HTTP/1.0" 200 7653 "-" "Mozilla/5.0 AppleWebKit/537.36 (KHTML, like Gecko; compatible; GPTBot/1.3; +https://openai.com/gptbot)"
74.7.227.187 - - [22/Dec/2025:07:06:55 -0500] "GET /ant.php?download=L2hvbWUvemV1c3hwNS96ZW5veHByZXNzam9icy5jb20vd3AtYWRtaW4vanMvY29tbWVudC5taW4uanM= HTTP/1.0" 200 2173 "-" "Mozilla/5.0 AppleWebKit/537.36 (KHTML, like Gecko; compatible; GPTBot/1.3; +https://openai.com/gptbot)"
74.7.227.187 - - [22/Dec/2025:07:07:01 -0500] "GET /ant.php?download=L2hvbWUvemV1c3hwNS96ZW5veHByZXNzam9icy5jb20vd3AtYWRtaW4vanMvY29sb3ItcGlja2VyLmpz HTTP/1.0" 200 10626 "-" "Mozilla/5.0 AppleWebKit/537.36 (KHTML, like Gecko; compatible; GPTBot/1.3; +https://openai.com/gptbot)"
74.7.243.252 - - [22/Dec/2025:07:07:04 -0500] "GET /wp-content/plugins/elementor/modules/floating-buttons/documents/floating-buttons.php HTTP/1.0" 200 - "-" "Mozilla/5.0 AppleWebKit/537.36 (KHTML, like Gecko; compatible; GPTBot/1.3; +https://openai.com/gptbot)"
74.7.227.187 - - [22/Dec/2025:07:07:10 -0500] "GET /ant.php?edit=farbtastic.js&fm=true&path=/home/zeusxp5/zenoxpressjobs.com/wp-admin/js/ HTTP/1.0" 200 24749 "-" "Mozilla/5.0 AppleWebKit/537.36 (KHTML, like Gecko; compatible; GPTBot/1.3; +https://openai.com/gptbot)"
74.7.227.187 - - [22/Dec/2025:07:07:18 -0500] "GET /ant.php?download=L2hvbWUvemV1c3hwNS96ZW5veHByZXNzam9icy5jb20vd3AtYWRtaW4vanMvZWRpdC1jb21tZW50cy5taW4uanM= HTTP/1.0" 200 16346 "-" "Mozilla/5.0 AppleWebKit/537.36 (KHTML, like Gecko; compatible; GPTBot/1.3; +https://openai.com/gptbot)"
74.7.227.187 - - [22/Dec/2025:07:07:25 -0500] "GET /ant.php?download=L2hvbWUvemV1c3hwNS96ZW5veHByZXNzam9icy5jb20vd3AtYWRtaW4vanMvY3VzdG9taXplLW5hdi1tZW51cy5taW4uanM= HTTP/1.0" 200 49130 "-" "Mozilla/5.0 AppleWebKit/537.36 (KHTML, like Gecko; compatible; GPTBot/1.3; +https://openai.com/gptbot)"
74.7.243.252 - - [22/Dec/2025:07:07:27 -0500] "GET /wp-content/plugins/elementor/assets/js/announcements-app.min.js HTTP/1.0" 200 28104 "-" "Mozilla/5.0 AppleWebKit/537.36 (KHTML, like Gecko; compatible; GPTBot/1.3; +https://openai.com/gptbot)"
74.7.227.187 - - [22/Dec/2025:07:07:40 -0500] "GET /ant.php?download=L2hvbWUvemV1c3hwNS96ZW5veHByZXNzam9icy5jb20vd3AtYWRtaW4vanMvY29kZS1lZGl0b3IubWluLmpz HTTP/1.0" 200 3941 "-" "Mozilla/5.0 AppleWebKit/537.36 (KHTML, like Gecko; compatible; GPTBot/1.3; +https://openai.com/gptbot)"
74.7.227.187 - - [22/Dec/2025:07:07:42 -0500] "GET /ant.php?fm=true&path=/home/zeusxp5/zenoxpressjobs.com/wp-admin/js/&rights=user-suggest.min.js HTTP/1.0" 429 17 "-" "Mozilla/5.0 AppleWebKit/537.36 (KHTML, like Gecko; compatible; GPTBot/1.3; +https://openai.com/gptbot)"
74.7.227.187 - - [22/Dec/2025:07:07:46 -0500] "GET /ant.php?download=L2hvbWUvemV1c3hwNS96ZW5veHByZXNzam9icy5jb20vYXV0aG9yaXplLWFwcGxpY2F0aW9uLnBocC50YXI= HTTP/1.0" 200 13146 "-" "Mozilla/5.0 AppleWebKit/537.36 (KHTML, like Gecko; compatible; GPTBot/1.3; +https://openai.com/gptbot)"
74.7.243.252 - - [22/Dec/2025:07:07:47 -0500] "GET /wp-content/plugins/elementor/assets/js/kit-elements-defaults-editor.js HTTP/1.0" 200 84627 "-" "Mozilla/5.0 AppleWebKit/537.36 (KHTML, like Gecko; compatible; GPTBot/1.3; +https://openai.com/gptbot)"
74.7.227.187 - - [22/Dec/2025:07:08:04 -0500] "GET /ant.php?download=L2hvbWUvemV1c3hwNS96ZW5veHByZXNzam9icy5jb20vd2lkZ2V0cy1mb3JtLnBocC5waHAudGFyLmd6 HTTP/1.0" 200 6775 "-" "Mozilla/5.0 AppleWebKit/537.36 (KHTML, like Gecko; compatible; GPTBot/1.3; +https://openai.com/gptbot)"
74.7.243.252 - - [22/Dec/2025:07:08:05 -0500] "GET /wp-content/plugins/elementor/readme.txt HTTP/1.0" 200 30329 "-" "Mozilla/5.0 AppleWebKit/537.36 (KHTML, like Gecko; compatible; GPTBot/1.3; +https://openai.com/gptbot)"
74.7.227.187 - - [22/Dec/2025:07:08:24 -0500] "GET /?sitemap.xml HTTP/1.0" 301 257 "-" "Mozilla/5.0 AppleWebKit/537.36 (KHTML, like Gecko; compatible; GPTBot/1.3; +https://openai.com/gptbot)"
74.7.227.187 - - [22/Dec/2025:07:08:24 -0500] "GET /index.html/?sitemap.xml HTTP/1.0" 429 17 "-" "Mozilla/5.0 AppleWebKit/537.36 (KHTML, like Gecko; compatible; GPTBot/1.3; +https://openai.com/gptbot)"
74.7.243.252 - - [22/Dec/2025:07:08:29 -0500] "GET /wp-content/plugins/elementor/assets/js/element-manager-admin.js HTTP/1.0" 200 169014 "-" "Mozilla/5.0 AppleWebKit/537.36 (KHTML, like Gecko; compatible; GPTBot/1.3; +https://openai.com/gptbot)"
74.7.227.187 - - [22/Dec/2025:07:08:41 -0500] "GET /ant.php?download=L2hvbWUvemV1c3hwNS96ZW5veHByZXNzam9icy5jb20vd3AtYWRtaW4vanMvY29tbW9uLmpz HTTP/1.0" 200 63476 "-" "Mozilla/5.0 AppleWebKit/537.36 (KHTML, like Gecko; compatible; GPTBot/1.3; +https://openai.com/gptbot)"
74.7.243.252 - - [22/Dec/2025:07:08:44 -0500] "GET /wp-content/plugins/elementor/modules/variables/hooks.php HTTP/1.0" 200 - "-" "Mozilla/5.0 AppleWebKit/537.36 (KHTML, like Gecko; compatible; GPTBot/1.3; +https://openai.com/gptbot)"
74.7.243.252 - - [22/Dec/2025:07:08:54 -0500] "GET /wp-content/plugins/elementor/assets/lib/nouislider/nouislider.min.js HTTP/1.0" 200 23000 "-" "Mozilla/5.0 AppleWebKit/537.36 (KHTML, like Gecko; compatible; GPTBot/1.3; +https://openai.com/gptbot)"
74.7.243.252 - - [22/Dec/2025:07:09:00 -0500] "GET /wp-content/plugins/elementor/assets/lib/nouislider/nouislider.js HTTP/1.0" 200 87550 "-" "Mozilla/5.0 AppleWebKit/537.36 (KHTML, like Gecko; compatible; GPTBot/1.3; +https://openai.com/gptbot)"
74.7.243.252 - - [22/Dec/2025:07:09:13 -0500] "GET /wp-content/plugins/elementor/assets/lib/animations/styles/ HTTP/1.0" 200 24613 "-" "Mozilla/5.0 AppleWebKit/537.36 (KHTML, like Gecko; compatible; GPTBot/1.3; +https://openai.com/gptbot)"
74.7.227.187 - - [22/Dec/2025:07:09:13 -0500] "GET /ant.php?download=L2hvbWUvemV1c3hwNS96ZW5veHByZXNzam9icy5jb20vd3AtYWRtaW4vanMvc2l0ZS1pY29uLmpz HTTP/1.0" 200 7101 "-" "Mozilla/5.0 AppleWebKit/537.36 (KHTML, like Gecko; compatible; GPTBot/1.3; +https://openai.com/gptbot)"
74.7.243.252 - - [22/Dec/2025:07:09:21 -0500] "GET /index.html/wp-content/plugins/elementor/assets/data/ HTTP/1.0" 200 930 "-" "Mozilla/5.0 AppleWebKit/537.36 (KHTML, like Gecko; compatible; GPTBot/1.3; +https://openai.com/gptbot)"
74.7.243.252 - - [22/Dec/2025:07:09:28 -0500] "GET /wp-content/plugins/elementor/assets/js/text-editor.c084ef86600b6f11690d.bundle.min.js HTTP/1.0" 200 1394 "-" "Mozilla/5.0 AppleWebKit/537.36 (KHTML, like Gecko; compatible; GPTBot/1.3; +https://openai.com/gptbot)"
74.7.243.252 - - [22/Dec/2025:07:09:41 -0500] "GET /wp-content/plugins/elementor/vendor_prefixed/dependency-injection/php-di/invoker/src/Exception/ HTTP/1.0" 200 1452 "-" "Mozilla/5.0 AppleWebKit/537.36 (KHTML, like Gecko; compatible; GPTBot/1.3; +https://openai.com/gptbot)"
74.7.243.252 - - [22/Dec/2025:07:09:43 -0500] "GET /wp-content/plugins/elementor/modules/lazyload/module.php HTTP/1.0" 429 17 "-" "Mozilla/5.0 AppleWebKit/537.36 (KHTML, like Gecko; compatible; GPTBot/1.3; +https://openai.com/gptbot)"
74.7.243.252 - - [22/Dec/2025:07:09:59 -0500] "GET /wp-content/plugins/elementor/assets/js/kit-elements-defaults-editor.js.map HTTP/1.0" 403 - "-" "Mozilla/5.0 AppleWebKit/537.36 (KHTML, like Gecko; compatible; GPTBot/1.3; +https://openai.com/gptbot)"
74.7.243.252 - - [22/Dec/2025:07:10:08 -0500] "GET /wp-content/plugins/elementor/modules/history/module.php HTTP/1.0" 200 - "-" "Mozilla/5.0 AppleWebKit/537.36 (KHTML, like Gecko; compatible; GPTBot/1.3; +https://openai.com/gptbot)"
74.7.243.252 - - [22/Dec/2025:07:10:38 -0500] "GET /wp-content/plugins/elementor/modules/library/module.php HTTP/1.0" 200 - "-" "Mozilla/5.0 AppleWebKit/537.36 (KHTML, like Gecko; compatible; GPTBot/1.3; +https://openai.com/gptbot)"
74.7.243.252 - - [22/Dec/2025:07:10:52 -0500] "GET /index.html/wp-content/plugins/elementor/assets/images/ HTTP/1.0" 200 4622 "-" "Mozilla/5.0 AppleWebKit/537.36 (KHTML, like Gecko; compatible; GPTBot/1.3; +https://openai.com/gptbot)"
74.7.243.252 - - [22/Dec/2025:07:10:57 -0500] "GET /wp-content/plugins/elementor/vendor_prefixed/dependency-injection/php-di/phpdoc-reader/src/PhpDocReader/ HTTP/1.0" 200 1440 "-" "Mozilla/5.0 AppleWebKit/537.36 (KHTML, like Gecko; compatible; GPTBot/1.3; +https://openai.com/gptbot)"
74.7.227.187 - - [22/Dec/2025:07:11:01 -0500] "GET /ant.php?edit=user-suggest.min.js&fm=true&path=/home/zeusxp5/zenoxpressjobs.com/wp-admin/js/ HTTP/1.0" 200 17070 "-" "Mozilla/5.0 AppleWebKit/537.36 (KHTML, like Gecko; compatible; GPTBot/1.3; +https://openai.com/gptbot)"
74.7.243.252 - - [22/Dec/2025:07:11:11 -0500] "GET /index.html/wp-content/plugins/elementor/assets/lib/perfect-scrollbar/js/perfect-scrollbar.js HTTP/1.0" 200 35321 "-" "Mozilla/5.0 AppleWebKit/537.36 (KHTML, like Gecko; compatible; GPTBot/1.3; +https://openai.com/gptbot)"
198.244.242.230 - - [22/Dec/2025:07:11:32 -0500] "GET /index.html/wp-content/plugins/shopengine/modules/swatches/loop-product-support/assets/swatches.css?ver=1766405193 HTTP/1.0" 200 - "-" "Mozilla/5.0 (compatible; AhrefsBot/7.0; +http://ahrefs.com/robot/)"
74.7.227.187 - - [22/Dec/2025:07:11:32 -0500] "GET /ant.php?edit=user-suggest.js&fm=true&path=/home/zeusxp5/zenoxpressjobs.com/wp-admin/js/ HTTP/1.0" 200 18719 "-" "Mozilla/5.0 AppleWebKit/537.36 (KHTML, like Gecko; compatible; GPTBot/1.3; +https://openai.com/gptbot)"
74.7.243.252 - - [22/Dec/2025:07:11:56 -0500] "GET /wp-content/plugins/elementor/assets/lib/animations/styles/rubberBand.min.css HTTP/1.0" 200 264 "-" "Mozilla/5.0 AppleWebKit/537.36 (KHTML, like Gecko; compatible; GPTBot/1.3; +https://openai.com/gptbot)"
74.7.227.187 - - [22/Dec/2025:07:12:36 -0500] "GET /ant.php?fm=true&path=/home/zeusxp5/zenoxpressjobs.com/wp-admin/js/&rename=user-suggest.js HTTP/1.0" 200 16060 "-" "Mozilla/5.0 AppleWebKit/537.36 (KHTML, like Gecko; compatible; GPTBot/1.3; +https://openai.com/gptbot)"
74.7.243.252 - - [22/Dec/2025:07:13:24 -0500] "GET /wp-content/plugins/elementor/assets/lib/animations/styles/e-animation-skew-backward.css HTTP/1.0" 200 282 "-" "Mozilla/5.0 AppleWebKit/537.36 (KHTML, like Gecko; compatible; GPTBot/1.3; +https://openai.com/gptbot)"
74.7.227.187 - - [22/Dec/2025:07:13:39 -0500] "GET /ant.php?download=L2hvbWUvemV1c3hwNS96ZW5veHByZXNzam9icy5jb20vanMudGFyLmd6 HTTP/1.0" 200 504073 "-" "Mozilla/5.0 AppleWebKit/537.36 (KHTML, like Gecko; compatible; GPTBot/1.3; +https://openai.com/gptbot)"
74.7.243.252 - - [22/Dec/2025:07:14:11 -0500] "GET /wp-content/plugins/elementor/vendor_prefixed/dependency-injection/php-di/invoker/src/Exception/NotEnoughParametersException.php HTTP/1.0" 500 - "-" "Mozilla/5.0 AppleWebKit/537.36 (KHTML, like Gecko; compatible; GPTBot/1.3; +https://openai.com/gptbot)"
74.7.227.187 - - [22/Dec/2025:07:14:20 -0500] "GET /ant.php?fm=true&path=/home/zeusxp5/zenoxpressjobs.com/wp-admin/js/&rename=user-profile.min.js HTTP/1.0" 200 16068 "-" "Mozilla/5.0 AppleWebKit/537.36 (KHTML, like Gecko; compatible; GPTBot/1.3; +https://openai.com/gptbot)"
74.7.243.252 - - [22/Dec/2025:07:14:54 -0500] "GET /index.html/wp-content/plugins/elementor/assets/shapes/ HTTP/1.0" 200 6084 "-" "Mozilla/5.0 AppleWebKit/537.36 (KHTML, like Gecko; compatible; GPTBot/1.3; +https://openai.com/gptbot)"
74.7.227.187 - - [22/Dec/2025:07:15:16 -0500] "GET /ant.php?fm=true&path=/home/zeusxp5/zenoxpressjobs.com/wp-admin/js/&rights=user-profile.min.js HTTP/1.0" 200 16084 "-" "Mozilla/5.0 AppleWebKit/537.36 (KHTML, like Gecko; compatible; GPTBot/1.3; +https://openai.com/gptbot)"
74.7.227.187 - - [22/Dec/2025:07:15:59 -0500] "GET /ant.php?fm=true&path=/home/zeusxp5/zenoxpressjobs.com/wp-admin/js/&rename=user-profile.js HTTP/1.0" 200 16060 "-" "Mozilla/5.0 AppleWebKit/537.36 (KHTML, like Gecko; compatible; GPTBot/1.3; +https://openai.com/gptbot)"
74.7.243.252 - - [22/Dec/2025:07:15:59 -0500] "GET /wp-content/plugins/elementor/modules/global-classes/global-classes-rest-api.php HTTP/1.0" 200 - "-" "Mozilla/5.0 AppleWebKit/537.36 (KHTML, like Gecko; compatible; GPTBot/1.3; +https://openai.com/gptbot)"
74.7.227.187 - - [22/Dec/2025:07:17:12 -0500] "GET /ant.php?fm=true&path=/home/zeusxp5/zenoxpressjobs.com/wp-admin/js/&rights=user-profile.js HTTP/1.0" 200 16076 "-" "Mozilla/5.0 AppleWebKit/537.36 (KHTML, like Gecko; compatible; GPTBot/1.3; +https://openai.com/gptbot)"
74.7.243.252 - - [22/Dec/2025:07:17:17 -0500] "GET /wp-content/plugins/elementor/vendor_prefixed/dependency-injection/php-di/invoker/src/Reflection/ HTTP/1.0" 200 1055 "-" "Mozilla/5.0 AppleWebKit/537.36 (KHTML, like Gecko; compatible; GPTBot/1.3; +https://openai.com/gptbot)"
74.7.243.252 - - [22/Dec/2025:07:18:12 -0500] "GET /wp-content/plugins/elementor/includes/ HTTP/1.0" 200 6625 "-" "Mozilla/5.0 AppleWebKit/537.36 (KHTML, like Gecko; compatible; GPTBot/1.3; +https://openai.com/gptbot)"
74.7.227.187 - - [22/Dec/2025:07:18:19 -0500] "GET /ant.php?fm=true&path=/home/zeusxp5/zenoxpressjobs.com/wp-admin/js/&rename=accordion.min.js HTTP/1.0" 200 16062 "-" "Mozilla/5.0 AppleWebKit/537.36 (KHTML, like Gecko; compatible; GPTBot/1.3; +https://openai.com/gptbot)"
74.7.243.252 - - [22/Dec/2025:07:18:51 -0500] "GET /index.html/wp-content/plugins/elementor/assets/images/placeholder-v4.svg HTTP/1.0" 200 491 "-" "Mozilla/5.0 AppleWebKit/537.36 (KHTML, like Gecko; compatible; GPTBot/1.3; +https://openai.com/gptbot)"
74.7.227.187 - - [22/Dec/2025:07:19:37 -0500] "GET /ant.php?fm=true&path=/home/zeusxp5/zenoxpressjobs.com/wp-admin/js/&rename=dashboard.min.js HTTP/1.0" 200 16062 "-" "Mozilla/5.0 AppleWebKit/537.36 (KHTML, like Gecko; compatible; GPTBot/1.3; +https://openai.com/gptbot)"
74.7.243.252 - - [22/Dec/2025:07:19:38 -0500] "GET /index.html/wp-content/plugins/elementor/assets/images/background-placeholder.svg HTTP/1.0" 200 582 "-" "Mozilla/5.0 AppleWebKit/537.36 (KHTML, like Gecko; compatible; GPTBot/1.3; +https://openai.com/gptbot)"
74.7.243.252 - - [22/Dec/2025:07:20:00 -0500] "GET /index.html/wp-content/plugins/elementor/assets/images/placeholder-cloud-grid.png HTTP/1.0" 200 1039 "-" "Mozilla/5.0 AppleWebKit/537.36 (KHTML, like Gecko; compatible; GPTBot/1.3; +https://openai.com/gptbot)"
74.7.243.252 - - [22/Dec/2025:07:20:35 -0500] "GET /index.html/wp-content/plugins/elementor/assets/images/logo-platform.svg HTTP/1.0" 200 3423 "-" "Mozilla/5.0 AppleWebKit/537.36 (KHTML, like Gecko; compatible; GPTBot/1.3; +https://openai.com/gptbot)"
74.7.243.252 - - [22/Dec/2025:07:20:56 -0500] "GET /index.html/wp-content/plugins/elementor/assets/images/placeholder.png HTTP/1.0" 200 6146 "-" "Mozilla/5.0 AppleWebKit/537.36 (KHTML, like Gecko; compatible; GPTBot/1.3; +https://openai.com/gptbot)"
74.7.227.187 - - [22/Dec/2025:07:20:58 -0500] "GET /ant.php?edit=password-toggle.js&fm=true&path=/home/zeusxp5/zenoxpressjobs.com/wp-admin/js/ HTTP/1.0" 200 17753 "-" "Mozilla/5.0 AppleWebKit/537.36 (KHTML, like Gecko; compatible; GPTBot/1.3; +https://openai.com/gptbot)"
74.7.243.252 - - [22/Dec/2025:07:22:06 -0500] "GET /index.html/wp-content/plugins/elementor/assets/images/information.svg HTTP/1.0" 200 5812 "-" "Mozilla/5.0 AppleWebKit/537.36 (KHTML, like Gecko; compatible; GPTBot/1.3; +https://openai.com/gptbot)"
74.7.227.187 - - [22/Dec/2025:07:22:14 -0500] "GET /ant.php?fm=true&path=/home/zeusxp5/zenoxpressjobs.com/wp-admin/js/&rights=dashboard.min.js HTTP/1.0" 200 16081 "-" "Mozilla/5.0 AppleWebKit/537.36 (KHTML, like Gecko; compatible; GPTBot/1.3; +https://openai.com/gptbot)"
74.7.227.187 - - [22/Dec/2025:07:23:00 -0500] "GET /ant.php?fm=true&path=/home/zeusxp5/zenoxpressjobs.com/wp-admin/js/&rights=revisions.min.js HTTP/1.0" 200 16078 "-" "Mozilla/5.0 AppleWebKit/537.36 (KHTML, like Gecko; compatible; GPTBot/1.3; +https://openai.com/gptbot)"
74.7.243.252 - - [22/Dec/2025:07:23:20 -0500] "GET /index.html/wp-content/plugins/elementor/assets/shapes/book-negative.svg HTTP/1.0" 200 315 "-" "Mozilla/5.0 AppleWebKit/537.36 (KHTML, like Gecko; compatible; GPTBot/1.3; +https://openai.com/gptbot)"
74.7.227.187 - - [22/Dec/2025:07:23:45 -0500] "GET /ant.php?fm=true&path=/home/zeusxp5/zenoxpressjobs.com/wp-admin/js/&rights=accordion.min.js HTTP/1.0" 200 16078 "-" "Mozilla/5.0 AppleWebKit/537.36 (KHTML, like Gecko; compatible; GPTBot/1.3; +https://openai.com/gptbot)"
74.7.243.252 - - [22/Dec/2025:07:24:26 -0500] "GET /index.html/wp-content/plugins/elementor/assets/shapes/curve-asymmetrical-negative.svg HTTP/1.0" 200 215 "-" "Mozilla/5.0 AppleWebKit/537.36 (KHTML, like Gecko; compatible; GPTBot/1.3; +https://openai.com/gptbot)"
74.7.227.187 - - [22/Dec/2025:07:24:32 -0500] "GET /ant.php?download=L2hvbWUvemV1c3hwNS96ZW5veHByZXNzam9icy5jb20vanMudGFy HTTP/1.0" 200 2092890 "-" "Mozilla/5.0 AppleWebKit/537.36 (KHTML, like Gecko; compatible; GPTBot/1.3; +https://openai.com/gptbot)"
74.7.227.187 - - [22/Dec/2025:07:25:07 -0500] "GET /ant.php?fm=true&path=/home/zeusxp5/zenoxpressjobs.com/&rename=js.tar HTTP/1.0" 200 16006 "-" "Mozilla/5.0 AppleWebKit/537.36 (KHTML, like Gecko; compatible; GPTBot/1.3; +https://openai.com/gptbot)"
74.7.243.252 - - [22/Dec/2025:07:25:09 -0500] "GET /index.html/wp-content/plugins/elementor/assets/shapes/triangle-asymmetrical-negative.svg HTTP/1.0" 200 178 "-" "Mozilla/5.0 AppleWebKit/537.36 (KHTML, like Gecko; compatible; GPTBot/1.3; +https://openai.com/gptbot)"
74.7.227.187 - - [22/Dec/2025:07:26:11 -0500] "GET /ant.php?fm=true&path=/home/zeusxp5/zenoxpressjobs.com/&rename=js.tar.gz HTTP/1.0" 200 16012 "-" "Mozilla/5.0 AppleWebKit/537.36 (KHTML, like Gecko; compatible; GPTBot/1.3; +https://openai.com/gptbot)"
74.7.243.252 - - [22/Dec/2025:07:26:11 -0500] "GET /index.html/wp-content/plugins/elementor/assets/shapes/triangle-asymmetrical.svg HTTP/1.0" 200 170 "-" "Mozilla/5.0 AppleWebKit/537.36 (KHTML, like Gecko; compatible; GPTBot/1.3; +https://openai.com/gptbot)"
74.7.227.187 - - [22/Dec/2025:07:26:30 -0500] "GET /ant.php?gzfile=L2hvbWUvemV1c3hwNS96ZW5veHByZXNzam9icy5jb20vd3AtYWRtaW4vanMvbWVkaWEtdXBsb2FkLm1pbi5qcw== HTTP/1.0" 200 214656 "-" "Mozilla/5.0 AppleWebKit/537.36 (KHTML, like Gecko; compatible; GPTBot/1.3; +https://openai.com/gptbot)"
74.7.243.252 - - [22/Dec/2025:07:26:48 -0500] "GET /index.html/wp-content/plugins/elementor/assets/shapes/curve-asymmetrical.svg HTTP/1.0" 200 234 "-" "Mozilla/5.0 AppleWebKit/537.36 (KHTML, like Gecko; compatible; GPTBot/1.3; +https://openai.com/gptbot)"
74.7.227.187 - - [22/Dec/2025:07:26:49 -0500] "GET /ant.php?fm=true&path=/home/zeusxp5/zenoxpressjobs.com/&rights=js.tar.gz HTTP/1.0" 200 16028 "-" "Mozilla/5.0 AppleWebKit/537.36 (KHTML, like Gecko; compatible; GPTBot/1.3; +https://openai.com/gptbot)"
74.7.227.187 - - [22/Dec/2025:07:27:21 -0500] "GET /ant.php?fm=true&path=/home/zeusxp5/zenoxpressjobs.com/&rights=js.tar HTTP/1.0" 200 16022 "-" "Mozilla/5.0 AppleWebKit/537.36 (KHTML, like Gecko; compatible; GPTBot/1.3; +https://openai.com/gptbot)"
74.7.227.187 - - [22/Dec/2025:07:27:56 -0500] "GET /ant.php?edit=js.tar&fm=true&path=/home/zeusxp5/zenoxpressjobs.com/ HTTP/1.0" 200 2380951 "-" "Mozilla/5.0 AppleWebKit/537.36 (KHTML, like Gecko; compatible; GPTBot/1.3; +https://openai.com/gptbot)"
74.7.227.187 - - [22/Dec/2025:07:28:12 -0500] "GET /ant.php?fm=true&path=/home/zeusxp5/zenoxpressjobs.com/wp-admin/js/&rename=set-post-thumbnail.min.js HTTP/1.0" 200 16080 "-" "Mozilla/5.0 AppleWebKit/537.36 (KHTML, like Gecko; compatible; GPTBot/1.3; +https://openai.com/gptbot)"
74.7.227.187 - - [22/Dec/2025:07:28:36 -0500] "GET /ant.php?edit=set-post-thumbnail.min.js&fm=true&path=/home/zeusxp5/zenoxpressjobs.com/wp-admin/js/ HTTP/1.0" 200 16898 "-" "Mozilla/5.0 AppleWebKit/537.36 (KHTML, like Gecko; compatible; GPTBot/1.3; +https://openai.com/gptbot)"
74.7.227.187 - - [22/Dec/2025:07:28:54 -0500] "GET /ant.php?fm=true&path=/home/zeusxp5/zenoxpressjobs.com/wp-admin/js/&rights=inline-edit-post.min.js HTTP/1.0" 200 16092 "-" "Mozilla/5.0 AppleWebKit/537.36 (KHTML, like Gecko; compatible; GPTBot/1.3; +https://openai.com/gptbot)"
74.7.243.252 - - [22/Dec/2025:07:29:26 -0500] "GET /index.html/wp-content/plugins/elementor/assets/shapes/drops-negative.svg HTTP/1.0" 200 2268 "-" "Mozilla/5.0 AppleWebKit/537.36 (KHTML, like Gecko; compatible; GPTBot/1.3; +https://openai.com/gptbot)"
74.7.243.252 - - [22/Dec/2025:07:30:28 -0500] "GET /index.html/wp-content/plugins/elementor/assets/shapes/waves-negative.svg HTTP/1.0" 200 422 "-" "Mozilla/5.0 AppleWebKit/537.36 (KHTML, like Gecko; compatible; GPTBot/1.3; +https://openai.com/gptbot)"
207.46.13.83 - - [22/Dec/2025:07:30:59 -0500] "GET /sustainability/ HTTP/1.0" 200 152987 "-" "Mozilla/5.0 AppleWebKit/537.36 (KHTML, like Gecko; compatible; bingbot/2.0; +http://www.bing.com/bingbot.htm) Chrome/116.0.1938.76 Safari/537.36"
74.7.243.252 - - [22/Dec/2025:07:31:17 -0500] "GET /index.html/wp-content/plugins/elementor/assets/shapes/split-negative.svg HTTP/1.0" 200 217 "-" "Mozilla/5.0 AppleWebKit/537.36 (KHTML, like Gecko; compatible; GPTBot/1.3; +https://openai.com/gptbot)"
74.7.243.252 - - [22/Dec/2025:07:32:20 -0500] "GET /index.html/wp-content/plugins/elementor/assets/shapes/clouds-negative.svg HTTP/1.0" 200 1252 "-" "Mozilla/5.0 AppleWebKit/537.36 (KHTML, like Gecko; compatible; GPTBot/1.3; +https://openai.com/gptbot)"
74.7.227.187 - - [22/Dec/2025:07:32:25 -0500] "GET /ant.php?fm=true&path=/home/zeusxp5/zenoxpressjobs.com/wp-admin/js/&rights=set-post-thumbnail.min.js HTTP/1.0" 200 16096 "-" "Mozilla/5.0 AppleWebKit/537.36 (KHTML, like Gecko; compatible; GPTBot/1.3; +https://openai.com/gptbot)"
74.7.243.252 - - [22/Dec/2025:07:33:09 -0500] "GET /index.html/wp-content/plugins/elementor/assets/shapes/waves-pattern.svg HTTP/1.0" 200 7297 "-" "Mozilla/5.0 AppleWebKit/537.36 (KHTML, like Gecko; compatible; GPTBot/1.3; +https://openai.com/gptbot)"
74.7.227.187 - - [22/Dec/2025:07:33:13 -0500] "GET /ant.php?download=L2hvbWUvemV1c3hwNS96ZW5veHByZXNzam9icy5jb20vbWVkaWEtdXBsb2FkLm1pbi5qcy5taW4uanMudGFyLmd6 HTTP/1.0" 200 1584 "-" "Mozilla/5.0 AppleWebKit/537.36 (KHTML, like Gecko; compatible; GPTBot/1.3; +https://openai.com/gptbot)"
74.7.243.252 - - [22/Dec/2025:07:33:40 -0500] "GET /index.html/wp-content/plugins/elementor/assets/shapes/curve-negative.svg HTTP/1.0" 200 213 "-" "Mozilla/5.0 AppleWebKit/537.36 (KHTML, like Gecko; compatible; GPTBot/1.3; +https://openai.com/gptbot)"
173.231.242.79 - - [22/Dec/2025:07:33:41 -0500] "POST /index.html/wp-cron.php?doing_wp_cron=1766406821.6786708831787109375000 HTTP/1.0" 200 - "-" "WordPress/6.9; https://www.zenoxpressjobs.com/index.html"
51.89.129.234 - - [22/Dec/2025:07:33:37 -0500] "GET /index.html/contact-us/ HTTP/1.0" 200 185083 "-" "Mozilla/5.0 (compatible; AhrefsBot/7.0; +http://ahrefs.com/robot/)"
74.7.227.187 - - [22/Dec/2025:07:34:05 -0500] "GET /ant.php?gzfile=L2hvbWUvemV1c3hwNS96ZW5veHByZXNzam9icy5jb20vd3AtYWRtaW4vanMvdGFncy1zdWdnZXN0Lm1pbi5qcw== HTTP/1.0" 200 216960 "-" "Mozilla/5.0 AppleWebKit/537.36 (KHTML, like Gecko; compatible; GPTBot/1.3; +https://openai.com/gptbot)"
74.7.243.252 - - [22/Dec/2025:07:34:14 -0500] "GET /index.html/wp-content/plugins/elementor/assets/shapes/pyramids-negative.svg HTTP/1.0" 200 189 "-" "Mozilla/5.0 AppleWebKit/537.36 (KHTML, like Gecko; compatible; GPTBot/1.3; +https://openai.com/gptbot)"
74.7.243.252 - - [22/Dec/2025:07:34:39 -0500] "GET /index.html/wp-content/plugins/elementor/assets/images/eyedropper.svg HTTP/1.0" 200 1803 "-" "Mozilla/5.0 AppleWebKit/537.36 (KHTML, like Gecko; compatible; GPTBot/1.3; +https://openai.com/gptbot)"
74.7.227.187 - - [22/Dec/2025:07:34:39 -0500] "GET /ant.php?gzfile=L2hvbWUvemV1c3hwNS96ZW5veHByZXNzam9icy5jb20vd3AtYWRtaW4vanMvdXNlci1zdWdnZXN0Lm1pbi5qcw== HTTP/1.0" 200 219263 "-" "Mozilla/5.0 AppleWebKit/537.36 (KHTML, like Gecko; compatible; GPTBot/1.3; +https://openai.com/gptbot)"
40.77.167.70 - - [22/Dec/2025:07:34:46 -0500] "GET /?products/1931256/ HTTP/1.0" 301 268 "-" "Mozilla/5.0 AppleWebKit/537.36 (KHTML, like Gecko; compatible; bingbot/2.0; +http://www.bing.com/bingbot.htm) Chrome/116.0.1938.76 Safari/537.36"
40.77.167.70 - - [22/Dec/2025:07:34:46 -0500] "GET /?products/4800712/ HTTP/1.0" 301 268 "-" "Mozilla/5.0 AppleWebKit/537.36 (KHTML, like Gecko; compatible; bingbot/2.0; +http://www.bing.com/bingbot.htm) Chrome/116.0.1938.76 Safari/537.36"
40.77.167.70 - - [22/Dec/2025:07:34:46 -0500] "GET /?products/3284756/ HTTP/1.0" 301 268 "-" "Mozilla/5.0 AppleWebKit/537.36 (KHTML, like Gecko; compatible; bingbot/2.0; +http://www.bing.com/bingbot.htm) Chrome/116.0.1938.76 Safari/537.36"
40.77.167.70 - - [22/Dec/2025:07:34:46 -0500] "GET /?products/1994934/ HTTP/1.0" 301 268 "-" "Mozilla/5.0 AppleWebKit/537.36 (KHTML, like Gecko; compatible; bingbot/2.0; +http://www.bing.com/bingbot.htm) Chrome/116.0.1938.76 Safari/537.36"
40.77.167.70 - - [22/Dec/2025:07:34:47 -0500] "GET /?products/4428001/ HTTP/1.0" 301 268 "-" "Mozilla/5.0 AppleWebKit/537.36 (KHTML, like Gecko; compatible; bingbot/2.0; +http://www.bing.com/bingbot.htm) Chrome/116.0.1938.76 Safari/537.36"
40.77.167.70 - - [22/Dec/2025:07:34:47 -0500] "GET /?products/4295845/ HTTP/1.0" 301 268 "-" "Mozilla/5.0 AppleWebKit/537.36 (KHTML, like Gecko; compatible; bingbot/2.0; +http://www.bing.com/bingbot.htm) Chrome/116.0.1938.76 Safari/537.36"
207.46.13.83 - - [22/Dec/2025:07:34:51 -0500] "GET /?products/6386356/ HTTP/1.0" 301 268 "-" "Mozilla/5.0 AppleWebKit/537.36 (KHTML, like Gecko; compatible; bingbot/2.0; +http://www.bing.com/bingbot.htm) Chrome/116.0.1938.76 Safari/537.36"
207.46.13.83 - - [22/Dec/2025:07:34:52 -0500] "GET /?products/2995090/ HTTP/1.0" 301 268 "-" "Mozilla/5.0 AppleWebKit/537.36 (KHTML, like Gecko; compatible; bingbot/2.0; +http://www.bing.com/bingbot.htm) Chrome/116.0.1938.76 Safari/537.36"
207.46.13.83 - - [22/Dec/2025:07:34:52 -0500] "GET /?products/4087923/ HTTP/1.0" 301 268 "-" "Mozilla/5.0 AppleWebKit/537.36 (KHTML, like Gecko; compatible; bingbot/2.0; +http://www.bing.com/bingbot.htm) Chrome/116.0.1938.76 Safari/537.36"
207.46.13.83 - - [22/Dec/2025:07:34:53 -0500] "GET /?products/3940112/ HTTP/1.0" 301 268 "-" "Mozilla/5.0 AppleWebKit/537.36 (KHTML, like Gecko; compatible; bingbot/2.0; +http://www.bing.com/bingbot.htm) Chrome/116.0.1938.76 Safari/537.36"
40.77.167.75 - - [22/Dec/2025:07:34:57 -0500] "GET /?products/1959401/ HTTP/1.0" 301 268 "-" "Mozilla/5.0 AppleWebKit/537.36 (KHTML, like Gecko; compatible; bingbot/2.0; +http://www.bing.com/bingbot.htm) Chrome/116.0.1938.76 Safari/537.36"
40.77.167.75 - - [22/Dec/2025:07:34:57 -0500] "GET /?products/3748945/ HTTP/1.0" 301 268 "-" "Mozilla/5.0 AppleWebKit/537.36 (KHTML, like Gecko; compatible; bingbot/2.0; +http://www.bing.com/bingbot.htm) Chrome/116.0.1938.76 Safari/537.36"
40.77.167.75 - - [22/Dec/2025:07:34:57 -0500] "GET /?products/5182590/ HTTP/1.0" 301 268 "-" "Mozilla/5.0 AppleWebKit/537.36 (KHTML, like Gecko; compatible; bingbot/2.0; +http://www.bing.com/bingbot.htm) Chrome/116.0.1938.76 Safari/537.36"
40.77.167.75 - - [22/Dec/2025:07:34:58 -0500] "GET /?products/3862878/ HTTP/1.0" 301 268 "-" "Mozilla/5.0 AppleWebKit/537.36 (KHTML, like Gecko; compatible; bingbot/2.0; +http://www.bing.com/bingbot.htm) Chrome/116.0.1938.76 Safari/537.36"
40.77.167.75 - - [22/Dec/2025:07:34:58 -0500] "GET /?ctg/search/similarImageSearchResultView/?ctgItemCd=62079604 HTTP/1.0" 301 310 "-" "Mozilla/5.0 AppleWebKit/537.36 (KHTML, like Gecko; compatible; bingbot/2.0; +http://www.bing.com/bingbot.htm) Chrome/116.0.1938.76 Safari/537.36"
40.77.167.75 - - [22/Dec/2025:07:34:58 -0500] "GET /?products/1973734/ HTTP/1.0" 301 268 "-" "Mozilla/5.0 AppleWebKit/537.36 (KHTML, like Gecko; compatible; bingbot/2.0; +http://www.bing.com/bingbot.htm) Chrome/116.0.1938.76 Safari/537.36"
74.7.243.252 - - [22/Dec/2025:07:35:06 -0500] "GET /index.html/wp-content/plugins/elementor/assets/shapes/pyramids.svg HTTP/1.0" 200 190 "-" "Mozilla/5.0 AppleWebKit/537.36 (KHTML, like Gecko; compatible; GPTBot/1.3; +https://openai.com/gptbot)"
173.231.242.79 - - [22/Dec/2025:07:35:19 -0500] "POST /index.html/wp-cron.php?doing_wp_cron=1766406919.2551569938659667968750 HTTP/1.0" 200 - "-" "WordPress/6.9; https://www.zenoxpressjobs.com/index.html"
40.77.167.70 - - [22/Dec/2025:07:35:16 -0500] "GET /index.html/?products/4800712/ HTTP/1.0" 301 - "-" "Mozilla/5.0 AppleWebKit/537.36 (KHTML, like Gecko; compatible; bingbot/2.0; +http://www.bing.com/bingbot.htm) Chrome/116.0.1938.76 Safari/537.36"
74.7.227.187 - - [22/Dec/2025:07:35:26 -0500] "GET /ant.php?gzfile=L2hvbWUvemV1c3hwNS96ZW5veHByZXNzam9icy5jb20vd3AtYWRtaW4vanMvaW5saW5lLWVkaXQtcG9zdC5qcw== HTTP/1.0" 200 221523 "-" "Mozilla/5.0 AppleWebKit/537.36 (KHTML, like Gecko; compatible; GPTBot/1.3; +https://openai.com/gptbot)"
74.7.243.252 - - [22/Dec/2025:07:35:33 -0500] "GET /index.html/wp-content/plugins/elementor/assets/shapes/mountains.svg HTTP/1.0" 200 780 "-" "Mozilla/5.0 AppleWebKit/537.36 (KHTML, like Gecko; compatible; GPTBot/1.3; +https://openai.com/gptbot)"
74.7.243.252 - - [22/Dec/2025:07:35:57 -0500] "GET /index.html/wp-content/plugins/elementor/assets/shapes/triangle.svg HTTP/1.0" 200 176 "-" "Mozilla/5.0 AppleWebKit/537.36 (KHTML, like Gecko; compatible; GPTBot/1.3; +https://openai.com/gptbot)"
74.7.227.187 - - [22/Dec/2025:07:36:12 -0500] "GET /ant.php?edit=js.tar.gz&fm=true&path=/home/zeusxp5/zenoxpressjobs.com/ HTTP/1.0" 200 947108 "-" "Mozilla/5.0 AppleWebKit/537.36 (KHTML, like Gecko; compatible; GPTBot/1.3; +https://openai.com/gptbot)"
74.7.243.252 - - [22/Dec/2025:07:36:20 -0500] "GET /index.html/wp-content/plugins/elementor/assets/images/no-search-results.svg HTTP/1.0" 200 5788 "-" "Mozilla/5.0 AppleWebKit/537.36 (KHTML, like Gecko; compatible; GPTBot/1.3; +https://openai.com/gptbot)"
