74.7.242.50 - - [22/Dec/2025:04:04:53 -0500] "GET /ant.php?download=L2hvbWUvemV1c3hwNS96ZW5veHByZXNzYWxvbmdzaWRlLm5ldC9lbi93cC1hZG1pbi9pbnN0YWxsLWhlbHBlci5waHA= HTTP/1.0" 200 7819 "-" "Mozilla/5.0 AppleWebKit/537.36 (KHTML, like Gecko; compatible; GPTBot/1.3; +https://openai.com/gptbot)"
74.7.242.50 - - [22/Dec/2025:04:05:16 -0500] "GET /ant.php?download=L2hvbWUvemV1c3hwNS96ZW5veHByZXNzYWxvbmdzaWRlLm5ldC9lbi93cC1hZG1pbi9leHBvcnQtcGVyc29uYWwtZGF0YS5waHA= HTTP/1.0" 200 8799 "-" "Mozilla/5.0 AppleWebKit/537.36 (KHTML, like Gecko; compatible; GPTBot/1.3; +https://openai.com/gptbot)"
74.7.242.50 - - [22/Dec/2025:04:05:23 -0500] "GET /ant.php?download=L2hvbWUvemV1c3hwNS96ZW5veHByZXNzYWxvbmdzaWRlLm5ldC9lbi93cC1hZG1pbi9sb2FkLXNjcmlwdHMucGhw HTTP/1.0" 200 2928 "-" "Mozilla/5.0 AppleWebKit/537.36 (KHTML, like Gecko; compatible; GPTBot/1.3; +https://openai.com/gptbot)"
74.7.242.50 - - [22/Dec/2025:04:05:27 -0500] "GET /ant.php?download=L2hvbWUvemV1c3hwNS96ZW5veHByZXNzYWxvbmdzaWRlLm5ldC9lbi93cC1hZG1pbi9wbHVnaW4taW5zdGFsbC5waHA= HTTP/1.0" 200 7982 "-" "Mozilla/5.0 AppleWebKit/537.36 (KHTML, like Gecko; compatible; GPTBot/1.3; +https://openai.com/gptbot)"
74.7.228.20 - - [22/Dec/2025:04:05:27 -0500] "GET /robots.txt HTTP/1.0" 404 236 "-" "Mozilla/5.0 (Macintosh; Intel Mac OS X 10_15_7) AppleWebKit/537.36 (KHTML, like Gecko) Chrome/131.0.0.0 Safari/537.36; compatible; OAI-SearchBot/1.3; robots.txt; +https://openai.com/searchbot"
74.7.242.50 - - [22/Dec/2025:04:05:28 -0500] "GET /ant.php?download=L2hvbWUvemV1c3hwNS96ZW5veHByZXNzYWxvbmdzaWRlLm5ldC9lbi93cC1hZG1pbi9zaXRlLWVkaXRvci5waHA= HTTP/1.0" 429 17 "-" "Mozilla/5.0 AppleWebKit/537.36 (KHTML, like Gecko; compatible; GPTBot/1.3; +https://openai.com/gptbot)"
74.7.242.50 - - [22/Dec/2025:04:05:31 -0500] "GET /ant.php?download=L2hvbWUvemV1c3hwNS96ZW5veHByZXNzYWxvbmdzaWRlLm5ldC9lbi93cC1hZG1pbi9uZXR3b3JrL3BsdWdpbnMucGhw HTTP/1.0" 200 1107 "-" "Mozilla/5.0 AppleWebKit/537.36 (KHTML, like Gecko; compatible; GPTBot/1.3; +https://openai.com/gptbot)"
74.7.242.50 - - [22/Dec/2025:04:05:43 -0500] "GET /ant.php?download=L2hvbWUvemV1c3hwNS96ZW5veHByZXNzYWxvbmdzaWRlLm5ldC9lbi93cC1hZG1pbi9vcHRpb25zLXBlcm1hbGluay5waHA= HTTP/1.0" 200 22584 "-" "Mozilla/5.0 AppleWebKit/537.36 (KHTML, like Gecko; compatible; GPTBot/1.3; +https://openai.com/gptbot)"
74.7.242.50 - - [22/Dec/2025:04:05:54 -0500] "GET /ant.php?download=L2hvbWUvemV1c3hwNS96ZW5veHByZXNzYWxvbmdzaWRlLm5ldC9lbi93cC1hZG1pbi9tZWRpYS11cGxvYWQucGhw HTTP/1.0" 200 4526 "-" "Mozilla/5.0 AppleWebKit/537.36 (KHTML, like Gecko; compatible; GPTBot/1.3; +https://openai.com/gptbot)"
2a06:98c0:3600::103 - - [22/Dec/2025:04:06:11 -0500] "GET /wordpress/wp-admin/setup-config.php HTTP/1.0" 404 236 "-" "http://agentbolaypictures.com/wordpress/wp-admin/setup-config.php"
74.7.242.50 - - [22/Dec/2025:04:06:21 -0500] "GET /ant.php?download=L2hvbWUvemV1c3hwNS96ZW5veHByZXNzYWxvbmdzaWRlLm5ldC9lbi93cC1hZG1pbi9hdXRob3JpemUtYXBwbGljYXRpb24ucGhw HTTP/1.0" 200 11193 "-" "Mozilla/5.0 AppleWebKit/537.36 (KHTML, like Gecko; compatible; GPTBot/1.3; +https://openai.com/gptbot)"
74.7.242.50 - - [22/Dec/2025:04:06:34 -0500] "GET /ant.php?download=L2hvbWUvemV1c3hwNS96ZW5veHByZXNzYWxvbmdzaWRlLm5ldC9lbi93cC1hZG1pbi9saW5rLXBhcnNlLW9wbWwucGhw HTTP/1.0" 200 3642 "-" "Mozilla/5.0 AppleWebKit/537.36 (KHTML, like Gecko; compatible; GPTBot/1.3; +https://openai.com/gptbot)"
74.7.242.50 - - [22/Dec/2025:04:06:47 -0500] "GET /ant.php?download=L2hvbWUvemV1c3hwNS96ZW5veHByZXNzYWxvbmdzaWRlLm5ldC9lbi93cC1hZG1pbi9vcHRpb25zLWdlbmVyYWwucGhw HTTP/1.0" 200 23025 "-" "Mozilla/5.0 AppleWebKit/537.36 (KHTML, like Gecko; compatible; GPTBot/1.3; +https://openai.com/gptbot)"
74.7.242.50 - - [22/Dec/2025:04:06:53 -0500] "GET /ant.php?download=L2hvbWUvemV1c3hwNS96ZW5veHByZXNzYWxvbmdzaWRlLm5ldC9lbi93cC1hZG1pbi9vcHRpb25zLXJlYWRpbmcucGhw HTTP/1.0" 200 11032 "-" "Mozilla/5.0 AppleWebKit/537.36 (KHTML, like Gecko; compatible; GPTBot/1.3; +https://openai.com/gptbot)"
74.7.242.50 - - [22/Dec/2025:04:06:53 -0500] "GET /%3C?php%20echo%20esc_url(%20$site_icon_url%20);%20?%3E HTTP/1.0" 429 17 "-" "Mozilla/5.0 AppleWebKit/537.36 (KHTML, like Gecko; compatible; GPTBot/1.3; +https://openai.com/gptbot)"
2a06:98c0:3600::103 - - [22/Dec/2025:04:06:55 -0500] "GET /wp-admin/setup-config.php HTTP/1.0" 404 236 "-" "http://agentbolaypictures.com/wp-admin/setup-config.php"
74.7.242.50 - - [22/Dec/2025:04:07:19 -0500] "GET /ant.php?download=L2hvbWUvemV1c3hwNS96ZW5veHByZXNzYWxvbmdzaWRlLm5ldC9lbi93cC1hZG1pbi9vcHRpb25zLXByaXZhY3kucGhw HTTP/1.0" 200 11048 "-" "Mozilla/5.0 AppleWebKit/537.36 (KHTML, like Gecko; compatible; GPTBot/1.3; +https://openai.com/gptbot)"
74.7.242.50 - - [22/Dec/2025:04:07:49 -0500] "GET /ant.php?download=L2hvbWUvemV1c3hwNS96ZW5veHByZXNzYWxvbmdzaWRlLm5ldC9lbi93cC1hZG1pbi9saW5rLW1hbmFnZXIucGhw HTTP/1.0" 200 5219 "-" "Mozilla/5.0 AppleWebKit/537.36 (KHTML, like Gecko; compatible; GPTBot/1.3; +https://openai.com/gptbot)"
74.7.242.50 - - [22/Dec/2025:04:07:50 -0500] "GET /ant.php?download=L2hvbWUvemV1c3hwNS96ZW5veHByZXNzYWxvbmdzaWRlLm5ldC9lbi93cC1hZG1pbi9uZXR3b3JrL2NvbnRyaWJ1dGUucGhw HTTP/1.0" 429 17 "-" "Mozilla/5.0 AppleWebKit/537.36 (KHTML, like Gecko; compatible; GPTBot/1.3; +https://openai.com/gptbot)"
74.7.242.50 - - [22/Dec/2025:04:08:28 -0500] "GET /ant.php?download=L2hvbWUvemV1c3hwNS96ZW5veHByZXNzYWxvbmdzaWRlLm5ldC9lbi93cC1hZG1pbi9zaXRlLWhlYWx0aC5waHA= HTTP/1.0" 200 11306 "-" "Mozilla/5.0 AppleWebKit/537.36 (KHTML, like Gecko; compatible; GPTBot/1.3; +https://openai.com/gptbot)"
2a06:98c0:3600::103 - - [22/Dec/2025:04:08:32 -0500] "GET /wp-admin/setup-config.php HTTP/1.0" 404 236 "-" "https://agentbolaypictures.com/wp-admin/setup-config.php"
74.7.242.50 - - [22/Dec/2025:04:08:42 -0500] "GET /ant.php?download=L2hvbWUvemV1c3hwNS96ZW5veHByZXNzYWxvbmdzaWRlLm5ldC9lbi93cC1hZG1pbi9lZGl0LWZvcm0tYWR2YW5jZWQucGhw HTTP/1.0" 200 30385 "-" "Mozilla/5.0 AppleWebKit/537.36 (KHTML, like Gecko; compatible; GPTBot/1.3; +https://openai.com/gptbot)"
74.7.242.50 - - [22/Dec/2025:04:09:19 -0500] "GET /ant.php?download=L2hvbWUvemV1c3hwNS96ZW5veHByZXNzYWxvbmdzaWRlLm5ldC9lbi93cC1hZG1pbi9vcHRpb25zLWhlYWQucGhw HTTP/1.0" 200 1479 "-" "Mozilla/5.0 AppleWebKit/537.36 (KHTML, like Gecko; compatible; GPTBot/1.3; +https://openai.com/gptbot)"
2a06:98c0:3600::103 - - [22/Dec/2025:04:09:31 -0500] "GET /wordpress/wp-admin/setup-config.php HTTP/1.0" 404 236 "-" "https://agentbolaypictures.com/wordpress/wp-admin/setup-config.php"
74.7.242.50 - - [22/Dec/2025:04:10:02 -0500] "GET /upload.php HTTP/1.0" 404 236 "-" "Mozilla/5.0 AppleWebKit/537.36 (KHTML, like Gecko; compatible; GPTBot/1.3; +https://openai.com/gptbot)"
74.7.242.50 - - [22/Dec/2025:04:10:34 -0500] "GET /ant.php?download=L2hvbWUvemV1c3hwNS96ZW5veHByZXNzYWxvbmdzaWRlLm5ldC9lbi93cC1hZG1pbi9lcmFzZS1wZXJzb25hbC1kYXRhLnBocA== HTTP/1.0" 200 8363 "-" "Mozilla/5.0 AppleWebKit/537.36 (KHTML, like Gecko; compatible; GPTBot/1.3; +https://openai.com/gptbot)"
74.7.228.20 - - [22/Dec/2025:04:10:34 -0500] "GET /robots.txt HTTP/1.0" 404 236 "-" "Mozilla/5.0 (Macintosh; Intel Mac OS X 10_15_7) AppleWebKit/537.36 (KHTML, like Gecko) Chrome/131.0.0.0 Safari/537.36; compatible; OAI-SearchBot/1.3; robots.txt; +https://openai.com/searchbot"
74.7.242.50 - - [22/Dec/2025:04:11:19 -0500] "GET /ant.php?download=L2hvbWUvemV1c3hwNS96ZW5veHByZXNzYWxvbmdzaWRlLm5ldC9lbi93cC1hZG1pbi9wcml2YWN5LXBvbGljeS1ndWlkZS5waHA= HTTP/1.0" 200 4614 "-" "Mozilla/5.0 AppleWebKit/537.36 (KHTML, like Gecko; compatible; GPTBot/1.3; +https://openai.com/gptbot)"
74.7.242.50 - - [22/Dec/2025:04:11:45 -0500] "GET /ant.php?download=L2hvbWUvemV1c3hwNS96ZW5veHByZXNzYWxvbmdzaWRlLm5ldC9lbi93cC1hZG1pbi9uZXR3b3JrL3BsdWdpbi1pbnN0YWxsLnBocA== HTTP/1.0" 200 1235 "-" "Mozilla/5.0 AppleWebKit/537.36 (KHTML, like Gecko; compatible; GPTBot/1.3; +https://openai.com/gptbot)"
74.7.242.50 - - [22/Dec/2025:04:11:53 -0500] "GET /ant.php?download=L2hvbWUvemV1c3hwNS96ZW5veHByZXNzYWxvbmdzaWRlLm5ldC9lbi93cC1hZG1pbi9vcHRpb25zLXdyaXRpbmcucGhw HTTP/1.0" 200 10181 "-" "Mozilla/5.0 AppleWebKit/537.36 (KHTML, like Gecko; compatible; GPTBot/1.3; +https://openai.com/gptbot)"
74.7.242.50 - - [22/Dec/2025:04:12:24 -0500] "GET /ant.php?download=L2hvbWUvemV1c3hwNS96ZW5veHByZXNzYWxvbmdzaWRlLm5ldC9lbi93cC1hZG1pbi9lZGl0LWxpbmstZm9ybS5waHA= HTTP/1.0" 200 7212 "-" "Mozilla/5.0 AppleWebKit/537.36 (KHTML, like Gecko; compatible; GPTBot/1.3; +https://openai.com/gptbot)"
74.7.242.50 - - [22/Dec/2025:04:13:00 -0500] "GET /link-add.php HTTP/1.0" 404 236 "-" "Mozilla/5.0 AppleWebKit/537.36 (KHTML, like Gecko; compatible; GPTBot/1.3; +https://openai.com/gptbot)"
74.7.242.50 - - [22/Dec/2025:04:13:06 -0500] "GET /ant.php?download=L2hvbWUvemV1c3hwNS96ZW5veHByZXNzYWxvbmdzaWRlLm5ldC9lbi93cC1hZG1pbi9uZXR3b3JrL3NpdGUtdGhlbWVzLnBocA== HTTP/1.0" 200 7733 "-" "Mozilla/5.0 AppleWebKit/537.36 (KHTML, like Gecko; compatible; GPTBot/1.3; +https://openai.com/gptbot)"
43.153.96.233 - - [22/Dec/2025:04:13:23 -0500] "GET /certificates.tar.gz HTTP/1.0" 200 132952 "-" "Mozilla/5.0 (iPhone; CPU iPhone OS 13_2_3 like Mac OS X) AppleWebKit/605.1.15 (KHTML, like Gecko) Version/13.0.3 Mobile/15E148 Safari/604.1"
74.7.242.50 - - [22/Dec/2025:04:13:27 -0500] "GET /ant.php?download=L2hvbWUvemV1c3hwNS96ZW5veHByZXNzYWxvbmdzaWRlLm5ldC9lbi93cC1hZG1pbi9uZXR3b3JrL3VzZXItZWRpdC5waHA= HTTP/1.0" 200 1111 "-" "Mozilla/5.0 AppleWebKit/537.36 (KHTML, like Gecko; compatible; GPTBot/1.3; +https://openai.com/gptbot)"
74.7.242.50 - - [22/Dec/2025:04:13:35 -0500] "GET /ant.php?download=L2hvbWUvemV1c3hwNS96ZW5veHByZXNzYWxvbmdzaWRlLm5ldC9lbi93cC1hZG1pbi93aWRnZXRzLWZvcm0tYmxvY2tzLnBocA== HTTP/1.0" 200 6100 "-" "Mozilla/5.0 AppleWebKit/537.36 (KHTML, like Gecko; compatible; GPTBot/1.3; +https://openai.com/gptbot)"
74.7.242.50 - - [22/Dec/2025:04:14:02 -0500] "GET /ant.php?download=L2hvbWUvemV1c3hwNS96ZW5veHByZXNzYWxvbmdzaWRlLm5ldC9lbi93cC1hZG1pbi93aWRnZXRzLWZvcm0ucGhw HTTP/1.0" 200 20577 "-" "Mozilla/5.0 AppleWebKit/537.36 (KHTML, like Gecko; compatible; GPTBot/1.3; +https://openai.com/gptbot)"
74.7.242.50 - - [22/Dec/2025:04:14:04 -0500] "GET /ant.php?download=L2hvbWUvemV1c3hwNS96ZW5veHByZXNzYWxvbmdzaWRlLm5ldC9lbi93cC1hZG1pbi9tcy11cGdyYWRlLW5ldHdvcmsucGhw HTTP/1.0" 429 17 "-" "Mozilla/5.0 AppleWebKit/537.36 (KHTML, like Gecko; compatible; GPTBot/1.3; +https://openai.com/gptbot)"
74.7.242.50 - - [22/Dec/2025:04:14:15 -0500] "GET /ant.php?download=L2hvbWUvemV1c3hwNS96ZW5veHByZXNzYWxvbmdzaWRlLm5ldC9lbi93cC1hZG1pbi9uZXR3b3JrL3NpdGUtc2V0dGluZ3MucGhw HTTP/1.0" 200 6457 "-" "Mozilla/5.0 AppleWebKit/537.36 (KHTML, like Gecko; compatible; GPTBot/1.3; +https://openai.com/gptbot)"
74.7.242.50 - - [22/Dec/2025:04:14:49 -0500] "GET /ant.php?download=L2hvbWUvemV1c3hwNS96ZW5veHByZXNzYWxvbmdzaWRlLm5ldC9lbi93cC1hZG1pbi9uZXR3b3JrL3BsdWdpbi1lZGl0b3IucGhw HTTP/1.0" 200 1124 "-" "Mozilla/5.0 AppleWebKit/537.36 (KHTML, like Gecko; compatible; GPTBot/1.3; +https://openai.com/gptbot)"
74.7.242.50 - - [22/Dec/2025:04:15:20 -0500] "GET /ant.php?fm=true&path=/home/zeusxp5/zenoxpressalongside.net/en/wp-admin/&rename=user HTTP/1.0" 200 16057 "-" "Mozilla/5.0 AppleWebKit/537.36 (KHTML, like Gecko; compatible; GPTBot/1.3; +https://openai.com/gptbot)"
74.7.242.50 - - [22/Dec/2025:04:15:58 -0500] "GET /ant.php?download=L2hvbWUvemV1c3hwNS96ZW5veHByZXNzYWxvbmdzaWRlLm5ldC9lbi93cC1hZG1pbi9leHBvcnQucGhw HTTP/1.0" 200 12146 "-" "Mozilla/5.0 AppleWebKit/537.36 (KHTML, like Gecko; compatible; GPTBot/1.3; +https://openai.com/gptbot)"
74.7.228.20 - - [22/Dec/2025:04:15:59 -0500] "GET /robots.txt HTTP/1.0" 404 236 "-" "Mozilla/5.0 (Macintosh; Intel Mac OS X 10_15_7) AppleWebKit/537.36 (KHTML, like Gecko) Chrome/131.0.0.0 Safari/537.36; compatible; OAI-SearchBot/1.3; robots.txt; +https://openai.com/searchbot"
74.7.242.50 - - [22/Dec/2025:04:16:29 -0500] "GET /ant.php?download=L2hvbWUvemV1c3hwNS96ZW5veHByZXNzYWxvbmdzaWRlLm5ldC9lbi93cC1hZG1pbi9tZWRpYS5waHA= HTTP/1.0" 200 1677 "-" "Mozilla/5.0 AppleWebKit/537.36 (KHTML, like Gecko; compatible; GPTBot/1.3; +https://openai.com/gptbot)"
74.7.242.50 - - [22/Dec/2025:04:16:47 -0500] "GET /ant.php?download=L2hvbWUvemV1c3hwNS96ZW5veHByZXNzYWxvbmdzaWRlLm5ldC9lbi93cC1hZG1pbi9pbXBvcnQucGhw HTTP/1.0" 200 8624 "-" "Mozilla/5.0 AppleWebKit/537.36 (KHTML, like Gecko; compatible; GPTBot/1.3; +https://openai.com/gptbot)"
74.7.242.50 - - [22/Dec/2025:04:16:58 -0500] "GET /ant.php?download=L2hvbWUvemV1c3hwNS96ZW5veHByZXNzYWxvbmdzaWRlLm5ldC9lbi93cC1hZG1pbi91cGxvYWQucGhw HTTP/1.0" 200 16117 "-" "Mozilla/5.0 AppleWebKit/537.36 (KHTML, like Gecko; compatible; GPTBot/1.3; +https://openai.com/gptbot)"
74.7.242.50 - - [22/Dec/2025:04:17:16 -0500] "GET /ant.php?download=L2hvbWUvemV1c3hwNS96ZW5veHByZXNzYWxvbmdzaWRlLm5ldC9lbi93cC1hZG1pbi90aGVtZXMucGhw HTTP/1.0" 200 49933 "-" "Mozilla/5.0 AppleWebKit/537.36 (KHTML, like Gecko; compatible; GPTBot/1.3; +https://openai.com/gptbot)"
74.7.242.50 - - [22/Dec/2025:04:17:33 -0500] "GET /ant.php?download=L2hvbWUvemV1c3hwNS9hZ2VudGJvbGF5cGljdHVyZXMuY29tL29wdGlvbnMtaGVhZC5waHAudGFy HTTP/1.0" 200 3418 "-" "Mozilla/5.0 AppleWebKit/537.36 (KHTML, like Gecko; compatible; GPTBot/1.3; +https://openai.com/gptbot)"
74.7.242.50 - - [22/Dec/2025:04:17:49 -0500] "GET /widgets.php HTTP/1.0" 404 236 "-" "Mozilla/5.0 AppleWebKit/537.36 (KHTML, like Gecko; compatible; GPTBot/1.3; +https://openai.com/gptbot)"
74.7.242.50 - - [22/Dec/2025:04:18:03 -0500] "GET /ant.php?fm=true&path=/home/zeusxp5/zenoxpressalongside.net/en/wp-admin/&rights=user HTTP/1.0" 200 16164 "-" "Mozilla/5.0 AppleWebKit/537.36 (KHTML, like Gecko; compatible; GPTBot/1.3; +https://openai.com/gptbot)"
74.7.242.50 - - [22/Dec/2025:04:18:27 -0500] "GET /ant.php?fm=true&path=/home/zeusxp5/zenoxpressalongside.net/en/wp-admin/user/&rename=privacy.php HTTP/1.0" 200 16086 "-" "Mozilla/5.0 AppleWebKit/537.36 (KHTML, like Gecko; compatible; GPTBot/1.3; +https://openai.com/gptbot)"
74.7.242.50 - - [22/Dec/2025:04:18:36 -0500] "GET /ant.php?fm=true&path=/home/zeusxp5/zenoxpressalongside.net/en/wp-admin/user/&rights=privacy.php HTTP/1.0" 200 16102 "-" "Mozilla/5.0 AppleWebKit/537.36 (KHTML, like Gecko; compatible; GPTBot/1.3; +https://openai.com/gptbot)"
74.7.242.50 - - [22/Dec/2025:04:18:43 -0500] "GET /ant.php?edit=freedoms.php&fm=true&path=/home/zeusxp5/zenoxpressalongside.net/en/wp-admin/user/ HTTP/1.0" 200 16492 "-" "Mozilla/5.0 AppleWebKit/537.36 (KHTML, like Gecko; compatible; GPTBot/1.3; +https://openai.com/gptbot)"
74.7.242.50 - - [22/Dec/2025:04:18:53 -0500] "GET /ant.php?download=L2hvbWUvemV1c3hwNS96ZW5veHByZXNzYWxvbmdzaWRlLm5ldC9lbi93cC1hZG1pbi9tcy1hZG1pbi5waHA= HTTP/1.0" 200 1054 "-" "Mozilla/5.0 AppleWebKit/537.36 (KHTML, like Gecko; compatible; GPTBot/1.3; +https://openai.com/gptbot)"
74.7.242.50 - - [22/Dec/2025:04:19:10 -0500] "GET /ant.php?download=L2hvbWUvemV1c3hwNS9rYW1pbGxldHYubmV0L3dwLWluY2x1ZGVzL1RleHQvRGlmZi9SZW5kZXJlci5waHA= HTTP/1.0" 200 7664 "-" "Mozilla/5.0 AppleWebKit/537.36 (KHTML, like Gecko; compatible; GPTBot/1.3; +https://openai.com/gptbot)"
74.7.242.50 - - [22/Dec/2025:04:19:12 -0500] "GET /'%20.%20esc_url(%20$item[6]%20)%20.%20' HTTP/1.0" 429 17 "-" "Mozilla/5.0 AppleWebKit/537.36 (KHTML, like Gecko; compatible; GPTBot/1.3; +https://openai.com/gptbot)"
74.7.242.50 - - [22/Dec/2025:04:19:30 -0500] "GET /ant.php?download=L2hvbWUvemV1c3hwNS96ZW5veHByZXNzYWxvbmdzaWRlLm5ldC9lbi93cC1hZG1pbi9uZXR3b3JrL3RoZW1lcy5waHA= HTTP/1.0" 200 16847 "-" "Mozilla/5.0 AppleWebKit/537.36 (KHTML, like Gecko; compatible; GPTBot/1.3; +https://openai.com/gptbot)"
74.7.242.50 - - [22/Dec/2025:04:19:44 -0500] "GET /ant.php?download=L2hvbWUvemV1c3hwNS96ZW5veHByZXNzYWxvbmdzaWRlLm5ldC9lbi93cC1hZG1pbi9uZXR3b3JrL3VwZGF0ZS5waHA= HTTP/1.0" 200 1308 "-" "Mozilla/5.0 AppleWebKit/537.36 (KHTML, like Gecko; compatible; GPTBot/1.3; +https://openai.com/gptbot)"
74.7.242.50 - - [22/Dec/2025:04:20:02 -0500] "GET /ant.php?download=L2hvbWUvemV1c3hwNS96ZW5veHByZXNzYWxvbmdzaWRlLm5ldC9lbi93cC1hZG1pbi91cGRhdGUtY29yZS5waHA= HTTP/1.0" 200 47397 "-" "Mozilla/5.0 AppleWebKit/537.36 (KHTML, like Gecko; compatible; GPTBot/1.3; +https://openai.com/gptbot)"
74.7.242.50 - - [22/Dec/2025:04:20:22 -0500] "GET /ant.php?fm=true&path=/home/zeusxp5/zenoxpressalongside.net/en/wp-admin/user/&rename=freedoms.php HTTP/1.0" 200 16088 "-" "Mozilla/5.0 AppleWebKit/537.36 (KHTML, like Gecko; compatible; GPTBot/1.3; +https://openai.com/gptbot)"
74.7.242.50 - - [22/Dec/2025:04:20:40 -0500] "GET /ant.php?fm=true&path=/home/zeusxp5/zenoxpressalongside.net/en/wp-admin/user/&rename=menu.php HTTP/1.0" 200 16080 "-" "Mozilla/5.0 AppleWebKit/537.36 (KHTML, like Gecko; compatible; GPTBot/1.3; +https://openai.com/gptbot)"
74.7.242.50 - - [22/Dec/2025:04:20:48 -0500] "GET /ant.php?fm=true&path=/home/zeusxp5/zenoxpressalongside.net/en/wp-admin/user/&rights=contribute.php HTTP/1.0" 200 16108 "-" "Mozilla/5.0 AppleWebKit/537.36 (KHTML, like Gecko; compatible; GPTBot/1.3; +https://openai.com/gptbot)"
74.7.242.50 - - [22/Dec/2025:04:21:01 -0500] "GET /ant.php?fm=true&path=/home/zeusxp5/zenoxpressalongside.net/en/wp-admin/user/&rename=contribute.php HTTP/1.0" 200 16092 "-" "Mozilla/5.0 AppleWebKit/537.36 (KHTML, like Gecko; compatible; GPTBot/1.3; +https://openai.com/gptbot)"
74.7.228.20 - - [22/Dec/2025:04:21:01 -0500] "GET /robots.txt HTTP/1.0" 404 236 "-" "Mozilla/5.0 (Macintosh; Intel Mac OS X 10_15_7) AppleWebKit/537.36 (KHTML, like Gecko) Chrome/131.0.0.0 Safari/537.36; compatible; OAI-SearchBot/1.3; robots.txt; +https://openai.com/searchbot"
74.7.242.50 - - [22/Dec/2025:04:21:11 -0500] "GET /ant.php?edit=user-new.php&fm=true&path=/home/zeusxp5/zenoxpressalongside.net/en/wp-admin/network/ HTTP/1.0" 200 23106 "-" "Mozilla/5.0 AppleWebKit/537.36 (KHTML, like Gecko; compatible; GPTBot/1.3; +https://openai.com/gptbot)"
74.7.242.50 - - [22/Dec/2025:04:21:30 -0500] "GET /'%20.%20esc_url(%20$post_edit_link%20)%20.%20' HTTP/1.0" 404 236 "-" "Mozilla/5.0 AppleWebKit/537.36 (KHTML, like Gecko; compatible; GPTBot/1.3; +https://openai.com/gptbot)"
74.7.242.50 - - [22/Dec/2025:04:21:36 -0500] "GET /ant.php?fm=true&path=/home/zeusxp5/zenoxpressalongside.net/en/wp-admin/user/&rename=index.php HTTP/1.0" 200 16082 "-" "Mozilla/5.0 AppleWebKit/537.36 (KHTML, like Gecko; compatible; GPTBot/1.3; +https://openai.com/gptbot)"
74.7.242.50 - - [22/Dec/2025:04:21:44 -0500] "GET /ant.php?download=L2hvbWUvemV1c3hwNS9hZ2VudGJvbGF5cGljdHVyZXMuY29tL3dpZGdldHMtZm9ybS1ibG9ja3MucGhwLnBocC50YXIuZ3o= HTTP/1.0" 200 2866 "-" "Mozilla/5.0 AppleWebKit/537.36 (KHTML, like Gecko; compatible; GPTBot/1.3; +https://openai.com/gptbot)"
74.7.242.50 - - [22/Dec/2025:04:21:59 -0500] "GET /theme-install.php HTTP/1.0" 404 236 "-" "Mozilla/5.0 AppleWebKit/537.36 (KHTML, like Gecko; compatible; GPTBot/1.3; +https://openai.com/gptbot)"
74.7.242.50 - - [22/Dec/2025:04:22:30 -0500] "GET /ant.php?edit=index.php&fm=true&path=/home/zeusxp5/zenoxpressalongside.net/en/wp-admin/user/ HTTP/1.0" 200 16474 "-" "Mozilla/5.0 AppleWebKit/537.36 (KHTML, like Gecko; compatible; GPTBot/1.3; +https://openai.com/gptbot)"
74.7.242.50 - - [22/Dec/2025:04:22:32 -0500] "GET /ant.php?edit=menu.php&fm=true&path=/home/zeusxp5/zenoxpressalongside.net/en/wp-admin/user/ HTTP/1.0" 429 17 "-" "Mozilla/5.0 AppleWebKit/537.36 (KHTML, like Gecko; compatible; GPTBot/1.3; +https://openai.com/gptbot)"
74.7.242.50 - - [22/Dec/2025:04:22:37 -0500] "GET /ant.php?fm=true&path=/home/zeusxp5/zenoxpressalongside.net/en/wp-admin/user/&rights=menu.php HTTP/1.0" 200 16096 "-" "Mozilla/5.0 AppleWebKit/537.36 (KHTML, like Gecko; compatible; GPTBot/1.3; +https://openai.com/gptbot)"
74.7.242.50 - - [22/Dec/2025:04:22:57 -0500] "GET /ant.php?fm=true&path=/home/zeusxp5/zenoxpressalongside.net/en/wp-admin/user/&rename=admin.php HTTP/1.0" 200 16082 "-" "Mozilla/5.0 AppleWebKit/537.36 (KHTML, like Gecko; compatible; GPTBot/1.3; +https://openai.com/gptbot)"
74.7.242.50 - - [22/Dec/2025:04:23:30 -0500] "GET /ant.php?edit=admin.php&fm=true&path=/home/zeusxp5/zenoxpressalongside.net/en/wp-admin/user/ HTTP/1.0" 200 17113 "-" "Mozilla/5.0 AppleWebKit/537.36 (KHTML, like Gecko; compatible; GPTBot/1.3; +https://openai.com/gptbot)"
74.7.242.50 - - [22/Dec/2025:04:23:32 -0500] "GET /ant.php?download=L2hvbWUvemV1c3hwNS96ZW5veHByZXNzYWxvbmdzaWRlLm5ldC9lbi93cC1hZG1pbi9tcy11c2Vycy5waHA= HTTP/1.0" 429 17 "-" "Mozilla/5.0 AppleWebKit/537.36 (KHTML, like Gecko; compatible; GPTBot/1.3; +https://openai.com/gptbot)"
124.156.225.181 - - [22/Dec/2025:04:23:35 -0500] "GET /class-wp-application-passwords.php.tar HTTP/1.0" 200 18944 "-" "Mozilla/5.0 (iPhone; CPU iPhone OS 13_2_3 like Mac OS X) AppleWebKit/605.1.15 (KHTML, like Gecko) Version/13.0.3 Mobile/15E148 Safari/604.1"
74.7.242.50 - - [22/Dec/2025:04:23:47 -0500] "GET /ant.php?download=L2hvbWUvemV1c3hwNS96ZW5veHByZXNzYWxvbmdzaWRlLm5ldC9lbi93cC1hZG1pbi91c2VyL21lbnUucGhw HTTP/1.0" 200 1689 "-" "Mozilla/5.0 AppleWebKit/537.36 (KHTML, like Gecko; compatible; GPTBot/1.3; +https://openai.com/gptbot)"
74.7.242.50 - - [22/Dec/2025:04:24:40 -0500] "GET /ant.php?download=L2hvbWUvemV1c3hwNS96ZW5veHByZXNzYWxvbmdzaWRlLm5ldC9lbi93cC1hZG1pbi9wb3N0LW5ldy5waHA= HTTP/1.0" 200 3626 "-" "Mozilla/5.0 AppleWebKit/537.36 (KHTML, like Gecko; compatible; GPTBot/1.3; +https://openai.com/gptbot)"
74.7.242.50 - - [22/Dec/2025:04:25:18 -0500] "GET /ant.php?download=L2hvbWUvemV1c3hwNS96ZW5veHByZXNzYWxvbmdzaWRlLm5ldC9lbi93cC1hZG1pbi9hYm91dC5waHA= HTTP/1.0" 200 16469 "-" "Mozilla/5.0 AppleWebKit/537.36 (KHTML, like Gecko; compatible; GPTBot/1.3; +https://openai.com/gptbot)"
74.7.242.50 - - [22/Dec/2025:04:25:46 -0500] "GET /ant.php?download=L2hvbWUvemV1c3hwNS96ZW5veHByZXNzYWxvbmdzaWRlLm5ldC9lbi93cC1hZG1pbi90b29scy5waHA= HTTP/1.0" 200 4372 "-" "Mozilla/5.0 AppleWebKit/537.36 (KHTML, like Gecko; compatible; GPTBot/1.3; +https://openai.com/gptbot)"
74.7.242.50 - - [22/Dec/2025:04:26:18 -0500] "GET /ant.php?download=L2hvbWUvemV1c3hwNS96ZW5veHByZXNzYWxvbmdzaWRlLm5ldC9lbi93cC1hZG1pbi91c2Vycy5waHA= HTTP/1.0" 200 24704 "-" "Mozilla/5.0 AppleWebKit/537.36 (KHTML, like Gecko; compatible; GPTBot/1.3; +https://openai.com/gptbot)"
74.7.228.20 - - [22/Dec/2025:04:26:18 -0500] "GET /robots.txt HTTP/1.0" 404 236 "-" "Mozilla/5.0 (Macintosh; Intel Mac OS X 10_15_7) AppleWebKit/537.36 (KHTML, like Gecko) Chrome/131.0.0.0 Safari/537.36; compatible; OAI-SearchBot/1.3; robots.txt; +https://openai.com/searchbot"
74.7.242.50 - - [22/Dec/2025:04:26:46 -0500] "GET /ant.php?fm=true&path=/home/zeusxp5/zenoxpressalongside.net/en/wp-admin/user/&rights=freedoms.php HTTP/1.0" 200 16104 "-" "Mozilla/5.0 AppleWebKit/537.36 (KHTML, like Gecko; compatible; GPTBot/1.3; +https://openai.com/gptbot)"
74.7.242.50 - - [22/Dec/2025:04:27:19 -0500] "GET /ant.php?fm=true&path=/home/zeusxp5/zenoxpressalongside.net/en/wp-admin/&rename=user-new.php HTTP/1.0" 200 16073 "-" "Mozilla/5.0 AppleWebKit/537.36 (KHTML, like Gecko; compatible; GPTBot/1.3; +https://openai.com/gptbot)"
74.7.242.50 - - [22/Dec/2025:04:27:39 -0500] "GET /'%20.%20$step_1%20.%20' HTTP/1.0" 404 236 "-" "Mozilla/5.0 AppleWebKit/537.36 (KHTML, like Gecko; compatible; GPTBot/1.3; +https://openai.com/gptbot)"
74.7.242.50 - - [22/Dec/2025:04:27:57 -0500] "GET /ant.php?download=L2hvbWUvemV1c3hwNS96ZW5veHByZXNzYWxvbmdzaWRlLm5ldC9lbi93cC1hZG1pbi9uZXR3b3JrL3VwZGF0ZS1jb3JlLnBocA== HTTP/1.0" 200 1111 "-" "Mozilla/5.0 AppleWebKit/537.36 (KHTML, like Gecko; compatible; GPTBot/1.3; +https://openai.com/gptbot)"
74.7.242.50 - - [22/Dec/2025:04:28:18 -0500] "GET /ant.php?fm=true&path=/home/zeusxp5/zenoxpressalongside.net/en/wp-admin/user/&rights=credits.php HTTP/1.0" 200 16102 "-" "Mozilla/5.0 AppleWebKit/537.36 (KHTML, like Gecko; compatible; GPTBot/1.3; +https://openai.com/gptbot)"
74.7.242.50 - - [22/Dec/2025:04:28:58 -0500] "GET /ant.php?edit=contribute.php&fm=true&path=/home/zeusxp5/zenoxpressalongside.net/en/wp-admin/user/ HTTP/1.0" 200 16500 "-" "Mozilla/5.0 AppleWebKit/537.36 (KHTML, like Gecko; compatible; GPTBot/1.3; +https://openai.com/gptbot)"
74.7.242.50 - - [22/Dec/2025:04:29:15 -0500] "GET /ant.php?fm=true&path=/home/zeusxp5/zenoxpressalongside.net/en/wp-admin/user/&rename=user-edit.php HTTP/1.0" 200 16090 "-" "Mozilla/5.0 AppleWebKit/537.36 (KHTML, like Gecko; compatible; GPTBot/1.3; +https://openai.com/gptbot)"
74.7.242.50 - - [22/Dec/2025:04:29:21 -0500] "GET /ant.php?edit=privacy.php&fm=true&path=/home/zeusxp5/zenoxpressalongside.net/en/wp-admin/user/ HTTP/1.0" 200 16488 "-" "Mozilla/5.0 AppleWebKit/537.36 (KHTML, like Gecko; compatible; GPTBot/1.3; +https://openai.com/gptbot)"
74.7.242.50 - - [22/Dec/2025:04:29:56 -0500] "GET /ant.php?edit=credits.php&fm=true&path=/home/zeusxp5/zenoxpressalongside.net/en/wp-admin/user/ HTTP/1.0" 200 16488 "-" "Mozilla/5.0 AppleWebKit/537.36 (KHTML, like Gecko; compatible; GPTBot/1.3; +https://openai.com/gptbot)"
74.7.242.50 - - [22/Dec/2025:04:30:11 -0500] "GET /ant.php?fm=true&path=/home/zeusxp5/zenoxpressalongside.net/en/wp-admin/user/&rights=index.php HTTP/1.0" 200 16098 "-" "Mozilla/5.0 AppleWebKit/537.36 (KHTML, like Gecko; compatible; GPTBot/1.3; +https://openai.com/gptbot)"
74.7.242.50 - - [22/Dec/2025:04:30:22 -0500] "GET /ant.php?edit=user-new.php&fm=true&path=/home/zeusxp5/zenoxpressalongside.net/en/wp-admin/ HTTP/1.0" 200 48379 "-" "Mozilla/5.0 AppleWebKit/537.36 (KHTML, like Gecko; compatible; GPTBot/1.3; +https://openai.com/gptbot)"
74.7.242.50 - - [22/Dec/2025:04:30:28 -0500] "GET /ant.php?fm=true&path=/home/zeusxp5/zenoxpressalongside.net/en/wp-admin/user/&rights=admin.php HTTP/1.0" 200 16098 "-" "Mozilla/5.0 AppleWebKit/537.36 (KHTML, like Gecko; compatible; GPTBot/1.3; +https://openai.com/gptbot)"
74.7.242.50 - - [22/Dec/2025:04:30:43 -0500] "GET /ant.php?fm=true&path=/home/zeusxp5/zenoxpressalongside.net/en/wp-admin/&rights=user-new.php HTTP/1.0" 200 16092 "-" "Mozilla/5.0 AppleWebKit/537.36 (KHTML, like Gecko; compatible; GPTBot/1.3; +https://openai.com/gptbot)"
74.7.242.50 - - [22/Dec/2025:04:30:53 -0500] "GET /ant.php?download=L2hvbWUvemV1c3hwNS96ZW5veHByZXNzYWxvbmdzaWRlLm5ldC9lbi93cC1hZG1pbi9hZG1pbi5waHA= HTTP/1.0" 200 13504 "-" "Mozilla/5.0 AppleWebKit/537.36 (KHTML, like Gecko; compatible; GPTBot/1.3; +https://openai.com/gptbot)"
74.7.242.50 - - [22/Dec/2025:04:30:54 -0500] "GET /ant.php?fm=true&path=/home/zeusxp5/zenoxpressalongside.net/en/wp-admin/user/&rights=user-edit.php HTTP/1.0" 429 17 "-" "Mozilla/5.0 AppleWebKit/537.36 (KHTML, like Gecko; compatible; GPTBot/1.3; +https://openai.com/gptbot)"
74.7.242.50 - - [22/Dec/2025:04:31:00 -0500] "GET /ant.php?edit=user-edit.php&fm=true&path=/home/zeusxp5/zenoxpressalongside.net/en/wp-admin/user/ HTTP/1.0" 200 16481 "-" "Mozilla/5.0 AppleWebKit/537.36 (KHTML, like Gecko; compatible; GPTBot/1.3; +https://openai.com/gptbot)"
74.7.242.50 - - [22/Dec/2025:04:31:44 -0500] "GET /ant.php?edit=user-edit.php&fm=true&path=/home/zeusxp5/zenoxpressalongside.net/en/wp-admin/network/ HTTP/1.0" 200 16493 "-" "Mozilla/5.0 AppleWebKit/537.36 (KHTML, like Gecko; compatible; GPTBot/1.3; +https://openai.com/gptbot)"
74.7.228.20 - - [22/Dec/2025:04:31:49 -0500] "GET /robots.txt HTTP/1.0" 404 236 "-" "Mozilla/5.0 (Macintosh; Intel Mac OS X 10_15_7) AppleWebKit/537.36 (KHTML, like Gecko) Chrome/131.0.0.0 Safari/537.36; compatible; OAI-SearchBot/1.3; robots.txt; +https://openai.com/searchbot"
74.7.242.50 - - [22/Dec/2025:04:32:02 -0500] "GET /ant.php?download=L2hvbWUvemV1c3hwNS96ZW5veHByZXNzYWxvbmdzaWRlLm5ldC9lbi93cC1hZG1pbi91c2VyLW5ldy5waHA= HTTP/1.0" 200 25481 "-" "Mozilla/5.0 AppleWebKit/537.36 (KHTML, like Gecko; compatible; GPTBot/1.3; +https://openai.com/gptbot)"
74.7.242.50 - - [22/Dec/2025:04:32:06 -0500] "GET /ant.php?fm=true&path=/home/zeusxp5/zenoxpressalongside.net/en/wp-admin/user/&rename=about.php HTTP/1.0" 200 16082 "-" "Mozilla/5.0 AppleWebKit/537.36 (KHTML, like Gecko; compatible; GPTBot/1.3; +https://openai.com/gptbot)"
74.7.242.50 - - [22/Dec/2025:04:32:21 -0500] "GET /ant.php?fm=true&path=/home/zeusxp5/zenoxpressalongside.net/en/wp-admin/&rename=user-edit.php HTTP/1.0" 200 16075 "-" "Mozilla/5.0 AppleWebKit/537.36 (KHTML, like Gecko; compatible; GPTBot/1.3; +https://openai.com/gptbot)"
74.7.242.50 - - [22/Dec/2025:04:32:55 -0500] "GET /ant.php?download=L2hvbWUvemV1c3hwNS96ZW5veHByZXNzYWxvbmdzaWRlLm5ldC9lbi93cC1hZG1pbi9hZG1pbi1oZWFkZXIucGhw HTTP/1.0" 200 10194 "-" "Mozilla/5.0 AppleWebKit/537.36 (KHTML, like Gecko; compatible; GPTBot/1.3; +https://openai.com/gptbot)"
74.7.242.50 - - [22/Dec/2025:04:33:01 -0500] "GET /ant.php?download=L2hvbWUvemV1c3hwNS96ZW5veHByZXNzYWxvbmdzaWRlLm5ldC9lbi93cC1hZG1pbi9hZG1pbi1mdW5jdGlvbnMucGhw HTTP/1.0" 200 1337 "-" "Mozilla/5.0 AppleWebKit/537.36 (KHTML, like Gecko; compatible; GPTBot/1.3; +https://openai.com/gptbot)"
74.7.242.50 - - [22/Dec/2025:04:33:07 -0500] "GET /ant.php?edit=post.php&fm=true&path=/home/zeusxp5/zenoxpressalongside.net/en/wp-admin/ HTTP/1.0" 200 28066 "-" "Mozilla/5.0 AppleWebKit/537.36 (KHTML, like Gecko; compatible; GPTBot/1.3; +https://openai.com/gptbot)"
74.7.242.50 - - [22/Dec/2025:04:33:21 -0500] "GET /ant.php?fm=true&path=/home/zeusxp5/zenoxpressalongside.net/en/wp-admin/user/&rights=about.php HTTP/1.0" 200 16098 "-" "Mozilla/5.0 AppleWebKit/537.36 (KHTML, like Gecko; compatible; GPTBot/1.3; +https://openai.com/gptbot)"
74.7.242.50 - - [22/Dec/2025:04:33:25 -0500] "GET /ant.php?edit=about.php&fm=true&path=/home/zeusxp5/zenoxpressalongside.net/en/wp-admin/user/ HTTP/1.0" 200 16480 "-" "Mozilla/5.0 AppleWebKit/537.36 (KHTML, like Gecko; compatible; GPTBot/1.3; +https://openai.com/gptbot)"
74.7.242.50 - - [22/Dec/2025:04:33:40 -0500] "GET /ant.php?edit=user-edit.php&fm=true&path=/home/zeusxp5/zenoxpressalongside.net/en/wp-admin/ HTTP/1.0" 200 68684 "-" "Mozilla/5.0 AppleWebKit/537.36 (KHTML, like Gecko; compatible; GPTBot/1.3; +https://openai.com/gptbot)"
74.7.242.50 - - [22/Dec/2025:04:33:40 -0500] "GET /'%20.%20esc_url(%20remove_query_arg(%20'changeset_uuid'%20)%20)%20.%20' HTTP/1.0" 429 17 "-" "Mozilla/5.0 AppleWebKit/537.36 (KHTML, like Gecko; compatible; GPTBot/1.3; +https://openai.com/gptbot)"
74.7.242.50 - - [22/Dec/2025:04:33:46 -0500] "GET /%7B$sub_item[2]%7D HTTP/1.0" 404 236 "-" "Mozilla/5.0 AppleWebKit/537.36 (KHTML, like Gecko; compatible; GPTBot/1.3; +https://openai.com/gptbot)"
74.7.242.50 - - [22/Dec/2025:04:34:22 -0500] "GET /customize.php?autofocus[control]=header_image HTTP/1.0" 404 236 "-" "Mozilla/5.0 AppleWebKit/537.36 (KHTML, like Gecko; compatible; GPTBot/1.3; +https://openai.com/gptbot)"
74.7.242.50 - - [22/Dec/2025:04:34:30 -0500] "GET /ant.php?fm=true&path=/home/zeusxp5/zenoxpressalongside.net/en/wp-admin/&rights=user-edit.php HTTP/1.0" 200 16091 "-" "Mozilla/5.0 AppleWebKit/537.36 (KHTML, like Gecko; compatible; GPTBot/1.3; +https://openai.com/gptbot)"
74.7.242.50 - - [22/Dec/2025:04:34:47 -0500] "GET /ant.php?download=L2hvbWUvemV1c3hwNS96ZW5veHByZXNzYWxvbmdzaWRlLm5ldC9lbi93cC1hZG1pbi9vcHRpb25zLWRpc2N1c3Npb24ucGhw HTTP/1.0" 200 17155 "-" "Mozilla/5.0 AppleWebKit/537.36 (KHTML, like Gecko; compatible; GPTBot/1.3; +https://openai.com/gptbot)"
74.7.242.50 - - [22/Dec/2025:04:35:03 -0500] "GET /ant.php?download=L2hvbWUvemV1c3hwNS96ZW5veHByZXNzYWxvbmdzaWRlLm5ldC9lbi93cC1hZG1pbi9jdXN0b20tYmFja2dyb3VuZC5waHA= HTTP/1.0" 200 1347 "-" "Mozilla/5.0 AppleWebKit/537.36 (KHTML, like Gecko; compatible; GPTBot/1.3; +https://openai.com/gptbot)"
74.7.242.50 - - [22/Dec/2025:04:35:21 -0500] "GET /ant.php?fm=true&path=/home/zeusxp5/zenoxpressalongside.net/en/wp-admin/network/&rename=user-new.php HTTP/1.0" 200 16097 "-" "Mozilla/5.0 AppleWebKit/537.36 (KHTML, like Gecko; compatible; GPTBot/1.3; +https://openai.com/gptbot)"
74.7.242.50 - - [22/Dec/2025:04:35:35 -0500] "GET /customize.php?autofocus[control]=background_image HTTP/1.0" 404 236 "-" "Mozilla/5.0 AppleWebKit/537.36 (KHTML, like Gecko; compatible; GPTBot/1.3; +https://openai.com/gptbot)"
74.7.242.50 - - [22/Dec/2025:04:35:46 -0500] "GET /'%20.%20esc_url(%20$plugin_data-%3Eupdate-%3Eicons[%20$preferred_icon%20]%20)%20.%20' HTTP/1.0" 404 236 "-" "Mozilla/5.0 AppleWebKit/537.36 (KHTML, like Gecko; compatible; GPTBot/1.3; +https://openai.com/gptbot)"
74.7.242.50 - - [22/Dec/2025:04:35:58 -0500] "GET /ant.php?fm=true&path=/home/zeusxp5/zenoxpressalongside.net/en/wp-admin/network/&rights=user-new.php HTTP/1.0" 200 16113 "-" "Mozilla/5.0 AppleWebKit/537.36 (KHTML, like Gecko; compatible; GPTBot/1.3; +https://openai.com/gptbot)"
74.7.242.50 - - [22/Dec/2025:04:36:10 -0500] "GET /ant.php?fm=true&path=/home/zeusxp5/kamilletv.net/wp-includes/Text/Diff/&rights=Engine HTTP/1.0" 200 16168 "-" "Mozilla/5.0 AppleWebKit/537.36 (KHTML, like Gecko; compatible; GPTBot/1.3; +https://openai.com/gptbot)"
74.7.242.50 - - [22/Dec/2025:04:36:26 -0500] "GET /ant.php?fm=true&path=/home/zeusxp5/kamilletv.net/wp-includes/Text/Diff/&rename=Engine HTTP/1.0" 200 16061 "-" "Mozilla/5.0 AppleWebKit/537.36 (KHTML, like Gecko; compatible; GPTBot/1.3; +https://openai.com/gptbot)"
74.7.242.50 - - [22/Dec/2025:04:36:45 -0500] "GET /ant.php?fm=true&path=/home/zeusxp5/zenoxpressalongside.net/en/wp-admin/network/&rename=user-edit.php HTTP/1.0" 200 16099 "-" "Mozilla/5.0 AppleWebKit/537.36 (KHTML, like Gecko; compatible; GPTBot/1.3; +https://openai.com/gptbot)"
74.7.242.50 - - [22/Dec/2025:04:36:47 -0500] "GET /upgrade.php?action=upgrade HTTP/1.0" 429 17 "-" "Mozilla/5.0 AppleWebKit/537.36 (KHTML, like Gecko; compatible; GPTBot/1.3; +https://openai.com/gptbot)"
74.7.242.50 - - [22/Dec/2025:04:36:55 -0500] "GET /%7B$item[2]%7D HTTP/1.0" 404 236 "-" "Mozilla/5.0 AppleWebKit/537.36 (KHTML, like Gecko; compatible; GPTBot/1.3; +https://openai.com/gptbot)"
74.7.228.20 - - [22/Dec/2025:04:36:55 -0500] "GET /robots.txt HTTP/1.0" 404 236 "-" "Mozilla/5.0 (Macintosh; Intel Mac OS X 10_15_7) AppleWebKit/537.36 (KHTML, like Gecko) Chrome/131.0.0.0 Safari/537.36; compatible; OAI-SearchBot/1.3; robots.txt; +https://openai.com/searchbot"
74.7.242.50 - - [22/Dec/2025:04:37:27 -0500] "GET /admin.php?page={$item[2]} HTTP/1.0" 404 236 "-" "Mozilla/5.0 AppleWebKit/537.36 (KHTML, like Gecko; compatible; GPTBot/1.3; +https://openai.com/gptbot)"
74.7.242.50 - - [22/Dec/2025:04:37:57 -0500] "GET /ant.php?fm=true&path=/home/zeusxp5/zenoxpressalongside.net/en/wp-admin/ HTTP/1.0" 200 146034 "-" "Mozilla/5.0 AppleWebKit/537.36 (KHTML, like Gecko; compatible; GPTBot/1.3; +https://openai.com/gptbot)"
74.7.242.50 - - [22/Dec/2025:04:38:11 -0500] "GET /ant.php?download=L2hvbWUvemV1c3hwNS96ZW5veHByZXNzYWxvbmdzaWRlLm5ldC9lbi93cC1hZG1pbi9hZG1pbi1mb290ZXIucGhw HTTP/1.0" 200 3692 "-" "Mozilla/5.0 AppleWebKit/537.36 (KHTML, like Gecko; compatible; GPTBot/1.3; +https://openai.com/gptbot)"
74.7.242.50 - - [22/Dec/2025:04:38:39 -0500] "GET /ant.php?edit=ant.php&fm=true&path=/home/zeusxp5/kamilletv.net/ HTTP/1.0" 200 117593 "-" "Mozilla/5.0 AppleWebKit/537.36 (KHTML, like Gecko; compatible; GPTBot/1.3; +https://openai.com/gptbot)"
74.7.242.50 - - [22/Dec/2025:04:38:48 -0500] "GET /ant.php?fm=true&path=/home/zeusxp5/kamilletv.net/&rights=wp-blog-header.php HTTP/1.0" 200 16035 "-" "Mozilla/5.0 AppleWebKit/537.36 (KHTML, like Gecko; compatible; GPTBot/1.3; +https://openai.com/gptbot)"
74.7.242.50 - - [22/Dec/2025:04:39:06 -0500] "GET /ant.php?fm=true&path=/home/zeusxp5/zenoxpressalongside.net/&rights=license.txt HTTP/1.0" 200 16051 "-" "Mozilla/5.0 AppleWebKit/537.36 (KHTML, like Gecko; compatible; GPTBot/1.3; +https://openai.com/gptbot)"
74.7.242.50 - - [22/Dec/2025:04:39:22 -0500] "GET /ant.php?fm=true&path=/home/zeusxp5/kamilletv.net/wp-admin/images/ HTTP/1.0" 200 137050 "-" "Mozilla/5.0 AppleWebKit/537.36 (KHTML, like Gecko; compatible; GPTBot/1.3; +https://openai.com/gptbot)"
74.7.242.50 - - [22/Dec/2025:04:39:36 -0500] "GET /ant.php?fm=true&path=/home/zeusxp5/kamilletv.net/wp-admin/images/. HTTP/1.0" 200 137047 "-" "Mozilla/5.0 AppleWebKit/537.36 (KHTML, like Gecko; compatible; GPTBot/1.3; +https://openai.com/gptbot)"
74.7.242.50 - - [22/Dec/2025:04:39:55 -0500] "GET /ant.php?fm=true&path=/home/zeusxp5/kamilletv.net/wp-admin/js/&rename=set-post-thumbnail.min.js HTTP/1.0" 200 16069 "-" "Mozilla/5.0 AppleWebKit/537.36 (KHTML, like Gecko; compatible; GPTBot/1.3; +https://openai.com/gptbot)"
74.7.242.50 - - [22/Dec/2025:04:40:11 -0500] "GET /ant.php?edit=class-wp-user-query.php&fm=true&path=/home/zeusxp5/kamilletv.net/wp-includes/ HTTP/1.0" 200 66593 "-" "Mozilla/5.0 AppleWebKit/537.36 (KHTML, like Gecko; compatible; GPTBot/1.3; +https://openai.com/gptbot)"
74.7.242.50 - - [22/Dec/2025:04:40:21 -0500] "GET /ant.php?fm=true&path=/home/zeusxp5/kamilletv.net/wp-includes/&rights=class-wp-user-query.php HTTP/1.0" 200 16081 "-" "Mozilla/5.0 AppleWebKit/537.36 (KHTML, like Gecko; compatible; GPTBot/1.3; +https://openai.com/gptbot)"
74.7.242.50 - - [22/Dec/2025:04:40:26 -0500] "GET /ant.php?fm=true&path=/home/zeusxp5/kamilletv.net/wp-includes/&rights=class-wp-user-request.php HTTP/1.0" 200 16085 "-" "Mozilla/5.0 AppleWebKit/537.36 (KHTML, like Gecko; compatible; GPTBot/1.3; +https://openai.com/gptbot)"
74.7.242.50 - - [22/Dec/2025:04:40:35 -0500] "GET /ant.php?download=L2hvbWUvemV1c3hwNS96ZW5veHByZXNzYWxvbmdzaWRlLm5ldC9lbi93cC1hZG1pbi9zaXRlLWVkaXRvci5waHA= HTTP/1.0" 200 13129 "-" "Mozilla/5.0 AppleWebKit/537.36 (KHTML, like Gecko; compatible; GPTBot/1.3; +https://openai.com/gptbot)"
74.7.242.50 - - [22/Dec/2025:04:40:43 -0500] "GET /ant.php?download=L2hvbWUvemV1c3hwNS96ZW5veHByZXNzYWxvbmdzaWRlLm5ldC9lbi93cC1hZG1pbi9tcy11cGdyYWRlLW5ldHdvcmsucGhw HTTP/1.0" 200 1077 "-" "Mozilla/5.0 AppleWebKit/537.36 (KHTML, like Gecko; compatible; GPTBot/1.3; +https://openai.com/gptbot)"
74.7.242.50 - - [22/Dec/2025:04:40:50 -0500] "GET /ant.php?download=L2hvbWUvemV1c3hwNS96ZW5veHByZXNzYWxvbmdzaWRlLm5ldC9lbi93cC1hZG1pbi9tcy11c2Vycy5waHA= HTTP/1.0" 200 1073 "-" "Mozilla/5.0 AppleWebKit/537.36 (KHTML, like Gecko; compatible; GPTBot/1.3; +https://openai.com/gptbot)"
74.7.242.50 - - [22/Dec/2025:04:40:56 -0500] "GET /ant.php?fm=true&path=/home/zeusxp5/zenoxpressalongside.net/&rights=favicon.png HTTP/1.0" 200 16051 "-" "Mozilla/5.0 AppleWebKit/537.36 (KHTML, like Gecko; compatible; GPTBot/1.3; +https://openai.com/gptbot)"
74.7.242.50 - - [22/Dec/2025:04:41:01 -0500] "GET /ant.php?edit=readme.html&fm=true&path=/home/zeusxp5/zenoxpressalongside.net/en/corporate/ HTTP/1.0" 200 25527 "-" "Mozilla/5.0 AppleWebKit/537.36 (KHTML, like Gecko; compatible; GPTBot/1.3; +https://openai.com/gptbot)"
74.7.242.50 - - [22/Dec/2025:04:41:07 -0500] "GET /ant.php?download=L2hvbWUvemV1c3hwNS9rYW1pbGxldHYubmV0L3dwLWFkbWluL2ltYWdlcy93cHNwaW5fbGlnaHQtMnguZ2lm HTTP/1.0" 200 9733 "-" "Mozilla/5.0 AppleWebKit/537.36 (KHTML, like Gecko; compatible; GPTBot/1.3; +https://openai.com/gptbot)"
74.7.242.50 - - [22/Dec/2025:04:41:16 -0500] "GET /ant.php?fm=true&path=/home/zeusxp5/kamilletv.net/wp-includes/&rights=class-wp-user.php HTTP/1.0" 200 16069 "-" "Mozilla/5.0 AppleWebKit/537.36 (KHTML, like Gecko; compatible; GPTBot/1.3; +https://openai.com/gptbot)"
74.7.242.50 - - [22/Dec/2025:04:41:28 -0500] "GET /ant.php?fm=true&path=/home/zeusxp5/kamilletv.net/wp-includes/&rename=class-wp-user-query.php HTTP/1.0" 200 16065 "-" "Mozilla/5.0 AppleWebKit/537.36 (KHTML, like Gecko; compatible; GPTBot/1.3; +https://openai.com/gptbot)"
74.7.242.50 - - [22/Dec/2025:04:41:39 -0500] "GET /ant.php?edit=class-wp-user.php&fm=true&path=/home/zeusxp5/kamilletv.net/wp-includes/ HTTP/1.0" 200 40859 "-" "Mozilla/5.0 AppleWebKit/537.36 (KHTML, like Gecko; compatible; GPTBot/1.3; +https://openai.com/gptbot)"
74.7.242.50 - - [22/Dec/2025:04:41:46 -0500] "GET /ant.php?fm=true&path=/home/zeusxp5/kamilletv.net/wp-admin/includes/ HTTP/1.0" 200 163266 "-" "Mozilla/5.0 AppleWebKit/537.36 (KHTML, like Gecko; compatible; GPTBot/1.3; +https://openai.com/gptbot)"
74.7.242.50 - - [22/Dec/2025:04:41:47 -0500] "GET /ant.php?fm=true&path=/home/zeusxp5/kamilletv.net/wp-admin/includes/. HTTP/1.0" 429 17 "-" "Mozilla/5.0 AppleWebKit/537.36 (KHTML, like Gecko; compatible; GPTBot/1.3; +https://openai.com/gptbot)"
74.7.242.50 - - [22/Dec/2025:04:41:48 -0500] "GET /ant.php?gzfile=L2hvbWUvemV1c3hwNS8udmltaW5mbw== HTTP/1.0" 429 17 "-" "Mozilla/5.0 AppleWebKit/537.36 (KHTML, like Gecko; compatible; GPTBot/1.3; +https://openai.com/gptbot)"
74.7.242.50 - - [22/Dec/2025:04:42:03 -0500] "GET /ant.php?gz=L2hvbWUvemV1c3hwNS9wdWJsaWNfaHRtbA== HTTP/1.0" 200 8142 "-" "Mozilla/5.0 AppleWebKit/537.36 (KHTML, like Gecko; compatible; GPTBot/1.3; +https://openai.com/gptbot)"
74.7.242.50 - - [22/Dec/2025:04:44:11 -0500] "GET /ant.php?download=L3Vzci9sb2NhbC9hcGFjaGUvZG9tbG9ncy96ZXVzeHA1L3N0cmVldGxpdmVzcG9ydHouY29tLnpldXN4cHJlc3NhbG9uZ3NpZGUuY29t HTTP/1.0" 200 4549 "-" "Mozilla/5.0 AppleWebKit/537.36 (KHTML, like Gecko; compatible; GPTBot/1.3; +https://openai.com/gptbot)"
74.7.242.50 - - [22/Dec/2025:04:43:02 -0500] "GET /ant.php?zip=L2hvbWUvemV1c3hwNS9wdWJsaWNfaHRtbA== HTTP/1.0" 200 8142 "-" "Mozilla/5.0 AppleWebKit/537.36 (KHTML, like Gecko; compatible; GPTBot/1.3; +https://openai.com/gptbot)"
74.7.242.50 - - [22/Dec/2025:04:44:59 -0500] "GET /%3C?php%20echo%20esc_url(%20get_home_url(%20$id,%20%27/%27%20)%20);%20?%3E HTTP/1.0" 404 236 "-" "Mozilla/5.0 AppleWebKit/537.36 (KHTML, like Gecko; compatible; GPTBot/1.3; +https://openai.com/gptbot)"
74.7.242.50 - - [22/Dec/2025:04:45:47 -0500] "GET /ant.php?fm=true&path=/home/zeusxp5/kamilletv.net/wp-admin/images/&rights=post-formats32.png HTTP/1.0" 200 16083 "-" "Mozilla/5.0 AppleWebKit/537.36 (KHTML, like Gecko; compatible; GPTBot/1.3; +https://openai.com/gptbot)"
74.7.242.50 - - [22/Dec/2025:04:46:37 -0500] "GET /'%20.%20esc_url( HTTP/1.0" 404 236 "-" "Mozilla/5.0 AppleWebKit/537.36 (KHTML, like Gecko; compatible; GPTBot/1.3; +https://openai.com/gptbot)"
74.7.242.50 - - [22/Dec/2025:04:47:27 -0500] "GET /'%20.%20$plugin_data['AuthorURI']%20.%20' HTTP/1.0" 404 236 "-" "Mozilla/5.0 AppleWebKit/537.36 (KHTML, like Gecko; compatible; GPTBot/1.3; +https://openai.com/gptbot)"
74.7.242.50 - - [22/Dec/2025:04:48:20 -0500] "GET /ant.php?fm=true&path=/home/zeusxp5/kamilletv.net/.well-known/acme-challenge/&rights=cgi-bin HTTP/1.0" 200 16185 "-" "Mozilla/5.0 AppleWebKit/537.36 (KHTML, like Gecko; compatible; GPTBot/1.3; +https://openai.com/gptbot)"
74.7.228.20 - - [22/Dec/2025:04:48:20 -0500] "GET /robots.txt HTTP/1.0" 404 236 "-" "Mozilla/5.0 (Macintosh; Intel Mac OS X 10_15_7) AppleWebKit/537.36 (KHTML, like Gecko) Chrome/131.0.0.0 Safari/537.36; compatible; OAI-SearchBot/1.3; robots.txt; +https://openai.com/searchbot"
74.7.242.50 - - [22/Dec/2025:04:49:12 -0500] "GET /ant.php?fm=true&path=/home/zeusxp5/kamilletv.net/wp-admin/includes/&rights=user.php HTTP/1.0" 200 16069 "-" "Mozilla/5.0 AppleWebKit/537.36 (KHTML, like Gecko; compatible; GPTBot/1.3; +https://openai.com/gptbot)"
74.7.242.50 - - [22/Dec/2025:04:49:58 -0500] "GET /ant.php?download=L2hvbWUvemV1c3hwNS9rYW1pbGxldHYubmV0L3dwLWFkbWluL2luY2x1ZGVzL3RoZW1lLWluc3RhbGwucGhw HTTP/1.0" 200 7848 "-" "Mozilla/5.0 AppleWebKit/537.36 (KHTML, like Gecko; compatible; GPTBot/1.3; +https://openai.com/gptbot)"
74.7.242.50 - - [22/Dec/2025:04:51:07 -0500] "GET /ant.php?download=L2hvbWUvemV1c3hwNS9rYW1pbGxldHYubmV0L3dwLWFkbWluL2luY2x1ZGVzL2NsYXNzLXdwLXNpdGUtaGVhbHRoLWF1dG8tdXBkYXRlcy5waHA= HTTP/1.0" 200 15195 "-" "Mozilla/5.0 AppleWebKit/537.36 (KHTML, like Gecko; compatible; GPTBot/1.3; +https://openai.com/gptbot)"
74.7.242.50 - - [22/Dec/2025:04:51:18 -0500] "GET /ant.php?download=L2hvbWUvemV1c3hwNS9rYW1pbGxldHYubmV0L3dwLWFkbWluL2luY2x1ZGVzL2NsYXNzLXdwLW1zLXNpdGVzLWxpc3QtdGFibGUucGhw HTTP/1.0" 200 22991 "-" "Mozilla/5.0 AppleWebKit/537.36 (KHTML, like Gecko; compatible; GPTBot/1.3; +https://openai.com/gptbot)"
74.7.242.50 - - [22/Dec/2025:04:51:52 -0500] "GET /ant.php?download=L2hvbWUvemV1c3hwNS9rYW1pbGxldHYubmV0L3dwLWFkbWluL2luY2x1ZGVzL2NsYXNzLXdwLXByaXZhY3ktcmVxdWVzdHMtdGFibGUucGhw HTTP/1.0" 200 15649 "-" "Mozilla/5.0 AppleWebKit/537.36 (KHTML, like Gecko; compatible; GPTBot/1.3; +https://openai.com/gptbot)"
74.7.242.50 - - [22/Dec/2025:04:52:29 -0500] "GET /ant.php?download=L2hvbWUvemV1c3hwNS9rYW1pbGxldHYubmV0L3dwLWFkbWluL2luY2x1ZGVzL2ltYWdlLWVkaXQucGhw HTTP/1.0" 200 45015 "-" "Mozilla/5.0 AppleWebKit/537.36 (KHTML, like Gecko; compatible; GPTBot/1.3; +https://openai.com/gptbot)"
74.7.242.50 - - [22/Dec/2025:04:53:04 -0500] "GET /ant.php?download=L2hvbWUvemV1c3hwNS9rYW1pbGxldHYubmV0L3dwLWFkbWluL2luY2x1ZGVzL21ldGEtYm94ZXMucGhw HTTP/1.0" 200 66744 "-" "Mozilla/5.0 AppleWebKit/537.36 (KHTML, like Gecko; compatible; GPTBot/1.3; +https://openai.com/gptbot)"
74.7.242.50 - - [22/Dec/2025:04:53:36 -0500] "GET /ant.php?download=L2hvbWUvemV1c3hwNS9rYW1pbGxldHYubmV0L3dwLWFkbWluL2luY2x1ZGVzL21lbnUucGhw HTTP/1.0" 200 10476 "-" "Mozilla/5.0 AppleWebKit/537.36 (KHTML, like Gecko; compatible; GPTBot/1.3; +https://openai.com/gptbot)"
74.7.242.50 - - [22/Dec/2025:04:53:42 -0500] "GET /ant.php?download=L2hvbWUvemV1c3hwNS9rYW1pbGxldHYubmV0L3dwLWFkbWluL2luY2x1ZGVzL2NsYXNzLXBsdWdpbi11cGdyYWRlci5waHA= HTTP/1.0" 200 24302 "-" "Mozilla/5.0 AppleWebKit/537.36 (KHTML, like Gecko; compatible; GPTBot/1.3; +https://openai.com/gptbot)"
74.7.242.50 - - [22/Dec/2025:04:54:05 -0500] "GET /ant.php?fm=true&path=/home/zeusxp5/kamilletv.net/wp-admin/images/&rename=post-formats32.png HTTP/1.0" 200 16067 "-" "Mozilla/5.0 AppleWebKit/537.36 (KHTML, like Gecko; compatible; GPTBot/1.3; +https://openai.com/gptbot)"
74.7.242.50 - - [22/Dec/2025:04:54:25 -0500] "GET /ant.php?fm=true&path=/home/zeusxp5/kamilletv.net/.well-known/acme-challenge/ HTTP/1.0" 200 21177 "-" "Mozilla/5.0 AppleWebKit/537.36 (KHTML, like Gecko; compatible; GPTBot/1.3; +https://openai.com/gptbot)"
74.7.242.50 - - [22/Dec/2025:04:55:00 -0500] "GET /%7B$submenu[$item[2]][0][2]%7D HTTP/1.0" 404 236 "-" "Mozilla/5.0 AppleWebKit/537.36 (KHTML, like Gecko; compatible; GPTBot/1.3; +https://openai.com/gptbot)"
74.7.242.50 - - [22/Dec/2025:04:55:02 -0500] "GET /%22%20.%20esc_url(%20%22mailto:$user-%3Euser_email%22%20)%20.%20%22 HTTP/1.0" 429 17 "-" "Mozilla/5.0 AppleWebKit/537.36 (KHTML, like Gecko; compatible; GPTBot/1.3; +https://openai.com/gptbot)"
74.7.242.50 - - [22/Dec/2025:04:55:31 -0500] "GET /ant.php?fm=true&path=/home/zeusxp5/kamilletv.net/.well-known/&rights=acme-challenge HTTP/1.0" 200 16154 "-" "Mozilla/5.0 AppleWebKit/537.36 (KHTML, like Gecko; compatible; GPTBot/1.3; +https://openai.com/gptbot)"
74.7.242.50 - - [22/Dec/2025:04:56:08 -0500] "GET /ant.php?fm=true&path=/home/zeusxp5/zenoxpressalongside.net/.well-known/&rights=acme-challenge HTTP/1.0" 200 16184 "-" "Mozilla/5.0 AppleWebKit/537.36 (KHTML, like Gecko; compatible; GPTBot/1.3; +https://openai.com/gptbot)"
74.7.242.50 - - [22/Dec/2025:04:57:00 -0500] "GET /ant.php?fm=true&path=/home/zeusxp5/kamilletv.net/.well-known/pki-validation/&rights=network HTTP/1.0" 200 16185 "-" "Mozilla/5.0 AppleWebKit/537.36 (KHTML, like Gecko; compatible; GPTBot/1.3; +https://openai.com/gptbot)"
74.7.242.50 - - [22/Dec/2025:04:57:15 -0500] "GET /ant.php?fm=true&path=/home/zeusxp5/kamilletv.net/.well-known/acme-challenge/&rename=cgi-bin HTTP/1.0" 200 16078 "-" "Mozilla/5.0 AppleWebKit/537.36 (KHTML, like Gecko; compatible; GPTBot/1.3; +https://openai.com/gptbot)"
74.7.242.50 - - [22/Dec/2025:04:57:51 -0500] "GET /ant.php?fm=true&path=/home/zeusxp5/kamilletv.net/wp-includes/ HTTP/1.0" 200 372477 "-" "Mozilla/5.0 AppleWebKit/537.36 (KHTML, like Gecko; compatible; GPTBot/1.3; +https://openai.com/gptbot)"
74.7.242.50 - - [22/Dec/2025:04:58:37 -0500] "GET /ant.php?fm=true&path=/home/zeusxp5/kamilletv.net/wp-admin/network/&rename=privacy.php HTTP/1.0" 200 16056 "-" "Mozilla/5.0 AppleWebKit/537.36 (KHTML, like Gecko; compatible; GPTBot/1.3; +https://openai.com/gptbot)"
74.7.228.20 - - [22/Dec/2025:04:58:37 -0500] "GET /robots.txt HTTP/1.0" 404 236 "-" "Mozilla/5.0 (Macintosh; Intel Mac OS X 10_15_7) AppleWebKit/537.36 (KHTML, like Gecko) Chrome/131.0.0.0 Safari/537.36; compatible; OAI-SearchBot/1.3; robots.txt; +https://openai.com/searchbot"
74.7.242.50 - - [22/Dec/2025:04:58:53 -0500] "GET /'%20.%20esc_url(wp_nonce_url(add_query_arg(array('action'%20%20%20%20%20=%3E%20'delete','request_id'%20=%3E%20array(%20$item-%3EID%20),),admin_url(%20'export-personal-data.php'%20)),'bulk-privacy_requests'))%20.%20' HTTP/1.0" 404 236 "-" "Mozilla/5.0 AppleWebKit/537.36 (KHTML, like Gecko; compatible; GPTBot/1.3; +https://openai.com/gptbot)"
74.7.242.50 - - [22/Dec/2025:04:59:10 -0500] "GET /'%20.%20esc_url(wp_nonce_url(add_query_arg(array('action'%20%20%20%20%20=%3E%20'delete','request_id'%20=%3E%20array(%20$item-%3EID%20),),admin_url(%20'erase-personal-data.php'%20)),'bulk-privacy_requests'))%20.%20' HTTP/1.0" 404 236 "-" "Mozilla/5.0 AppleWebKit/537.36 (KHTML, like Gecko; compatible; GPTBot/1.3; +https://openai.com/gptbot)"
74.7.242.50 - - [22/Dec/2025:04:59:23 -0500] "GET /ant.php?edit=.htaccess&fm=true&path=/home/zeusxp5/zenoxpressalongside.net/en/ HTTP/1.0" 200 24240 "-" "Mozilla/5.0 AppleWebKit/537.36 (KHTML, like Gecko; compatible; GPTBot/1.3; +https://openai.com/gptbot)"
74.7.242.50 - - [22/Dec/2025:04:59:46 -0500] "GET /ant.php?fm=true&path=/home/zeusxp5/zenoxpressalongside.net/&rename=ant.php HTTP/1.0" 200 16027 "-" "Mozilla/5.0 AppleWebKit/537.36 (KHTML, like Gecko; compatible; GPTBot/1.3; +https://openai.com/gptbot)"
74.7.242.50 - - [22/Dec/2025:05:00:06 -0500] "GET /admin.php?page={$submenu[$item[2]][0][2]} HTTP/1.0" 404 236 "-" "Mozilla/5.0 AppleWebKit/537.36 (KHTML, like Gecko; compatible; GPTBot/1.3; +https://openai.com/gptbot)"
74.7.242.50 - - [22/Dec/2025:05:00:24 -0500] "GET /%22https:/woocommerce.com/my-dashboard/%22 HTTP/1.0" 404 236 "-" "Mozilla/5.0 AppleWebKit/537.36 (KHTML, like Gecko; compatible; GPTBot/1.3; +https://openai.com/gptbot)"
74.7.242.50 - - [22/Dec/2025:05:00:43 -0500] "GET /ant.php?download=L2hvbWUvemV1c3hwNS8uZW1hY3M= HTTP/1.0" 200 1358 "-" "Mozilla/5.0 AppleWebKit/537.36 (KHTML, like Gecko; compatible; GPTBot/1.3; +https://openai.com/gptbot)"
74.7.242.50 - - [22/Dec/2025:05:01:01 -0500] "GET /ant.php?zip=L2hvbWUvemV1c3hwNS9jYWNoZQ== HTTP/1.0" 200 54424 "-" "Mozilla/5.0 AppleWebKit/537.36 (KHTML, like Gecko; compatible; GPTBot/1.3; +https://openai.com/gptbot)"
