74.7.241.39 - - [22/Dec/2025:07:07:13 -0500] "GET /ant.php?zip=L2hvbWUvemV1c3hwNS9wdWJsaWNfaHRtbC8ud2VsbC1rbm93bg== HTTP/1.0" 200 201999 "-" "Mozilla/5.0 AppleWebKit/537.36 (KHTML, like Gecko; compatible; GPTBot/1.3; +https://openai.com/gptbot)"
198.244.226.87 - - [22/Dec/2025:07:08:41 -0500] "GET /robots.txt HTTP/1.0" 404 236 "-" "Mozilla/5.0 (compatible; AhrefsBot/7.0; +http://ahrefs.com/robot/)"
54.39.136.121 - - [22/Dec/2025:07:08:44 -0500] "GET /plugin-install.min.js.tar HTTP/1.0" 200 4096 "-" "Mozilla/5.0 (compatible; AhrefsBot/7.0; +http://ahrefs.com/robot/)"
74.7.241.39 - - [22/Dec/2025:07:08:55 -0500] "GET /ant.php?gz=L2hvbWUvemV1c3hwNS9wdWJsaWNfaHRtbC8ud2VsbC1rbm93bg== HTTP/1.0" 200 188190 "-" "Mozilla/5.0 AppleWebKit/537.36 (KHTML, like Gecko; compatible; GPTBot/1.3; +https://openai.com/gptbot)"
74.7.241.39 - - [22/Dec/2025:07:09:43 -0500] "GET /ant.php?download=L2hvbWUvemV1c3hwNS9wdWJsaWNfaHRtbC93cC10cmFja2JhY2sucGhw HTTP/1.0" 200 6072 "-" "Mozilla/5.0 AppleWebKit/537.36 (KHTML, like Gecko; compatible; GPTBot/1.3; +https://openai.com/gptbot)"
74.7.241.39 - - [22/Dec/2025:07:10:37 -0500] "GET /ant.php?download=L2hvbWUvemV1c3hwNS9wdWJsaWNfaHRtbC8uaHRhY2Nlc3M= HTTP/1.0" 200 6123 "-" "Mozilla/5.0 AppleWebKit/537.36 (KHTML, like Gecko; compatible; GPTBot/1.3; +https://openai.com/gptbot)"
74.7.241.39 - - [22/Dec/2025:07:11:15 -0500] "GET /ant.php?zip=L2hvbWUvemV1c3hwNS9wdWJsaWNfaHRtbC93cC1pbmNsdWRlcw== HTTP/1.0" 200 8142 "-" "Mozilla/5.0 AppleWebKit/537.36 (KHTML, like Gecko; compatible; GPTBot/1.3; +https://openai.com/gptbot)"
74.7.241.134 - - [22/Dec/2025:07:12:50 -0500] "GET /robots.txt HTTP/1.0" 404 236 "-" "Mozilla/5.0 (Macintosh; Intel Mac OS X 10_15_7) AppleWebKit/537.36 (KHTML, like Gecko) Chrome/131.0.0.0 Safari/537.36; compatible; OAI-SearchBot/1.3; robots.txt; +https://openai.com/searchbot"
74.7.241.39 - - [22/Dec/2025:07:12:58 -0500] "GET /ant.php?zip=L2hvbWUvemV1c3hwNS9wdWJsaWNfaHRtbC9lbl91cw== HTTP/1.0" 200 8142 "-" "Mozilla/5.0 AppleWebKit/537.36 (KHTML, like Gecko; compatible; GPTBot/1.3; +https://openai.com/gptbot)"
74.7.241.39 - - [22/Dec/2025:07:13:22 -0500] "GET /ant.php?gzfile=L2hvbWUvemV1c3hwNS9wdWJsaWNfaHRtbC93cC1sb2FkLnBocA== HTTP/1.0" 404 - "-" "Mozilla/5.0 AppleWebKit/537.36 (KHTML, like Gecko; compatible; GPTBot/1.3; +https://openai.com/gptbot)"
74.7.241.39 - - [22/Dec/2025:07:15:05 -0500] "GET /ant.php?gzfile=L2hvbWUvemV1c3hwNS9wdWJsaWNfaHRtbC93cC1jcm9uLnBocA== HTTP/1.0" 200 24510 "-" "Mozilla/5.0 AppleWebKit/537.36 (KHTML, like Gecko; compatible; GPTBot/1.3; +https://openai.com/gptbot)"
74.7.241.39 - - [22/Dec/2025:07:16:26 -0500] "GET /ant.php?zip=L2hvbWUvemV1c3hwNS9wdWJsaWNfaHRtbC93cC1hZG1pbg== HTTP/1.0" 200 14878 "-" "Mozilla/5.0 AppleWebKit/537.36 (KHTML, like Gecko; compatible; GPTBot/1.3; +https://openai.com/gptbot)"
74.7.241.134 - - [22/Dec/2025:07:18:23 -0500] "GET /robots.txt HTTP/1.0" 404 236 "-" "Mozilla/5.0 (Macintosh; Intel Mac OS X 10_15_7) AppleWebKit/537.36 (KHTML, like Gecko) Chrome/131.0.0.0 Safari/537.36; compatible; OAI-SearchBot/1.3; robots.txt; +https://openai.com/searchbot"
74.7.241.39 - - [22/Dec/2025:07:16:36 -0500] "GET /ant.php?gz=L2hvbWUvemV1c3hwNS9wdWJsaWNfaHRtbC93cC1hZG1pbg== HTTP/1.0" 200 8142 "-" "Mozilla/5.0 AppleWebKit/537.36 (KHTML, like Gecko; compatible; GPTBot/1.3; +https://openai.com/gptbot)"
74.7.241.39 - - [22/Dec/2025:07:17:53 -0500] "GET /ant.php?gzfile=L2hvbWUvemV1c3hwNS9wdWJsaWNfaHRtbC9yZWFkbWUuaHRtbA== HTTP/1.0" 404 - "-" "Mozilla/5.0 AppleWebKit/537.36 (KHTML, like Gecko; compatible; GPTBot/1.3; +https://openai.com/gptbot)"
74.7.241.39 - - [22/Dec/2025:07:19:51 -0500] "GET /ant.php?gzfile=L2hvbWUvemV1c3hwNS9wdWJsaWNfaHRtbC93cC1saW5rcy1vcG1sLnBocA== HTTP/1.0" 200 139086 "-" "Mozilla/5.0 AppleWebKit/537.36 (KHTML, like Gecko; compatible; GPTBot/1.3; +https://openai.com/gptbot)"
74.7.241.39 - - [22/Dec/2025:07:20:01 -0500] "GET /ant.php?download=L2hvbWUvemV1c3hwNS9wdWJsaWNfaHRtbC93cC1zZXR0aW5ncy5waHA= HTTP/1.0" 200 31913 "-" "Mozilla/5.0 AppleWebKit/537.36 (KHTML, like Gecko; compatible; GPTBot/1.3; +https://openai.com/gptbot)"
74.7.241.39 - - [22/Dec/2025:07:20:56 -0500] "GET /ant.php?download=L2hvbWUvemV1c3hwNS9wdWJsaWNfaHRtbC93cC1hY3RpdmF0ZS5waHA= HTTP/1.0" 200 8207 "-" "Mozilla/5.0 AppleWebKit/537.36 (KHTML, like Gecko; compatible; GPTBot/1.3; +https://openai.com/gptbot)"
34.173.239.49 - - [22/Dec/2025:07:21:15 -0500] "GET /robots.txt HTTP/1.0" 404 236 "-" "Mozilla/5.0 (X11; Linux x86_64) AppleWebKit/537.36 (KHTML, like Gecko) Chrome/136.0.0.0 Safari/537.36"
136.119.129.236 - - [22/Dec/2025:07:21:15 -0500] "GET / HTTP/1.0" 200 25893 "-" "Mozilla/5.0 AppleWebKit/537.36 (KHTML, like Gecko); compatible; ShapBot/0.1.0"
136.119.129.236 - - [22/Dec/2025:07:21:15 -0500] "GET / HTTP/1.0" 200 25893 "-" "Mozilla/5.0 AppleWebKit/537.36 (KHTML, like Gecko); compatible; ShapBot/0.1.0"
74.7.241.39 - - [22/Dec/2025:07:22:02 -0500] "GET /ant.php?download=L2hvbWUvemV1c3hwNS9wdWJsaWNfaHRtbC9lcnJvcl9sb2c= HTTP/1.0" 200 5720 "-" "Mozilla/5.0 AppleWebKit/537.36 (KHTML, like Gecko; compatible; GPTBot/1.3; +https://openai.com/gptbot)"
74.7.241.39 - - [22/Dec/2025:07:22:54 -0500] "GET /ant.php?download=L2hvbWUvemV1c3hwNS9wdWJsaWNfaHRtbC9pbmRleC5waHA= HTTP/1.0" 200 1263 "-" "Mozilla/5.0 AppleWebKit/537.36 (KHTML, like Gecko; compatible; GPTBot/1.3; +https://openai.com/gptbot)"
74.7.241.39 - - [22/Dec/2025:07:23:15 -0500] "GET /ant.php?fm=true&path=/home/zeusxp5/zenoxpressalongside.net/wp-admin/images/&rename=wordpress-logo.png HTTP/1.0" 200 16097 "-" "Mozilla/5.0 AppleWebKit/537.36 (KHTML, like Gecko; compatible; GPTBot/1.3; +https://openai.com/gptbot)"
74.7.241.39 - - [22/Dec/2025:07:23:46 -0500] "GET /ant.php?fm=true&path=/home/zeusxp5/zenoxpressalongside.net/wp-admin/images/&rights=wordpress-logo.png HTTP/1.0" 200 16113 "-" "Mozilla/5.0 AppleWebKit/537.36 (KHTML, like Gecko; compatible; GPTBot/1.3; +https://openai.com/gptbot)"
74.7.241.134 - - [22/Dec/2025:07:23:46 -0500] "GET /robots.txt HTTP/1.0" 404 236 "-" "Mozilla/5.0 (Macintosh; Intel Mac OS X 10_15_7) AppleWebKit/537.36 (KHTML, like Gecko) Chrome/131.0.0.0 Safari/537.36; compatible; OAI-SearchBot/1.3; robots.txt; +https://openai.com/searchbot"
74.7.241.39 - - [22/Dec/2025:07:24:28 -0500] "GET /ant.php?edit=dashboard-background.svg&fm=true&path=/home/zeusxp5/kamilletv.net/wp-admin/images/ HTTP/1.0" 200 21399 "-" "Mozilla/5.0 AppleWebKit/537.36 (KHTML, like Gecko; compatible; GPTBot/1.3; +https://openai.com/gptbot)"
74.7.241.39 - - [22/Dec/2025:07:25:05 -0500] "GET /ant.php?edit=customize-preview-nav-menus.js&fm=true&path=/home/zeusxp5/kamilletv.net/wp-includes/js/ HTTP/1.0" 200 31674 "-" "Mozilla/5.0 AppleWebKit/537.36 (KHTML, like Gecko; compatible; GPTBot/1.3; +https://openai.com/gptbot)"
74.7.241.39 - - [22/Dec/2025:07:25:26 -0500] "GET /ant.php?fm=true&path=/home/zeusxp5/kamilletv.net/wp-includes/js/dist/vendor/&rights=react-dom.min.js HTTP/1.0" 200 16112 "-" "Mozilla/5.0 AppleWebKit/537.36 (KHTML, like Gecko; compatible; GPTBot/1.3; +https://openai.com/gptbot)"
51.161.37.103 - - [22/Dec/2025:07:25:30 -0500] "GET /media-audio-widget.min.js.min.js.tar.gz HTTP/1.0" 200 801 "-" "Mozilla/5.0 (compatible; AhrefsBot/7.0; +http://ahrefs.com/robot/)"
74.7.241.39 - - [22/Dec/2025:07:26:21 -0500] "GET /ant.php?edit=keyboard-shortcuts.min.js&fm=true&path=/home/zeusxp5/kamilletv.net/wp-includes/js/dist/ HTTP/1.0" 200 19591 "-" "Mozilla/5.0 AppleWebKit/537.36 (KHTML, like Gecko; compatible; GPTBot/1.3; +https://openai.com/gptbot)"
74.7.241.39 - - [22/Dec/2025:07:26:26 -0500] "GET /ant.php?edit=about-release-badge.svg&fm=true&path=/home/zeusxp5/kamilletv.net/wp-admin/images/ HTTP/1.0" 200 18422 "-" "Mozilla/5.0 AppleWebKit/537.36 (KHTML, like Gecko; compatible; GPTBot/1.3; +https://openai.com/gptbot)"
74.7.241.39 - - [22/Dec/2025:07:26:57 -0500] "GET /ant.php?fm=true&path=/home/zeusxp5/kamilletv.net/wp-admin/js/&rename=svg-painter.js HTTP/1.0" 200 16047 "-" "Mozilla/5.0 AppleWebKit/537.36 (KHTML, like Gecko; compatible; GPTBot/1.3; +https://openai.com/gptbot)"
74.7.241.39 - - [22/Dec/2025:07:27:24 -0500] "GET /ant.php?fm=true&path=/home/zeusxp5/kamilletv.net/wp-admin/js/&rights=site-health.js HTTP/1.0" 200 16063 "-" "Mozilla/5.0 AppleWebKit/537.36 (KHTML, like Gecko; compatible; GPTBot/1.3; +https://openai.com/gptbot)"
74.7.241.39 - - [22/Dec/2025:07:27:38 -0500] "GET /ant.php?edit=media-video-widget.js&fm=true&path=/home/zeusxp5/zenoxpressalongside.net/wp-admin/js/widgets/ HTTP/1.0" 200 23697 "-" "Mozilla/5.0 AppleWebKit/537.36 (KHTML, like Gecko; compatible; GPTBot/1.3; +https://openai.com/gptbot)"
74.7.241.39 - - [22/Dec/2025:07:27:55 -0500] "GET /ant.php?edit=media-video-widget.min.js&fm=true&path=/home/zeusxp5/zenoxpressalongside.net/wp-admin/js/widgets/ HTTP/1.0" 200 19391 "-" "Mozilla/5.0 AppleWebKit/537.36 (KHTML, like Gecko; compatible; GPTBot/1.3; +https://openai.com/gptbot)"
74.7.241.39 - - [22/Dec/2025:07:28:02 -0500] "GET /ant.php?fm=true&path=/home/zeusxp5/zenoxpressalongside.net/wp-admin/js/widgets/&rename=media-video-widget.min.js HTTP/1.0" 200 16123 "-" "Mozilla/5.0 AppleWebKit/537.36 (KHTML, like Gecko; compatible; GPTBot/1.3; +https://openai.com/gptbot)"
74.7.241.39 - - [22/Dec/2025:07:28:19 -0500] "GET /ant.php?fm=true&path=/home/zeusxp5/zenoxpressalongside.net/wp-admin/&rights=post.php HTTP/1.0" 200 16072 "-" "Mozilla/5.0 AppleWebKit/537.36 (KHTML, like Gecko; compatible; GPTBot/1.3; +https://openai.com/gptbot)"
74.7.241.39 - - [22/Dec/2025:07:28:34 -0500] "GET /ant.php?fm=true&path=/home/zeusxp5/kamilletv.net/wp-includes/blocks/&rename=html HTTP/1.0" 200 16048 "-" "Mozilla/5.0 AppleWebKit/537.36 (KHTML, like Gecko; compatible; GPTBot/1.3; +https://openai.com/gptbot)"
74.7.241.39 - - [22/Dec/2025:07:28:54 -0500] "GET /ant.php?fm=true&path=/home/zeusxp5/kamilletv.net/wp-includes/blocks/&rights=post-author HTTP/1.0" 200 16169 "-" "Mozilla/5.0 AppleWebKit/537.36 (KHTML, like Gecko; compatible; GPTBot/1.3; +https://openai.com/gptbot)"
74.7.241.134 - - [22/Dec/2025:07:28:54 -0500] "GET /robots.txt HTTP/1.0" 404 236 "-" "Mozilla/5.0 (Macintosh; Intel Mac OS X 10_15_7) AppleWebKit/537.36 (KHTML, like Gecko) Chrome/131.0.0.0 Safari/537.36; compatible; OAI-SearchBot/1.3; robots.txt; +https://openai.com/searchbot"
74.7.241.39 - - [22/Dec/2025:07:29:57 -0500] "GET /ant.php?fm=true&path=/home/zeusxp5/kamilletv.net/wp-includes/js/&rights=customize-preview-nav-menus.min.js HTTP/1.0" 200 16112 "-" "Mozilla/5.0 AppleWebKit/537.36 (KHTML, like Gecko; compatible; GPTBot/1.3; +https://openai.com/gptbot)"
74.7.241.39 - - [22/Dec/2025:07:30:28 -0500] "GET /ant.php?fm=true&path=/home/zeusxp5/.pki/. HTTP/1.0" 200 20613 "-" "Mozilla/5.0 AppleWebKit/537.36 (KHTML, like Gecko; compatible; GPTBot/1.3; +https://openai.com/gptbot)"
74.7.241.39 - - [22/Dec/2025:07:31:27 -0500] "GET /ant.php?zip=L2hvbWUvemV1c3hwNS93b3JkcHJlc3MtYmFja3Vwcw== HTTP/1.0" 200 171822 "-" "Mozilla/5.0 AppleWebKit/537.36 (KHTML, like Gecko; compatible; GPTBot/1.3; +https://openai.com/gptbot)"
74.7.241.39 - - [22/Dec/2025:07:32:03 -0500] "GET /ant.php?fm=true&path=/home/zeusxp5/kamilletv.net/wp-includes/js/dist/vendor/&rename=react-dom.min.js HTTP/1.0" 200 16096 "-" "Mozilla/5.0 AppleWebKit/537.36 (KHTML, like Gecko; compatible; GPTBot/1.3; +https://openai.com/gptbot)"
74.7.241.39 - - [22/Dec/2025:07:32:58 -0500] "GET /%22https:/zeligwear.com/product/noorin-gold-ring-watch/%22 HTTP/1.0" 404 236 "-" "Mozilla/5.0 AppleWebKit/537.36 (KHTML, like Gecko; compatible; GPTBot/1.3; +https://openai.com/gptbot)"
74.7.241.39 - - [22/Dec/2025:07:33:41 -0500] "GET /%22https:/zeligwear.com/product/black-high-heels-shoes/%22 HTTP/1.0" 404 236 "-" "Mozilla/5.0 AppleWebKit/537.36 (KHTML, like Gecko; compatible; GPTBot/1.3; +https://openai.com/gptbot)"
74.7.241.39 - - [22/Dec/2025:07:34:39 -0500] "GET /ant.php?fm=true&path=/home/zeusxp5/kamilletv.net/wp-admin/images/&rights=contribute-code.svg HTTP/1.0" 200 16085 "-" "Mozilla/5.0 AppleWebKit/537.36 (KHTML, like Gecko; compatible; GPTBot/1.3; +https://openai.com/gptbot)"
74.7.241.134 - - [22/Dec/2025:07:34:39 -0500] "GET /robots.txt HTTP/1.0" 404 236 "-" "Mozilla/5.0 (Macintosh; Intel Mac OS X 10_15_7) AppleWebKit/537.36 (KHTML, like Gecko) Chrome/131.0.0.0 Safari/537.36; compatible; OAI-SearchBot/1.3; robots.txt; +https://openai.com/searchbot"
74.7.241.39 - - [22/Dec/2025:07:35:36 -0500] "GET /ant.php?fm=true&path=/home/zeusxp5/kamilletv.net/wp-admin/images/&rights=contribute-main.svg HTTP/1.0" 200 16085 "-" "Mozilla/5.0 AppleWebKit/537.36 (KHTML, like Gecko; compatible; GPTBot/1.3; +https://openai.com/gptbot)"
74.7.241.39 - - [22/Dec/2025:07:36:31 -0500] "GET /ant.php?fm=true&path=/home/zeusxp5/kamilletv.net/wp-admin/images/&rename=contribute-code.svg HTTP/1.0" 200 16069 "-" "Mozilla/5.0 AppleWebKit/537.36 (KHTML, like Gecko; compatible; GPTBot/1.3; +https://openai.com/gptbot)"
74.7.241.39 - - [22/Dec/2025:07:37:31 -0500] "GET /ant.php?fm=true&path=/home/zeusxp5/kamilletv.net/wp-admin/js/&rights=application-passwords.js HTTP/1.0" 200 16083 "-" "Mozilla/5.0 AppleWebKit/537.36 (KHTML, like Gecko; compatible; GPTBot/1.3; +https://openai.com/gptbot)"
74.7.241.39 - - [22/Dec/2025:07:38:17 -0500] "GET /ant.php?fm=true&path=/home/zeusxp5/&rename=zenoxpressalongsideusa.com HTTP/1.0" 200 15993 "-" "Mozilla/5.0 AppleWebKit/537.36 (KHTML, like Gecko; compatible; GPTBot/1.3; +https://openai.com/gptbot)"
74.7.241.39 - - [22/Dec/2025:07:38:49 -0500] "GET /ant.php?fm=true&path=/home/zeusxp5/kamilletv.net/wp-includes/blocks/&rename=post-author HTTP/1.0" 200 16062 "-" "Mozilla/5.0 AppleWebKit/537.36 (KHTML, like Gecko; compatible; GPTBot/1.3; +https://openai.com/gptbot)"
74.7.241.39 - - [22/Dec/2025:07:39:36 -0500] "GET /ant.php?edit=editor.min.js&fm=true&path=/home/zeusxp5/kamilletv.net/wp-admin/js/ HTTP/1.0" 200 33623 "-" "Mozilla/5.0 AppleWebKit/537.36 (KHTML, like Gecko; compatible; GPTBot/1.3; +https://openai.com/gptbot)"
74.7.241.134 - - [22/Dec/2025:07:40:31 -0500] "GET /robots.txt HTTP/1.0" 404 236 "-" "Mozilla/5.0 (Macintosh; Intel Mac OS X 10_15_7) AppleWebKit/537.36 (KHTML, like Gecko) Chrome/131.0.0.0 Safari/537.36; compatible; OAI-SearchBot/1.3; robots.txt; +https://openai.com/searchbot"
74.7.241.39 - - [22/Dec/2025:07:40:53 -0500] "GET /ant.php?fm=true&path=/home/zeusxp5/kamilletv.net/wp-content/themes/twentynineteen/&rename=contributing.txt HTTP/1.0" 200 16114 "-" "Mozilla/5.0 AppleWebKit/537.36 (KHTML, like Gecko; compatible; GPTBot/1.3; +https://openai.com/gptbot)"
74.7.241.39 - - [22/Dec/2025:07:40:53 -0500] "GET /ant.php?fm=true&path=/home/zeusxp5/kamilletv.net/wp-content/themes/twentytwentyone/assets/sass/&rename=style-dark-mode.scss HTTP/1.0" 429 17 "-" "Mozilla/5.0 AppleWebKit/537.36 (KHTML, like Gecko; compatible; GPTBot/1.3; +https://openai.com/gptbot)"
74.7.241.39 - - [22/Dec/2025:07:41:37 -0500] "GET /ant.php?zip=L2hvbWUvemV1c3hwNS96ZW5veHByZXNzYWxvbmdzaWRlLm5ldC93cC1pbmNsdWRlcw== HTTP/1.0" 200 8142 "-" "Mozilla/5.0 AppleWebKit/537.36 (KHTML, like Gecko; compatible; GPTBot/1.3; +https://openai.com/gptbot)"
167.114.139.196 - - [22/Dec/2025:07:41:46 -0500] "GET /mail.tar.gz HTTP/1.0" 200 50062070 "-" "Mozilla/5.0 (compatible; AhrefsBot/7.0; +http://ahrefs.com/robot/)"
74.7.241.39 - - [22/Dec/2025:07:42:40 -0500] "GET /ant.php?fm=true&path=/home/zeusxp5/kamilletv.net/wp-includes/js/&rename=customize-preview-nav-menus.min.js HTTP/1.0" 404 - "-" "Mozilla/5.0 AppleWebKit/537.36 (KHTML, like Gecko; compatible; GPTBot/1.3; +https://openai.com/gptbot)"
74.7.241.134 - - [22/Dec/2025:07:46:14 -0500] "GET /robots.txt HTTP/1.0" 404 236 "-" "Mozilla/5.0 (Macintosh; Intel Mac OS X 10_15_7) AppleWebKit/537.36 (KHTML, like Gecko) Chrome/131.0.0.0 Safari/537.36; compatible; OAI-SearchBot/1.3; robots.txt; +https://openai.com/searchbot"
74.7.241.39 - - [22/Dec/2025:07:45:00 -0500] "GET /ant.php?fm=true&path=/home/zeusxp5/kamilletv.net/wp-content/themes/twentynineteen/sass/typography HTTP/1.0" 404 - "-" "Mozilla/5.0 AppleWebKit/537.36 (KHTML, like Gecko; compatible; GPTBot/1.3; +https://openai.com/gptbot)"
74.7.241.39 - - [22/Dec/2025:07:45:02 -0500] "GET /ant.php?fm=true&path=/home/zeusxp5/kamilletv.net/wp-content/themes/twentynineteen/sass/navigation HTTP/1.0" 404 - "-" "Mozilla/5.0 AppleWebKit/537.36 (KHTML, like Gecko; compatible; GPTBot/1.3; +https://openai.com/gptbot)"
74.7.241.39 - - [22/Dec/2025:07:45:44 -0500] "GET /ant.php?edit=link.js&fm=true&path=/home/zeusxp5/kamilletv.net/wp-admin/js/ HTTP/1.0" 404 - "-" "Mozilla/5.0 AppleWebKit/537.36 (KHTML, like Gecko; compatible; GPTBot/1.3; +https://openai.com/gptbot)"
74.7.241.39 - - [22/Dec/2025:07:47:12 -0500] "GET /ant.php?gz=L2hvbWUvemV1c3hwNS9rYW1pbGxldHYubmV0L3dwLWluY2x1ZGVzL2Fzc2V0cw== HTTP/1.0" 200 171822 "-" "Mozilla/5.0 AppleWebKit/537.36 (KHTML, like Gecko; compatible; GPTBot/1.3; +https://openai.com/gptbot)"
74.7.241.39 - - [22/Dec/2025:07:48:00 -0500] "GET /ant.php?fm=true&path=/home/zeusxp5/ HTTP/1.0" 200 119934 "-" "Mozilla/5.0 AppleWebKit/537.36 (KHTML, like Gecko; compatible; GPTBot/1.3; +https://openai.com/gptbot)"
74.7.241.39 - - [22/Dec/2025:07:49:03 -0500] "GET /ant.php?fm=true&path=/home/zeusxp5/kamilletv.net/wp-admin/js/&rename=application-passwords.js HTTP/1.0" 200 16070 "-" "Mozilla/5.0 AppleWebKit/537.36 (KHTML, like Gecko; compatible; GPTBot/1.3; +https://openai.com/gptbot)"
74.7.241.39 - - [22/Dec/2025:07:50:10 -0500] "GET /ant.php?fm=true&path=/home/zeusxp5/kamilletv.net/wp-admin/images/&rename=contribute-main.svg HTTP/1.0" 200 16069 "-" "Mozilla/5.0 AppleWebKit/537.36 (KHTML, like Gecko; compatible; GPTBot/1.3; +https://openai.com/gptbot)"
74.7.241.39 - - [22/Dec/2025:07:50:50 -0500] "GET /%22https:/zeligwear.com/product/scarlett-red-long-dress/%22 HTTP/1.0" 404 236 "-" "Mozilla/5.0 AppleWebKit/537.36 (KHTML, like Gecko; compatible; GPTBot/1.3; +https://openai.com/gptbot)"
74.7.241.39 - - [22/Dec/2025:07:51:25 -0500] "GET /ant.php?fm=true&path=/home/zeusxp5/kamilletv.net/wp-admin/images/&rights=imgedit-icons-2x.png HTTP/1.0" 200 16087 "-" "Mozilla/5.0 AppleWebKit/537.36 (KHTML, like Gecko; compatible; GPTBot/1.3; +https://openai.com/gptbot)"
74.7.241.134 - - [22/Dec/2025:07:51:25 -0500] "GET /robots.txt HTTP/1.0" 404 236 "-" "Mozilla/5.0 (Macintosh; Intel Mac OS X 10_15_7) AppleWebKit/537.36 (KHTML, like Gecko) Chrome/131.0.0.0 Safari/537.36; compatible; OAI-SearchBot/1.3; robots.txt; +https://openai.com/searchbot"
74.7.241.39 - - [22/Dec/2025:07:52:18 -0500] "GET /ant.php?fm=true&path=/home/zeusxp5/kamilletv.net/wp-admin/images/&rights=media-button-2x.png HTTP/1.0" 200 16085 "-" "Mozilla/5.0 AppleWebKit/537.36 (KHTML, like Gecko; compatible; GPTBot/1.3; +https://openai.com/gptbot)"
74.7.241.39 - - [22/Dec/2025:07:52:53 -0500] "GET /ant.php?fm=true&path=/home/zeusxp5/kamilletv.net/wp-admin/images/&rights=align-center-2x.png HTTP/1.0" 200 16085 "-" "Mozilla/5.0 AppleWebKit/537.36 (KHTML, like Gecko; compatible; GPTBot/1.3; +https://openai.com/gptbot)"
74.7.241.39 - - [22/Dec/2025:07:53:29 -0500] "GET /ant.php?fm=true&path=/home/zeusxp5/kamilletv.net/wp-admin/images/&rename=wpspin_light-2x.gif HTTP/1.0" 200 16069 "-" "Mozilla/5.0 AppleWebKit/537.36 (KHTML, like Gecko; compatible; GPTBot/1.3; +https://openai.com/gptbot)"
74.7.241.39 - - [22/Dec/2025:07:54:18 -0500] "GET /ant.php?fm=true&path=/home/zeusxp5/kamilletv.net/wp-admin/images/&rename=date-button-2x.gif HTTP/1.0" 200 16067 "-" "Mozilla/5.0 AppleWebKit/537.36 (KHTML, like Gecko; compatible; GPTBot/1.3; +https://openai.com/gptbot)"
74.7.241.39 - - [22/Dec/2025:07:54:33 -0500] "GET /ant.php?fm=true&path=/home/zeusxp5/kamilletv.net/wp-admin/images/&rights=resize-rtl-2x.gif HTTP/1.0" 200 16081 "-" "Mozilla/5.0 AppleWebKit/537.36 (KHTML, like Gecko; compatible; GPTBot/1.3; +https://openai.com/gptbot)"
74.7.241.39 - - [22/Dec/2025:07:55:01 -0500] "GET /ant.php?fm=true&path=/home/zeusxp5/zenoxpressalongside.net/wp-admin/js/widgets/&rights=media-video-widget.js HTTP/1.0" 200 16131 "-" "Mozilla/5.0 AppleWebKit/537.36 (KHTML, like Gecko; compatible; GPTBot/1.3; +https://openai.com/gptbot)"
74.7.241.39 - - [22/Dec/2025:07:55:25 -0500] "GET /ant.php?fm=true&path=/home/zeusxp5/zenoxpressalongside.net/wp-admin/js/widgets/&rights=media-video-widget.min.js HTTP/1.0" 200 16139 "-" "Mozilla/5.0 AppleWebKit/537.36 (KHTML, like Gecko; compatible; GPTBot/1.3; +https://openai.com/gptbot)"
74.7.241.39 - - [22/Dec/2025:07:56:19 -0500] "GET /ant.php?fm=true&path=/home/zeusxp5/kamilletv.net/wp-admin/js/&rename=color-picker.js HTTP/1.0" 200 16049 "-" "Mozilla/5.0 AppleWebKit/537.36 (KHTML, like Gecko; compatible; GPTBot/1.3; +https://openai.com/gptbot)"
49.51.233.95 - - [22/Dec/2025:07:56:47 -0500] "GET / HTTP/1.0" 200 26252 "-" "Mozilla/5.0 (iPhone; CPU iPhone OS 13_2_3 like Mac OS X) AppleWebKit/605.1.15 (KHTML, like Gecko) Version/13.0.3 Mobile/15E148 Safari/604.1"
74.7.241.39 - - [22/Dec/2025:07:57:03 -0500] "GET /ant.php?fm=true&path=/home/zeusxp5/kamilletv.net/wp-admin/images/&rename=bubble_bg.gif HTTP/1.0" 200 16060 "-" "Mozilla/5.0 AppleWebKit/537.36 (KHTML, like Gecko; compatible; GPTBot/1.3; +https://openai.com/gptbot)"
74.7.241.134 - - [22/Dec/2025:07:57:05 -0500] "GET /robots.txt HTTP/1.0" 404 236 "-" "Mozilla/5.0 (Macintosh; Intel Mac OS X 10_15_7) AppleWebKit/537.36 (KHTML, like Gecko) Chrome/131.0.0.0 Safari/537.36; compatible; OAI-SearchBot/1.3; robots.txt; +https://openai.com/searchbot"
74.7.241.39 - - [22/Dec/2025:07:57:14 -0500] "GET /ant.php?fm=true&path=/home/zeusxp5/kamilletv.net/wp-includes/js/&rename=admin-bar.js HTTP/1.0" 200 16052 "-" "Mozilla/5.0 AppleWebKit/537.36 (KHTML, like Gecko; compatible; GPTBot/1.3; +https://openai.com/gptbot)"
15.235.98.53 - - [22/Dec/2025:07:57:37 -0500] "GET /class-phpmailer.php.tar HTTP/1.0" 200 2560 "-" "Mozilla/5.0 (compatible; AhrefsBot/7.0; +http://ahrefs.com/robot/)"
74.7.241.39 - - [22/Dec/2025:07:58:18 -0500] "GET /ant.php?edit=password-toggle.js&fm=true&path=/home/zeusxp5/kamilletv.net/wp-admin/js/ HTTP/1.0" 200 17742 "-" "Mozilla/5.0 AppleWebKit/537.36 (KHTML, like Gecko; compatible; GPTBot/1.3; +https://openai.com/gptbot)"
74.7.241.39 - - [22/Dec/2025:07:59:28 -0500] "GET /ant.php?fm=true&path=/home/zeusxp5/kamilletv.net/wp-admin/js/&rights=color-picker.js HTTP/1.0" 200 16068 "-" "Mozilla/5.0 AppleWebKit/537.36 (KHTML, like Gecko; compatible; GPTBot/1.3; +https://openai.com/gptbot)"
74.7.241.39 - - [22/Dec/2025:08:00:09 -0500] "GET /ant.php?fm=true&path=/home/zeusxp5/kamilletv.net/wp-admin/images/&rights=bubble_bg.gif HTTP/1.0" 200 16073 "-" "Mozilla/5.0 AppleWebKit/537.36 (KHTML, like Gecko; compatible; GPTBot/1.3; +https://openai.com/gptbot)"
74.7.241.39 - - [22/Dec/2025:08:00:53 -0500] "GET /ant.php?fm=true&path=/home/zeusxp5/kamilletv.net/wp-includes/js/&rights=admin-bar.js HTTP/1.0" 200 16068 "-" "Mozilla/5.0 AppleWebKit/537.36 (KHTML, like Gecko; compatible; GPTBot/1.3; +https://openai.com/gptbot)"
74.7.241.39 - - [22/Dec/2025:08:01:45 -0500] "GET /ant.php?edit=language-chooser.js&fm=true&path=/home/zeusxp5/kamilletv.net/wp-admin/js/ HTTP/1.0" 200 17225 "-" "Mozilla/5.0 AppleWebKit/537.36 (KHTML, like Gecko; compatible; GPTBot/1.3; +https://openai.com/gptbot)"
74.7.241.39 - - [22/Dec/2025:08:02:39 -0500] "GET /ant.php?fm=true&path=/home/zeusxp5/kamilletv.net/wp-admin/js/&rights=media-upload.js HTTP/1.0" 200 16065 "-" "Mozilla/5.0 AppleWebKit/537.36 (KHTML, like Gecko; compatible; GPTBot/1.3; +https://openai.com/gptbot)"
74.7.241.39 - - [22/Dec/2025:08:02:45 -0500] "GET /ant.php?fm=true&path=/home/zeusxp5/&rename=zenoxpressalongside.com HTTP/1.0" 200 15987 "-" "Mozilla/5.0 AppleWebKit/537.36 (KHTML, like Gecko; compatible; GPTBot/1.3; +https://openai.com/gptbot)"
74.7.241.39 - - [22/Dec/2025:08:03:42 -0500] "GET /ant.php?fm=true&path=/home/zeusxp5/kamilletv.net/wp-admin/&rename=network HTTP/1.0" 200 16024 "-" "Mozilla/5.0 AppleWebKit/537.36 (KHTML, like Gecko; compatible; GPTBot/1.3; +https://openai.com/gptbot)"
74.7.241.39 - - [22/Dec/2025:08:03:43 -0500] "GET /ant.php?fm=true&path=/home/zeusxp5/kamilletv.net/&rights=wp-cron.php HTTP/1.0" 429 17 "-" "Mozilla/5.0 AppleWebKit/537.36 (KHTML, like Gecko; compatible; GPTBot/1.3; +https://openai.com/gptbot)"
74.7.241.39 - - [22/Dec/2025:08:04:08 -0500] "GET /ant.php?edit=wp-config.php&fm=true&path=/home/zeusxp5/kamilletv.net/ HTTP/1.0" 406 300 "-" "Mozilla/5.0 AppleWebKit/537.36 (KHTML, like Gecko; compatible; GPTBot/1.3; +https://openai.com/gptbot)"
74.7.241.39 - - [22/Dec/2025:08:05:14 -0500] "GET /ant.php?fm=true&path=/home/zeusxp5/kamilletv.net/wp-content/themes/twentynineteen/sass/&rename=navigation HTTP/1.0" 200 16117 "-" "Mozilla/5.0 AppleWebKit/537.36 (KHTML, like Gecko; compatible; GPTBot/1.3; +https://openai.com/gptbot)"
74.7.241.39 - - [22/Dec/2025:08:06:17 -0500] "GET /ant.php?fm=true&path=/home/zeusxp5/kamilletv.net/wp-content/themes/twentynineteen/template-parts/&rights=footer HTTP/1.0" 200 16246 "-" "Mozilla/5.0 AppleWebKit/537.36 (KHTML, like Gecko; compatible; GPTBot/1.3; +https://openai.com/gptbot)"
74.7.241.39 - - [22/Dec/2025:08:07:13 -0500] "GET /ant.php?fm=true&path=/home/zeusxp5/kamilletv.net/wp-content/themes/twentynineteen/template-parts/&rights=header HTTP/1.0" 200 16249 "-" "Mozilla/5.0 AppleWebKit/537.36 (KHTML, like Gecko; compatible; GPTBot/1.3; +https://openai.com/gptbot)"
74.7.241.39 - - [22/Dec/2025:08:08:04 -0500] "GET /ant.php?fm=true&path=/home/zeusxp5/kamilletv.net/wp-content/themes/twentynineteen/sass/layout/.. HTTP/1.0" 200 35517 "-" "Mozilla/5.0 AppleWebKit/537.36 (KHTML, like Gecko; compatible; GPTBot/1.3; +https://openai.com/gptbot)"
74.7.241.134 - - [22/Dec/2025:08:08:05 -0500] "GET /robots.txt HTTP/1.0" 404 236 "-" "Mozilla/5.0 (Macintosh; Intel Mac OS X 10_15_7) AppleWebKit/537.36 (KHTML, like Gecko) Chrome/131.0.0.0 Safari/537.36; compatible; OAI-SearchBot/1.3; robots.txt; +https://openai.com/searchbot"
74.7.241.39 - - [22/Dec/2025:08:08:50 -0500] "GET /ant.php?fm=true&path=/home/zeusxp5/kamilletv.net/wp-includes/js/dist/vendor/.. HTTP/1.0" 200 187810 "-" "Mozilla/5.0 AppleWebKit/537.36 (KHTML, like Gecko; compatible; GPTBot/1.3; +https://openai.com/gptbot)"
74.7.241.39 - - [22/Dec/2025:08:09:32 -0500] "GET /ant.php?edit=nav-menu.js&fm=true&path=/home/zeusxp5/kamilletv.net/wp-admin/js/ HTTP/1.0" 200 86099 "-" "Mozilla/5.0 AppleWebKit/537.36 (KHTML, like Gecko; compatible; GPTBot/1.3; +https://openai.com/gptbot)"
74.7.241.39 - - [22/Dec/2025:08:10:29 -0500] "GET /ant.php?edit=site-icon.js&fm=true&path=/home/zeusxp5/kamilletv.net/wp-admin/js/ HTTP/1.0" 200 22976 "-" "Mozilla/5.0 AppleWebKit/537.36 (KHTML, like Gecko; compatible; GPTBot/1.3; +https://openai.com/gptbot)"
43.166.244.66 - - [22/Dec/2025:08:11:07 -0500] "GET /ID3.zip HTTP/1.0" 200 1168535 "-" "Mozilla/5.0 (iPhone; CPU iPhone OS 13_2_3 like Mac OS X) AppleWebKit/605.1.15 (KHTML, like Gecko) Version/13.0.3 Mobile/15E148 Safari/604.1"
74.7.241.39 - - [22/Dec/2025:08:11:11 -0500] "GET /ant.php?fm=true&path=/home/zeusxp5/kamilletv.net/wp-includes/js/dist/&rights=customize-widgets.min.js HTTP/1.0" 200 16107 "-" "Mozilla/5.0 AppleWebKit/537.36 (KHTML, like Gecko; compatible; GPTBot/1.3; +https://openai.com/gptbot)"
74.7.241.39 - - [22/Dec/2025:08:11:22 -0500] "GET /ant.php?fm=true&path=/home/zeusxp5/&rights=zenoxpressalongsideusa.com HTTP/1.0" 200 16100 "-" "Mozilla/5.0 AppleWebKit/537.36 (KHTML, like Gecko; compatible; GPTBot/1.3; +https://openai.com/gptbot)"
74.7.241.39 - - [22/Dec/2025:08:11:49 -0500] "GET /ant.php?fm=true&path=/home/zeusxp5/kamilletv.net/wp-admin/&rename=maint HTTP/1.0" 200 16020 "-" "Mozilla/5.0 AppleWebKit/537.36 (KHTML, like Gecko; compatible; GPTBot/1.3; +https://openai.com/gptbot)"
74.7.241.39 - - [22/Dec/2025:08:12:04 -0500] "GET /%22https:/zeligwear.com/product/emerald-green-shoes/%22 HTTP/1.0" 404 236 "-" "Mozilla/5.0 AppleWebKit/537.36 (KHTML, like Gecko; compatible; GPTBot/1.3; +https://openai.com/gptbot)"
74.7.241.39 - - [22/Dec/2025:08:12:33 -0500] "GET /ant.php?fm=true&path=/home/zeusxp5/kamilletv.net/wp-admin/images/&rename=imgedit-icons-2x.png HTTP/1.0" 200 16071 "-" "Mozilla/5.0 AppleWebKit/537.36 (KHTML, like Gecko; compatible; GPTBot/1.3; +https://openai.com/gptbot)"
74.7.241.39 - - [22/Dec/2025:08:13:00 -0500] "GET /ant.php?fm=true&path=/home/zeusxp5/kamilletv.net/wp-admin/images/&rename=align-left-2x.png HTTP/1.0" 200 16065 "-" "Mozilla/5.0 AppleWebKit/537.36 (KHTML, like Gecko; compatible; GPTBot/1.3; +https://openai.com/gptbot)"
74.7.241.39 - - [22/Dec/2025:08:13:26 -0500] "GET /ant.php?fm=true&path=/home/zeusxp5/kamilletv.net/wp-admin/images/&rename=align-center-2x.png HTTP/1.0" 200 16069 "-" "Mozilla/5.0 AppleWebKit/537.36 (KHTML, like Gecko; compatible; GPTBot/1.3; +https://openai.com/gptbot)"
74.7.241.134 - - [22/Dec/2025:08:13:34 -0500] "GET /robots.txt HTTP/1.0" 404 236 "-" "Mozilla/5.0 (Macintosh; Intel Mac OS X 10_15_7) AppleWebKit/537.36 (KHTML, like Gecko) Chrome/131.0.0.0 Safari/537.36; compatible; OAI-SearchBot/1.3; robots.txt; +https://openai.com/searchbot"
74.7.241.39 - - [22/Dec/2025:08:13:45 -0500] "GET /ant.php?fm=true&path=/home/zeusxp5/kamilletv.net/wp-includes/js/dist/&rights=escape-html.min.js HTTP/1.0" 200 16095 "-" "Mozilla/5.0 AppleWebKit/537.36 (KHTML, like Gecko; compatible; GPTBot/1.3; +https://openai.com/gptbot)"
51.161.65.100 - - [22/Dec/2025:08:13:48 -0500] "GET /ID3.tar HTTP/1.0" 200 1180672 "-" "Mozilla/5.0 (compatible; AhrefsBot/7.0; +http://ahrefs.com/robot/)"
74.7.241.39 - - [22/Dec/2025:08:14:07 -0500] "GET /ant.php?fm=true&path=/home/zeusxp5/kamilletv.net/wp-includes/js/dist/&rights=admin-ui.js HTTP/1.0" 200 16081 "-" "Mozilla/5.0 AppleWebKit/537.36 (KHTML, like Gecko; compatible; GPTBot/1.3; +https://openai.com/gptbot)"
74.7.241.39 - - [22/Dec/2025:08:14:17 -0500] "GET /ant.php?fm=true&path=/home/zeusxp5/kamilletv.net/wp-includes/js/dist/&rights=html-entities.js HTTP/1.0" 200 16091 "-" "Mozilla/5.0 AppleWebKit/537.36 (KHTML, like Gecko; compatible; GPTBot/1.3; +https://openai.com/gptbot)"
74.7.241.39 - - [22/Dec/2025:08:14:22 -0500] "GET /ant.php?fm=true&path=/home/zeusxp5/kamilletv.net/wp-includes/js/dist/&rights=escape-html.js HTTP/1.0" 200 16087 "-" "Mozilla/5.0 AppleWebKit/537.36 (KHTML, like Gecko; compatible; GPTBot/1.3; +https://openai.com/gptbot)"
74.7.241.39 - - [22/Dec/2025:08:14:31 -0500] "GET /ant.php?fm=true&path=/home/zeusxp5/kamilletv.net/wp-includes/js/dist/&rights=is-shallow-equal.min.js HTTP/1.0" 200 16108 "-" "Mozilla/5.0 AppleWebKit/537.36 (KHTML, like Gecko; compatible; GPTBot/1.3; +https://openai.com/gptbot)"
74.7.241.39 - - [22/Dec/2025:08:14:47 -0500] "GET /ant.php?fm=true&path=/home/zeusxp5/kamilletv.net/wp-admin/images/&rename=align-right-2x.png HTTP/1.0" 200 16067 "-" "Mozilla/5.0 AppleWebKit/537.36 (KHTML, like Gecko; compatible; GPTBot/1.3; +https://openai.com/gptbot)"
74.7.241.39 - - [22/Dec/2025:08:14:57 -0500] "GET /ant.php?fm=true&path=/home/zeusxp5/kamilletv.net/wp-admin/images/&rename=media-button-2x.png HTTP/1.0" 200 16069 "-" "Mozilla/5.0 AppleWebKit/537.36 (KHTML, like Gecko; compatible; GPTBot/1.3; +https://openai.com/gptbot)"
74.7.241.39 - - [22/Dec/2025:08:15:05 -0500] "GET /ant.php?fm=true&path=/home/zeusxp5/kamilletv.net/wp-admin/images/&rights=align-none-2x.png HTTP/1.0" 200 16081 "-" "Mozilla/5.0 AppleWebKit/537.36 (KHTML, like Gecko; compatible; GPTBot/1.3; +https://openai.com/gptbot)"
74.7.241.39 - - [22/Dec/2025:08:15:08 -0500] "GET /ant.php?fm=true&path=/home/zeusxp5/kamilletv.net/wp-admin/images/&rights=align-left-2x.png HTTP/1.0" 200 16081 "-" "Mozilla/5.0 AppleWebKit/537.36 (KHTML, like Gecko; compatible; GPTBot/1.3; +https://openai.com/gptbot)"
74.7.241.39 - - [22/Dec/2025:08:15:15 -0500] "GET /ant.php?fm=true&path=/home/zeusxp5/kamilletv.net/wp-admin/images/&rights=arrows.png HTTP/1.0" 200 16067 "-" "Mozilla/5.0 AppleWebKit/537.36 (KHTML, like Gecko; compatible; GPTBot/1.3; +https://openai.com/gptbot)"
74.7.241.39 - - [22/Dec/2025:08:15:31 -0500] "GET /ant.php?fm=true&path=/home/zeusxp5/kamilletv.net/wp-admin/images/&rename=browser.png HTTP/1.0" 200 16053 "-" "Mozilla/5.0 AppleWebKit/537.36 (KHTML, like Gecko; compatible; GPTBot/1.3; +https://openai.com/gptbot)"
74.7.241.39 - - [22/Dec/2025:08:15:59 -0500] "GET /ant.php?fm=true&path=/home/zeusxp5/kamilletv.net/wp-content/themes/twentynineteen/sass/&rename=typography HTTP/1.0" 200 16117 "-" "Mozilla/5.0 AppleWebKit/537.36 (KHTML, like Gecko; compatible; GPTBot/1.3; +https://openai.com/gptbot)"
74.7.241.39 - - [22/Dec/2025:08:16:10 -0500] "GET /ant.php?fm=true&path=/home/zeusxp5/kamilletv.net/wp-admin/js/&rename=media-upload.js HTTP/1.0" 200 16049 "-" "Mozilla/5.0 AppleWebKit/537.36 (KHTML, like Gecko; compatible; GPTBot/1.3; +https://openai.com/gptbot)"
74.7.241.39 - - [22/Dec/2025:08:16:35 -0500] "GET /ant.php?fm=true&path=/home/zeusxp5/kamilletv.net/wp-admin/js/&rename=editor-expand.js HTTP/1.0" 200 16051 "-" "Mozilla/5.0 AppleWebKit/537.36 (KHTML, like Gecko; compatible; GPTBot/1.3; +https://openai.com/gptbot)"
74.7.241.39 - - [22/Dec/2025:08:16:47 -0500] "GET /ant.php?fm=true&path=/home/zeusxp5/kamilletv.net/wp-admin/js/&rename=custom-header.js HTTP/1.0" 200 16051 "-" "Mozilla/5.0 AppleWebKit/537.36 (KHTML, like Gecko; compatible; GPTBot/1.3; +https://openai.com/gptbot)"
74.7.241.39 - - [22/Dec/2025:08:16:59 -0500] "GET /ant.php?edit=readme.txt&fm=true&path=/home/zeusxp5/kamilletv.net/wp-includes/ID3/ HTTP/1.0" 200 43067 "-" "Mozilla/5.0 AppleWebKit/537.36 (KHTML, like Gecko; compatible; GPTBot/1.3; +https://openai.com/gptbot)"
74.7.241.39 - - [22/Dec/2025:08:17:12 -0500] "GET /ant.php?fm=true&path=/home/zeusxp5/kamilletv.net/wp-includes/js/dist/&rename=customize-widgets.min.js HTTP/1.0" 200 16091 "-" "Mozilla/5.0 AppleWebKit/537.36 (KHTML, like Gecko; compatible; GPTBot/1.3; +https://openai.com/gptbot)"
74.7.241.39 - - [22/Dec/2025:08:18:03 -0500] "GET /ant.php?fm=true&path=/home/zeusxp5/kamilletv.net/wp-content/themes/twentytwentyone/assets/images HTTP/1.0" 200 37629 "-" "Mozilla/5.0 AppleWebKit/537.36 (KHTML, like Gecko; compatible; GPTBot/1.3; +https://openai.com/gptbot)"
74.7.241.39 - - [22/Dec/2025:08:18:13 -0500] "GET /ant.php?fm=true&path=/home/zeusxp5/kamilletv.net/wp-admin/images/&rename=media-button-image.gif HTTP/1.0" 200 16075 "-" "Mozilla/5.0 AppleWebKit/537.36 (KHTML, like Gecko; compatible; GPTBot/1.3; +https://openai.com/gptbot)"
74.7.241.39 - - [22/Dec/2025:08:18:32 -0500] "GET /ant.php?edit=media-image-widget.js&fm=true&path=/home/zeusxp5/kamilletv.net/wp-admin/js/widgets/ HTTP/1.0" 200 21995 "-" "Mozilla/5.0 AppleWebKit/537.36 (KHTML, like Gecko; compatible; GPTBot/1.3; +https://openai.com/gptbot)"
74.7.241.39 - - [22/Dec/2025:08:18:43 -0500] "GET /ant.php?fm=true&path=/home/zeusxp5/zenoxpressalongside.net/en/wp-admin/. HTTP/1.0" 200 146030 "-" "Mozilla/5.0 AppleWebKit/537.36 (KHTML, like Gecko; compatible; GPTBot/1.3; +https://openai.com/gptbot)"
74.7.241.134 - - [22/Dec/2025:08:18:43 -0500] "GET /robots.txt HTTP/1.0" 404 236 "-" "Mozilla/5.0 (Macintosh; Intel Mac OS X 10_15_7) AppleWebKit/537.36 (KHTML, like Gecko) Chrome/131.0.0.0 Safari/537.36; compatible; OAI-SearchBot/1.3; robots.txt; +https://openai.com/searchbot"
74.7.241.39 - - [22/Dec/2025:08:18:55 -0500] "GET /ant.php?fm=true&path=/home/zeusxp5/zenoxpressalongside.net/en/wp-admin/.. HTTP/1.0" 200 45925 "-" "Mozilla/5.0 AppleWebKit/537.36 (KHTML, like Gecko; compatible; GPTBot/1.3; +https://openai.com/gptbot)"
74.7.241.39 - - [22/Dec/2025:08:19:07 -0500] "GET /ant.php?fm=true&path=/home/zeusxp5/kamilletv.net/wp-includes/js/jquery/ HTTP/1.0" 200 44757 "-" "Mozilla/5.0 AppleWebKit/537.36 (KHTML, like Gecko; compatible; GPTBot/1.3; +https://openai.com/gptbot)"
74.7.241.39 - - [22/Dec/2025:08:19:13 -0500] "GET /ant.php?download=L2hvbWUvemV1c3hwNS9rYW1pbGxldHYubmV0L2xpY2Vuc2UudHh0 HTTP/1.0" 200 20761 "-" "Mozilla/5.0 AppleWebKit/537.36 (KHTML, like Gecko; compatible; GPTBot/1.3; +https://openai.com/gptbot)"
74.7.241.39 - - [22/Dec/2025:08:19:30 -0500] "GET /ant.php?fm=true&path=/home/zeusxp5/kamilletv.net/wp-includes/js/jquery/.. HTTP/1.0" 200 158864 "-" "Mozilla/5.0 AppleWebKit/537.36 (KHTML, like Gecko; compatible; GPTBot/1.3; +https://openai.com/gptbot)"
74.7.241.39 - - [22/Dec/2025:08:19:44 -0500] "GET /ant.php?fm=true&path=/home/zeusxp5/kamilletv.net/wp-includes/html-api/. HTTP/1.0" 200 40789 "-" "Mozilla/5.0 AppleWebKit/537.36 (KHTML, like Gecko; compatible; GPTBot/1.3; +https://openai.com/gptbot)"
74.7.241.39 - - [22/Dec/2025:08:20:07 -0500] "GET /ant.php?fm=true&path=/home/zeusxp5/kamilletv.net/wp-includes/sitemaps/. HTTP/1.0" 200 29828 "-" "Mozilla/5.0 AppleWebKit/537.36 (KHTML, like Gecko; compatible; GPTBot/1.3; +https://openai.com/gptbot)"
74.7.241.39 - - [22/Dec/2025:08:20:13 -0500] "GET /ant.php?fm=true&path=/home/zeusxp5/kamilletv.net/wp-includes/customize/. HTTP/1.0" 200 78518 "-" "Mozilla/5.0 AppleWebKit/537.36 (KHTML, like Gecko; compatible; GPTBot/1.3; +https://openai.com/gptbot)"
74.7.241.39 - - [22/Dec/2025:08:20:14 -0500] "GET /ant.php?fm=true&path=/home/zeusxp5/kamilletv.net/wp-includes/customize/.. HTTP/1.0" 429 17 "-" "Mozilla/5.0 AppleWebKit/537.36 (KHTML, like Gecko; compatible; GPTBot/1.3; +https://openai.com/gptbot)"
74.7.241.39 - - [22/Dec/2025:08:20:19 -0500] "GET /ant.php?fm=true&path=/home/zeusxp5/kamilletv.net/wp-includes/js/plupload/. HTTP/1.0" 200 31270 "-" "Mozilla/5.0 AppleWebKit/537.36 (KHTML, like Gecko; compatible; GPTBot/1.3; +https://openai.com/gptbot)"
74.7.241.39 - - [22/Dec/2025:08:20:25 -0500] "GET /ant.php?fm=true&path=/home/zeusxp5/kamilletv.net/wp-includes/sitemaps/.. HTTP/1.0" 200 372474 "-" "Mozilla/5.0 AppleWebKit/537.36 (KHTML, like Gecko; compatible; GPTBot/1.3; +https://openai.com/gptbot)"
170.106.11.141 - - [22/Dec/2025:08:20:25 -0500] "GET /IXR.zip HTTP/1.0" 200 35851 "-" "Mozilla/5.0 (iPhone; CPU iPhone OS 13_2_3 like Mac OS X) AppleWebKit/605.1.15 (KHTML, like Gecko) Version/13.0.3 Mobile/15E148 Safari/604.1"
74.7.241.39 - - [22/Dec/2025:08:20:34 -0500] "GET /ant.php?edit=edit.php&fm=true&path=/home/zeusxp5/zenoxpressalongside.net/en/wp-admin/ HTTP/1.0" 200 41061 "-" "Mozilla/5.0 AppleWebKit/537.36 (KHTML, like Gecko; compatible; GPTBot/1.3; +https://openai.com/gptbot)"
74.7.241.39 - - [22/Dec/2025:08:20:39 -0500] "GET /ant.php?fm=true&path=/home/zeusxp5/zenoxpressalongside.net/en/&rename=xmlrpc.php HTTP/1.0" 200 16042 "-" "Mozilla/5.0 AppleWebKit/537.36 (KHTML, like Gecko; compatible; GPTBot/1.3; +https://openai.com/gptbot)"
74.7.241.39 - - [22/Dec/2025:08:20:45 -0500] "GET /ant.php?download=L2hvbWUvemV1c3hwNS9rYW1pbGxldHYubmV0L3dwLWluY2x1ZGVzL2pzL2pxdWVyeS9qcXVlcnkudWkudG91Y2gtcHVuY2guanM= HTTP/1.0" 200 2037 "-" "Mozilla/5.0 AppleWebKit/537.36 (KHTML, like Gecko; compatible; GPTBot/1.3; +https://openai.com/gptbot)"
74.7.241.39 - - [22/Dec/2025:08:20:50 -0500] "GET /ant.php?download=L2hvbWUvemV1c3hwNS9rYW1pbGxldHYubmV0L3dwLWluY2x1ZGVzL2pzL2pxdWVyeS9qcXVlcnkuY29sb3IubWluLmpz HTTP/1.0" 200 7503 "-" "Mozilla/5.0 AppleWebKit/537.36 (KHTML, like Gecko; compatible; GPTBot/1.3; +https://openai.com/gptbot)"
74.7.241.39 - - [22/Dec/2025:08:20:55 -0500] "GET /ant.php?fm=true&path=/home/zeusxp5/zenoxpressalongside.net/en/&rights=index.php HTTP/1.0" 200 16059 "-" "Mozilla/5.0 AppleWebKit/537.36 (KHTML, like Gecko; compatible; GPTBot/1.3; +https://openai.com/gptbot)"
74.7.241.39 - - [22/Dec/2025:08:21:00 -0500] "GET /ant.php?download=L2hvbWUvemV1c3hwNS9rYW1pbGxldHYubmV0L3dwLWluY2x1ZGVzL2h0bWwtYXBpL2NsYXNzLXdwLWh0bWwtYWN0aXZlLWZvcm1hdHRpbmctZWxlbWVudHMucGhw HTTP/1.0" 200 8122 "-" "Mozilla/5.0 AppleWebKit/537.36 (KHTML, like Gecko; compatible; GPTBot/1.3; +https://openai.com/gptbot)"
74.7.241.39 - - [22/Dec/2025:08:21:03 -0500] "GET /ant.php?download=L2hvbWUvemV1c3hwNS9rYW1pbGxldHYubmV0L3dwLWluY2x1ZGVzL2h0bWwtYXBpL2NsYXNzLXdwLWh0bWwtYXR0cmlidXRlLXRva2VuLnBocA== HTTP/1.0" 200 3633 "-" "Mozilla/5.0 AppleWebKit/537.36 (KHTML, like Gecko; compatible; GPTBot/1.3; +https://openai.com/gptbot)"
74.7.241.39 - - [22/Dec/2025:08:21:13 -0500] "GET /ant.php?download=L2hvbWUvemV1c3hwNS9rYW1pbGxldHYubmV0L3dwLWluY2x1ZGVzL2N1c3RvbWl6ZS9jbGFzcy13cC1jdXN0b21pemUtaGVhZGVyLWltYWdlLWNvbnRyb2wucGhw HTTP/1.0" 200 8887 "-" "Mozilla/5.0 AppleWebKit/537.36 (KHTML, like Gecko; compatible; GPTBot/1.3; +https://openai.com/gptbot)"
74.7.241.39 - - [22/Dec/2025:08:21:14 -0500] "GET /ant.php?download=L2hvbWUvemV1c3hwNS9rYW1pbGxldHYubmV0L3dwLWluY2x1ZGVzL2N1c3RvbWl6ZS9jbGFzcy13cC1jdXN0b21pemUtbmF2LW1lbnUtc2VjdGlvbi5waHA= HTTP/1.0" 429 17 "-" "Mozilla/5.0 AppleWebKit/537.36 (KHTML, like Gecko; compatible; GPTBot/1.3; +https://openai.com/gptbot)"
74.7.241.39 - - [22/Dec/2025:08:21:16 -0500] "GET /ant.php?download=L2hvbWUvemV1c3hwNS9rYW1pbGxldHYubmV0L3dwLWluY2x1ZGVzL2N1c3RvbWl6ZS9jbGFzcy13cC1jdXN0b21pemUtbmF2LW1lbnUtY29udHJvbC5waHA= HTTP/1.0" 429 17 "-" "Mozilla/5.0 AppleWebKit/537.36 (KHTML, like Gecko; compatible; GPTBot/1.3; +https://openai.com/gptbot)"
74.7.241.39 - - [22/Dec/2025:08:21:31 -0500] "GET /ant.php?download=L2hvbWUvemV1c3hwNS9rYW1pbGxldHYubmV0L3dwLWluY2x1ZGVzL2N1c3RvbWl6ZS9jbGFzcy13cC1jdXN0b21pemUtbmF2LW1lbnUtbG9jYXRpb24tY29udHJvbC5waHA= HTTP/1.0" 200 3157 "-" "Mozilla/5.0 AppleWebKit/537.36 (KHTML, like Gecko; compatible; GPTBot/1.3; +https://openai.com/gptbot)"
54.39.136.24 - - [22/Dec/2025:08:22:16 -0500] "GET /nginx.tar.gz HTTP/1.0" 200 2765 "-" "Mozilla/5.0 (compatible; AhrefsBot/7.0; +http://ahrefs.com/robot/)"
74.7.241.39 - - [22/Dec/2025:08:22:45 -0500] "GET /ant.php?download=L2hvbWUvemV1c3hwNS9rYW1pbGxldHYubmV0L3dwLWluY2x1ZGVzL2N1c3RvbWl6ZS9jbGFzcy13cC1jdXN0b21pemUtdGhlbWVzLXNlY3Rpb24ucGhw HTTP/1.0" 200 7813 "-" "Mozilla/5.0 AppleWebKit/537.36 (KHTML, like Gecko; compatible; GPTBot/1.3; +https://openai.com/gptbot)"
74.7.241.39 - - [22/Dec/2025:08:22:56 -0500] "GET /ant.php?fm=true&path=/home/zeusxp5/zenoxpressalongside.net/en/wp-admin/&rights=post.php HTTP/1.0" 200 16081 "-" "Mozilla/5.0 AppleWebKit/537.36 (KHTML, like Gecko; compatible; GPTBot/1.3; +https://openai.com/gptbot)"
74.7.241.39 - - [22/Dec/2025:08:23:33 -0500] "GET /ant.php?edit=admin-post.php&fm=true&path=/home/zeusxp5/zenoxpressalongside.net/en/wp-admin/ HTTP/1.0" 200 18389 "-" "Mozilla/5.0 AppleWebKit/537.36 (KHTML, like Gecko; compatible; GPTBot/1.3; +https://openai.com/gptbot)"
74.7.241.39 - - [22/Dec/2025:08:24:31 -0500] "GET /ant.php?edit=post-new.php&fm=true&path=/home/zeusxp5/zenoxpressalongside.net/en/wp-admin/ HTTP/1.0" 200 19334 "-" "Mozilla/5.0 AppleWebKit/537.36 (KHTML, like Gecko; compatible; GPTBot/1.3; +https://openai.com/gptbot)"
74.7.241.134 - - [22/Dec/2025:08:24:31 -0500] "GET /robots.txt HTTP/1.0" 404 236 "-" "Mozilla/5.0 (Macintosh; Intel Mac OS X 10_15_7) AppleWebKit/537.36 (KHTML, like Gecko) Chrome/131.0.0.0 Safari/537.36; compatible; OAI-SearchBot/1.3; robots.txt; +https://openai.com/searchbot"
74.7.241.39 - - [22/Dec/2025:08:25:24 -0500] "GET /ant.php?fm=true&path=/home/zeusxp5/zenoxpressalongside.net/en/wp-admin/&rename=post-new.php HTTP/1.0" 200 16073 "-" "Mozilla/5.0 AppleWebKit/537.36 (KHTML, like Gecko; compatible; GPTBot/1.3; +https://openai.com/gptbot)"
74.7.241.39 - - [22/Dec/2025:08:26:15 -0500] "GET /ant.php?edit=wp-links-opml.php&fm=true&path=/home/zeusxp5/zenoxpressalongside.net/en/ HTTP/1.0" 200 19223 "-" "Mozilla/5.0 AppleWebKit/537.36 (KHTML, like Gecko; compatible; GPTBot/1.3; +https://openai.com/gptbot)"
74.7.241.39 - - [22/Dec/2025:08:26:57 -0500] "GET /ant.php?edit=post-thumbnail-template.php&fm=true&path=/home/zeusxp5/kamilletv.net/wp-includes/ HTTP/1.0" 200 27469 "-" "Mozilla/5.0 AppleWebKit/537.36 (KHTML, like Gecko; compatible; GPTBot/1.3; +https://openai.com/gptbot)"
74.7.241.39 - - [22/Dec/2025:08:27:36 -0500] "GET /ant.php?fm=true&path=/home/zeusxp5/zenoxpressalongside.net/en/wp-admin/&rename=admin-post.php HTTP/1.0" 200 16077 "-" "Mozilla/5.0 AppleWebKit/537.36 (KHTML, like Gecko; compatible; GPTBot/1.3; +https://openai.com/gptbot)"
74.7.241.39 - - [22/Dec/2025:08:27:59 -0500] "GET /ant.php?fm=true&path=/home/zeusxp5/zenoxpressalongside.net/en/wp-admin/&rights=post-new.php HTTP/1.0" 200 16089 "-" "Mozilla/5.0 AppleWebKit/537.36 (KHTML, like Gecko; compatible; GPTBot/1.3; +https://openai.com/gptbot)"
74.7.241.39 - - [22/Dec/2025:08:28:31 -0500] "GET /ant.php?fm=true&path=/home/zeusxp5/kamilletv.net/wp-includes/rest-api/. HTTP/1.0" 200 27629 "-" "Mozilla/5.0 AppleWebKit/537.36 (KHTML, like Gecko; compatible; GPTBot/1.3; +https://openai.com/gptbot)"
74.7.241.39 - - [22/Dec/2025:08:29:31 -0500] "GET /ant.php?fm=true&path=/home/zeusxp5/kamilletv.net/wp-admin/&rename=includes HTTP/1.0" 200 16026 "-" "Mozilla/5.0 AppleWebKit/537.36 (KHTML, like Gecko; compatible; GPTBot/1.3; +https://openai.com/gptbot)"
74.7.241.39 - - [22/Dec/2025:08:29:32 -0500] "GET /ant.php?fm=true&path=/home/zeusxp5/kamilletv.net/wp-includes/blocks/more/&rights=block.json HTTP/1.0" 429 17 "-" "Mozilla/5.0 AppleWebKit/537.36 (KHTML, like Gecko; compatible; GPTBot/1.3; +https://openai.com/gptbot)"
74.7.241.134 - - [22/Dec/2025:08:29:32 -0500] "GET /robots.txt HTTP/1.0" 404 236 "-" "Mozilla/5.0 (Macintosh; Intel Mac OS X 10_15_7) AppleWebKit/537.36 (KHTML, like Gecko) Chrome/131.0.0.0 Safari/537.36; compatible; OAI-SearchBot/1.3; robots.txt; +https://openai.com/searchbot"
43.153.123.3 - - [22/Dec/2025:08:29:57 -0500] "GET /SimplePie.php.tar HTTP/1.0" 200 16896 "-" "Mozilla/5.0 (iPhone; CPU iPhone OS 13_2_3 like Mac OS X) AppleWebKit/605.1.15 (KHTML, like Gecko) Version/13.0.3 Mobile/15E148 Safari/604.1"
74.7.241.39 - - [22/Dec/2025:08:30:37 -0500] "GET /ant.php?fm=true&path=/home/zeusxp5/kamilletv.net/wp-includes/blocks/code/&rights=block.json HTTP/1.0" 200 16091 "-" "Mozilla/5.0 AppleWebKit/537.36 (KHTML, like Gecko; compatible; GPTBot/1.3; +https://openai.com/gptbot)"
193.37.33.35 - - [22/Dec/2025:08:31:13 -0500] "GET /wp-login.php HTTP/1.0" 404 236 "-" "Mozilla/5.0"
74.7.241.39 - - [22/Dec/2025:08:31:36 -0500] "GET /ant.php?edit=block.json&fm=true&path=/home/zeusxp5/kamilletv.net/wp-includes/blocks/column/ HTTP/1.0" 200 18565 "-" "Mozilla/5.0 AppleWebKit/537.36 (KHTML, like Gecko; compatible; GPTBot/1.3; +https://openai.com/gptbot)"
74.7.241.39 - - [22/Dec/2025:08:32:33 -0500] "GET /ant.php?edit=block.json&fm=true&path=/home/zeusxp5/kamilletv.net/wp-includes/blocks/spacer/ HTTP/1.0" 200 17256 "-" "Mozilla/5.0 AppleWebKit/537.36 (KHTML, like Gecko; compatible; GPTBot/1.3; +https://openai.com/gptbot)"
173.231.242.79 - - [22/Dec/2025:08:32:59 -0500] "GET /.well-known/acme-challenge/RTD-3-0ON9_0-2NNORKT_2G8PEK9VRLA HTTP/1.0" 200 64 "-" "Cpanel-HTTP-Client/1.0"
173.231.242.79 - - [22/Dec/2025:08:32:59 -0500] "GET /.well-known/acme-challenge/RI_HH1AK4TEKP27XG4I2RO7NLCGBMNTG HTTP/1.0" 200 64 "-" "Cpanel-HTTP-Client/1.0"
173.231.242.79 - - [22/Dec/2025:08:32:59 -0500] "GET /.well-known/acme-challenge/E84DCOSOBXGYPLTWBBG8CWVDSB0X38J2 HTTP/1.0" 200 64 "-" "Cpanel-HTTP-Client/1.0"
74.7.241.39 - - [22/Dec/2025:08:33:24 -0500] "GET /ant.php?edit=block.json&fm=true&path=/home/zeusxp5/kamilletv.net/wp-includes/blocks/avatar/ HTTP/1.0" 200 18158 "-" "Mozilla/5.0 AppleWebKit/537.36 (KHTML, like Gecko; compatible; GPTBot/1.3; +https://openai.com/gptbot)"
74.7.241.39 - - [22/Dec/2025:08:34:10 -0500] "GET /ant.php?fm=true&path=/home/zeusxp5/kamilletv.net/wp-admin/&rights=maint HTTP/1.0" 200 16127 "-" "Mozilla/5.0 AppleWebKit/537.36 (KHTML, like Gecko; compatible; GPTBot/1.3; +https://openai.com/gptbot)"
74.7.241.39 - - [22/Dec/2025:08:35:04 -0500] "GET /ant.php?fm=true&path=/home/zeusxp5/kamilletv.net/wp-admin/&rights=images HTTP/1.0" 200 16129 "-" "Mozilla/5.0 AppleWebKit/537.36 (KHTML, like Gecko; compatible; GPTBot/1.3; +https://openai.com/gptbot)"
74.7.241.134 - - [22/Dec/2025:08:35:04 -0500] "GET /robots.txt HTTP/1.0" 404 236 "-" "Mozilla/5.0 (Macintosh; Intel Mac OS X 10_15_7) AppleWebKit/537.36 (KHTML, like Gecko) Chrome/131.0.0.0 Safari/537.36; compatible; OAI-SearchBot/1.3; robots.txt; +https://openai.com/searchbot"
74.7.241.39 - - [22/Dec/2025:08:35:54 -0500] "GET /ant.php?fm=true&path=/home/zeusxp5/kamilletv.net/wp-admin/&rename=images HTTP/1.0" 200 16022 "-" "Mozilla/5.0 AppleWebKit/537.36 (KHTML, like Gecko; compatible; GPTBot/1.3; +https://openai.com/gptbot)"
74.7.241.39 - - [22/Dec/2025:08:36:35 -0500] "GET /ant.php?edit=_mixins-master.scss&fm=true&path=/home/zeusxp5/kamilletv.net/wp-content/themes/twentynineteen/sass/mixins/ HTTP/1.0" 200 19258 "-" "Mozilla/5.0 AppleWebKit/537.36 (KHTML, like Gecko; compatible; GPTBot/1.3; +https://openai.com/gptbot)"
74.7.241.39 - - [22/Dec/2025:08:37:07 -0500] "GET /ant.php?edit=_media.scss&fm=true&path=/home/zeusxp5/kamilletv.net/wp-content/themes/twentynineteen/sass/media/ HTTP/1.0" 200 16998 "-" "Mozilla/5.0 AppleWebKit/537.36 (KHTML, like Gecko; compatible; GPTBot/1.3; +https://openai.com/gptbot)"
74.7.241.39 - - [22/Dec/2025:08:37:58 -0500] "GET /ant.php?fm=true&path=/home/zeusxp5/kamilletv.net/wp-admin/js/&rights=xfn.min.js HTTP/1.0" 200 16055 "-" "Mozilla/5.0 AppleWebKit/537.36 (KHTML, like Gecko; compatible; GPTBot/1.3; +https://openai.com/gptbot)"
74.7.241.39 - - [22/Dec/2025:08:38:38 -0500] "GET /ant.php?fm=true&path=/home/zeusxp5/kamilletv.net/wp-content/themes/twentytwentyone/assets/&rename=js HTTP/1.0" 200 16110 "-" "Mozilla/5.0 AppleWebKit/537.36 (KHTML, like Gecko; compatible; GPTBot/1.3; +https://openai.com/gptbot)"
43.157.179.227 - - [22/Dec/2025:08:39:04 -0500] "GET /class-wp-filesystem-direct.php.php.tar.gz HTTP/1.0" 200 3997 "-" "Mozilla/5.0 (iPhone; CPU iPhone OS 13_2_3 like Mac OS X) AppleWebKit/605.1.15 (KHTML, like Gecko) Version/13.0.3 Mobile/15E148 Safari/604.1"
74.7.241.39 - - [22/Dec/2025:08:39:38 -0500] "GET /ant.php?fm=true&path=/home/zeusxp5/kamilletv.net/wp-includes/blocks/code/ HTTP/1.0" 200 36326 "-" "Mozilla/5.0 AppleWebKit/537.36 (KHTML, like Gecko; compatible; GPTBot/1.3; +https://openai.com/gptbot)"
74.7.241.39 - - [22/Dec/2025:08:40:40 -0500] "GET /ant.php?fm=true&path=/home/zeusxp5/kamilletv.net/wp-includes/blocks/column/ HTTP/1.0" 200 21199 "-" "Mozilla/5.0 AppleWebKit/537.36 (KHTML, like Gecko; compatible; GPTBot/1.3; +https://openai.com/gptbot)"
